10-08 16:14:32.368 1551 1686 D OppoPhoneWindowManager: interceptKeyBeforeQueueing:KeyEvent { action=ACTION_UP, keyCode=KEYCODE_POWER, scanCode=116, metaState=0, flags=0x8, repeatCount=0, eventTime=10181704, downTime=10181520, deviceId=2, source=0x101, displayId=-1 }mSosPowerKeyEnabled = falsemWalletPowerKeyEnabled = falsemWalletQuickLaunch = true
10-08 16:14:32.368 1551 1686 W ColorGameSpaceManager: mInterceptGamepadKey is false
10-08 16:14:32.369 2061 17143 I BufferQueueProducer: [SurfaceTexture-0-2061-32](id:80d00000020,api:1,p:2061,c:2061) connect(): api=1 producerControlledByApp=true
10-08 16:14:32.369 1551 1686 I HwShutdownRecord: RecoverSqlFunc running start, setprop false
10-08 16:14:32.369 2061 17143 D VFXRenderer: VFX---------setVFXID vfxid:0
10-08 16:14:32.369 2061 17143 D VFXRenderer: VFX---------onSurfaceCreated W/H:1080/1818--------nativeInit, id: 0
10-08 16:14:32.369 2061 17143 D VFXEngine: VFX--------------------nativeInit tid 17143 vfx: 0
10-08 16:14:32.370 1551 2628 I OplusEngineerService: handleMessage msg = 100002
10-08 16:14:32.370 2061 17143 E libEGL : Invalid file path for libcolorx-loader.so
10-08 16:14:32.370 1551 1711 W OppoStorageManagerFeature: turn screenOn, maintPrepared:false
10-08 16:14:32.370 2061 17143 I chatty : uid=10079(com.android.systemui) ChargingRender identical 1 line
10-08 16:14:32.370 2061 17143 E libEGL : Invalid file path for libcolorx-loader.so
10-08 16:14:32.371 2061 2061 D SingleClockView: updateTime, 24hfmt=true, h=16, m=14
10-08 16:14:32.373 2061 17143 D VFX : --ChargingScene(154858)created--
10-08 16:14:32.373 2061 17143 D VFX : -----vfxCharging_init-----start
10-08 16:14:32.373 1551 2554 D CompatibilityChangeReporter: Compat change id reported: 135634846; UID 10134; state: DISABLED
10-08 16:14:32.373 2061 17143 D VFX : -----ChargeManager--getChargingType: 0-----
10-08 16:14:32.373 2061 17143 D VFX : -----winSize_W/H:[1080.000000/1818.000000]centerXY:[540.000000/909.000000]scale=[1.000000]-----
10-08 16:14:32.374 577 17144 D vold : idle maintenance stopped
10-08 16:14:32.374 1551 2929 E OplusCustomizeRestrictionManagerService: isBiometricDisabled start
10-08 16:14:32.375 1551 2554 D CompatibilityChangeReporter: Compat change id reported: 135754954; UID 10134; state: ENABLED
10-08 16:14:32.375 1551 1589 D CompatibilityChangeReporter: Compat change id reported: 143937733; UID 10134; state: ENABLED
10-08 16:14:32.376 1551 1753 I OplusWifiSarManager: Received action: android.intent.action.SCREEN_ON
10-08 16:14:32.376 1551 2929 E OplusCustomizeRestrictionManagerService: isBiometricDisabled start
10-08 16:14:32.377 1551 1753 D OppoWifiClientModeImpl: Adjust rssi from -46 to -42
10-08 16:14:32.378 1551 1711 D StorageManagerService: handleMessage:62, handled and finished by oppo storage feature.
10-08 16:14:32.378 1551 1753 D OplusWifiSarManager: wifiBand mWifi2gState:false mWifi5gState: true mWifi5gBand:WIFI_5G_BAND2
10-08 16:14:32.378 1551 1753 I OplusWifiSarManager: project: 19131, country: CN
10-08 16:14:32.378 1551 1753 I OplusWifiSarManager: sensor state: earpiece: 0, sensor: FAR, isScreenOn: true
10-08 16:14:32.378 1551 1753 I OplusWifiSarManager: modem state: mCellOn: false mDataOn: false mData5gOn: false
10-08 16:14:32.378 1551 1753 I OplusWifiSarManager: wifi state: mWifiConnected: true mWifiSapEnabled: false mWifiP2pConnected: false mWifi2gState: false mWifi5gState: true mWifi5gBand: WIFI_5G_BAND2
10-08 16:14:32.378 1551 1753 I OplusWifiSarManager: wifisar engineerMode state: enable: false, Regdomain: , modemWorkType(2:4G, 3:5G): -1, sensorWorkType: -1, wifiChannel2.4G: -1, wifiChannel5G: -1
10-08 16:14:32.378 1551 1753 I OplusWifiSarManager: no change: 0
10-08 16:14:32.379 1551 1551 D OplusSilenceRecovery: actionandroid.intent.action.SCREEN_ON
10-08 16:14:32.382 1551 1744 E OplusQpowerManager: setQpowerMode, getOppoPowerSaveMockable fail, oppoPowerSave = null !
10-08 16:14:32.384 1551 1551 D OplusSlaManager: Received broadcast:android.intent.action.SCREEN_ON
10-08 16:14:32.384 1551 1744 I WifiScanRequestProxy: Scan request from uid= 1000, android
10-08 16:14:32.385 1551 1769 D OplusSlaManager: MSG_SCREEN_STATE_CHANGE
10-08 16:14:32.385 828 828 D SurfaceFlinger: Finished setting power mode 2 on display 0
10-08 16:14:32.385 1551 1769 D OplusSlaManager: After sendScreenStateToKernel:result=true screenState=1
10-08 16:14:32.386 1551 1904 D SurfaceControl: Excessive delay in setPowerMode()
10-08 16:14:32.386 1551 1904 D DisplayManagerService: requestGlobalDisplayStateInterna l111(ON, brightness=390.0)
10-08 16:14:32.386 1551 1904 D DisplayManagerService: requestGlobalDisplayState(ON, brightness=390.0)
10-08 16:14:32.387 1551 1604 D DisplayPowerController: animateScreenBrightness = 390.0
10-08 16:14:32.387 2061 2077 D KeyguardViewMediator: notifyScreenTurnedOn
10-08 16:14:32.389 1551 1776 E OplusClientModeImpl2: getWifiLinkLayerStats called without an interface
10-08 16:14:32.389 747 747 D Zygote : Forked child process 17145
10-08 16:14:32.390 828 828 I BufferQueueConsumer: [ColorFade#0](id:33c00000251,api:0,p:-1,c:828) disconnect()
10-08 16:14:32.390 828 828 I BufferQueue: [ColorFade#0](this:0xb400007684b43258,id:593,api:1,p:-1,c:-1) onDestructor()
10-08 16:14:32.390 828 828 D OppoExLayer: ~Layer() sequence=3771, name=ColorFade#0@0xb40000767308c000
10-08 16:14:32.391 2061 17143 E libEGL : Invalid file path for libcolorx-loader.so
10-08 16:14:32.392 2061 2061 D KeyguardViewMediator: handleNotifyScreenTurnedOn
10-08 16:14:32.392 2061 17143 E libEGL : Invalid file path for libcolorx-loader.so
10-08 16:14:32.392 1551 2929 I InputDispatcher: Window went away: ColorFade#0
10-08 16:14:32.393 828 828 D OppoExGLESRenderEngine: drawMesh -------- power on ------------drawBlackToScreen-------------------
10-08 16:14:32.394 1551 1828 I mtkpower_client: perf_lock_rel, hdl:2641, tid:1828
10-08 16:14:32.394 1551 1904 D ScreenMode: enter DC and low brightness mode:false
10-08 16:14:32.395 2061 17143 E libEGL : Invalid file path for libcolorx-loader.so
10-08 16:14:32.395 1551 1828 I mtkpower_client: perf_lock_acq, hdl:2641, dur:0, num:6, tid:1828
10-08 16:14:32.395 2061 17143 E libEGL : Invalid file path for libcolorx-loader.so
10-08 16:14:32.395 1551 1604 W PowerManagerService: Screen on took 211 ms
10-08 16:14:32.395 1551 1604 D OplusFeatureAOD: notifySfUnBlockScreenOn
10-08 16:14:32.395 1551 1604 D OppoPowerManagerHelper: [onWakeUpFinish]
10-08 16:14:32.396 828 828 I BufferQueueProducer: [FramebufferSurface](this:0xb400007684a32ed0,id:-1,api:1,p:828,c:828) queueBuffer: fps=0.01 dur=149503.66 max=149503.66 min=149503.66
10-08 16:14:32.397 808 870 I libPowerHal: [perfLockRel] hdl:2641, idx:0
10-08 16:14:32.397 808 870 I libPowerHal: [PD] scn:0 hdl:2641 lock_user:system_server pid:1551 tid:1828 dur:0
10-08 16:14:32.397 1242 1242 I [GF_HAL][gf_hal]: [gf_hal_set_finger_screen] enter
10-08 16:14:32.398 828 913 D OppoExGLESRenderEngine: enableVFXScreenEffect::VFX_SCREEN_BRIGHTNESS_CHANGE -- brightness
10-08 16:14:32.398 1551 1904 E LightsService: baseSetLightLocked(0, 390, 0, 0)
10-08 16:14:32.398 808 870 I libPowerHal: system_server: cpu_ctrl set cpu freq: -1 -1 -1 -1
10-08 16:14:32.398 1551 1904 V LightsService: setLight #0: color=#186: brightnessMode=0
10-08 16:14:32.398 808 870 I libPowerHal: [PD] system_server update cmd:10000100 param:2
10-08 16:14:32.398 803 803 D android.hardware.lights-service.mediatek: write 390 to /sys/class/leds/lcd-backlight/brightness, result: 0
10-08 16:14:32.398 1551 1828 I mtkpower_client: ret_hdl:2642
10-08 16:14:32.399 1140 1225 D PQ : ccorr table index=0
10-08 16:14:32.399 1140 1225 D PQ : [PQ_SERVICE] setPQParamWithFilter configFlag: 1
10-08 16:14:32.399 1551 1828 I mtkpower_client: perf_lock_rel, hdl:2642, tid:1828
10-08 16:14:32.399 1551 1828 I mtkpower_client: perf_lock_acq, hdl:2642, dur:0, num:6, tid:1828
10-08 16:14:32.400 808 870 I libPowerHal: [perfLockAcq] idx:0 hdl:2642 hint:-1 pid:1551 duration:0 => ret_hdl:2642
10-08 16:14:32.400 808 870 I libPowerHal: [PE] scn:0 hdl:2642 lock_user:system_server pid:1551 tid:1828 dur:0
10-08 16:14:32.400 808 870 I libPowerHal: system_server: cpu_ctrl set cpu freq: -1 -1 2000000 -1
10-08 16:14:32.400 808 870 I libPowerHal: [PE] system_server update cmd:10000100, param:2
10-08 16:14:32.401 1551 1904 D OppoBaseLightsService: notifyFlingerLight color=390code=21005
10-08 16:14:32.401 808 830 I mtkpower@impl: [check_work_req] i:0, msg:1 hdl:2642, wait
10-08 16:14:32.401 808 870 I libPowerHal: [perfLockRel] hdl:2642, idx:0
10-08 16:14:32.401 808 870 I libPowerHal: [PD] scn:0 hdl:2642 lock_user:system_server pid:1551 tid:1828 dur:0
10-08 16:14:32.401 808 870 I libPowerHal: system_server: cpu_ctrl set cpu freq: -1 -1 -1 -1
10-08 16:14:32.401 808 870 I libPowerHal: [PD] system_server update cmd:10000100 param:2
10-08 16:14:32.401 2530 2658 I [0]DCS-StrategyManager: isNeedUpload: true, type: 2006, appID: 20082, logTag: 20082003, eventID: screen_show
10-08 16:14:32.403 1044 1695 E flp : mnld_screen_monitor_thread: Screen on
10-08 16:14:32.403 1044 1695 E flp : mnld_screen_monitor_thread: Wake Monitor Restart
10-08 16:14:32.403 1120 1222 D ULogGuard: Monitoring: 6 threads, 0 requests, 0 time-bombs; 1 guards. ResetFlags = 0x7
10-08 16:14:32.403 1551 1589 I ActivityManager: Start proc 17145:com.heytap.pictorial:ui/u0a134 for service {com.heytap.pictorial/com.heytap.pictorial.service.ui.AwakeUIService}
10-08 16:14:32.403 1551 1828 I mtkpower_client: ret_hdl:2643
10-08 16:14:32.403 808 870 I libPowerHal: [perfLockAcq] idx:0 hdl:2643 hint:-1 pid:1551 duration:0 => ret_hdl:2643
10-08 16:14:32.403 808 870 I libPowerHal: [PE] scn:0 hdl:2643 lock_user:system_server pid:1551 tid:1828 dur:0
10-08 16:14:32.403 808 870 I libPowerHal: system_server: cpu_ctrl set cpu freq: -1 -1 2000000 -1
10-08 16:14:32.403 808 870 I libPowerHal: [PE] system_server update cmd:10000100, param:2
10-08 16:14:32.404 1044 1693 D MNLD : main_event_hdlr: SCREEN2MAIN_EVENT_SCREEN = 1
10-08 16:14:32.404 1551 1589 W ContextImpl: Calling a method in the system process without a qualified user: android.app.ContextImpl.sendBroadcast:1143 com.android.server.am.OplusAppStartupConfig.sendAbnormalNotify:1233 com.android.server.am.OplusAppStartupConfig.notifyAbnormalInfo:1166 com.android.server.am.ColorAppStartupManager.handleStartAppInfo:4779 com.android.server.am.ProcessList.handleProcessStartedLocked:2801
10-08 16:14:32.404 17145 17145 E ap.pictorial:u: Unknown bits set in runtime_flags: 0x40000000
10-08 16:14:32.406 1551 1744 D WifiClientModeImpl: Rssi change too fast: -1 to 4; Count = 1
10-08 16:14:32.406 1551 1744 D WifiClientModeImpl: Rssi change too fast: so average level to 1
10-08 16:14:32.408 1140 1226 D AAL : onBacklightChanged: 0/1023 -> 390/1023(phy:780/4095)
10-08 16:14:32.408 1140 1226 D AAL : onBacklightChanged: change screen state 0(Off) -> 3(On)
10-08 16:14:32.408 1140 1226 D AALLightSensor: AALLightSensor setEnabled 0-->0
10-08 16:14:32.408 1140 1226 D AAL : LABC: LABC after setTarget isSmoothBacklight=0
10-08 16:14:32.412 17145 17145 E ap.pictorial:u: Not starting debugger since process cannot load the jdwp agent.
10-08 16:14:32.413 828 828 D OppoExGLESRenderEngine: drawMesh : power on : aIndex 0 , vfxScreenValue 0.000000
10-08 16:14:32.419 828 828 D OppoExGLESRenderEngine: drawMesh : power on : aIndex 1 , vfxScreenValue 0.264160
10-08 16:14:32.419 17145 17145 E RefClass: java.lang.reflect.InvocationTargetException
10-08 16:14:32.420 17145 17145 I OneTrace: Mark active for pid=17145? true
10-08 16:14:32.421 2061 2897 D WifiStatusTracker: handleBroadcast: shouldUpdateLabel: true
10-08 16:14:32.422 1912 1912 I wpa_supplicant: wpa_driver_nl80211_driver_cmd: wlan0 recv cmd SETSUSPENDMODE 0
10-08 16:14:32.426 1551 1551 D OplusDualHeadPhoneEx: GetOplusDualHeadPhoneEx return exist one.
10-08 16:14:32.426 1551 1551 D AudioSystem: +setParameters(): screen_state=on
10-08 16:14:32.427 1551 2554 V ActivityManager: New death recipient com.android.server.am.ActivityManagerService$AppDeathRecipient@a5dd1bd for thread android.os.BinderProxy@50813b2
10-08 16:14:32.428 1912 1912 I wpa_supplicant: wpa_driver_nl80211_driver_cmd: ret = 0 used = 2 total = 512 buf =
10-08 16:14:32.428 828 828 D OppoExGLESRenderEngine: drawMesh : power on : aIndex 2 , vfxScreenValue 0.386875
10-08 16:14:32.429 766 834 D AudioALSAHardware: +setParameters(): screen_state=on
10-08 16:14:32.430 766 834 D AudioALSAStreamOut: +setScreenState(), flag 2, mode 1
10-08 16:14:32.430 766 834 D AudioALSAStreamOut: +setScreenState(), flag 8, mode 1
10-08 16:14:32.430 766 834 D AudioALSAStreamOut: +setScreenState(), flag 4, mode 1
10-08 16:14:32.430 766 834 D AudioALSAStreamOut: +setScreenState(), flag 32768, mode 1
10-08 16:14:32.430 766 834 D AudioALSAStreamOut: +setScreenState(), flag 65536, mode 1
10-08 16:14:32.430 766 834 D AudioALSAHardware: =====>GetInstance()->MMI_Auto_Test
10-08 16:14:32.430 766 834 D audio_engineer_test: do_audio_test_process Enter all_test[0]:NoneTest in_call:false
10-08 16:14:32.430 766 834 D AudioALSAHardware: -setParameters(): screen_state=on
10-08 16:14:32.434 1126 1126 I thermal_repeater: [recvMdThermalInfo] ret=32, strLen=127, 0, 32767, -127, 0, 32767, 10838
10-08 16:14:32.434 17145 17145 I oplus.android.OplusFrameworkFactoryImpl: get feature:IOplusScreenModeFeature
10-08 16:14:32.434 17145 17145 I oplus.android.OplusFrameworkFactoryImpl: getOplusScreenModeFeature
10-08 16:14:32.436 828 828 D OppoExGLESRenderEngine: drawMesh : power on : aIndex 3 , vfxScreenValue 0.480500
10-08 16:14:32.442 7782 7782 E NetworkMonitor: [getConnectionInfo] invoke
10-08 16:14:32.442 7782 7782 E NetworkMonitor: java.lang.Throwable
10-08 16:14:32.442 7782 7782 E NetworkMonitor: at com.tencent.mobileqq.qmethodmonitor.monitor.NetworkMonitor.getConnectionInfo(P:22)
10-08 16:14:32.442 7782 7782 E NetworkMonitor: at com.tencent.mobileqq.msf.core.u.D(P:676)
10-08 16:14:32.442 7782 7782 E NetworkMonitor: at com.tencent.mobileqq.msf.core.u$d.onReceive(P:665)
10-08 16:14:32.442 7782 7782 E NetworkMonitor: at android.app.LoadedApk$ReceiverDispatcher$Args.lambda$getRunnable$0$LoadedApk$ReceiverDispatcher$Args(LoadedApk.java:1706)
10-08 16:14:32.442 7782 7782 E NetworkMonitor: at android.app.-$$Lambda$LoadedApk$ReceiverDispatcher$Args$_BumDX2UKsnxLVrE6UJsJZkotuA.run(Unknown Source:2)
10-08 16:14:32.442 7782 7782 E NetworkMonitor: at android.os.Handler.handleCallback(Handler.java:938)
10-08 16:14:32.442 7782 7782 E NetworkMonitor: at android.os.Handler.dispatchMessage(Handler.java:99)
10-08 16:14:32.442 7782 7782 E NetworkMonitor: at android.os.Looper.loop(Looper.java:264)
10-08 16:14:32.442 7782 7782 E NetworkMonitor: at android.app.ActivityThread.main(ActivityThread.java:8262)
10-08 16:14:32.442 7782 7782 E NetworkMonitor: at java.lang.reflect.Method.invoke(Native Method)
10-08 16:14:32.442 7782 7782 E NetworkMonitor: at com.android.internal.os.RuntimeInit$MethodAndArgsCaller.run(RuntimeInit.java:632)
10-08 16:14:32.442 7782 7782 E NetworkMonitor: at com.android.internal.os.ZygoteInit.main(ZygoteInit.java:1049)
10-08 16:14:32.442 7782 7782 D PrivacyInvokeMonitor: report switch has been closed!
10-08 16:14:32.445 828 828 D OppoExGLESRenderEngine: drawMesh : power on : aIndex 4 , vfxScreenValue 0.553902
10-08 16:14:32.452 17145 17145 D ApplicationLoaders: Returning zygote-cached class loader: /system/framework/android.test.base.jar
10-08 16:14:32.452 17145 17145 D ApplicationLoaders: Returning zygote-cached class loader: /system/framework/android.test.base.jar
10-08 16:14:32.452 828 828 D OppoExGLESRenderEngine: drawMesh : power on : aIndex 5 , vfxScreenValue 0.613116
10-08 16:14:32.457 17145 17145 I ap.pictorial:u: The ClassLoaderContext is a special shared library.
10-08 16:14:32.459 1551 1551 D LMServiceThreadHandler: onScreenStatusChange:true
10-08 16:14:32.460 828 828 D OppoExGLESRenderEngine: drawMesh : power on : aIndex 6 , vfxScreenValue 0.665184
10-08 16:14:32.463 1551 1551 D OppoPowerMonitor: Receive broadcast android.intent.action.SCREEN_ON
10-08 16:14:32.463 17145 17145 D ApplicationLoaders: Returning zygote-cached class loader: /system/framework/android.test.base.jar
10-08 16:14:32.463 17145 17145 D ApplicationLoaders: Returning zygote-cached class loader: /system/framework/android.test.base.jar
10-08 16:14:32.468 17145 17145 I ap.pictorial:u: The ClassLoaderContext is a special shared library.
10-08 16:14:32.469 828 828 D OppoExGLESRenderEngine: drawMesh : power on : aIndex 7 , vfxScreenValue 0.712769
10-08 16:14:32.470 17145 17145 I ap.pictorial:u: The ClassLoaderContext is a special shared library.
10-08 16:14:32.475 1551 2569 W ContextImpl: Calling a method in the system process without a qualified user: android.app.ContextImpl.startService:1701 com.oplus.util.OplusStatisticsImpl.startService:216 com.oplus.util.OplusStatisticsImpl.sendDataToDCS:192 com.oplus.util.OplusStatisticsImpl.onCommonSync:84 com.oplus.util.OplusStatisticsImpl$1.run:124
10-08 16:14:32.477 828 828 D OppoExGLESRenderEngine: drawMesh : power on : aIndex 8 , vfxScreenValue 0.751774
10-08 16:14:32.480 2530 2658 I [0]DCS-StrategyManager: isNeedUpload: false, type: 2006, appID: 20120, logTag: 30101, eventID: cacheLocationData
10-08 16:14:32.480 2530 2658 W [0]DCS : Record event failed. DCS reject event: [appId=20120,logTag=30101,eventId=cacheLocationData] . Pls check server config.
10-08 16:14:32.486 1551 1882 V OplusLocationBlacklistUtil: block status:android=false
10-08 16:14:32.486 828 828 D OppoExGLESRenderEngine: drawMesh : power on : aIndex 9 , vfxScreenValue 0.786508
10-08 16:14:32.487 808 831 I mtkpower@impl: [setMode] type:1, enabled:1
10-08 16:14:32.488 808 831 E mtkpower@impl: [setMode] unknown type
10-08 16:14:32.489 1551 1882 D LocationManagerService: request 21accb9 network Request[POWER_LOW network interval=0 fastestInterval=0] from android(1000 foreground)
10-08 16:14:32.489 1551 1882 D OplusNlpProxy: OplusNlpProxy setRequest! NLP is: nlp
10-08 16:14:32.489 1551 1882 D OplusNlpProxy: add MSG_FNLP_REPORT_DELAY!
10-08 16:14:32.494 828 828 D OppoExGLESRenderEngine: drawMesh : power on : aIndex 10 , vfxScreenValue 0.815907
10-08 16:14:32.502 828 828 D OppoExGLESRenderEngine: drawMesh : power on : aIndex 11 , vfxScreenValue 0.843743
10-08 16:14:32.502 1551 1551 D OppoNwPowerService: Received broadcast:android.intent.action.SCREEN_ON
10-08 16:14:32.506 2006 2006 V GestureMonitorController: onDeviceStateChanged
10-08 16:14:32.506 12484 12484 I WeatherS_WeatherServiceVersionUtils: serviceVersionCode8003001
10-08 16:14:32.506 12484 12484 I chatty : uid=10089(com.coloros.alarmclock) identical 1 line
10-08 16:14:32.506 12484 12484 I WeatherS_WeatherServiceVersionUtils: serviceVersionCode8003001
10-08 16:14:32.510 2006 2006 D ScreenOffGestureService: mWakeUpArouseReceiver action= android.intent.action.SCREEN_ON mScreenOnByLiftHand = false
10-08 16:14:32.510 2006 2006 D ScreenOffGestureService: onReceive: LIMIT = 1633680872510
10-08 16:14:32.510 2061 2061 D SingleClockView: updateTime, 24hfmt=true, h=16, m=14
10-08 16:14:32.511 828 828 D OppoExGLESRenderEngine: drawMesh : power on : aIndex 12 , vfxScreenValue 0.868800
10-08 16:14:32.514 1551 3658 E OplusCustomizeRestrictionManagerService: isBiometricDisabled start
10-08 16:14:32.519 828 828 D OppoExGLESRenderEngine: drawMesh : power on : aIndex 13 , vfxScreenValue 0.891149
10-08 16:14:32.524 2061 17143 D VFX : -----vfxCharging_init-----finished
10-08 16:14:32.527 2006 2006 I ScreenOffGestureService: unregisterTiltSensor + mIsRegisterSensorTilt = false
10-08 16:14:32.527 828 828 D OppoExGLESRenderEngine: drawMesh : power on : aIndex 14 , vfxScreenValue 0.909075
10-08 16:14:32.530 17145 17145 D NetworkSecurityConfig: Using Network Security Config from resource network_security_config debugBuild: false
10-08 16:14:32.531 17145 17145 D NetworkSecurityConfig: Using Network Security Config from resource network_security_config debugBuild: false
10-08 16:14:32.534 17145 17145 D PictorialApplication: attachBaseContext
10-08 16:14:32.536 828 828 D OppoExGLESRenderEngine: drawMesh : power on : aIndex 15 , vfxScreenValue 0.923965
10-08 16:14:32.544 828 828 D OppoExGLESRenderEngine: drawMesh : power on : aIndex 16 , vfxScreenValue 0.940007
10-08 16:14:32.546 1551 1560 I system_server: Background young concurrent copying GC freed 202209(14MB) AllocSpace objects, 98(2864KB) LOS objects, 24% free, 53MB/70MB, paused 1.114ms total 130.715ms
10-08 16:14:32.548 17145 17171 D Common : getUuidFromPhone HeytapIDSDK init....
10-08 16:14:32.550 2530 2658 I [0]DCS-StrategyManager: isNeedUpload: false, type: 2006, appID: 21000, logTag: 2100001, eventID: user_model_screen_off
10-08 16:14:32.550 2530 2658 W [0]DCS : Record event failed. DCS reject event: [appId=21000,logTag=2100001,eventId=user_model_screen_off] . Pls check server config.
10-08 16:14:32.552 828 828 D OppoExGLESRenderEngine: drawMesh : power on : aIndex 17 , vfxScreenValue 0.951633
10-08 16:14:32.557 1242 17151 D android.hardware.biometrics.fingerprint@2.1-service: DcsInfo enter into FINGERPRINT_AUTHENTICATED CommonDcsmsg
10-08 16:14:32.557 17145 17145 I FBEManager: [initFBE] init = true
10-08 16:14:32.560 1242 17151 D android.hardware.biometrics.fingerprint@2.1-service: DcsInfo send fingerprint auth dcsmsg
10-08 16:14:32.561 828 828 D OppoExGLESRenderEngine: drawMesh : power on : aIndex 18 , vfxScreenValue 0.963362
10-08 16:14:32.515 1551 3658 E OplusCustomizeRestrictionManagerService: isBiometricDisabled start
10-08 16:14:32.561 1551 1816 D CommonDcsUploader: notifyMsgToCommonDcs, logTag: 20120fingerprint_auth_dcsmsg
10-08 16:14:32.561 1551 2569 W ContextImpl: Calling a method in the system process without a qualified user: android.app.ContextImpl.startService:1701 com.oplus.util.OplusStatisticsImpl.startService:216 com.oplus.util.OplusStatisticsImpl.sendDataToDCS:192 com.oplus.util.OplusStatisticsImpl.onCommonSync:84 com.oplus.util.OplusStatisticsImpl$1.run:124
10-08 16:14:32.562 1551 2554 D OppoDisplayPolicy: com.android.systemui, change system app cutoutMode: color always
10-08 16:14:32.562 2793 3753 V SensorManager: RegisterListener PEDO_MINUTE type:33171034 delay:20000us by com.coloros.healthservice.broadcast.a
10-08 16:14:32.564 1551 1562 W System : A resource failed to call release.
10-08 16:14:32.564 1551 1562 W System : A resource failed to call release.
10-08 16:14:32.564 1551 2554 W SensorService: SensorEventConnection sensor handle=23, package = com.coloros.healthservice.broadcast.b enable
10-08 16:14:32.564 1551 2554 D SensorService: enable sensor send lastEvent 23
10-08 16:14:32.564 2793 2793 V SensorManager: Pedometer minute step counter dispatchSensorEvent step 0.0 to + com.coloros.healthservice.broadcast.a@424c9ec
10-08 16:14:32.564 1551 2554 D SensorService: OplusSensorServiceUtils, sensorType=33171034
10-08 16:14:32.564 1551 2554 D SensorService: Calling batch handle==23 flags=0rate=20000000 timeout== 0
10-08 16:14:32.564 1551 2554 D SensorService: SensorDevice::batch: ident=0xb400007b9d09e500, handle=0x00000017, flags=0, period_ns=20000000 timeout=0
10-08 16:14:32.564 1551 2554 D SensorService: >>> curr_period=200000000 min_period=20000000 curr_timeout=0 min_timeout=0
10-08 16:14:32.564 1551 2554 D SensorService: >>> actuating h/w BATCH 0x00000017 20000000 0
10-08 16:14:32.565 1113 1113 I VirtualSensors: batch: handle:81, flag:0,samplingPeriodNs:20000000 maxBatchReportLatencyNs:0
10-08 16:14:32.566 1551 2554 D SensorService: recordConnection in enable
10-08 16:14:32.566 1551 2554 D SensorService: Calling activate on 23
10-08 16:14:32.566 1551 2554 D SensorService: SensorDevice::activate: ident=0xb400007b9d09e500, handle=0x00000017, enabled=1, count=2
10-08 16:14:32.566 1551 2554 D SensorService: enable index=0
10-08 16:14:32.566 1551 2554 D SensorService: SensorDevice::checkForIdent info.numActiveClients()=2, ident=0xb400007b9d09e500, handle=23, eanble=1, isFusion=0
10-08 16:14:32.566 1551 2554 D SensorService: 0xb400007b9d09e500 addFd fd=702
10-08 16:14:32.567 2530 2658 I [0]DCS-StrategyManager: isNeedUpload: true, type: 2006, appID: 20120, logTag: 20120, eventID: fingerprint_auth_dcsmsg
10-08 16:14:32.567 17145 17145 D PictorialApplication: onCreate
10-08 16:14:32.567 17145 17145 I UIApplicationImpl: [onCreate] ui application
10-08 16:14:32.570 828 828 D OppoExGLESRenderEngine: drawMesh : power on : aIndex 19 , vfxScreenValue 0.972533
10-08 16:14:32.573 2061 17143 D VFX : -----VFXCharging firstFrame update-----
10-08 16:14:32.573 2061 2061 D VFXChargingView: TO openSyncFrame
10-08 16:14:32.574 3924 3924 D BluetoothAdapter: 247829230: getState(). Returning ON
10-08 16:14:32.574 3924 3924 I AF.APP.ScreenReceiver: Screen on and bluetooth enabled: true
10-08 16:14:32.574 3924 3924 I AF.APP.ScreenReceiver: start scanning when screen on and bluetooth on
10-08 16:14:32.574 3924 3924 I AF : core commit id is 7f72807 time i 210809
10-08 16:14:32.574 3924 3924 D BluetoothAdapter: 247829230: getState(). Returning ON
10-08 16:14:32.578 828 828 D OppoExGLESRenderEngine: drawMesh : power on : aIndex 20 , vfxScreenValue 0.980473
10-08 16:14:32.586 828 828 D OppoExGLESRenderEngine: drawMesh : power on : aIndex 21 , vfxScreenValue 0.985983
10-08 16:14:32.587 3924 3924 I AF.APP.a: clearAndUpdateScanFilters, plugin count: 2
10-08 16:14:32.587 3924 3924 I AF.CORE.a: create scan request, low_latency: 0, balance: 300000, low_power: 1500000
10-08 16:14:32.587 3924 3924 I AF.APP.ScanService: clear cachedDevice
10-08 16:14:32.587 1113 1143 E VirtualSensors: pedo minute, step_count = 0, report_count = 358 move_statust = 0 ,time_gap = 1 , step_run_count = 0 , step_walk_count = 0
10-08 16:14:32.588 3924 3924 I AF.CORE.g: cleanResources
10-08 16:14:32.588 3924 3924 I AF.CORE.g: getDeviceTags: size: 0
10-08 16:14:32.588 3924 3924 I AF.APP.a: clearExcept, size from 0 to 0
10-08 16:14:32.588 3924 3924 I AF.APP.ScanService: startBleScan, inner: true
10-08 16:14:32.588 2793 2793 V SensorManager: Pedometer minute step counter dispatchSensorEvent step 0.0 to + com.coloros.healthservice.broadcast.a@424c9ec
10-08 16:14:32.588 2793 2793 V SensorManager: Pedometer minute step counter dispatchSensorEvent step 0.0 to + com.coloros.healthservice.c@7e2f49f
10-08 16:14:32.588 3924 4584 D BluetoothAdapter: 247829230: getState(). Returning ON
10-08 16:14:32.590 17145 17172 E OplusCustomizeRestrictionManager: sInstance is null, start a new sInstance
10-08 16:14:32.588 3924 4584 D BluetoothAdapter: 247829230: getState(). Returning ON
10-08 16:14:32.595 828 828 D OppoExGLESRenderEngine: drawMesh : power on : aIndex 22 , vfxScreenValue 0.991255
10-08 16:14:32.598 3924 3924 D BluetoothAdapter: 247829230: getState(). Returning ON
10-08 16:14:32.598 3924 4591 I AF.APP.ScanService: onScanStarted, inner: true
10-08 16:14:32.600 17145 17145 D common.log: Log.init cachePath:/data/user/0/com.heytap.pictorial/cache/xlog, logPath:/storage/emulated/0/Android/data/com.heytap.pictorial/files/xlog/pictorial/xlog
10-08 16:14:32.603 17145 17172 E ThemeUtils: View class com.airbnb.lottie.LottieAnimationView is an AppCompat widget that can only be used with a Theme.AppCompat theme (or descendant).
10-08 16:14:32.603 828 828 D OppoExGLESRenderEngine: drawMesh : power on : aIndex 23 , vfxScreenValue 0.995326
10-08 16:14:32.603 3924 3924 I AF.APP.AutoConnectionManager: eventReceiver Intent Action: android.intent.action.SCREEN_ON
10-08 16:14:32.607 1113 1143 E VirtualSensors: pedo minute, step_count = 0, report_count = 359 move_statust = 0 ,time_gap = 0 , step_run_count = 0 , step_walk_count = 0
10-08 16:14:32.608 2793 2793 V SensorManager: Pedometer minute step counter dispatchSensorEvent step 0.0 to + com.coloros.healthservice.broadcast.a@424c9ec
10-08 16:14:32.608 2793 2793 V SensorManager: Pedometer minute step counter dispatchSensorEvent step 0.0 to + com.coloros.healthservice.c@7e2f49f
10-08 16:14:32.609 2793 4829 W OppoGuardElf: OppoGuardElfMonitor: onReceiver action=android.intent.action.SCREEN_ON
10-08 16:14:32.609 2793 4829 W OppoGuardElf: Affair: post action finally act = 202
10-08 16:14:32.611 828 828 D OppoExGLESRenderEngine: drawMesh : power on : aIndex 24 , vfxScreenValue 0.997851
10-08 16:14:32.613 3896 4200 I PAS127384e210622.ScreenStateHelper: ScreenBroadcastReceiver onReceive action:android.intent.action.SCREEN_ON
10-08 16:14:32.614 2793 4968 W OppoGuardElf: ThermalControllHandler: MSG_THERMAL_CONTROL_STATUS_CHANGED,msg:4
10-08 16:14:32.615 1551 4153 I ColorAppSwitchManagerService: appswitch registerAppSwitchObserver pName = com@@heytap@@accessory observer = com.oplus.app.IOplusAppSwitchObserver$Stub$Proxy@fa6a161 config = OplusAppSwitchConfig = { mConfigs = {1=[TOM@@CO@@wirelesssettings@@bluetooth@@DevicePickerActivity, TOM@@android@@incallui@@OppoInCallActivity], 2=[TOM@@CO@@oshare, TOM@@android@@incallui]} observerFingerPrint = 179628838}
10-08 16:14:32.615 1551 4153 I ColorAppSwitchStateDispatcher: registerAppSwitchObserver addDynamicListener OK, info = ColorAppSwitchRuleInfo = { observer = com.oplus.app.IOplusAppSwitchObserver$Stub$Proxy@fa6a161 observerFingerPrint = 179628838} rule size =0
10-08 16:14:32.616 758 758 E vendor.oplus.hardware.charger@1.0-service: notifyScreenStatus: 1
10-08 16:14:32.617 758 758 D vendor.oplus.hardware.charger@1.0-service: read_errorasdads
10-08 16:14:32.619 17145 17172 I oplus.android.OplusFrameworkFactoryImpl: getOplusRedPacketManager
10-08 16:14:32.619 828 828 D OppoExGLESRenderEngine: drawMesh : power on : aIndex 25 , vfxScreenValue 0.999571
10-08 16:14:32.621 3896 17188 I PAS127384e210622.ResourceTrigger: resourceOnChange, resourceId is 10117
10-08 16:14:32.621 3896 17188 I PAS127384e210622.ResourceTrigger: startAlign
10-08 16:14:32.625 2793 3822 W OppoGuardElf: ControllerCenter: status change to ACTIVE
10-08 16:14:32.629 828 828 D OppoExGLESRenderEngine: drawMesh : power on : aIndex 26 , vfxScreenValue 1.000000
10-08 16:14:32.629 2593 6968 D FloatWindowToastHelper: onConfigChange path=/oppoguardelf/network_applist.xml selfChange=false userId:0
10-08 16:14:32.633 2593 6968 D FloatWindowToastHelper: currentUserid=0
10-08 16:14:32.637 828 828 D OppoExGLESRenderEngine: drawMesh : power on : aIndex 27 , vfxScreenValue 1.000000
10-08 16:14:32.641 2593 6968 D FloatWindowToastHelper: onConfigChange path=/oppoguardelf/network_local_data.xml selfChange=false userId:0
10-08 16:14:32.642 2593 6968 D FloatWindowToastHelper: currentUserid=0
10-08 16:14:32.645 2593 6968 D FloatWindowToastHelper: onConfigChange path=/oppoguardelf/network_status.xml selfChange=false userId:0
10-08 16:14:32.645 828 828 D OppoExGLESRenderEngine: drawMesh : power on : aIndex 28 , vfxScreenValue 1.000000
10-08 16:14:32.645 2593 6968 D FloatWindowToastHelper: currentUserid=0
10-08 16:14:32.648 1551 1906 D AS.AudioService: getParameters() keyValuePairs:OPLUS_AUDIO_GET_FOCUS_STACK
10-08 16:14:32.649 2793 4968 W OppoGuardElf: ThermalControllHandler: tempLevel=3,userMode=3,gameUserMode=-1,appType=-1,envTempType=0,appStates=[]
10-08 16:14:32.650 2793 4968 W OppoGuardElf: ThermalControllerCenter: mSafetyState=10000
10-08 16:14:32.653 828 828 D OppoExGLESRenderEngine: drawMesh : power on : aIndex 29 , vfxScreenValue 1.000000
10-08 16:14:32.653 828 828 D OppoExGLESRenderEngine: resetVFXScreenEffectConfig -- disable animation
10-08 16:14:32.655 2793 4968 W OppoGuardElf: ThermalControllHandler: tempGear=3,configItemName=common_config
10-08 16:14:32.665 3827 17198 D wmy : uploadCommonInfoBsizeyType: 1
10-08 16:14:32.670 2481 32130 W TelephonyPermissions: reportAccessDeniedToReadIdentifiers:com.heytap.pictorial:getImeiForSlot:-1
10-08 16:14:32.672 1551 3658 D OpenID : check auth getOpenId --> pkg = com.heytap.pictorial , uid = 10134 , only check pkg = false
10-08 16:14:32.673 4305 4332 E OpenID : com.heytap.pictorial:WhiteList Not
10-08 16:14:32.673 4305 4332 E OpenID : com.heytap.pictorial:GUID:ret:F
10-08 16:14:32.679 3630 3630 I PhoneScreenStateManager: Health_Screen is ON
10-08 16:14:32.679 3630 3630 I PhoneScreenStateManager: Health_Current pid=3630, lastPid=3630
10-08 16:14:32.683 2481 32130 W TelephonyPermissions: reportAccessDeniedToReadIdentifiers:com.heytap.pictorial:getImeiForSlot:-1
10-08 16:14:32.684 3630 17200 I ScreenStateRepository: Health_Screen file cache not full, length=21801
10-08 16:14:32.687 3630 3630 I AF.h.TPLog.AutoConnecti: Health_eventReceiver Intent Action: android.intent.action.SCREEN_ON
10-08 16:14:32.689 1551 2932 W TelephonyPermissions: reportAccessDeniedToReadIdentifiers:com.heytap.pictorial:getSerial:-1
10-08 16:14:32.691 4305 4332 E OpenID : com.heytap.pictorial:DUID:ret:T
10-08 16:14:32.696 2622 4803 D OplusNotificationManager: getOpenid--pkg:com.heytap.pictorial,uid:10134,type:OUID
10-08 16:14:32.697 17145 17174 I MMKV : current API level = 30
10-08 16:14:32.697 17145 17174 I MMKV : version v1.2.7 page size:4096
10-08 16:14:32.697 17145 17174 I MMKV : armv8 AES instructions is supported
10-08 16:14:32.697 17145 17174 I MMKV : armv8 CRC32 instructions is supported
10-08 16:14:32.697 17145 17174 I MMKV : root dir: /data/user/0/com.heytap.pictorial/files/mmkv
10-08 16:14:32.697 4305 4332 E OpenID : com.heytap.pictorial:OUID:ret:T
10-08 16:14:32.698 3924 3924 D BluetoothAdapter: isLeEnabled(): ON
10-08 16:14:32.701 17145 17174 I LoginManagerDelegate: serverEnv login: 0 isDebug: false
10-08 16:14:32.701 17145 17174 D PrivateConstants: JNI_OnLoad-1
10-08 16:14:32.701 17145 17174 D PrivateConstants: RegisterNatives Success
10-08 16:14:32.701 17145 17174 D PrivateConstants: JNI_OnLoad-2
10-08 16:14:32.702 2036 2761 I bt_stack: [INFO:gatt_api.cc(950)] GATT_Register c92a398b-7dd8-e61c-23f6-e1add7338c5b
10-08 16:14:32.702 2036 2761 I bt_stack: [INFO:gatt_api.cc(970)] allocated gatt_if=7
10-08 16:14:32.702 17145 17173 I ORRegionJudge: init mIsEurope = false, mIsWxVersion = false, mIsInVersion = false
10-08 16:14:32.703 3924 10825 D BluetoothLeScanner: onScannerRegistered() - status=0 scannerId=7 mScannerId=0
10-08 16:14:32.707 3827 17198 I System.out: [socket]:check permission begin!
10-08 16:14:32.707 2036 2056 D BluetoothAdapter: 125760063: getState(). Returning ON
10-08 16:14:32.707 17145 17174 I LoginManagerDelegate: serverEnv login: 0 isDebug: false
10-08 16:14:32.710 2622 4803 D OplusNotificationManager: getOpenid--pkg:com.heytap.pictorial,uid:10134,type:OUID
10-08 16:14:32.712 4305 4332 E OpenID : com.heytap.pictorial:OUID:ret:T
10-08 16:14:32.714 2036 2056 I AppScanStats: BLE_SCAN_STATE_CHANGED[7]noteBleScanStarted=false
10-08 16:14:32.715 3924 3924 I AF.CORE.d: timeout start, mode: 1, duration: 300000
10-08 16:14:32.715 2036 2726 D CustomScanStrategy: dont resetWIFITrafficeState
10-08 16:14:32.716 768 779 D [BT] : mtk_bt_op: BT_VND_OP_LPM_WAKE_SET_STATE
10-08 16:14:32.717 2793 2793 D CustomLogManagerService: onReceive android.intent.action.SCREEN_ON
10-08 16:14:32.718 4305 4332 E OpenID : com.heytap.pictorial:OUID_STATUS:ret:T
10-08 16:14:32.720 3718 4374 I System.out: [socket]:check permission begin!
10-08 16:14:32.729 2793 2793 I QualityProtectService: onReceive begin now
10-08 16:14:32.729 2793 2793 D QualityProtectService: SCREEN_ON
10-08 16:14:32.729 2793 2793 I QualityProtectService: screen on onReceive end now
10-08 16:14:32.731 4305 4332 E OpenID : com.heytap.pictorial:DUID:ret:T
10-08 16:14:32.731 17145 17171 D Common : getUuidFromPhone HeytapIDSDK.isSupported true mUuid: null mOuid: 81BB831D485B4D149EDFA6025BC7783B2774a3b1b1b94f07a66ad9c9ab29ff3b mOuidStatus true mDuid: 9AE15C03999E4E6FB95F0FD9385D2E43EC7D424979CC9C5193318A6E3C50C693
10-08 16:14:32.733 2036 2726 D CustomScanStrategy: dont startWatchWIFITraffic
10-08 16:14:32.733 2036 2726 D BtGatt.ScanManager: startWatchWIFITraffic
10-08 16:14:32.734 17145 17172 I EffectiveAnimation: OplusLog, DEBUG_DRAW : false; DEBUG_COMPOSITION : false; DEBUG_KEYPATH : false; DEBUG_BUILD_LAYER = false
10-08 16:14:32.734 6166 6231 I RemoteGuardClient.DWB.ActivityMonitor: handleScreenOnOffChange action = android.intent.action.SCREEN_ON,isScreenOnWithoutKeyguard=false
10-08 16:14:32.735 17145 17174 I UIBinderService: [bindService] finish
10-08 16:14:32.735 2036 2726 D CustomScanStrategy: getCurrAction: 0
10-08 16:14:32.746 2481 2502 I m.android.phon: Background concurrent copying GC freed 67506(6049KB) AllocSpace objects, 0(0B) LOS objects, 56% free, 4643KB/10MB, paused 162us total 113.409ms
10-08 16:14:32.753 3718 4374 I System.out: [OkHttp] sendRequest>>
10-08 16:14:32.753 3718 4374 I System.out: [OkHttp] sendRequest<<
10-08 16:14:32.754 2061 2061 D ViewRootImpl: enqueueInputEventMotionEvent { action=ACTION_DOWN, actionButton=0, id[0]=0, x[0]=688.0, y[0]=2117.0, toolType[0]=TOOL_TYPE_FINGER, buttonState=0, classification=NONE, metaState=0, flags=0x0, edgeFlags=0x0, pointerCount=1, historySize=0, eventTime=10182090, downTime=10182090, deviceId=4, source=0x1002, displayId=0 }
10-08 16:14:32.754 2061 2061 D ViewRootImpl[NotificationShade]: processMotionEvent MotionEvent { action=ACTION_DOWN, actionButton=0, id[0]=0, x[0]=688.0, y[0]=2117.0, toolType[0]=TOOL_TYPE_FINGER, buttonState=0, classification=NONE, metaState=0, flags=0x0, edgeFlags=0x0, pointerCount=1, historySize=0, eventTime=10182090, downTime=10182090, deviceId=4, source=0x1002, displayId=0 }
10-08 16:14:32.754 1551 1828 I mtkpower_client: perf_lock_rel, hdl:2643, tid:1828
10-08 16:14:32.755 1551 1828 I mtkpower_client: perf_lock_acq, hdl:2643, dur:0, num:12, tid:1828
10-08 16:14:32.755 808 870 I libPowerHal: [perfLockAcq] idx:1 hdl:2644 hint:25 pid:808 duration:10000 => ret_hdl:2644
10-08 16:14:32.755 808 870 I libPowerHal: [PE] scn:1 hdl:2644 hint:25 comm:mtkpower@1.0-se pid:808
10-08 16:14:32.755 808 870 I libPowerHal: [PE] MTKPOWER_HINT_APP_TOUCH update cmd:3408600 param:1
10-08 16:14:32.756 2061 2061 D ViewRootImpl[NotificationShade]: dispatchPointerEvent handled=true, event=MotionEvent { action=ACTION_DOWN, actionButton=0, id[0]=0, x[0]=688.0, y[0]=2117.0, toolType[0]=TOOL_TYPE_FINGER, buttonState=0, classification=NONE, metaState=0, flags=0x0, edgeFlags=0x0, pointerCount=1, historySize=0, eventTime=10182090, downTime=10182090, deviceId=4, source=0x1002, displayId=0 }
10-08 16:14:32.757 808 870 I libPowerHal: [perfLockRel] hdl:2643, idx:0
10-08 16:14:32.757 808 870 I libPowerHal: [PD] scn:0 hdl:2643 lock_user:system_server pid:1551 tid:1828 dur:0
10-08 16:14:32.758 808 870 I libPowerHal: system_server: cpu_ctrl set cpu freq: -1 -1 -1 -1
10-08 16:14:32.758 808 870 I libPowerHal: [PD] system_server update cmd:10000100 param:2
10-08 16:14:32.758 7782 7782 D StandbyModeManager: onReceive action: android.intent.action.SCREEN_ON
10-08 16:14:32.758 1551 1828 I mtkpower_client: ret_hdl:2645
10-08 16:14:32.758 808 870 I libPowerHal: [perfLockAcq] idx:0 hdl:2645 hint:-1 pid:1551 duration:0 => ret_hdl:2645
10-08 16:14:32.758 808 870 I libPowerHal: [PE] scn:0 hdl:2645 lock_user:system_server pid:1551 tid:1828 dur:0
10-08 16:14:32.758 808 870 I libPowerHal: system_server: cpu_ctrl set cpu freq: 2000000 -1 2000000 -1
10-08 16:14:32.758 808 870 I libPowerHal: [PE] system_server update cmd:1410000, param:1
10-08 16:14:32.758 808 870 I libPowerHal: [PE] system_server update cmd:1c3c000, param:0
10-08 16:14:32.758 808 870 I libPowerHal: [PE] system_server update cmd:10000100, param:2
10-08 16:14:32.763 17145 17208 I EffectiveAnimation: Load anim composition done,setting result!!!
10-08 16:14:32.763 7782 7782 D MSF.C.DeepSleepDetector: onScreenOn hasInDeepSleep false
10-08 16:14:32.765 7782 7782 D MSF.C.LogManager: onReceive broadcastreceiver.action = android.intent.action.SCREEN_ON
10-08 16:14:32.773 2622 4803 D OplusNotificationManager: getOpenid--pkg:com.heytap.pictorial,uid:10134,type:OUID
10-08 16:14:32.774 4305 4332 E OpenID : com.heytap.pictorial:OUID:ret:T
10-08 16:14:32.781 17145 17145 I EffectiveAnimation: EffectiveAnimationDrawable::setComposition
10-08 16:14:32.782 4305 4332 E OpenID : com.heytap.pictorial:DUID:ret:T
10-08 16:14:32.784 1551 1906 D OpenID : check auth getOpenId --> pkg = com.heytap.pictorial , uid = 10134 , only check pkg = false
10-08 16:14:32.784 4305 4332 E OpenID : com.heytap.pictorial:WhiteList Not
10-08 16:14:32.784 4305 4332 E OpenID : com.heytap.pictorial:GUID:ret:F
10-08 16:14:32.786 4305 4332 E OpenID : com.heytap.pictorial:OUID_STATUS:ret:T
10-08 16:14:32.789 2622 4803 D OplusNotificationManager: getOpenid--pkg:com.heytap.pictorial,uid:10134,type:AUID
10-08 16:14:32.789 1551 1906 D OppoDisplayPolicy: com.android.systemui, change system app cutoutMode: color always
10-08 16:14:32.789 4305 4332 E OpenID : com.heytap.pictorial:AUID:ret:T
10-08 16:14:32.790 1551 2252 V OplusNlpProxy: handleMessage what - 110
10-08 16:14:32.790 1551 2252 D OplusNlpProxy: OplusNlpProxy onlocation changed!! location:Location[network 22.53****,113.95**** hAcc=100 et=+5h51m45s649ms vAcc=??? sAcc=??? bAcc=???]
10-08 16:14:32.790 1551 2252 D LocationManagerService: incoming location from: network
10-08 16:14:32.790 1551 2252 D LocationManagerService: incoming location from: network
10-08 16:14:32.802 17145 17222 I TetheringManager: registerTetheringEventCallback:com.heytap.pictorial
10-08 16:14:32.808 2061 17143 D VFX : -----Circle formed to loop status-----CircleLine particle number[57]-----
10-08 16:14:32.808 2061 17143 D VFX : -----RunningStatusToLoop-----
10-08 16:14:32.808 2061 17143 D VFX : -----circleToLoopStatus-----
10-08 16:14:32.813 1551 4162 V ActivityManager: Has totaly same connectionRecord, just reuse it!
10-08 16:14:32.814 17145 17145 I UIBinderService: [bindService] finish
10-08 16:14:32.821 17145 17145 I ExportWebViewUtils: ServerConfigManager.KEY_BROWSER_KERNEL_DISABLED = 0
10-08 16:14:32.821 17145 17145 I ObSdk : setForceUseSysWebview: true
10-08 16:14:32.822 17145 17145 I ObSdk : initKernelEnvironment sdk version: 4.0.1.8 required kernel:70.7200.0.4.20200229080000
10-08 16:14:32.822 17145 17173 I UIApplicationImpl: [initTask] onCreate inited
10-08 16:14:32.823 17145 17145 I ObSdk : onCreate isClient: true isMainProcess: false
10-08 16:14:32.823 17145 17145 I ObSdk : initKernelEnvironmentForClient force use system webview, abort initKernelEnvironmentForClient
10-08 16:14:32.823 17145 17145 I ObSdk : initKernelEnvironment onFailure 0
10-08 16:14:32.824 17145 17145 I ObSdk : setForceUseSysWebview: true
10-08 16:14:32.827 17145 17145 I ProxyUtils: invokeMethod: tag: CoreBuildInfoProxy instance:null method: null
10-08 16:14:32.828 17145 17145 E CoreBuildInfoProxy: sdk proxy error method null
10-08 16:14:32.828 17145 17145 I ProxyUtils: invokeMethod: tag: CoreBuildInfoProxy instance:null method: null
10-08 16:14:32.828 17145 17145 E CoreBuildInfoProxy: sdk proxy error method null
10-08 16:14:32.828 17145 17145 I ProxyUtils: invokeMethod: tag: CoreBuildInfoProxy instance:null method: null
10-08 16:14:32.828 17145 17145 E CoreBuildInfoProxy: sdk proxy error method null
10-08 16:14:32.829 17145 17145 I ProxyUtils: invokeMethod: tag: LoggerProxy instance:null method: null
10-08 16:14:32.829 17145 17145 E LoggerProxy: sdk proxy error method null
10-08 16:14:32.829 17145 17145 I ObSdk : kernel info: [aar: , hash: , version: ]
10-08 16:14:32.833 17145 17145 I ObSdk : useSystemWebView: true
10-08 16:14:32.835 17145 17174 I UIApplicationImpl: registerReceiver finish
10-08 16:14:32.837 17145 17174 D Cloud.SDK.CloudCollectManager: cloud collect init
10-08 16:14:32.841 17145 17145 I WebViewFactory: Loading com.google.android.webview version 83.0.4103.106 (code 410410683)
10-08 16:14:32.845 2061 2061 D ViewRootImpl[NotificationShade]: processMotionEvent MotionEvent { action=ACTION_UP, actionButton=0, id[0]=0, x[0]=940.0, y[0]=1072.0, toolType[0]=TOOL_TYPE_FINGER, buttonState=0, classification=NONE, metaState=0, flags=0x0, edgeFlags=0x0, pointerCount=1, historySize=0, eventTime=10182181, downTime=10182090, deviceId=4, source=0x1002, displayId=0 }
10-08 16:14:32.845 808 870 I libPowerHal: [perfLockRel] hdl:2644, idx:1
10-08 16:14:32.845 808 870 I libPowerHal: [PD] scn:1 hdl:2644 hint:25 comm:mtkpower@1.0-se pid:808
10-08 16:14:32.845 808 870 I libPowerHal: [PD] MTKPOWER_HINT_APP_TOUCH update cmd:3408600 param:0
10-08 16:14:32.846 2061 2061 E SimulationInteractor: tryGetAnimationPainterInstance error:com.coloros.painteranimationpanel.api.AnimPainterInstance
10-08 16:14:32.846 2061 2061 D ViewRootImpl[NotificationShade]: dispatchPointerEvent handled=true, event=MotionEvent { action=ACTION_UP, actionButton=0, id[0]=0, x[0]=940.0, y[0]=1072.0, toolType[0]=TOOL_TYPE_FINGER, buttonState=0, classification=NONE, metaState=0, flags=0x0, edgeFlags=0x0, pointerCount=1, historySize=0, eventTime=10182181, downTime=10182090, deviceId=4, source=0x1002, displayId=0 }
10-08 16:14:32.870 2061 2061 D KeyguardViewBase: screen on, instance 6bd33d7
10-08 16:14:32.879 2061 2061 D KeyguardSecurityView: showNextSecurityScreenOrFinish(false)
10-08 16:14:32.879 2061 2061 D BaseKeyguardUpdateMonitor: setExeDismiss(true)
10-08 16:14:32.880 2061 2061 D KeyguardViewMediator: keyguardDone
10-08 16:14:32.880 2061 2061 D KeyguardViewMediator: tryKeyguardDone: pending - false, animRan - false animRunning - false
10-08 16:14:32.880 2061 2061 D KeyguardViewMediator: tryKeyguardDone: starting pre-hide animation
10-08 16:14:32.880 2061 2061 E KeyguardViewMediator: mHideAnimationFinishedRunnable#run
10-08 16:14:32.880 2061 2061 D KeyguardViewMediator: tryKeyguardDone: pending - false, animRan - true animRunning - false
10-08 16:14:32.880 2061 2061 D KeyguardViewMediator: handleKeyguardDone
10-08 16:14:32.881 2061 2061 W BiometricManager: resetLockout, packageName = com.android.systemui
10-08 16:14:32.881 1551 2551 W FingerprintService: Ignoring lockout reset, no templates enrolled
10-08 16:14:32.881 1551 1841 W FaceService: Ignoring lockout reset, no templates enrolled
10-08 16:14:32.881 2061 2061 D KeyguardViewMediator: handleHide
10-08 16:14:32.881 2061 2061 D KeyguardViewMediator: keyguardGoingAway Sliding or Secure Unlock
10-08 16:14:32.881 2061 2061 D KeyguardViewMediator: keyguardGoingAway
10-08 16:14:32.882 2061 2061 D KeyguardViewMediator: topPkgName=com.oppo.launcher .Launcher
10-08 16:14:32.882 2061 2728 D KeyguardViewMediator: keyguardGoingAway(65536)
10-08 16:14:32.882 2061 2061 D StatusBar: disable disable2
10-08 16:14:32.882 1551 2551 D ActivityTaskManager: Top Process State changed to PROCESS_STATE_TOP
10-08 16:14:32.883 1551 2551 I ActivityTaskManager: perfNotifyAppState TopResumedActivityChanged ActivityRecord{f816897 u0 com.oppo.launcher/.Launcher t2}
10-08 16:14:32.884 808 870 I libPowerHal: [perfNotifyAppState] foreground:com.oppo.launcher, pid:2509, uid:10062
10-08 16:14:32.884 808 870 E UxUtility: notifyAppState error = NULL
10-08 16:14:32.884 808 870 I TouchUtility: notifyAppState error = NULL
10-08 16:14:32.884 808 870 I libPowerHal: [perfNotifyAppState] [activity updated] pack:com.oppo.launcher, act:com.oppo.launcher.Launcher
10-08 16:14:32.884 808 870 I libPowerHal: Act_Match:0, Common_index:-1
10-08 16:14:32.884 808 830 I mtkpower@impl: [notifyAppState] act com.megvii.idcardlib.IDCardScanActivity => com.oppo.launcher.Launcher
10-08 16:14:32.890 6632 6632 V PhoneWindow: DecorView setVisiblity: visibility = 8, Parent = android.view.ViewRootImpl@e11845d, this = DecorView@b7e1d2[InputMethod]
10-08 16:14:32.892 828 828 I BufferQueueConsumer: [com.oppo.launcher/com.oppo.launcher.Launcher#0](id:33c00000250,api:0,p:-1,c:828) disconnect()
10-08 16:14:32.892 828 828 I BufferQueue: [com.oppo.launcher/com.oppo.launcher.Launcher#0](this:0xb4000076666e4258,id:592,api:1,p:-1,c:-1) onDestructor()
10-08 16:14:32.892 828 828 D OppoExLayer: ~Layer() sequence=3766, name=com.oppo.launcher/com.oppo.launcher.Launcher#0@0xb4000076730e7000
10-08 16:14:32.893 1551 2551 I InputDispatcher: Window went away: com.oppo.launcher/com.oppo.launcher.Launcher#0
10-08 16:14:32.894 1551 1574 D DisplayManagerService: Delivering display event: displayId=0, event=2
10-08 16:14:32.895 1551 1604 D OppoPowerManagerHelper: onDisplayChanged:0
10-08 16:14:32.895 1551 1551 I OppoWallpaperManagerServiceHelper: onDisplayChanged. displayId = 0
10-08 16:14:32.895 1551 1572 D OplusAppBwCore: onUidImportance: 10062, 100
10-08 16:14:32.898 2509 2509 V PhoneWindow: DecorView setVisiblity: visibility = 0, Parent = android.view.ViewRootImpl@86d348a, this = DecorView@93d9afb[Launcher]
10-08 16:14:32.899 1551 1572 D ColorZoomWindowManagerService: current size = 1080 x 2400, density = 3.0
10-08 16:14:32.898 2509 2509 V PhoneWindow: DecorView setVisiblity: visibility = 0, Parent = android.view.ViewRootImpl@86d348a, this = DecorView@93d9afb[Launcher]
10-08 16:14:32.900 5169 5171 E IHansComunication: HANS printMessageBody: RCVed message body: type = 0, port = 86870, caller_pid = 1551, caller_uid = 1000, target_pid = 11406, target_uid = 10048, pkg_cmd = -1
10-08 16:14:32.902 1551 1906 I WindowManager: Relayout Window{ca2495 u0 com.oppo.launcher/com.oppo.launcher.Launcher}: oldVis=4 newVis=0 focusMayChange = true
10-08 16:14:32.903 5169 5171 E IHansComunication: HANS printMessageBody: RCVed message body: type = 0, port = 86870, caller_pid = 1551, caller_uid = 1000, target_pid = 14163, target_uid = 11180, pkg_cmd = -1
10-08 16:14:32.904 828 3248 D DispPerfService: get hint proc=com.oppo.launcher, idx=0 none
10-08 16:14:32.904 828 3248 I BufferQueueConsumer: [](id:33c00000254,api:0,p:-1,c:828) connect(): controlledByApp=false
10-08 16:14:32.904 828 3248 I BufferQueue: [unnamed-828-596](this:0xb400007666719258,id:596,api:0,p:-1,c:-1) BufferQueue core=(828:/system/bin/surfaceflinger)
10-08 16:14:32.907 6632 6632 V PhoneWindow: DecorView setVisiblity: visibility = 8, Parent = android.view.ViewRootImpl@e11845d, this = DecorView@b7e1d2[InputMethod]
10-08 16:14:32.907 828 3248 I BufferQueueProducer: [com.oppo.launcher/com.oppo.launcher.Launcher#0](id:33c00000254,api:1,p:2509,c:828) connect(): api=1 producerControlledByApp=false
10-08 16:14:32.908 1551 1828 I mtkpower_client: perf_lock_rel, hdl:2645, tid:1828
10-08 16:14:32.909 1551 1828 I mtkpower_client: perf_lock_acq, hdl:2645, dur:0, num:6, tid:1828
10-08 16:14:32.909 808 830 I mtkpower@impl: [check_work_req] i:0, msg:1 hdl:2645, wait
