10-08 16:14:58.489 1551 1681 D SensorService: SensorDevice::activate: ident=0xb400007c208e6640, handle=0x0000000e, enabled=1, count=1
10-08 16:14:58.489 1551 1681 D SensorService: enable index=0
10-08 16:14:58.489 1551 1681 D SensorService: SensorDevice::checkForIdent info.numActiveClients()=1, ident=0xb400007c208e6640, handle=14, eanble=1, isFusion=0
10-08 16:14:58.489 1551 1681 D SensorService: >>> actuating h/w activate ident = 0xb400007c208e6640, handle=14 enabled=1
10-08 16:14:58.489 1551 1681 D SensorService: >>> actuating h/w activate handle=14 enabled=1
10-08 16:14:58.489 1113 1113 I OriginChannel: activate: [27,1]
10-08 16:14:58.490 2061 17968 E libEGL : Invalid file path for libcolorx-loader.so
10-08 16:14:58.491 1551 1681 D DisplayPowerController: ScreenOnUnblocker, onScreenOn
10-08 16:14:58.491 1551 1604 I DisplayPowerController: Unblocked screen on after 123 ms
10-08 16:14:58.490 2061 17968 E libEGL : Invalid file path for libcolorx-loader.so
10-08 16:14:58.492 1551 2550 D OppoDisplayPolicy: com.android.systemui, change system app cutoutMode: color always
10-08 16:14:58.492 1551 1604 D DisplayPowerController: animateScreenBrightness = 390.0
10-08 16:14:58.502 6166 14903 E RemoteGuardClient.DWB.ActivityMonitor: onProcessDied com.android.traceur pid = 11285 uid = 10242
10-08 16:14:58.503 6166 6231 I RemoteGuardClient.DWB.ActivityMonitor: topActivities = []
10-08 16:14:58.504 2061 2061 D SingleClockView: updateTime, 24hfmt=true, h=16, m=14
10-08 16:14:58.505 1551 1591 I libprocessgroup: Successfully killed process cgroup uid 10242 pid 11285 in 88ms
10-08 16:14:58.505 1551 1572 D OplusAppBwCore: onUidImportance: 10242, 1000
10-08 16:14:58.505 1551 1551 D ColorInputMethodManagerServiceEx: onHandleImeWindowVisibleStatus handledVis: 0, switcher visible: 0, switcher active: 0, needsToShowImeSwitcher: false
10-08 16:14:58.509 1551 1711 W OppoStorageManagerFeature: turn screenOff, maintPrepared:false
10-08 16:14:58.515 1551 1753 I OplusWifiSarManager: Received action: android.intent.action.SCREEN_OFF
10-08 16:14:58.515 1551 1753 D OplusWifiSarManager: wifiBand mWifi2gState:false mWifi5gState: true mWifi5gBand:WIFI_5G_BAND2
10-08 16:14:58.516 1551 1753 I OplusWifiSarManager: project: 19131, country: CN
10-08 16:14:58.516 1551 1753 I OplusWifiSarManager: sensor state: earpiece: 0, sensor: FAR, isScreenOn: false
10-08 16:14:58.516 1551 1753 I OplusWifiSarManager: modem state: mCellOn: false mDataOn: false mData5gOn: false
10-08 16:14:58.516 1551 1753 I OplusWifiSarManager: wifi state: mWifiConnected: true mWifiSapEnabled: false mWifiP2pConnected: false mWifi2gState: false mWifi5gState: true mWifi5gBand: WIFI_5G_BAND2
10-08 16:14:58.516 1551 1753 I OplusWifiSarManager: wifisar engineerMode state: enable: false, Regdomain: , modemWorkType(2:4G, 3:5G): -1, sensorWorkType: -1, wifiChannel2.4G: -1, wifiChannel5G: -1
10-08 16:14:58.516 1551 1753 I OplusWifiSarManager: no change: 0
10-08 16:14:58.520 1551 1551 D OplusSilenceRecovery: actionandroid.intent.action.SCREEN_OFF
10-08 16:14:58.520 1551 1711 D StorageManagerService: handleMessage:62, handled and finished by oppo storage feature.
10-08 16:14:58.522 1551 1828 I mtkpower_client: perf_lock_rel, hdl:2726, tid:1828
10-08 16:14:58.523 1551 1828 I mtkpower_client: perf_lock_acq, hdl:2726, dur:0, num:12, tid:1828
10-08 16:14:58.523 808 870 I libPowerHal: [perfLockRel] hdl:2726, idx:0
10-08 16:14:58.523 808 870 I libPowerHal: [PD] scn:0 hdl:2726 lock_user:system_server pid:1551 tid:1828 dur:0
10-08 16:14:58.524 808 870 I libPowerHal: system_server: cpu_ctrl set cpu freq: -1 -1 -1 -1
10-08 16:14:58.524 808 870 I libPowerHal: system_server: set gpu opp level: 21
10-08 16:14:58.524 808 870 I libPowerHal: system_server: set gpu opp level max: 0
10-08 16:14:58.524 808 870 I libPowerHal: [PD] system_server update cmd:1410000 param:0
10-08 16:14:58.524 808 870 I libPowerHal: [PD] system_server update cmd:1c3c000, param:1
10-08 16:14:58.524 808 870 I libPowerHal: [PD] system_server update cmd:10000100 param:2
10-08 16:14:58.524 1551 1551 D OplusSlaManager: Received broadcast:android.intent.action.SCREEN_OFF
10-08 16:14:58.524 1551 1769 D OplusSlaManager: MSG_SCREEN_STATE_CHANGE
10-08 16:14:58.524 1551 1744 E OplusQpowerManager: setQpowerMode, getOppoPowerSaveMockable fail, oppoPowerSave = null !
10-08 16:14:58.525 1551 1828 I mtkpower_client: ret_hdl:2727
10-08 16:14:58.525 1551 1769 D OplusSlaManager: After sendScreenStateToKernel:result=true screenState=0
10-08 16:14:58.525 808 870 I libPowerHal: [perfLockAcq] idx:0 hdl:2727 hint:-1 pid:1551 duration:0 => ret_hdl:2727
10-08 16:14:58.525 808 870 I libPowerHal: [PE] scn:0 hdl:2727 lock_user:system_server pid:1551 tid:1828 dur:0
10-08 16:14:58.526 808 870 I libPowerHal: system_server: cpu_ctrl set cpu freq: 2000000 -1 2000000 -1
10-08 16:14:58.526 808 870 I libPowerHal: [PE] system_server update cmd:1410000, param:1
10-08 16:14:58.526 1551 4192 D OppoDisplayPolicy: com.android.systemui, change system app cutoutMode: color always
10-08 16:14:58.526 808 870 I libPowerHal: [PE] system_server update cmd:1c3c000, param:0
10-08 16:14:58.526 808 870 I libPowerHal: [PE] system_server update cmd:10000100, param:2
10-08 16:14:58.527 1912 1912 I wpa_supplicant: wpa_driver_nl80211_driver_cmd: wlan0 recv cmd SETSUSPENDMODE 1
10-08 16:14:58.528 1912 1912 I wpa_supplicant: wpa_driver_nl80211_driver_cmd: ret = 0 used = 2 total = 512 buf =
10-08 16:14:58.533 1551 1776 E OplusClientModeImpl2: getWifiLinkLayerStats called without an interface
10-08 16:14:58.541 1551 1551 D OplusDualHeadPhoneEx: GetOplusDualHeadPhoneEx return exist one.
10-08 16:14:58.541 1551 1551 D AudioSystem: +setParameters(): screen_state=off
10-08 16:14:58.543 766 3628 D AudioALSAHardware: +setParameters(): screen_state=off
10-08 16:14:58.544 766 3628 D AudioALSAStreamOut: +setScreenState(), flag 2, mode 0
10-08 16:14:58.544 766 3628 D AudioALSAStreamOut: +setScreenState(), flag 8, mode 0
10-08 16:14:58.544 766 3628 D AudioALSAStreamOut: +setScreenState(), flag 4, mode 0
10-08 16:14:58.544 766 3628 D AudioALSAStreamOut: +setScreenState(), flag 32768, mode 0
10-08 16:14:58.544 766 3628 D AudioALSAStreamOut: +setScreenState(), flag 65536, mode 0
10-08 16:14:58.544 766 3628 D AudioALSAHardware: =====>GetInstance()->MMI_Auto_Test
10-08 16:14:58.544 766 3628 D audio_engineer_test: do_audio_test_process Enter all_test[0]:NoneTest in_call:false
10-08 16:14:58.544 766 3628 D AudioALSAHardware: -setParameters(): screen_state=off
10-08 16:14:58.548 1242 17962 D android.hardware.biometrics.fingerprint@2.1-service: DcsInfo enter into FINGERPRINT_AUTHENTICATED CommonDcsmsg
10-08 16:14:58.551 1242 17962 D android.hardware.biometrics.fingerprint@2.1-service: DcsInfo send fingerprint auth dcsmsg
10-08 16:14:58.552 1551 1816 D CommonDcsUploader: notifyMsgToCommonDcs, logTag: 20120fingerprint_auth_dcsmsg
10-08 16:14:58.553 1551 2569 W ContextImpl: Calling a method in the system process without a qualified user: android.app.ContextImpl.startService:1701 com.oplus.util.OplusStatisticsImpl.startService:216 com.oplus.util.OplusStatisticsImpl.sendDataToDCS:192 com.oplus.util.OplusStatisticsImpl.onCommonSync:84 com.oplus.util.OplusStatisticsImpl$1.run:124
10-08 16:14:58.556 1551 1686 E InputReader: POWER Key comes, notifyKey - eventTime=10207892678000, deviceId=2, source=0x101, policyFlags=0x0, action=0x1, flags=0x8, keyCode=0x1a, scanCode=0x74, metaState=0x0, downTime=10207692785000
10-08 16:14:58.557 1551 1686 D OppoPhoneWindowManager: interceptKeyBeforeQueueing:KeyEvent { action=ACTION_UP, keyCode=KEYCODE_POWER, scanCode=116, metaState=0, flags=0x8, repeatCount=0, eventTime=10207892, downTime=10207692, deviceId=2, source=0x101, displayId=-1 }mSosPowerKeyEnabled = falsemWalletPowerKeyEnabled = falsemWalletQuickLaunch = true
10-08 16:14:58.557 1551 1686 W ColorGameSpaceManager: mInterceptGamepadKey is false
10-08 16:14:58.557 2530 2658 I [0]DCS-StrategyManager: isNeedUpload: true, type: 2006, appID: 20120, logTag: 20120, eventID: fingerprint_auth_dcsmsg
10-08 16:14:58.557 1551 1686 I HwShutdownRecord: RecoverSqlFunc running start, setprop false
10-08 16:14:58.558 1551 2628 I OplusEngineerService: handleMessage msg = 100002
10-08 16:14:58.566 828 828 D SurfaceFlinger: Finished setting power mode 2 on display 0
10-08 16:14:58.566 1551 1904 D SurfaceControl: Excessive delay in setPowerMode()
10-08 16:14:58.566 1551 1904 D DisplayManagerService: requestGlobalDisplayStateInterna l111(ON, brightness=390.0)
10-08 16:14:58.566 1551 1904 D DisplayManagerService: requestGlobalDisplayState(ON, brightness=390.0)
10-08 16:14:58.566 1551 1604 D DisplayPowerController: animateScreenBrightness = 390.0
10-08 16:14:58.566 1551 1551 D LMServiceThreadHandler: onScreenStatusChange:false
10-08 16:14:58.567 2061 13063 D KeyguardViewMediator: notifyScreenTurnedOn
10-08 16:14:58.567 2061 2061 D KeyguardViewMediator: handleNotifyScreenTurnedOn
10-08 16:14:58.568 1551 1828 I mtkpower_client: perf_lock_rel, hdl:2727, tid:1828
10-08 16:14:58.568 1551 1828 I mtkpower_client: perf_lock_acq, hdl:2727, dur:0, num:12, tid:1828
10-08 16:14:58.569 808 870 I libPowerHal: [perfLockRel] hdl:2727, idx:0
10-08 16:14:58.569 808 870 I libPowerHal: [PD] scn:0 hdl:2727 lock_user:system_server pid:1551 tid:1828 dur:0
10-08 16:14:58.569 1551 1551 D OppoPowerMonitor: Receive broadcast android.intent.action.SCREEN_OFF
10-08 16:14:58.569 808 870 I libPowerHal: system_server: cpu_ctrl set cpu freq: -1 -1 -1 -1
10-08 16:14:58.569 808 870 I libPowerHal: [PD] system_server update cmd:1410000 param:0
10-08 16:14:58.569 1551 1904 D ScreenMode: enter DC and low brightness mode:false
10-08 16:14:58.569 808 870 I libPowerHal: [PD] system_server update cmd:1c3c000, param:1
10-08 16:14:58.569 828 911 D OppoExGLESRenderEngine: enableVFXScreenEffect::VFX_SCREEN_BRIGHTNESS_CHANGE -- brightness
10-08 16:14:58.569 808 870 I libPowerHal: [PD] system_server update cmd:10000100 param:2
10-08 16:14:58.570 1551 1604 W PowerManagerService: Screen on took 214 ms
10-08 16:14:58.570 1551 1604 D OplusFeatureAOD: notifySfUnBlockScreenOn
10-08 16:14:58.570 1551 1604 D OppoPowerManagerHelper: [onWakeUpFinish]
10-08 16:14:58.570 1551 1828 I mtkpower_client: ret_hdl:2728
10-08 16:14:58.570 786 989 E hwcomposer: [JOB] (0) Handle a job with no visible layer
10-08 16:14:58.571 1551 1828 I mtkpower_client: perf_lock_rel, hdl:2728, tid:1828
10-08 16:14:58.571 1551 1828 I mtkpower_client: perf_lock_acq, hdl:2728, dur:0, num:12, tid:1828
10-08 16:14:58.571 808 870 I libPowerHal: [perfLockAcq] idx:0 hdl:2728 hint:-1 pid:1551 duration:0 => ret_hdl:2728
10-08 16:14:58.571 808 870 I libPowerHal: [PE] scn:0 hdl:2728 lock_user:system_server pid:1551 tid:1828 dur:0
10-08 16:14:58.572 1551 1662 D OppoPowerMonitor: mScreenOffCurrentTime = 1633680898569, mScreenOffElapsedRealTime = 21628071, mScreenOffUpTime = 10207905
10-08 16:14:58.572 1242 1242 I [GF_HAL][gf_hal]: [gf_hal_set_finger_screen] enter
10-08 16:14:58.572 808 870 I libPowerHal: system_server: cpu_ctrl set cpu freq: 2000000 -1 2000000 -1
10-08 16:14:58.572 808 870 I libPowerHal: [PE] system_server update cmd:1410000, param:1
10-08 16:14:58.572 808 870 I libPowerHal: [PE] system_server update cmd:1c3c000, param:0
10-08 16:14:58.572 1551 1662 W AlarmManager: Unrecognized alarm listener com.coloros.exsystemservice.powermonitor.t@acd10df
10-08 16:14:58.572 1551 1904 E LightsService: baseSetLightLocked(0, 390, 0, 0)
10-08 16:14:58.572 808 870 I libPowerHal: [PE] system_server update cmd:10000100, param:2
10-08 16:14:58.572 1551 1904 V LightsService: setLight #0: color=#186: brightnessMode=0
10-08 16:14:58.572 808 830 I mtkpower@impl: [check_work_req] i:0, msg:1 hdl:2728, wait
10-08 16:14:58.573 2530 2658 I [0]DCS-StrategyManager: isNeedUpload: true, type: 2006, appID: 20082, logTag: 20082003, eventID: screen_show
10-08 16:14:58.574 803 803 D android.hardware.lights-service.mediatek: write 390 to /sys/class/leds/lcd-backlight/brightness, result: 0
10-08 16:14:58.574 808 870 I libPowerHal: [perfLockRel] hdl:2728, idx:0
10-08 16:14:58.574 808 870 I libPowerHal: [PD] scn:0 hdl:2728 lock_user:system_server pid:1551 tid:1828 dur:0
10-08 16:14:58.574 1044 1695 E flp : mnld_screen_monitor_thread: Screen on
10-08 16:14:58.574 1551 1904 D OppoBaseLightsService: notifyFlingerLight color=390code=21005
10-08 16:14:58.575 1044 1695 E flp : mnld_screen_monitor_thread: Wake Monitor Restart
10-08 16:14:58.575 1044 1693 D MNLD : main_event_hdlr: SCREEN2MAIN_EVENT_SCREEN = 1
10-08 16:14:58.575 1140 1225 D PQ : ccorr table index=0
10-08 16:14:58.575 808 870 I libPowerHal: system_server: cpu_ctrl set cpu freq: -1 -1 -1 -1
10-08 16:14:58.575 1140 1225 D PQ : [PQ_SERVICE] setPQParamWithFilter configFlag: 1
10-08 16:14:58.575 808 870 I libPowerHal: [PD] system_server update cmd:1410000 param:0
10-08 16:14:58.575 808 870 I libPowerHal: [PD] system_server update cmd:1c3c000, param:1
10-08 16:14:58.575 808 870 I libPowerHal: [PD] system_server update cmd:10000100 param:2
10-08 16:14:58.576 1551 1828 I mtkpower_client: ret_hdl:2729
10-08 16:14:58.577 808 870 I libPowerHal: [perfLockAcq] idx:0 hdl:2729 hint:-1 pid:1551 duration:0 => ret_hdl:2729
10-08 16:14:58.577 808 870 I libPowerHal: [PE] scn:0 hdl:2729 lock_user:system_server pid:1551 tid:1828 dur:0
10-08 16:14:58.578 808 870 I libPowerHal: system_server: cpu_ctrl set cpu freq: 2000000 -1 2000000 -1
10-08 16:14:58.578 808 870 I libPowerHal: [PE] system_server update cmd:1410000, param:1
10-08 16:14:58.578 808 870 I libPowerHal: [PE] system_server update cmd:1c3c000, param:0
10-08 16:14:58.578 808 870 I libPowerHal: [PE] system_server update cmd:10000100, param:2
10-08 16:14:58.586 2061 17968 D VFX : -----vfxCharging_init-----finished
10-08 16:14:58.588 1140 1226 D AAL : onBacklightChanged: 0/1023 -> 390/1023(phy:780/4095)
10-08 16:14:58.588 1140 1226 D AAL : onBacklightChanged: change screen state 0(Off) -> 3(On)
10-08 16:14:58.588 1140 1226 D AALLightSensor: AALLightSensor setEnabled 0-->0
10-08 16:14:58.588 1140 1226 D AAL : LABC: LABC after setTarget isSmoothBacklight=0
10-08 16:14:58.589 828 828 W SurfaceFlinger: xhf-fps:120
10-08 16:14:58.590 828 828 I BufferQueueConsumer: [ColorFade#0](id:33c0000025c,api:0,p:-1,c:828) disconnect()
10-08 16:14:58.590 828 828 I BufferQueue: [ColorFade#0](this:0xb4000076666e4258,id:604,api:1,p:-1,c:-1) onDestructor()
10-08 16:14:58.590 828 828 D OppoExLayer: ~Layer() sequence=3834, name=ColorFade#0@0xb40000767304c000
10-08 16:14:58.591 1551 4192 I InputDispatcher: Focus entered window: Window{d8b0a60 u0 NotificationShade} in display 0
10-08 16:14:58.591 1551 4192 I InputDispatcher: Window went away: ColorFade#0
10-08 16:14:58.591 1551 4192 I InputDispatcher: Window went away: NotificationShade#0
10-08 16:14:58.593 808 831 I mtkpower@impl: [setMode] type:1, enabled:1
10-08 16:14:58.593 808 831 E mtkpower@impl: [setMode] unknown type
10-08 16:14:58.594 828 828 D OppoExGLESRenderEngine: drawMesh >>>>>>>>>>>>>>>>> power on reset aIndex = 1 <<<<<<<<<<<<<<<<<<<<<<<<<<<<
10-08 16:14:58.594 828 828 D OppoExGLESRenderEngine: drawMesh : power on : aIndex 1 , vfxScreenValue 0.264160
10-08 16:14:58.594 1551 1551 I AIBrightnessScreenStateReceiver: onReceive, ACTION_SCREEN_OFF do onScreenOff event.
10-08 16:14:58.595 828 828 I BufferQueueProducer: [FramebufferSurface](this:0xb400007684a32ed0,id:-1,api:1,p:828,c:828) queueBuffer: fps=42.49 dur=1011.89 max=322.01 min=11.97
10-08 16:14:58.600 2061 2061 D KeyguardViewMediator: received DELAYED_KEYGUARD_ACTION with seq = 39, mDelayedShowingSequence = 41
10-08 16:14:58.600 828 828 D OppoExGLESRenderEngine: drawMesh : power on : aIndex 2 , vfxScreenValue 0.386875
10-08 16:14:58.607 1551 1551 D OppoNwPowerService: Received broadcast:android.intent.action.SCREEN_OFF
10-08 16:14:58.607 1551 1922 E OppoNwPowerService: Cancel unified rst! delay 300000 execceds the limit!
10-08 16:14:58.607 828 828 D OppoExGLESRenderEngine: drawMesh : power on : aIndex 3 , vfxScreenValue 0.480500
10-08 16:14:58.610 2006 2006 V GestureMonitorController: onDeviceStateChanged
10-08 16:14:58.611 2006 2006 D ScreenOffGestureService: mWakeUpArouseReceiver action= android.intent.action.SCREEN_OFF mScreenOnByLiftHand = false
10-08 16:14:58.612 2006 2006 D ScreenOffGestureService: mWakeUpArouseReceiver isWakeUpArouseOpen = false,mScreenOffByGesture =false mHasWakeupUnloadAlgDisableFeature = false
10-08 16:14:58.615 828 828 D OppoExGLESRenderEngine: drawMesh : power on : aIndex 4 , vfxScreenValue 0.553902
10-08 16:14:58.624 828 828 D OppoExGLESRenderEngine: drawMesh : power on : aIndex 5 , vfxScreenValue 0.613116
10-08 16:14:58.630 2061 17968 D VFX : -----VFXCharging firstFrame update-----
10-08 16:14:58.630 2061 2061 D VFXChargingView: TO openSyncFrame
10-08 16:14:58.633 828 828 D OppoExGLESRenderEngine: drawMesh : power on : aIndex 6 , vfxScreenValue 0.665184
10-08 16:14:58.634 1551 4192 D OppoDisplayPolicy: com.android.systemui, change system app cutoutMode: color always
10-08 16:14:58.639 3137 3137 I ZoomAppController: Receive broadcast : ACTION_SCREEN_OFF
10-08 16:14:58.641 828 828 D OppoExGLESRenderEngine: drawMesh : power on : aIndex 7 , vfxScreenValue 0.712769
10-08 16:14:58.649 828 828 D OppoExGLESRenderEngine: drawMesh : power on : aIndex 8 , vfxScreenValue 0.751774
10-08 16:14:58.653 1953 17971 W libc : Unable to set property "persist.sys.ota.last_screenoff" to "1633680898653": connection failed; errno=13 (Permission denied)
10-08 16:14:58.649 1953 1953 W Thread-81: type=1400 audit(0.0:26353): avc: denied { write } for name="property_service" dev="tmpfs" ino=2556 scontext=u:r:color_system_service_app:s0 tcontext=u:object_r:property_socket:s0 tclass=sock_file permissive=0
10-08 16:14:58.654 2793 3753 V SensorManager: unRegisterListener by com.coloros.healthservice.broadcast.a and its name is PEDO_MINUTE
10-08 16:14:58.654 1551 3655 W SensorService: SensorEventConnection sensor handle=23, package = com.coloros.healthservice.broadcast.b disable
10-08 16:14:58.654 1551 3655 D SensorService: disable Autolock Start SensorEventConnection = com.coloros.healthservice.broadcast.b ,handle = 23
10-08 16:14:58.654 1551 3655 D SensorService: disable Autolock SensorEventConnection = com.coloros.healthservice.broadcast.b ,handle = 23
10-08 16:14:58.654 1551 3655 D SensorService: 0xb400007b90244ac0 removeFd fd=664
10-08 16:14:58.654 1551 3655 D SensorService: recordConnection in disable
10-08 16:14:58.655 1551 3655 D SensorService: SensorDevice::activate: ident=0xb400007b90244ac0, handle=0x00000017, enabled=0, count=2
10-08 16:14:58.655 1551 3655 D SensorService: disable index=0
10-08 16:14:58.655 1551 3655 D SensorService: SensorDevice::checkForIdent info.numActiveClients()=2, ident=0xb400007b90244ac0, handle=23, eanble=0, isFusion=0
10-08 16:14:58.655 1551 3655 D SensorService: SensorDevice::checkForIdent, ident=0xb400007b90244ac0 info.mIdentCount=1
10-08 16:14:58.655 1551 3655 D SensorService: >>> actuating h/w batch 0x00000017 200000000 0
10-08 16:14:58.655 1113 1113 I VirtualSensors: batch: handle:81, flag:0,samplingPeriodNs:200000000 maxBatchReportLatencyNs:0
10-08 16:14:58.656 1551 3655 D SensorService: ~SensorEventConnection(0xb400007b90244ac0)
10-08 16:14:58.656 1551 3655 D SensorService: 3 active sensors
10-08 16:14:58.656 1551 3655 D SensorService: removing connection 0xb400007b90244ac0 for sensor[0].handle=0x0000000b
10-08 16:14:58.656 1551 3655 D SensorService: removing connection 0xb400007b90244ac0 for sensor[1].handle=0x0000000e
10-08 16:14:58.656 1551 3655 D SensorService: removing connection 0xb400007b90244ac0 for sensor[2].handle=0x00000017
10-08 16:14:58.657 2793 2793 I SCREEN_OFF_ANR: safecenter onReceive begin at:2021年10月08日 16:14:58
10-08 16:14:58.657 2793 2793 I SCREEN_OFF_ANR: safecenter onReceive end at:2021年10月08日 16:14:58
10-08 16:14:58.658 2793 17972 W ContextImpl: Calling a method in the system process without a qualified user: android.app.ContextImpl.startService:1701 android.content.ContextWrapper.startService:730 com.coloros.safecenter.ColorAppServicesManagerClient$a$1.run:230 java.lang.Thread.run:923
10-08 16:14:58.658 828 828 D OppoExGLESRenderEngine: drawMesh : power on : aIndex 9 , vfxScreenValue 0.786508
10-08 16:14:58.658 2793 17972 D Intent : disableDeathOnFileUriExposure com.coloros.safecenter
10-08 16:14:58.666 828 828 D OppoExGLESRenderEngine: drawMesh : power on : aIndex 10 , vfxScreenValue 0.815907
10-08 16:14:58.667 3924 3924 D BluetoothAdapter: 247829230: getState(). Returning ON
10-08 16:14:58.667 3924 3924 I AF.APP.ScreenReceiver: screen off and bluetooth enabled: true
10-08 16:14:58.667 3924 3924 I AF.APP.ScanService: cancelBleScan, reason: 16
10-08 16:14:58.667 3924 3924 E AF.CORE.g: cancelScan, reason: 16
10-08 16:14:58.668 3924 3924 I AF.CORE.Bt_: stopSearch
10-08 16:14:58.668 3924 3924 D BluetoothAdapter: 247829230: getState(). Returning ON
10-08 16:14:58.668 3924 3924 W AF.APP.ScanService: background scan stopped state true
10-08 16:14:58.668 3924 3924 W AF.APP.ScanService: rejectInnerBackgroundScan when it is stopped
10-08 16:14:58.668 3924 3924 I AF.CORE.DeviceManager: forceCancelPairingTask, size:0
10-08 16:14:58.669 3924 3924 D BluetoothAdapter: isLeEnabled(): ON
10-08 16:14:58.672 2036 3564 I AppScanStats: BLE_SCAN_RESULT_RECEIVED[7]noteBleScanResults=0
10-08 16:14:58.673 2036 3564 I AppScanStats: BLE_SCAN_STATE_CHANGED[7]noteBleScanStopped=false
10-08 16:14:58.673 2036 2726 D CustomScanStrategy: dont stopWatchWIFITraffic
10-08 16:14:58.673 2036 2726 D BtGatt.ScanManager: stopWatchWIFITraffic
10-08 16:14:58.674 2036 2761 I bt_stack: [INFO:bta_gattc_act.cc(219)] bta_gattc_deregister: whitelistsize 64 39
10-08 16:14:58.675 828 828 D OppoExGLESRenderEngine: drawMesh : power on : aIndex 11 , vfxScreenValue 0.843743
10-08 16:14:58.675 3924 4591 I AF.APP.ScanService: onScanCanceled, inner: true, reason: 16
10-08 16:14:58.681 1551 2391 I ColorAppSwitchManagerService: appswitch unregisterAppSwitchObserver pkgName = com.heytap.accessory config = OplusAppSwitchConfig = { mConfigs = {} observerFingerPrint = 179628838}
10-08 16:14:58.682 1551 2391 I ColorAppSwitchStateDispatcher: unregisterAppSwitchObserver ok, pkgName = com.heytap.accessory info = ColorAppSwitchRuleInfo = { observer = null observerFingerPrint = 179628838}
10-08 16:14:58.682 3924 4591 I AF.APP.ScanService: onScanStop Scan Preparing false
10-08 16:14:58.682 828 828 D OppoExGLESRenderEngine: drawMesh : power on : aIndex 12 , vfxScreenValue 0.868800
10-08 16:14:58.685 2793 4829 W OppoGuardElf: OppoGuardElfMonitor: onReceiver action=android.intent.action.SCREEN_OFF
10-08 16:14:58.685 2793 4829 W OppoGuardElf: Affair: post action finally act = 201
10-08 16:14:58.688 1551 2392 I android_os_HwBinder: HwBinder: Starting thread pool for getting: vendor.oplus.hardware.charger@1.0::ICharger/default
10-08 16:14:58.688 1551 2392 D ColorGuardElfFeature: ICharger set value = 0
10-08 16:14:58.688 1551 2392 D ColorGuardElfFeature: calling class name = ThermalControlUtils
10-08 16:14:58.690 828 828 D OppoExGLESRenderEngine: drawMesh : power on : aIndex 13 , vfxScreenValue 0.891149
10-08 16:14:58.692 2793 3822 D OppoBatteryManager: set charge value = 0
10-08 16:14:58.692 2793 4968 W OppoGuardElf: ThermalControllHandler: MSG_THERMAL_CONTROL_STATUS_CHANGED,msg:4
10-08 16:14:58.693 3896 5077 I PAS127384e210622.ScreenStateHelper: ScreenBroadcastReceiver onReceive action:android.intent.action.SCREEN_OFF
10-08 16:14:58.695 3896 17188 I PAS127384e210622.ResourceTrigger: resourceOnChange, resourceId is 10118
10-08 16:14:58.695 758 758 E vendor.oplus.hardware.charger@1.0-service: notifyScreenStatus: 0
10-08 16:14:58.695 758 758 D vendor.oplus.hardware.charger@1.0-service: read_errorasdads
10-08 16:14:58.699 828 828 D OppoExGLESRenderEngine: drawMesh : power on : aIndex 14 , vfxScreenValue 0.909075
10-08 16:14:58.705 2593 6968 D FloatWindowToastHelper: onConfigChange path=/oppoguardelf/network_status.xml selfChange=false userId:0
10-08 16:14:58.706 2593 6968 D FloatWindowToastHelper: currentUserid=0
10-08 16:14:58.706 2593 6968 D FloatWindowToastHelper: onConfigChange path=/oppoguardelf/cpu_abnormal_list.xml selfChange=false userId:0
10-08 16:14:58.707 1551 4183 D AS.AudioService: getParameters() keyValuePairs:OPLUS_AUDIO_GET_FOCUS_STACK
10-08 16:14:58.707 2593 6968 D FloatWindowToastHelper: currentUserid=0
10-08 16:14:58.707 828 828 D OppoExGLESRenderEngine: drawMesh : power on : aIndex 15 , vfxScreenValue 0.923965
10-08 16:14:58.711 2793 4968 W OppoGuardElf: ThermalControllHandler: tempLevel=3,userMode=3,gameUserMode=-1,appType=-1,envTempType=0,appStates=[]
10-08 16:14:58.711 2793 4968 W OppoGuardElf: ThermalControllerCenter: mSafetyState=10000
10-08 16:14:58.712 2793 4968 W OppoGuardElf: ThermalControllHandler: tempGear=3,configItemName=screen_off
10-08 16:14:58.716 828 828 D OppoExGLESRenderEngine: drawMesh : power on : aIndex 16 , vfxScreenValue 0.940007
10-08 16:14:58.719 1242 17969 D android.hardware.biometrics.fingerprint@2.1-service: DcsInfo enter into FINGERPRINT_AUTHENTICATED CommonDcsmsg
10-08 16:14:58.720 3630 3630 I PhoneScreenStateManager: Health_Screen is OFF
10-08 16:14:58.720 1242 17969 D android.hardware.biometrics.fingerprint@2.1-service: DcsInfo send fingerprint auth dcsmsg
10-08 16:14:58.720 3630 3630 I PhoneScreenStateManager: Health_Current pid=3630, lastPid=3630
10-08 16:14:58.721 1551 1816 D CommonDcsUploader: notifyMsgToCommonDcs, logTag: 20120fingerprint_auth_dcsmsg
10-08 16:14:58.721 1551 2569 W ContextImpl: Calling a method in the system process without a qualified user: android.app.ContextImpl.startService:1701 com.oplus.util.OplusStatisticsImpl.startService:216 com.oplus.util.OplusStatisticsImpl.sendDataToDCS:192 com.oplus.util.OplusStatisticsImpl.onCommonSync:84 com.oplus.util.OplusStatisticsImpl$1.run:124
10-08 16:14:58.721 3630 17200 I ScreenStateRepository: Health_Screen file cache not full, length=21840
10-08 16:14:58.725 828 828 D OppoExGLESRenderEngine: drawMesh : power on : aIndex 17 , vfxScreenValue 0.951633
10-08 16:14:58.733 2530 2658 I [0]DCS-StrategyManager: isNeedUpload: true, type: 2006, appID: 20120, logTag: 20120, eventID: fingerprint_auth_dcsmsg
10-08 16:14:58.733 1551 1741 D OppoWifiClientModeImpl: Adjust rssi from -48 to -45
10-08 16:14:58.733 828 828 D OppoExGLESRenderEngine: drawMesh : power on : aIndex 18 , vfxScreenValue 0.963362
10-08 16:14:58.742 828 828 D OppoExGLESRenderEngine: drawMesh : power on : aIndex 19 , vfxScreenValue 0.972533
10-08 16:14:58.742 1551 2392 E IntervalStats: Unable to parse usage stats package 37
10-08 16:14:58.742 1551 2392 E IntervalStats: Unable to parse usage stats package 114
10-08 16:14:58.742 1551 2392 E IntervalStats: Unable to parse usage stats package 127
10-08 16:14:58.742 1551 2392 E IntervalStats: Unable to parse usage stats package 137
10-08 16:14:58.742 1551 2392 E IntervalStats: Unable to parse usage stats package 141
10-08 16:14:58.742 1551 2392 E IntervalStats: Unable to parse usage stats package 162
10-08 16:14:58.742 1551 2392 E IntervalStats: Unable to parse usage stats package 385
10-08 16:14:58.742 1551 2392 E IntervalStats: Unable to parse usage stats package 429
10-08 16:14:58.742 1551 2392 E IntervalStats: Unable to parse usage stats package 467
10-08 16:14:58.742 1551 2392 E IntervalStats: Unable to parse usage stats package 472
10-08 16:14:58.742 1551 2392 E IntervalStats: Unable to parse usage stats package 473
10-08 16:14:58.743 1551 2392 E IntervalStats: Unable to parse usage stats package 162
10-08 16:14:58.743 1551 2392 E IntervalStats: Unable to parse usage stats package 385
10-08 16:14:58.743 1551 2392 E IntervalStats: Unable to parse usage stats package 429
10-08 16:14:58.743 1551 2392 E IntervalStats: Unable to parse usage stats package 472
10-08 16:14:58.743 1551 2392 E IntervalStats: Unable to parse usage stats package 476
10-08 16:14:58.744 1551 2392 E IntervalStats: Unable to parse usage stats package 479
10-08 16:14:58.744 1551 2392 E IntervalStats: Unable to parse usage stats package 483
10-08 16:14:58.744 1551 2392 E IntervalStats: Unable to parse usage stats package 484
10-08 16:14:58.744 1551 2392 E IntervalStats: Unable to parse usage stats package 486
10-08 16:14:58.744 1551 2392 E IntervalStats: Unable to parse usage stats package 489
10-08 16:14:58.744 1551 2392 E IntervalStats: Unable to parse usage stats package 491
10-08 16:14:58.744 1551 2392 E IntervalStats: Unable to parse usage stats package 496
10-08 16:14:58.744 1551 2392 E IntervalStats: Unable to parse usage stats package 525
10-08 16:14:58.744 1551 2392 E IntervalStats: Unable to parse usage stats package 529
10-08 16:14:58.744 1551 2392 E IntervalStats: Unable to parse usage stats package 533
10-08 16:14:58.744 1551 2392 E IntervalStats: Unable to parse usage stats package 534
10-08 16:14:58.744 1551 2392 E IntervalStats: Unable to parse usage stats package 545
10-08 16:14:58.744 1551 2392 E IntervalStats: Unable to parse usage stats package 549
10-08 16:14:58.744 1551 2392 E IntervalStats: Unable to parse usage stats package 551
10-08 16:14:58.744 1551 2392 E IntervalStats: Unable to parse usage stats package 575
10-08 16:14:58.744 1551 2392 E IntervalStats: Unable to parse usage stats package 596
10-08 16:14:58.744 1551 2392 E IntervalStats: Unable to parse usage stats package 597
10-08 16:14:58.744 1551 2392 E IntervalStats: Unable to parse usage stats package 598
10-08 16:14:58.746 1551 2392 E IntervalStats: Unable to parse usage stats package 162
10-08 16:14:58.746 1551 2392 E IntervalStats: Unable to parse usage stats package 385
10-08 16:14:58.746 1551 2392 E IntervalStats: Unable to parse usage stats package 429
10-08 16:14:58.746 1551 2392 E IntervalStats: Unable to parse usage stats package 472
10-08 16:14:58.746 1551 2392 E IntervalStats: Unable to parse usage stats package 486
10-08 16:14:58.746 1551 2392 E IntervalStats: Unable to parse usage stats package 610
10-08 16:14:58.746 1551 2392 E IntervalStats: Unable to parse usage stats package 615
10-08 16:14:58.746 1551 2392 E IntervalStats: Unable to parse usage stats package 623
10-08 16:14:58.746 1551 2392 E IntervalStats: Unable to parse usage stats package 626
10-08 16:14:58.746 1551 2392 E IntervalStats: Unable to parse usage stats package 631
10-08 16:14:58.746 1551 2392 E IntervalStats: Unable to parse usage stats package 646
10-08 16:14:58.746 1551 2392 E IntervalStats: Unable to parse usage stats package 650
10-08 16:14:58.746 1551 2392 E IntervalStats: Unable to parse usage stats package 657
10-08 16:14:58.747 1551 2392 E IntervalStats: Unable to parse usage stats package 486
10-08 16:14:58.747 1551 2392 E IntervalStats: Unable to parse usage stats package 626
10-08 16:14:58.747 1551 2392 E IntervalStats: Unable to parse usage stats package 663
10-08 16:14:58.747 1551 2392 E IntervalStats: Unable to parse usage stats package 667
10-08 16:14:58.747 1551 2392 E IntervalStats: Unable to parse usage stats package 674
10-08 16:14:58.747 1551 2392 E IntervalStats: Unable to parse usage stats package 687
10-08 16:14:58.747 1551 2392 E IntervalStats: Unable to parse usage stats package 694
10-08 16:14:58.747 1551 2392 E IntervalStats: Unable to parse usage stats package 695
10-08 16:14:58.747 1551 2392 E IntervalStats: Unable to parse usage stats package 696
10-08 16:14:58.749 828 828 D OppoExGLESRenderEngine: drawMesh : power on : aIndex 20 , vfxScreenValue 0.980473
10-08 16:14:58.750 2793 2793 D CustomLogManagerService: onReceive android.intent.action.SCREEN_OFF
10-08 16:14:58.755 2793 2793 I QualityProtectService: onReceive begin now
10-08 16:14:58.755 2793 2793 D QualityProtectService: SCREEN_OFF
10-08 16:14:58.755 2793 2793 I QualityProtectService: screen off onReceive end now
10-08 16:14:58.757 828 828 D OppoExGLESRenderEngine: drawMesh : power on : aIndex 21 , vfxScreenValue 0.985983
10-08 16:14:58.757 6166 6231 I RemoteGuardClient.DWB.ActivityMonitor: handleScreenOnOffChange action = android.intent.action.SCREEN_OFF,isScreenOnWithoutKeyguard=false
10-08 16:14:58.747 1551 2392 E IntervalStats: Unable to parse usage stats package 707
10-08 16:14:58.760 1551 2392 E IntervalStats: Unable to parse usage stats package 716
10-08 16:14:58.760 1551 2392 E IntervalStats: Unable to parse usage stats package 718
10-08 16:14:58.765 828 828 D OppoExGLESRenderEngine: drawMesh : power on : aIndex 22 , vfxScreenValue 0.991255
10-08 16:14:58.775 1551 2392 E IntervalStats: Unable to parse usage stats package 718
10-08 16:14:58.775 1551 2392 E IntervalStats: Unable to parse usage stats package 737
10-08 16:14:58.775 1551 2392 E IntervalStats: Unable to parse usage stats package 738
10-08 16:14:58.775 1551 2392 E IntervalStats: Unable to parse usage stats package 757
10-08 16:14:58.775 1551 2392 E IntervalStats: Unable to parse usage stats package 761
10-08 16:14:58.775 1551 2392 E IntervalStats: Unable to parse usage stats package 762
10-08 16:14:58.775 1551 2392 E IntervalStats: Unable to parse usage stats package 765
10-08 16:14:58.775 1551 2392 E IntervalStats: Unable to parse usage stats package 768
10-08 16:14:58.775 1551 2392 E IntervalStats: Unable to parse usage stats package 774
10-08 16:14:58.775 1551 2392 E IntervalStats: Unable to parse usage stats package 775
10-08 16:14:58.775 1551 2392 E IntervalStats: Unable to parse usage stats package 776
10-08 16:14:58.775 1551 2392 E IntervalStats: Unable to parse usage stats package 777
10-08 16:14:58.775 1551 2392 E IntervalStats: Unable to parse usage stats package 788
10-08 16:14:58.775 1551 2392 E IntervalStats: Unable to parse usage stats package 792
10-08 16:14:58.775 1551 2392 E IntervalStats: Unable to parse usage stats package 799
10-08 16:14:58.775 828 828 D OppoExGLESRenderEngine: drawMesh : power on : aIndex 23 , vfxScreenValue 0.995326
10-08 16:14:58.783 828 828 D OppoExGLESRenderEngine: drawMesh : power on : aIndex 24 , vfxScreenValue 0.997851
10-08 16:14:58.784 7782 7782 D StandbyModeManager: onReceive action: android.intent.action.SCREEN_OFF
10-08 16:14:58.784 7782 7782 D StandbyModeManager: stop try start standby by mobileOff ON when screenoff
10-08 16:14:58.786 7782 7782 D MSF.C.LogManager: onReceive broadcastreceiver.action = android.intent.action.SCREEN_OFF
10-08 16:14:58.791 828 828 D OppoExGLESRenderEngine: drawMesh : power on : aIndex 25 , vfxScreenValue 0.999571
10-08 16:14:58.799 828 828 D OppoExGLESRenderEngine: drawMesh : power on : aIndex 26 , vfxScreenValue 1.000000
10-08 16:14:58.801 2593 6968 D FloatWindowToastHelper: onConfigChange path=/oppoguardelf/network_local_data.xml selfChange=false userId:0
10-08 16:14:58.802 2593 6968 D FloatWindowToastHelper: currentUserid=0
10-08 16:14:58.804 2061 17968 D VFX : -----Circle formed to loop status-----CircleLine particle number[54]-----
10-08 16:14:58.804 2061 17968 D VFX : -----RunningStatusToLoop-----
10-08 16:14:58.804 2061 17968 D VFX : -----circleToLoopStatus-----
10-08 16:14:58.807 828 828 D OppoExGLESRenderEngine: drawMesh : power on : aIndex 27 , vfxScreenValue 1.000000
10-08 16:14:58.813 3827 17198 D wmy : uploadCommonInfoBsizeyType: 1
10-08 16:14:58.816 828 828 D OppoExGLESRenderEngine: drawMesh : power on : aIndex 28 , vfxScreenValue 1.000000
10-08 16:14:58.820 1551 2550 D OpenID : check auth getOpenId --> pkg = com.heytap.pictorial , uid = 10134 , only check pkg = false
10-08 16:14:58.820 4305 4488 E OpenID : com.heytap.pictorial:WhiteList Not
10-08 16:14:58.820 4305 4488 E OpenID : com.heytap.pictorial:GUID:ret:F
10-08 16:14:58.825 828 828 D OppoExGLESRenderEngine: drawMesh : power on : aIndex 29 , vfxScreenValue 1.000000
10-08 16:14:58.825 828 828 D OppoExGLESRenderEngine: resetVFXScreenEffectConfig -- disable animation
10-08 16:14:58.833 4305 4488 E OpenID : com.heytap.pictorial:DUID:ret:T
10-08 16:14:58.836 1551 2432 I ColorHansManager : stateRToFFreeze--imporant case: pkgName: com.tencent.mobileqq, reason: lastResumeProtect
10-08 16:14:58.836 1551 2432 I ColorHansManager : stateRToFFreeze--imporant case: pkgName: com.sohu.inputmethod.sogou, reason: input
10-08 16:14:58.836 12484 12484 I WeatherS_WeatherServiceVersionUtils: serviceVersionCode8003001
10-08 16:14:58.836 12484 12484 I chatty : uid=10089(com.coloros.alarmclock) identical 1 line
10-08 16:14:58.836 12484 12484 I WeatherS_WeatherServiceVersionUtils: serviceVersionCode8003001
10-08 16:14:58.836 1551 2432 I ColorHansManager : stateRToFFreeze--imporant case: pkgName: io.appium.uiautomator2.server, reason: lastResumeProtect
10-08 16:14:58.836 1551 2432 I ColorHansManager : stateRToFFreeze--imporant case: pkgName: com.tencent.mm, reason: lastResumeProtect
10-08 16:14:58.837 1551 2432 I ColorHansManager : stateRToFFreeze--imporant case: pkgName: com.alibaba.android.rimet, reason: lastResumeProtect
10-08 16:14:58.838 1551 1673 D AlarmWakeupCheck: ACTION_SCREEN_ON CntAlarmWakeup=1
10-08 16:14:58.839 2622 4803 D OplusNotificationManager: getOpenid--pkg:com.heytap.pictorial,uid:10134,type:OUID
10-08 16:14:58.839 4305 4488 E OpenID : com.heytap.pictorial:OUID:ret:T
10-08 16:14:58.842 1551 1711 W OppoStorageManagerFeature: turn screenOn, maintPrepared:false
10-08 16:14:58.844 577 17979 D vold : idle maintenance stopped
10-08 16:14:58.847 1551 1753 I OplusWifiSarManager: Received action: android.intent.action.SCREEN_ON
10-08 16:14:58.847 3827 17198 I System.out: [socket]:check permission begin!
10-08 16:14:58.848 1551 1753 D OppoWifiClientModeImpl: Adjust rssi from -48 to -45
10-08 16:14:58.848 1551 1753 D OplusWifiSarManager: wifiBand mWifi2gState:false mWifi5gState: true mWifi5gBand:WIFI_5G_BAND2
10-08 16:14:58.849 1551 1753 I OplusWifiSarManager: project: 19131, country: CN
10-08 16:14:58.849 1551 1753 I OplusWifiSarManager: sensor state: earpiece: 0, sensor: FAR, isScreenOn: true
10-08 16:14:58.849 1551 1753 I OplusWifiSarManager: modem state: mCellOn: false mDataOn: false mData5gOn: false
10-08 16:14:58.849 1551 1753 I OplusWifiSarManager: wifi state: mWifiConnected: true mWifiSapEnabled: false mWifiP2pConnected: false mWifi2gState: false mWifi5gState: true mWifi5gBand: WIFI_5G_BAND2
10-08 16:14:58.849 1551 1753 I OplusWifiSarManager: wifisar engineerMode state: enable: false, Regdomain: , modemWorkType(2:4G, 3:5G): -1, sensorWorkType: -1, wifiChannel2.4G: -1, wifiChannel5G: -1
10-08 16:14:58.849 1551 1753 I OplusWifiSarManager: no change: 0
10-08 16:14:58.849 1551 1551 D OplusSilenceRecovery: actionandroid.intent.action.SCREEN_ON
10-08 16:14:58.849 2061 2061 D SingleClockView: updateTime, 24hfmt=true, h=16, m=14
10-08 16:14:58.851 1551 4183 E OplusCustomizeRestrictionManagerService: isBiometricDisabled start
10-08 16:14:58.851 1551 1711 D StorageManagerService: handleMessage:62, handled and finished by oppo storage feature.
10-08 16:14:58.853 1551 1744 E OplusQpowerManager: setQpowerMode, getOppoPowerSaveMockable fail, oppoPowerSave = null !
10-08 16:14:58.854 1551 4183 E OplusCustomizeRestrictionManagerService: isBiometricDisabled start
10-08 16:14:58.855 1551 1744 I WifiScanRequestProxy: Scan request from uid= 1000, android
10-08 16:14:58.856 1551 1551 D OplusSlaManager: Received broadcast:android.intent.action.SCREEN_ON
10-08 16:14:58.856 1551 1769 D OplusSlaManager: MSG_SCREEN_STATE_CHANGE
10-08 16:14:58.856 1551 1769 D OplusSlaManager: After sendScreenStateToKernel:result=true screenState=1
10-08 16:14:58.859 1551 1744 D WifiClientModeImpl: Rssi change too fast: -1 to 4; Count = 2
10-08 16:14:58.859 1551 1744 D WifiClientModeImpl: Rssi change too fast: so average level to 1
10-08 16:14:58.860 828 1304 I BufferQueueProducer: [NavigationBar0#0](this:0xb400007705ef1458,id:5,api:1,p:2061,c:828) queueBuffer: fps=1.52 dur=1312.57 max=936.35 min=376.23
10-08 16:14:58.863 1912 1912 I wpa_supplicant: wpa_driver_nl80211_driver_cmd: wlan0 recv cmd SETSUSPENDMODE 0
10-08 16:14:58.863 2061 2897 D WifiStatusTracker: handleBroadcast: shouldUpdateLabel: true
10-08 16:14:58.865 1551 1776 E OplusClientModeImpl2: getWifiLinkLayerStats called without an interface
10-08 16:14:58.867 1912 1912 I wpa_supplicant: wpa_driver_nl80211_driver_cmd: ret = 0 used = 2 total = 512 buf =
10-08 16:14:58.868 7782 7782 E NetworkMonitor: [getConnectionInfo] invoke
10-08 16:14:58.868 7782 7782 E NetworkMonitor: java.lang.Throwable
10-08 16:14:58.868 7782 7782 E NetworkMonitor: at com.tencent.mobileqq.qmethodmonitor.monitor.NetworkMonitor.getConnectionInfo(P:22)
10-08 16:14:58.868 7782 7782 E NetworkMonitor: at com.tencent.mobileqq.msf.core.u.D(P:676)
10-08 16:14:58.868 7782 7782 E NetworkMonitor: at com.tencent.mobileqq.msf.core.u$d.onReceive(P:665)
10-08 16:14:58.868 7782 7782 E NetworkMonitor: at android.app.LoadedApk$ReceiverDispatcher$Args.lambda$getRunnable$0$LoadedApk$ReceiverDispatcher$Args(LoadedApk.java:1706)
10-08 16:14:58.868 7782 7782 E NetworkMonitor: at android.app.-$$Lambda$LoadedApk$ReceiverDispatcher$Args$_BumDX2UKsnxLVrE6UJsJZkotuA.run(Unknown Source:2)
10-08 16:14:58.868 7782 7782 E NetworkMonitor: at android.os.Handler.handleCallback(Handler.java:938)
10-08 16:14:58.868 7782 7782 E NetworkMonitor: at android.os.Handler.dispatchMessage(Handler.java:99)
10-08 16:14:58.868 7782 7782 E NetworkMonitor: at android.os.Looper.loop(Looper.java:264)
10-08 16:14:58.868 7782 7782 E NetworkMonitor: at android.app.ActivityThread.main(ActivityThread.java:8262)
10-08 16:14:58.868 7782 7782 E NetworkMonitor: at java.lang.reflect.Method.invoke(Native Method)
10-08 16:14:58.868 7782 7782 E NetworkMonitor: at com.android.internal.os.RuntimeInit$MethodAndArgsCaller.run(RuntimeInit.java:632)
10-08 16:14:58.868 7782 7782 E NetworkMonitor: at com.android.internal.os.ZygoteInit.main(ZygoteInit.java:1049)
10-08 16:14:58.868 7782 7782 D PrivacyInvokeMonitor: report switch has been closed!
10-08 16:14:58.872 1551 1551 D OplusDualHeadPhoneEx: GetOplusDualHeadPhoneEx return exist one.
10-08 16:14:58.872 1551 1551 D AudioSystem: +setParameters(): screen_state=on
10-08 16:14:58.872 766 834 D AudioALSAHardware: +setParameters(): screen_state=on
10-08 16:14:58.872 766 834 D AudioALSAStreamOut: +setScreenState(), flag 2, mode 1
10-08 16:14:58.872 766 834 D AudioALSAStreamOut: +setScreenState(), flag 8, mode 1
10-08 16:14:58.872 766 834 D AudioALSAStreamOut: +setScreenState(), flag 4, mode 1
10-08 16:14:58.872 766 834 D AudioALSAStreamOut: +setScreenState(), flag 32768, mode 1
10-08 16:14:58.872 766 834 D AudioALSAStreamOut: +setScreenState(), flag 65536, mode 1
10-08 16:14:58.872 766 834 D AudioALSAHardware: =====>GetInstance()->MMI_Auto_Test
10-08 16:14:58.873 766 834 D audio_engineer_test: do_audio_test_process Enter all_test[0]:NoneTest in_call:false
10-08 16:14:58.873 766 834 D AudioALSAHardware: -setParameters(): screen_state=on
10-08 16:14:58.882 1551 4192 E IntervalStats: Unable to parse usage stats package 37
10-08 16:14:58.882 1551 4192 E IntervalStats: Unable to parse usage stats package 114
10-08 16:14:58.882 1551 4192 E IntervalStats: Unable to parse usage stats package 127
10-08 16:14:58.882 1551 4192 E IntervalStats: Unable to parse usage stats package 137
10-08 16:14:58.882 1551 4192 E IntervalStats: Unable to parse usage stats package 141
10-08 16:14:58.882 1551 4192 E IntervalStats: Unable to parse usage stats package 162
10-08 16:14:58.882 1551 4192 E IntervalStats: Unable to parse usage stats package 385
10-08 16:14:58.882 1551 4192 E IntervalStats: Unable to parse usage stats package 429
10-08 16:14:58.882 1551 4192 E IntervalStats: Unable to parse usage stats package 467
10-08 16:14:58.882 1551 4192 E IntervalStats: Unable to parse usage stats package 472
10-08 16:14:58.882 1551 4192 E IntervalStats: Unable to parse usage stats package 473
10-08 16:14:58.884 1551 4192 E IntervalStats: Unable to parse usage stats package 162
10-08 16:14:58.884 1551 4192 E IntervalStats: Unable to parse usage stats package 385
10-08 16:14:58.884 1551 4192 E IntervalStats: Unable to parse usage stats package 429
10-08 16:14:58.884 1551 4192 E IntervalStats: Unable to parse usage stats package 472
10-08 16:14:58.884 1551 4192 E IntervalStats: Unable to parse usage stats package 476
10-08 16:14:58.884 1551 4192 E IntervalStats: Unable to parse usage stats package 479
10-08 16:14:58.884 1551 4192 E IntervalStats: Unable to parse usage stats package 483
10-08 16:14:58.884 1551 4192 E IntervalStats: Unable to parse usage stats package 484
10-08 16:14:58.884 1551 4192 E IntervalStats: Unable to parse usage stats package 486
10-08 16:14:58.884 1551 4192 E IntervalStats: Unable to parse usage stats package 489
10-08 16:14:58.884 1551 4192 E IntervalStats: Unable to parse usage stats package 491
10-08 16:14:58.884 1551 4192 E IntervalStats: Unable to parse usage stats package 496
10-08 16:14:58.884 1551 4192 E IntervalStats: Unable to parse usage stats package 525
10-08 16:14:58.884 1551 4192 E IntervalStats: Unable to parse usage stats package 529
10-08 16:14:58.884 1551 4192 E IntervalStats: Unable to parse usage stats package 533
10-08 16:14:58.884 1551 4192 E IntervalStats: Unable to parse usage stats package 534
10-08 16:14:58.884 1551 4192 E IntervalStats: Unable to parse usage stats package 545
10-08 16:14:58.884 1551 4192 E IntervalStats: Unable to parse usage stats package 549
10-08 16:14:58.884 1551 4192 E IntervalStats: Unable to parse usage stats package 551
10-08 16:14:58.884 1551 4192 E IntervalStats: Unable to parse usage stats package 575
10-08 16:14:58.884 1551 4192 E IntervalStats: Unable to parse usage stats package 596
10-08 16:14:58.884 1551 4192 E IntervalStats: Unable to parse usage stats package 597
10-08 16:14:58.884 1551 4192 E IntervalStats: Unable to parse usage stats package 598
10-08 16:14:58.885 1551 1551 D LMServiceThreadHandler: onScreenStatusChange:true
10-08 16:14:58.885 1551 4192 E IntervalStats: Unable to parse usage stats package 162
10-08 16:14:58.886 1551 4192 E IntervalStats: Unable to parse usage stats package 385
10-08 16:14:58.886 1551 4192 E IntervalStats: Unable to parse usage stats package 429
10-08 16:14:58.886 1551 4192 E IntervalStats: Unable to parse usage stats package 472
10-08 16:14:58.886 1551 4192 E IntervalStats: Unable to parse usage stats package 486
10-08 16:14:58.886 1551 4192 E IntervalStats: Unable to parse usage stats package 610
10-08 16:14:58.886 1551 4192 E IntervalStats: Unable to parse usage stats package 615
10-08 16:14:58.886 1551 4192 E IntervalStats: Unable to parse usage stats package 623
10-08 16:14:58.886 1551 4192 E IntervalStats: Unable to parse usage stats package 626
10-08 16:14:58.886 1551 4192 E IntervalStats: Unable to parse usage stats package 631
10-08 16:14:58.886 1551 4192 E IntervalStats: Unable to parse usage stats package 646
10-08 16:14:58.886 1551 4192 E IntervalStats: Unable to parse usage stats package 650
10-08 16:14:58.886 1551 4192 E IntervalStats: Unable to parse usage stats package 657
10-08 16:14:58.887 1551 4192 E IntervalStats: Unable to parse usage stats package 486
10-08 16:14:58.887 1551 4192 E IntervalStats: Unable to parse usage stats package 626
10-08 16:14:58.887 1551 4192 E IntervalStats: Unable to parse usage stats package 663
10-08 16:14:58.887 1551 4192 E IntervalStats: Unable to parse usage stats package 667
10-08 16:14:58.887 1551 4192 E IntervalStats: Unable to parse usage stats package 674
10-08 16:14:58.887 1551 4192 E IntervalStats: Unable to parse usage stats package 687
10-08 16:14:58.887 1551 4192 E IntervalStats: Unable to parse usage stats package 694
10-08 16:14:58.887 1551 4192 E IntervalStats: Unable to parse usage stats package 695
10-08 16:14:58.887 1551 4192 E IntervalStats: Unable to parse usage stats package 696
10-08 16:14:58.887 1551 4192 E IntervalStats: Unable to parse usage stats package 707
10-08 16:14:58.887 1551 4192 E IntervalStats: Unable to parse usage stats package 716
10-08 16:14:58.887 1551 4192 E IntervalStats: Unable to parse usage stats package 718
10-08 16:14:58.888 1551 1551 D OppoPowerMonitor: Receive broadcast android.intent.action.SCREEN_ON
10-08 16:14:58.889 1551 4192 E IntervalStats: Unable to parse usage stats package 718
10-08 16:14:58.889 1551 4192 E IntervalStats: Unable to parse usage stats package 737
10-08 16:14:58.889 1551 4192 E IntervalStats: Unable to parse usage stats package 738
10-08 16:14:58.889 1551 4192 E IntervalStats: Unable to parse usage stats package 757
10-08 16:14:58.889 1551 4192 E IntervalStats: Unable to parse usage stats package 761
10-08 16:14:58.889 1551 4192 E IntervalStats: Unable to parse usage stats package 762
10-08 16:14:58.889 1551 4192 E IntervalStats: Unable to parse usage stats package 765
10-08 16:14:58.889 1551 4192 E IntervalStats: Unable to parse usage stats package 768
10-08 16:14:58.889 1551 4192 E IntervalStats: Unable to parse usage stats package 774
10-08 16:14:58.889 1551 4192 E IntervalStats: Unable to parse usage stats package 775
10-08 16:14:58.889 1551 4192 E IntervalStats: Unable to parse usage stats package 776
10-08 16:14:58.889 1551 4192 E IntervalStats: Unable to parse usage stats package 777
10-08 16:14:58.889 1551 4192 E IntervalStats: Unable to parse usage stats package 788
10-08 16:14:58.889 1551 4192 E IntervalStats: Unable to parse usage stats package 792
10-08 16:14:58.889 1551 4192 E IntervalStats: Unable to parse usage stats package 799
10-08 16:14:58.891 567 567 I servicemanager: Notifying apexservice they have clients: 0
10-08 16:14:58.892 567 567 I BpBinder: onLastStrongRef automatically unlinking death recipients:
10-08 16:14:58.902 808 831 I mtkpower@impl: [setMode] type:1, enabled:1
10-08 16:14:58.902 808 831 E mtkpower@impl: [setMode] unknown type
10-08 16:14:58.909 1551 1551 D OppoNwPowerService: Received broadcast:android.intent.action.SCREEN_ON
10-08 16:14:58.911 2006 2006 V GestureMonitorController: onDeviceStateChanged
10-08 16:14:58.913 2006 2006 D ScreenOffGestureService: mWakeUpArouseReceiver action= android.intent.action.SCREEN_ON mScreenOnByLiftHand = false
10-08 16:14:58.913 2006 2006 D ScreenOffGestureService: onReceive: LIMIT = 1633680898913
10-08 16:14:58.913 2006 2006 I ScreenOffGestureService: unregisterTiltSensor + mIsRegisterSensorTilt = false
