10-08 16:09:23.347 1551 1567 I ActivityTaskManager: perfNotifyAppState PAUSED ActivityRecord{419ffc4 u0 com.finshell.wallet/com.nearme.wallet.main.WalletIndexActivity t15108 f}}
10-08 16:09:23.349 1551 1574 D OomAdjuster: TOP_APP is ProcessRecord{c9bdb13 30028:com.android.mms/u0a61} uid is 10061
10-08 16:09:23.388 1551 4231 I WindowManager: Relayout Window{20f191a u0 com.android.mms/com.android.mms.ui.conversation.ConversationActivity}: oldVis=4 newVis=0 focusMayChange = true
10-08 16:09:23.392 1551 4231 W WindowManager: Changing focus fromnull to Window{20f191a u0 com.android.mms/com.android.mms.ui.conversation.ConversationActivity} displayId=0 Callers=com.android.server.wm.RootWindowContainer.updateFocusedWindowLocked:509 com.android.server.wm.WindowManagerService.updateFocusedWindowLocked:6073 com.android.server.wm.WindowManagerService.relayoutWindow:2717 com.android.server.wm.Session.relayout:229
10-08 16:09:23.422 1551 2932 E ORMS_Platform : OplusResourceManagerPlatformUtils: readFile function exception:/d/ged/hal/gpu_utilization: open failed: ENOENT (No such file or directory)
10-08 16:09:23.433 1551 2932 E ORMS_Platform : OplusResourceManagerPlatformUtils: readFile function exception:/d/ged/hal/gpu_utilization: open failed: ENOENT (No such file or directory)
10-08 16:09:23.471 1551 3656 D ColorAppListInterceptManager: shouldFilterTask
10-08 16:09:23.471 1551 3656 D ColorAppListInterceptManager: shouldFilterTask::packageName = com.android.mms
10-08 16:09:23.471 1551 3656 D ColorAppListInterceptManager: shouldFilterTask
10-08 16:09:23.471 1551 3656 D ColorAppListInterceptManager: shouldFilterTask::packageName = com.finshell.wallet
10-08 16:09:23.471 1551 3656 D ColorAppListInterceptManager: shouldFilterTask
10-08 16:09:23.471 1551 3656 D ColorAppListInterceptManager: shouldFilterTask::packageName = com.android.contacts
10-08 16:09:23.471 1551 3656 D ColorAppListInterceptManager: shouldFilterTask
10-08 16:09:23.471 1551 3656 D ColorAppListInterceptManager: shouldFilterTask::packageName = com.jlpay.merch
10-08 16:09:23.487 1551 3656 D ColorInputMethodManagerServiceEx: onHandleImeWindowVisibleStatus handledVis: 0, switcher visible: 0, switcher active: 0, needsToShowImeSwitcher: false
10-08 16:09:23.502 1551 2932 D ColorInputMethodManagerServiceEx: onHandleImeWindowVisibleStatus handledVis: 0, switcher visible: 0, switcher active: 0, needsToShowImeSwitcher: false
10-08 16:09:23.614 1551 1575 V ColorZoomWindowManagerService: onAnimationFinished: r = ActivityRecord{a451c8b u0 com.android.mms/.ui.conversation.ConversationActivity t15106}
10-08 16:09:23.614 1551 1575 I ColorAppSwitchManagerService: handleAppVisible , r = ActivityRecord{a451c8b u0 com.android.mms/.ui.conversation.ConversationActivity t15106}
10-08 16:09:23.614 1551 1575 I OplusMirageDisplayManagerService: onAnimationFinished:
10-08 16:09:23.617 1551 2429 D OppoBasePowerManagerService: do restore jobs
10-08 16:09:23.617 1551 2429 I chatty : uid=1000(system) HansManagerHand identical 3 lines
10-08 16:09:23.617 1551 2429 D OppoBasePowerManagerService: do restore jobs
10-08 16:09:23.636 1551 1816 D BatteryLed: getLightInColorState, oppoLightMgr empty!
10-08 16:09:23.646 1551 1575 V ColorZoomWindowManagerService: onAnimationFinished: r = ActivityRecord{419ffc4 u0 com.finshell.wallet/com.nearme.wallet.main.WalletIndexActivity t15108 f}}
10-08 16:09:23.647 1551 1575 I OplusMirageDisplayManagerService: onAnimationFinished:
10-08 16:09:23.673 1551 1814 W ActivityManager: Unable to start service Intent { cmp=com.android.mms/com.oppo.push.UpdateServiceNumberJobService (has extras) } U=0: not found
10-08 16:09:23.673 1551 1814 D JobScheduler: Error executing JobStatus{79ef9c1 #u0a61/110 com.android.mms/com.oppo.push.UpdateServiceNumberJobService u=0 s=10061 TIME=-5h54m40s570ms:-5h54m40s570ms PERIODIC PERSISTED READY}
10-08 16:09:23.675 1551 1814 W ActivityManager: Unable to start service Intent { cmp=com.coloros.deepthinker/com.coloros.proton.learn.schedule.TrainJobService (has extras) } U=0: not found
10-08 16:09:23.675 1551 1814 D JobScheduler: Error executing JobStatus{c2fdf84 #1000/648162385 com.coloros.deepthinker/com.coloros.proton.learn.schedule.TrainJobService u=0 s=1000 TIME=-5h54m40s570ms:-5h54m40s570ms PERSISTED READY}
10-08 16:09:23.748 1551 3656 D WindowManager: removeChild,stack:Task{ac7c784 #15108 visible=true type=standard mode=fullscreen translucent=false A=10108:com.finshell.wallet U=0 StackId=15108 sz=0}
10-08 16:09:23.748 1551 3656 D WindowManager: java.lang.Throwable
10-08 16:09:23.748 1551 3656 D WindowManager: at com.android.server.wm.TaskDisplayArea.removeChild(TaskDisplayArea.java:366)
10-08 16:09:23.748 1551 3656 D WindowManager: at com.android.server.wm.TaskDisplayArea.removeChild(TaskDisplayArea.java:102)
10-08 16:09:23.748 1551 3656 D WindowManager: at com.android.server.wm.WindowContainer.removeImmediately(WindowContainer.java:629)
10-08 16:09:23.748 1551 3656 D WindowManager: at com.android.server.wm.Task.removeImmediately(Task.java:2932)
10-08 16:09:23.748 1551 3656 D WindowManager: at com.android.server.wm.Task.removeIfPossible(Task.java:682)
10-08 16:09:23.748 1551 3656 D WindowManager: at com.android.server.wm.Task.removeChild(Task.java:1559)
10-08 16:09:23.748 1551 3656 D WindowManager: at com.android.server.wm.Task.removeChild(Task.java:1497)
10-08 16:09:23.748 1551 3656 D WindowManager: at com.android.server.wm.WindowContainer.removeImmediately(WindowContainer.java:629)
10-08 16:09:23.748 1551 3656 D WindowManager: at com.android.server.wm.WindowToken.removeImmediately(WindowToken.java:402)
10-08 16:09:23.748 1551 3656 D WindowManager: at com.android.server.wm.ActivityRecord.removeImmediately(ActivityRecord.java:3403)
10-08 16:09:23.748 1551 3656 D WindowManager: at com.android.server.wm.ActivityRecord.removeIfPossible(ActivityRecord.java:3410)
10-08 16:09:23.748 1551 3656 D WindowManager: at com.android.server.wm.ActivityRecord.onRemovedFromDisplay(ActivityRecord.java:3495)
10-08 16:09:23.748 1551 3656 D WindowManager: at com.android.server.wm.DisplayContent.removeAppToken(DisplayContent.java:1296)
10-08 16:09:23.748 1551 3656 D WindowManager: at com.android.server.wm.ActivityRecord.removeAppTokenFromDisplay(ActivityRecord.java:2167)
10-08 16:09:23.748 1551 3656 D WindowManager: at com.android.server.wm.ActivityRecord.removeFromHistory(ActivityRecord.java:3195)
10-08 16:09:23.748 1551 3656 D WindowManager: at com.android.server.wm.ActivityRecord.destroyed(ActivityRecord.java:3238)
10-08 16:09:23.748 1551 3656 D WindowManager: at com.android.server.wm.ActivityTaskManagerService.activityDestroyed(ActivityTaskManagerService.java:2090)
10-08 16:09:23.748 1551 3656 D WindowManager: at android.app.IActivityTaskManager$Stub.onTransact(IActivityTaskManager.java:1995)
10-08 16:09:23.748 1551 3656 D WindowManager: at com.android.server.wm.OppoActivityTaskManagerService.onTransact(OppoActivityTaskManagerService.java:174)
10-08 16:09:23.748 1551 3656 D WindowManager: at android.os.Binder.execTransactInternal(Binder.java:1166)
10-08 16:09:23.748 1551 3656 D WindowManager: at android.os.Binder.execTransact(Binder.java:1130)
10-08 16:09:23.751 1551 3656 D ColorAppListInterceptManager: shouldFilterTask
10-08 16:09:23.751 1551 3656 D ColorAppListInterceptManager: shouldFilterTask::packageName = com.android.mms
10-08 16:09:23.751 1551 3656 D ColorAppListInterceptManager: shouldFilterTask
10-08 16:09:23.751 1551 3656 D ColorAppListInterceptManager: shouldFilterTask::packageName = com.finshell.wallet
10-08 16:09:23.751 1551 3656 D ColorAppListInterceptManager: shouldFilterTask
10-08 16:09:23.751 1551 3656 D ColorAppListInterceptManager: shouldFilterTask::packageName = com.android.contacts
10-08 16:09:23.751 1551 3656 D ColorAppListInterceptManager: shouldFilterTask
10-08 16:09:23.751 1551 3656 D ColorAppListInterceptManager: shouldFilterTask::packageName = com.jlpay.merch
10-08 16:09:23.752 1551 3656 D ColorAppListInterceptManager: shouldFilterTask
10-08 16:09:23.752 1551 3656 D ColorAppListInterceptManager: shouldFilterTask::packageName = com.android.mms
10-08 16:09:23.752 1551 3656 D ColorAppListInterceptManager: shouldFilterTask
10-08 16:09:23.752 1551 3656 D ColorAppListInterceptManager: shouldFilterTask::packageName = com.finshell.wallet
10-08 16:09:23.752 1551 3656 D ColorAppListInterceptManager: shouldFilterTask
10-08 16:09:23.752 1551 3656 D ColorAppListInterceptManager: shouldFilterTask::packageName = com.android.contacts
10-08 16:09:23.752 1551 3656 D ColorAppListInterceptManager: shouldFilterTask
10-08 16:09:23.752 1551 3656 D ColorAppListInterceptManager: shouldFilterTask::packageName = com.jlpay.merch
10-08 16:09:23.759 1551 3656 I ActivityManager: Killing 14306:com.google.android.webview:sandboxed_process0:org.chromium.content.app.SandboxedProcessService0:0/u0a108i39 (adj 0): isolated not needed
10-08 16:09:23.791 1551 3656 D DisplayManagerService: Display listener for pid 14306 died.
10-08 16:09:23.791 1551 2932 V ActivityManager: Death received in com.android.server.am.ActivityManagerService$AppDeathRecipient@be68b10 for thread android.os.BinderProxy@de84609
10-08 16:09:23.804 1551 1598 D KernelCpuUidUserSysTimeReader: Removing uids 99036-99036
10-08 16:09:25.303 1551 1574 W WindowManager: Unable to start animation, surface is null or no children.
10-08 16:09:25.343 30028 30028 D ViewRootImpl: enqueueInputEventMotionEvent { action=ACTION_DOWN, actionButton=0, id[0]=0, x[0]=118.0, y[0]=227.0, toolType[0]=TOOL_TYPE_FINGER, buttonState=0, classification=NONE, metaState=0, flags=0x0, edgeFlags=0x0, pointerCount=1, historySize=0, eventTime=9874677, downTime=9874677, deviceId=4, source=0x1002, displayId=0 }
10-08 16:09:25.346 1551 2570 I ColorGameSpaceManager: in handleApplicationSwitchInner ---- gamemode = 0 ----mModeStatus = 0
10-08 16:09:25.421 1551 4176 V ColorZoomWindowManagerService: prepareZoomTransition: curStack=Task{a8ae779 #15106 visible=true type=standard mode=fullscreen translucent=true A=10061:com.android.mms U=0 StackId=15106 sz=2} nextStackTask{a8ae779 #15106 visible=true type=standard mode=fullscreen translucent=true A=10061:com.android.mms U=0 StackId=15106 sz=2}
10-08 16:09:25.423 1551 2932 D ColorInputMethodManagerServiceEx: onHandleImeWindowVisibleStatus handledVis: 0, switcher visible: 0, switcher active: 0, needsToShowImeSwitcher: false
10-08 16:09:25.429 1551 1906 I OppoBaseActivityStack: notifyAppSwitch the same packageName!
10-08 16:09:25.430 1551 1906 I ActivityTaskManager: perfNotifyAppState TopResumedActivityChanged ActivityRecord{c320c40 u0 com.android.mms/.ui.ConversationList t15106}
10-08 16:09:25.431 1551 1906 W WindowManager: Changing focus fromWindow{20f191a u0 com.android.mms/com.android.mms.ui.conversation.ConversationActivity} to null displayId=0 Callers=com.android.server.wm.RootWindowContainer.updateFocusedWindowLocked:509 com.android.server.wm.WindowManagerService.updateFocusedWindowLocked:6073 com.android.server.wm.DisplayContent.setFocusedApp:5895 com.android.server.wm.ActivityTaskManagerService.setResumedActivityUncheckLocked:5860
10-08 16:09:25.436 1551 1906 I ActivityTaskManager: perfNotifyAppState PAUSED ActivityRecord{a451c8b u0 com.android.mms/.ui.conversation.ConversationActivity t15106 f}}
10-08 16:09:25.469 1551 4231 I WindowManager: Relayout Window{e555dd6 u0 com.android.mms/com.android.mms.ui.ConversationList}: oldVis=8 newVis=0 focusMayChange = true
10-08 16:09:25.472 1551 4231 W WindowManager: Changing focus fromnull to Window{e555dd6 u0 com.android.mms/com.android.mms.ui.ConversationList} displayId=0 Callers=com.android.server.wm.RootWindowContainer.updateFocusedWindowLocked:509 com.android.server.wm.WindowManagerService.updateFocusedWindowLocked:6073 com.android.server.wm.WindowManagerService.relayoutWindow:2717 com.android.server.wm.Session.relayout:229
10-08 16:09:25.491 1551 1575 D ColorZoomWindowManagerService: adjustWindowCropForLeash start: appToken = ActivityRecord{c320c40 u0 com.android.mms/.ui.ConversationList t15106}
10-08 16:09:25.494 1551 1575 D ColorZoomWindowManagerService: adjustWindowCropForLeash start: appToken = ActivityRecord{a451c8b u0 com.android.mms/.ui.conversation.ConversationActivity t15106 f}}
10-08 16:09:25.563 1551 3656 D ColorInputMethodManagerServiceEx: onHandleImeWindowVisibleStatus handledVis: 0, switcher visible: 0, switcher active: 0, needsToShowImeSwitcher: false
10-08 16:09:25.574 1551 3656 D ColorInputMethodManagerServiceEx: onHandleImeWindowVisibleStatus handledVis: 0, switcher visible: 0, switcher active: 0, needsToShowImeSwitcher: false
10-08 16:09:25.639 1551 4231 D CompatibilityChangeReporter: Compat change id reported: 135634846; UID 10185; state: DISABLED
10-08 16:09:25.639 1551 4231 D CompatibilityChangeReporter: Compat change id reported: 135754954; UID 10185; state: DISABLED
10-08 16:09:25.640 1551 1589 D CompatibilityChangeReporter: Compat change id reported: 143937733; UID 10185; state: DISABLED
10-08 16:09:25.655 1551 1589 I ActivityManager: Start proc 14649:com.unionpay.tsmservice/u0a185 for service {com.unionpay.tsmservice/com.unionpay.tsmservice.service.UPServiceTsm}
10-08 16:09:25.673 1551 3656 V ActivityManager: New death recipient com.android.server.am.ActivityManagerService$AppDeathRecipient@cb98485 for thread android.os.BinderProxy@53c22da
10-08 16:09:25.682 1551 1575 V ColorZoomWindowManagerService: onAnimationFinished: r = ActivityRecord{c320c40 u0 com.android.mms/.ui.ConversationList t15106}
10-08 16:09:25.682 1551 1575 I ColorAppSwitchManagerService: handleAppVisible , r = ActivityRecord{c320c40 u0 com.android.mms/.ui.ConversationList t15106}
10-08 16:09:25.682 1551 1575 I OplusMirageDisplayManagerService: onAnimationFinished:
10-08 16:09:25.683 1551 1575 V ColorZoomWindowManagerService: onAnimationFinished: r = ActivityRecord{a451c8b u0 com.android.mms/.ui.conversation.ConversationActivity t15106 f}}
10-08 16:09:25.683 1551 1575 I OplusMirageDisplayManagerService: onAnimationFinished:
10-08 16:09:25.868 1551 1822 D JobScheduler.Temperature: get temperature=30.3
10-08 16:09:25.897 1551 4231 D MtkConnectivityService: Returning BLOCKED NetworkInfo to uid=10185
10-08 16:09:26.273 1551 4231 I ColorZoomWindowRUSConfigManager: isEnabled mZoomSwitch = true
10-08 16:09:26.274 1551 4231 D ColorZoomWindowRUSConfigManager: isSupportZoomModeWithPolicyLocked: target = com.android.mms/.ui.ConversationList
10-08 16:09:26.274 1551 4231 D ColorZoomWindowRUSConfigManager: targetPkg = com.android.mms
10-08 16:09:26.274 1551 4231 D ColorZoomWindowRUSConfigManager: isSupportZoomModeWithPolicyLocked: target = com.android.mms/.ui.ConversationList
10-08 16:09:26.274 1551 4231 D ColorZoomWindowRUSConfigManager: targetPkg = com.android.mms
10-08 16:09:26.274 1551 4231 D ColorAppListInterceptManager: shouldFilterTask
10-08 16:09:26.274 1551 4231 D ColorAppListInterceptManager: shouldFilterTask::packageName = com.android.mms
10-08 16:09:26.274 1551 4231 D ColorAppListInterceptManager: shouldFilterTask
10-08 16:09:26.274 1551 4231 D ColorAppListInterceptManager: shouldFilterTask::packageName = com.finshell.wallet
10-08 16:09:26.274 1551 4231 D ColorAppListInterceptManager: shouldFilterTask
10-08 16:09:26.274 1551 4231 D ColorAppListInterceptManager: shouldFilterTask::packageName = com.android.contacts
10-08 16:09:26.274 1551 4231 D ColorAppListInterceptManager: shouldFilterTask
10-08 16:09:26.275 1551 4231 D ColorAppListInterceptManager: shouldFilterTask::packageName = com.jlpay.merch
10-08 16:09:26.275 1551 4231 D ColorAppListInterceptManager: shouldFilterTask
10-08 16:09:26.275 1551 4231 D ColorAppListInterceptManager: shouldFilterTask::packageName = com.jlpay.merch
10-08 16:09:26.275 1551 4231 D ColorAppListInterceptManager: shouldFilterTask
10-08 16:09:26.275 1551 4231 D ColorAppListInterceptManager: shouldFilterTask::packageName = com.github.uiautomator
10-08 16:09:26.282 1551 3109 V WindowManager: mIsWallpaper: setAlpha ok mShownAlpha = 0.98
10-08 16:09:26.284 1551 1828 E ORMS_CORE: Unsupported action!!!
10-08 16:09:26.307 1551 3656 I WindowManager: Relayout Window{ca2495 u0 com.oppo.launcher/com.oppo.launcher.Launcher}: oldVis=8 newVis=0 focusMayChange = true
10-08 16:09:26.324 1551 1551 D ColorInputMethodManagerServiceEx: onHandleImeWindowVisibleStatus handledVis: 0, switcher visible: 0, switcher active: 0, needsToShowImeSwitcher: false
10-08 16:09:26.340 1551 1551 D ColorInputMethodManagerServiceEx: onHandleImeWindowVisibleStatus handledVis: 0, switcher visible: 0, switcher active: 0, needsToShowImeSwitcher: false
10-08 16:09:26.394 1551 4231 E AppOps : noteOperation
10-08 16:09:26.394 1551 4231 E AppOps : java.lang.SecurityException: Specified package com.android.phone under uid 10159 but it is really 1001
10-08 16:09:26.394 1551 4231 E AppOps : at com.android.server.appop.AppOpsService.verifyAndGetBypass(AppOpsService.java:3966)
10-08 16:09:26.394 1551 4231 E AppOps : at com.android.server.appop.AppOpsService.noteOperationUnchecked(AppOpsService.java:3106)
10-08 16:09:26.394 1551 4231 E AppOps : at com.android.server.appop.AppOpsService.noteOperationImpl(AppOpsService.java:3094)
10-08 16:09:26.394 1551 4231 E AppOps : at com.android.server.appop.AppOpsService.noteOperation(AppOpsService.java:3077)
10-08 16:09:26.394 1551 4231 E AppOps : at com.android.internal.app.IAppOpsService$Stub.onTransact(IAppOpsService.java:447)
10-08 16:09:26.394 1551 4231 E AppOps : at android.os.Binder.execTransactInternal(Binder.java:1166)
10-08 16:09:26.394 1551 4231 E AppOps : at android.os.Binder.execTransact(Binder.java:1130)
10-08 16:09:26.871 1551 4176 W WindowManager: Changing focus fromWindow{e555dd6 u0 com.android.mms/com.android.mms.ui.ConversationList} to Window{ca2495 u0 com.oppo.launcher/com.oppo.launcher.Launcher} displayId=0 Callers=com.android.server.wm.RootWindowContainer.updateFocusedWindowLocked:509 com.android.server.wm.WindowManagerService.updateFocusedWindowLocked:6073 com.android.server.wm.DisplayContent.layoutAndAssignWindowLayersIfNeeded:3600 com.android.server.wm.ActivityStack.positionChildAtTop:3564
10-08 16:09:26.887 1551 4176 V ColorZoomWindowManagerService: onAnimationFinished: r = ActivityRecord{c320c40 u0 com.android.mms/.ui.ConversationList t15106}
10-08 16:09:26.887 1551 4176 I OplusMirageDisplayManagerService: onAnimationFinished:
10-08 16:09:26.887 1551 4176 I ColorAppSwitchManagerService: handleAppVisible , r = ActivityRecord{f816897 u0 com.oppo.launcher/.Launcher t2}
10-08 16:09:26.890 1551 1906 I ActivityTaskManager: perfNotifyAppState TopResumedActivityChanged ActivityRecord{f816897 u0 com.oppo.launcher/.Launcher t2}
10-08 16:09:26.891 1551 1574 E OppoThermalStats: Error getting package info: com.oppo.launcher
10-08 16:09:26.891 1551 1574 D OomAdjuster: TOP_APP is ProcessRecord{53c1baa 2509:com.oppo.launcher/u0a62} uid is 10062
10-08 16:09:26.907 1551 3109 I ActivityTaskManager: perfNotifyAppState STOP ActivityRecord{c320c40 u0 com.android.mms/.ui.ConversationList t15106}
10-08 16:09:26.908 1551 2429 D OppoBasePowerManagerService: do restore jobs
10-08 16:09:26.908 1551 2429 I chatty : uid=1000(system) HansManagerHand identical 4 lines
10-08 16:09:26.908 1551 2429 D OppoBasePowerManagerService: do restore jobs
10-08 16:09:26.911 1551 4176 D ColorInputMethodManagerServiceEx: onHandleImeWindowVisibleStatus handledVis: 0, switcher visible: 0, switcher active: 0, needsToShowImeSwitcher: false
10-08 16:09:26.911 1551 4176 I chatty : uid=1000(system) Binder:1551_1D identical 1 line
10-08 16:09:26.922 1551 4176 D ColorInputMethodManagerServiceEx: onHandleImeWindowVisibleStatus handledVis: 0, switcher visible: 0, switcher active: 0, needsToShowImeSwitcher: false
10-08 16:09:26.964 1551 1567 E ORMS_Platform : OplusResourceManagerPlatformUtils: readFile function exception:/d/ged/hal/gpu_utilization: open failed: ENOENT (No such file or directory)
10-08 16:09:26.990 1551 2932 E ORMS_Platform : OplusResourceManagerPlatformUtils: readFile function exception:/d/ged/hal/gpu_utilization: open failed: ENOENT (No such file or directory)
10-08 16:09:27.002 1551 3656 D ColorAppListInterceptManager: shouldFilterTask
10-08 16:09:27.002 1551 3656 D ColorAppListInterceptManager: shouldFilterTask::packageName = com.android.mms
10-08 16:09:27.002 1551 3656 D ColorAppListInterceptManager: shouldFilterTask
10-08 16:09:27.002 1551 3656 D ColorAppListInterceptManager: shouldFilterTask::packageName = com.finshell.wallet
10-08 16:09:27.049 2509 2509 D ViewRootImpl: enqueueInputEventMotionEvent { action=ACTION_DOWN, actionButton=0, id[0]=0, x[0]=605.0, y[0]=336.0, toolType[0]=TOOL_TYPE_FINGER, buttonState=0, classification=NONE, metaState=0, flags=0x0, edgeFlags=0x0, pointerCount=1, historySize=0, eventTime=9876384, downTime=9876384, deviceId=4, source=0x1002, displayId=0 }
10-08 16:09:27.136 1551 3656 I ActivityTaskManager: START u0 {act=android.intent.action.MAIN cat=[android.intent.category.LAUNCHER] flg=0x10200000 cmp=com.jlpay.merch/.ui.start.SplashActivity bnds=[540,142][786,448] mCallingUid=10062} from uid 10062 and from pid 2509
10-08 16:09:27.136 1551 3656 D MultiApp.CMAService: changeIntentIfNeed --- from launcher
10-08 16:09:27.138 1551 3656 E ColorZoomWindowManagerService: onConfigurationChanged rotation not changed - prevRotation: 0
10-08 16:09:27.141 1551 3656 E ColorZoomWindowManagerService: onConfigurationChanged rotation not changed - prevRotation: 0
10-08 16:09:27.144 1551 3656 V ColorZoomWindowManagerService: windowMode: 0 ,stack: Task{bda492c #15109 visible=true type=standard mode=fullscreen translucent=true A=11253:com.jlpay.merch U=0 StackId=15109 sz=1}
10-08 16:09:27.160 1551 3109 W ActivityTaskManager: Tried to set launchTime (0) < mLastActivityLaunchTime (9842575)
10-08 16:09:27.163 1551 1575 D ColorViewRootUtil: initSwipState, isDisplayCompatApp false
10-08 16:09:27.163 1551 1575 D ColorViewRootUtil: mScreenHeight 2400, mScreenWidth 1080
10-08 16:09:27.168 1551 3109 I ActivityTaskManager: perfNotifyAppState TopResumedActivityChanged ActivityRecord{38de8df u0 com.jlpay.merch/.ui.start.SplashActivity t15109}
10-08 16:09:27.169 1551 3109 W WindowManager: Changing focus fromWindow{ca2495 u0 com.oppo.launcher/com.oppo.launcher.Launcher} to null displayId=0 Callers=com.android.server.wm.RootWindowContainer.updateFocusedWindowLocked:509 com.android.server.wm.WindowManagerService.updateFocusedWindowLocked:6073 com.android.server.wm.DisplayContent.setFocusedApp:5895 com.android.server.wm.ActivityTaskManagerService.setResumedActivityUncheckLocked:5860
10-08 16:09:27.176 1551 3109 I ActivityTaskManager: perfNotifyAppState PAUSED ActivityRecord{f816897 u0 com.oppo.launcher/.Launcher t2}
10-08 16:09:27.179 1551 3656 E OppoThermalStats: Error getting package info: com.jlpay.merch
10-08 16:09:27.180 1551 1574 D OomAdjuster: TOP_APP is ProcessRecord{5089b79 13129:com.jlpay.merch/u0a1253} uid is 11253
10-08 16:09:27.185 1551 1575 V OplusZoomWindowDecorViewHelper: setLastReportedMergedConfiguration mZoomDisplayHeight: 2400 getDecorView.DecorView@591149a[merch]
10-08 16:09:27.214 1551 1828 E ORMS_CORE: Unsupported action!!!
10-08 16:09:27.231 1551 1906 E ORMS_Platform : OplusResourceManagerPlatformUtils: readFile function exception:/d/ged/hal/gpu_utilization: open failed: ENOENT (No such file or directory)
10-08 16:09:27.245 13129 13129 D ColorViewRootUtil: initSwipState, isDisplayCompatApp false
10-08 16:09:27.245 13129 13129 D ColorViewRootUtil: mScreenHeight 2400, mScreenWidth 1080
10-08 16:09:27.248 1551 3656 E ORMS_Platform : OplusResourceManagerPlatformUtils: readFile function exception:/d/ged/hal/gpu_utilization: open failed: ENOENT (No such file or directory)
10-08 16:09:27.261 1551 2932 I WindowManager: Relayout Window{ff8bf0c u0 com.jlpay.merch/com.jlpay.merch.ui.start.SplashActivity}: oldVis=4 newVis=0 focusMayChange = true
10-08 16:09:27.264 1551 2932 W WindowManager: Changing focus fromnull to Window{ff8bf0c u0 com.jlpay.merch/com.jlpay.merch.ui.start.SplashActivity} displayId=0 Callers=com.android.server.wm.RootWindowContainer.updateFocusedWindowLocked:509 com.android.server.wm.WindowManagerService.updateFocusedWindowLocked:6073 com.android.server.wm.WindowManagerService.relayoutWindow:2717 com.android.server.wm.Session.relayout:229
10-08 16:09:27.268 13129 13129 V OplusZoomWindowDecorViewHelper: setLastReportedMergedConfiguration mZoomDisplayHeight: 2400 getDecorView.DecorView@a9dac82[SplashActivity]
10-08 16:09:27.274 1551 2932 D ColorAppListInterceptManager: shouldFilterTask
10-08 16:09:27.274 1551 2932 D ColorAppListInterceptManager: shouldFilterTask::packageName = com.jlpay.merch
10-08 16:09:27.274 1551 2932 D ColorAppListInterceptManager: shouldFilterTask
10-08 16:09:27.274 1551 2932 D ColorAppListInterceptManager: shouldFilterTask::packageName = com.android.mms
10-08 16:09:27.317 1551 1567 D ColorInputMethodManagerServiceEx: onHandleImeWindowVisibleStatus handledVis: 0, switcher visible: 0, switcher active: 0, needsToShowImeSwitcher: false
10-08 16:09:27.317 1551 1567 D ColorInputMethodManagerServiceEx: onHandleImeWindowVisibleStatus handledVis: 0, switcher visible: 0, switcher active: 0, needsToShowImeSwitcher: false
10-08 16:09:27.333 1551 3656 I ActivityTaskManager: START u0 {cmp=com.jlpay.merch/.ui.login.LoginActivity mCallingUid=11253} from uid 11253 and from pid 13129
10-08 16:09:27.334 1551 3656 D ColorZoomWindowRUSConfigManager: isSupportZoomModeWithPolicyLocked: target = com.jlpay.merch/.ui.login.LoginActivity
10-08 16:09:27.334 1551 3656 D ColorZoomWindowRUSConfigManager: targetPkg = com.jlpay.merch
10-08 16:09:27.334 1551 3656 V ColorZoomWindowManagerService: unSupportZoom: false ,callingPid: 13129 ,sourceStack: Task{bda492c #15109 visible=true type=standard mode=fullscreen translucent=true A=11253:com.jlpay.merch U=0 StackId=15109 sz=1}
10-08 16:09:27.337 1551 3656 D ColorZoomWindowRUSConfigManager: isSupportZoomModeWithPolicyLocked: target = com.jlpay.merch/.ui.login.LoginActivity
10-08 16:09:27.337 1551 3656 D ColorZoomWindowRUSConfigManager: targetPkg = com.jlpay.merch
10-08 16:09:27.337 1551 3656 V ColorZoomWindowManagerService: unSupportZoom: false ,callingPid: 13129 ,sourceStack: Task{bda492c #15109 visible=true type=standard mode=fullscreen translucent=true A=11253:com.jlpay.merch U=0 StackId=15109 sz=2}
10-08 16:09:27.348 1551 3656 I ActivityTaskManager: START u0 {flg=0x10008000 cmp=com.jlpay.merch/.ui.login.LoginActivity mCallingUid=11253} from uid 11253 and from pid 13129
10-08 16:09:27.349 1551 3656 D ColorZoomWindowRUSConfigManager: isSupportZoomModeWithPolicyLocked: target = com.jlpay.merch/.ui.login.LoginActivity
10-08 16:09:27.349 1551 3656 D ColorZoomWindowRUSConfigManager: targetPkg = com.jlpay.merch
10-08 16:09:27.349 1551 3656 V ColorZoomWindowManagerService: unSupportZoom: false ,callingPid: 13129 ,sourceStack: null
10-08 16:09:27.352 1551 3656 W WindowManager: Changing focus fromWindow{ff8bf0c u0 com.jlpay.merch/com.jlpay.merch.ui.start.SplashActivity} to null displayId=0 Callers=com.android.server.wm.RootWindowContainer.updateFocusedWindowLocked:509 com.android.server.wm.WindowManagerService.updateFocusedWindowLocked:6073 com.android.server.wm.DisplayContent.setFocusedApp:5895 com.android.server.wm.ActivityTaskManagerService.setResumedActivityUncheckLocked:5860
10-08 16:09:27.358 1551 3656 W WindowManager: Changing focus fromnull to Window{ff8bf0c u0 com.jlpay.merch/com.jlpay.merch.ui.start.SplashActivity} displayId=0 Callers=com.android.server.wm.RootWindowContainer.updateFocusedWindowLocked:509 com.android.server.wm.WindowManagerService.updateFocusedWindowLocked:6073 com.android.server.wm.DisplayContent.layoutAndAssignWindowLayersIfNeeded:3600 com.android.server.wm.TaskDisplayArea.positionStackAt:864
10-08 16:09:27.361 1551 3656 D ColorZoomWindowRUSConfigManager: isSupportZoomModeWithPolicyLocked: target = com.jlpay.merch/.ui.login.LoginActivity
10-08 16:09:27.361 1551 3656 D ColorZoomWindowRUSConfigManager: targetPkg = com.jlpay.merch
10-08 16:09:27.361 1551 3656 V ColorZoomWindowManagerService: unSupportZoom: false ,callingPid: 13129 ,sourceStack: null
10-08 16:09:27.366 1551 3656 D ColorInputMethodManagerServiceEx: onHandleImeWindowVisibleStatus handledVis: 0, switcher visible: 0, switcher active: 0, needsToShowImeSwitcher: false
10-08 16:09:27.370 1551 1575 D ColorViewRootUtil: initSwipState, isDisplayCompatApp false
10-08 16:09:27.370 1551 1575 D ColorViewRootUtil: mScreenHeight 2400, mScreenWidth 1080
10-08 16:09:27.371 1551 3656 I OppoBaseActivityStack: notifyAppSwitch the same packageName!
10-08 16:09:27.371 1551 3656 W ActivityTaskManager: Tried to set launchTime (0) < mLastActivityLaunchTime (9876499)
10-08 16:09:27.374 1551 3656 I ActivityTaskManager: perfNotifyAppState TopResumedActivityChanged ActivityRecord{ac60507 u0 com.jlpay.merch/.ui.login.LoginActivity t15109}
10-08 16:09:27.375 1551 3656 W WindowManager: Changing focus fromWindow{ff8bf0c u0 com.jlpay.merch/com.jlpay.merch.ui.start.SplashActivity} to null displayId=0 Callers=com.android.server.wm.RootWindowContainer.updateFocusedWindowLocked:509 com.android.server.wm.WindowManagerService.updateFocusedWindowLocked:6073 com.android.server.wm.DisplayContent.setFocusedApp:5895 com.android.server.wm.ActivityTaskManagerService.setResumedActivityUncheckLocked:5860
10-08 16:09:27.383 1551 3656 I ActivityTaskManager: perfNotifyAppState PAUSED ActivityRecord{38de8df u0 com.jlpay.merch/.ui.start.SplashActivity t15109 f}}
10-08 16:09:27.396 1551 1575 V OplusZoomWindowDecorViewHelper: setLastReportedMergedConfiguration mZoomDisplayHeight: 2400 getDecorView.DecorView@bfcfd71[merch]
10-08 16:09:27.415 1551 1575 D ColorWindowAnimationManager: checkAndLoadCustomAnimation use override anim for =:com.jlpay.merch
10-08 16:09:27.417 1551 1575 D ColorZoomWindowManagerService: adjustWindowCropForLeash start: appToken = ActivityRecord{ac60507 u0 com.jlpay.merch/.ui.login.LoginActivity t15109}
10-08 16:09:27.417 1551 1575 D ColorWindowAnimationManager: checkAndLoadCustomAnimation use override anim for =:com.jlpay.merch
10-08 16:09:27.419 1551 1575 D ColorZoomWindowManagerService: adjustWindowCropForLeash start: appToken = ActivityRecord{38de8df u0 com.jlpay.merch/.ui.start.SplashActivity t15109 f}}
10-08 16:09:27.473 1551 3656 V ColorZoomWindowManagerService: onAnimationFinished: r = ActivityRecord{f816897 u0 com.oppo.launcher/.Launcher t2}
10-08 16:09:27.473 1551 3656 I OplusMirageDisplayManagerService: onAnimationFinished:
10-08 16:09:27.473 1551 3656 V ColorZoomWindowManagerService: onAnimationFinished: r = ActivityRecord{38de8df u0 com.jlpay.merch/.ui.start.SplashActivity t15109 f}}
10-08 16:09:27.474 1551 3656 I OplusMirageDisplayManagerService: onAnimationFinished:
10-08 16:09:27.483 1551 1567 D ColorAppListInterceptManager: shouldFilterTask
10-08 16:09:27.483 1551 1567 D ColorAppListInterceptManager: shouldFilterTask::packageName = com.jlpay.merch
10-08 16:09:27.483 1551 1567 D ColorAppListInterceptManager: shouldFilterTask
10-08 16:09:27.483 1551 1567 D ColorAppListInterceptManager: shouldFilterTask::packageName = com.android.mms
10-08 16:09:27.506 13129 13129 D ColorViewRootUtil: initSwipState, isDisplayCompatApp false
10-08 16:09:27.506 13129 13129 D ColorViewRootUtil: mScreenHeight 2400, mScreenWidth 1080
10-08 16:09:27.531 1551 1567 I WindowManager: Relayout Window{cadcadb u0 com.jlpay.merch/com.jlpay.merch.ui.login.LoginActivity}: oldVis=4 newVis=0 focusMayChange = true
10-08 16:09:27.533 1551 1567 W WindowManager: Changing focus fromnull to Window{cadcadb u0 com.jlpay.merch/com.jlpay.merch.ui.login.LoginActivity} displayId=0 Callers=com.android.server.wm.RootWindowContainer.updateFocusedWindowLocked:509 com.android.server.wm.WindowManagerService.updateFocusedWindowLocked:6073 com.android.server.wm.WindowManagerService.relayoutWindow:2717 com.android.server.wm.Session.relayout:229
10-08 16:09:27.537 13129 13129 V OplusZoomWindowDecorViewHelper: setLastReportedMergedConfiguration mZoomDisplayHeight: 2400 getDecorView.DecorView@ad04738[LoginActivity]
10-08 16:09:27.573 1551 3656 I ActivityTaskManager: perfNotifyAppState STOP ActivityRecord{f816897 u0 com.oppo.launcher/.Launcher t2}
10-08 16:09:27.573 1551 1575 V ColorZoomWindowManagerService: onAnimationFinished: r = ActivityRecord{38de8df u0 com.jlpay.merch/.ui.start.SplashActivity t15109 f}}
10-08 16:09:27.574 1551 1575 I OplusMirageDisplayManagerService: onAnimationFinished:
10-08 16:09:27.574 1551 1575 V ColorZoomWindowManagerService: onAnimationFinished: r = ActivityRecord{ac60507 u0 com.jlpay.merch/.ui.login.LoginActivity t15109}
10-08 16:09:27.574 1551 1575 I ColorAppSwitchManagerService: handleAppVisible , r = ActivityRecord{ac60507 u0 com.jlpay.merch/.ui.login.LoginActivity t15109}
10-08 16:09:27.574 1551 1575 I OplusMirageDisplayManagerService: onAnimationFinished:
10-08 16:09:27.578 1551 2429 D OppoBasePowerManagerService: do restore jobs
10-08 16:09:27.578 1551 2429 I chatty : uid=1000(system) HansManagerHand identical 4 lines
10-08 16:09:27.578 1551 2429 D OppoBasePowerManagerService: do restore jobs
10-08 16:09:27.590 1551 1567 D ColorInputMethodManagerServiceEx: onHandleImeWindowVisibleStatus handledVis: 0, switcher visible: 0, switcher active: 0, needsToShowImeSwitcher: false
10-08 16:09:27.602 1551 4169 D ColorInputMethodManagerServiceEx: onHandleImeWindowVisibleStatus handledVis: 0, switcher visible: 0, switcher active: 0, needsToShowImeSwitcher: false
10-08 16:09:28.892 1551 2570 I ColorGameSpaceManager: in handleApplicationSwitchInner ---- gamemode = 0 ----mModeStatus = 0
10-08 16:09:29.168 1551 2570 I ColorGameSpaceManager: in handleApplicationSwitchInner ---- gamemode = 0 ----mModeStatus = 0
10-08 16:09:29.808 1551 1816 D BatteryLed: getLightInColorState, oppoLightMgr empty!
10-08 16:09:30.290 1551 1577 V OppoBaseWatchdog: @WatchDog_ error e: java.io.FileNotFoundException: /d/wakeup_sources: open failed: ENOENT (No such file or directory)
10-08 16:09:33.628 1551 1906 I ActivityManager: Killing 7890:com.sohu.inputmethod.sogou:scrashly/u0a28 (adj 999): empty #17
10-08 16:09:33.633 1551 1906 I ActivityManager: Killing 32246:com.android.providers.downloads/u0a47 (adj 999): empty #17
10-08 16:09:33.690 1551 3656 D DisplayManagerService: Display listener for pid 7890 died.
10-08 16:09:33.690 1551 1906 V ActivityManager: Death received in com.android.server.am.ActivityManagerService$AppDeathRecipient@c2790ad for thread android.os.BinderProxy@dbb7fe2
10-08 16:09:33.694 1551 3656 V ActivityManager: Death received in com.android.server.am.ActivityManagerService$AppDeathRecipient@50d4433 for thread android.os.BinderProxy@3dfc3f0
10-08 16:09:33.694 1551 1567 D DisplayManagerService: Display listener for pid 32246 died.
10-08 16:09:34.134 1551 1906 W OppoPackageManagerService: uid 10108 pid 14114 call setComponentEnabledSetting(ComponentInfo{com.finshell.wallet/androidx.work.impl.background.systemjob.SystemJobService}, 1, 0x1, 0)
10-08 16:09:34.186 1551 1834 W OppoPackageManagerService: uid 10108 pid 14114 call setComponentEnabledSetting(ComponentInfo{com.finshell.wallet/androidx.work.impl.background.systemalarm.RescheduleReceiver}, 1, 0x1, 0)
10-08 16:09:34.336 1551 1551 W WindowManager: removeWindowToken: Attempted to remove non-existing token: android.os.Binder@4343e23
10-08 16:09:35.229 1551 1613 I AppsFilter: interaction: PackageSetting{62b351 io.objectbox.example.relation/10983} -> PackageSetting{5aac8f1 com.finshell.wallet/10108} BLOCKED
10-08 16:09:35.229 1551 1613 I AppsFilter: interaction: PackageSetting{7785cb7 com.example.test_7/10820} -> PackageSetting{5aac8f1 com.finshell.wallet/10108} BLOCKED
10-08 16:09:35.230 1551 1613 I AppsFilter: interaction: PackageSetting{7096c24 com.jlpay.navigation_lession/10027} -> PackageSetting{5aac8f1 com.finshell.wallet/10108} BLOCKED
10-08 16:09:35.230 1551 1613 I AppsFilter: interaction: PackageSetting{5ce338d com.jlpay.merch/11253} -> PackageSetting{5aac8f1 com.finshell.wallet/10108} BLOCKED
10-08 16:09:35.230 1551 1613 I AppsFilter: interaction: PackageSetting{88f1942 com.jeremy.jchart/10277} -> PackageSetting{5aac8f1 com.finshell.wallet/10108} BLOCKED
10-08 16:09:35.230 1551 1613 I AppsFilter: interaction: PackageSetting{9ac0d53 io.objectbox.example.daocompat/11009} -> PackageSetting{5aac8f1 com.finshell.wallet/10108} BLOCKED
10-08 16:09:35.230 1551 1613 I AppsFilter: interaction: PackageSetting{b832690 io.objectbox.example/10984} -> PackageSetting{5aac8f1 com.finshell.wallet/10108} BLOCKED
10-08 16:09:35.230 1551 1613 I AppsFilter: interaction: PackageSetting{ff77b89 com.example.objectboxdemo/11023} -> PackageSetting{5aac8f1 com.finshell.wallet/10108} BLOCKED
10-08 16:09:35.230 1551 1613 I AppsFilter: interaction: PackageSetting{8f9878e com.example.rxjavatest/10011} -> PackageSetting{5aac8f1 com.finshell.wallet/10108} BLOCKED
10-08 16:09:35.230 1551 1613 I AppsFilter: interaction: PackageSetting{f602baf com.google.samples.apps.sunflower/10979} -> PackageSetting{5aac8f1 com.finshell.wallet/10108} BLOCKED
10-08 16:09:35.262 1551 1571 I RoleManagerService: Granting default roles...
10-08 16:09:35.366 1551 1814 W ActivityManager: Unable to start service Intent { cmp=com.android.mms/com.oppo.push.UpdateServiceNumberJobService (has extras) } U=0: not found
10-08 16:09:35.366 1551 1814 D JobScheduler: Error executing JobStatus{79ef9c1 #u0a61/110 com.android.mms/com.oppo.push.UpdateServiceNumberJobService u=0 s=10061 TIME=-5h54m52s263ms:-5h54m52s263ms PERIODIC PERSISTED READY}
10-08 16:09:35.371 1551 1814 W ActivityManager: Unable to start service Intent { cmp=com.coloros.deepthinker/com.coloros.proton.learn.schedule.TrainJobService (has extras) } U=0: not found
10-08 16:09:35.371 1551 1814 D JobScheduler: Error executing JobStatus{c2fdf84 #1000/648162385 com.coloros.deepthinker/com.coloros.proton.learn.schedule.TrainJobService u=0 s=1000 TIME=-5h54m52s267ms:-5h54m52s267ms PERSISTED READY}
10-08 16:09:35.465 1551 1551 W Looper : Slow dispatch took 205ms main h=android.app.ActivityThread$H c=android.app.-$$Lambda$LoadedApk$ReceiverDispatcher$Args$_BumDX2UKsnxLVrE6UJsJZkotuA@1f98867 m=0
10-08 16:09:35.465 1551 1551 W Looper : Slow delivery took 229ms main h=android.app.ActivityThread$H c=android.app.-$$Lambda$LoadedApk$ReceiverDispatcher$Args$_BumDX2UKsnxLVrE6UJsJZkotuA@578a614 m=0
10-08 16:09:35.569 1551 1584 W VoiceInteractionManager: no available voice interaction services found for user 0
10-08 16:09:35.605 1551 1816 D BatteryLed: getLightInColorState, oppoLightMgr empty!
10-08 16:09:35.607 1551 1551 W Looper : Drained
10-08 16:09:35.876 1551 1822 D JobScheduler.Temperature: get temperature=30.744
10-08 16:09:39.053 1551 1604 D DisplayPowerController: animateScreenBrightness = 7.0
10-08 16:09:39.063 1551 1904 D DisplayManagerService: requestGlobalDisplayStateInterna l111(ON, brightness=370.0)
10-08 16:09:39.064 1551 1904 D DisplayManagerService: requestGlobalDisplayState(ON, brightness=370.0)
10-08 16:09:39.064 1551 1904 E LightsService: baseSetLightLocked(0, 370, 0, 0)
10-08 16:09:39.064 1551 1904 V LightsService: setLight #0: color=#172: brightnessMode=0
10-08 16:09:39.073 1551 1904 D DisplayManagerService: requestGlobalDisplayStateInterna l111(ON, brightness=350.0)
10-08 16:09:39.073 1551 1904 D DisplayManagerService: requestGlobalDisplayState(ON, brightness=350.0)
10-08 16:09:39.073 1551 1904 E LightsService: baseSetLightLocked(0, 350, 0, 0)
10-08 16:09:39.073 1551 1904 V LightsService: setLight #0: color=#15e: brightnessMode=0
10-08 16:09:39.096 1551 1904 D DisplayManagerService: requestGlobalDisplayStateInterna l111(ON, brightness=330.0)
10-08 16:09:39.096 1551 1904 D DisplayManagerService: requestGlobalDisplayState(ON, brightness=330.0)
10-08 16:09:39.097 1551 1904 E LightsService: baseSetLightLocked(0, 330, 0, 0)
10-08 16:09:39.097 1551 1904 V LightsService: setLight #0: color=#14a: brightnessMode=0
10-08 16:09:39.112 1551 1904 D DisplayManagerService: requestGlobalDisplayStateInterna l111(ON, brightness=310.0)
10-08 16:09:39.113 1551 1904 D DisplayManagerService: requestGlobalDisplayState(ON, brightness=310.0)
10-08 16:09:39.113 1551 1904 E LightsService: baseSetLightLocked(0, 310, 0, 0)
10-08 16:09:39.114 1551 1904 V LightsService: setLight #0: color=#136: brightnessMode=0
10-08 16:09:39.128 1551 1904 D DisplayManagerService: requestGlobalDisplayStateInterna l111(ON, brightness=290.0)
10-08 16:09:39.129 1551 1904 D DisplayManagerService: requestGlobalDisplayState(ON, brightness=290.0)
10-08 16:09:39.129 1551 1904 E LightsService: baseSetLightLocked(0, 290, 0, 0)
10-08 16:09:39.130 1551 1904 V LightsService: setLight #0: color=#122: brightnessMode=0
10-08 16:09:39.145 1551 1904 D DisplayManagerService: requestGlobalDisplayStateInterna l111(ON, brightness=270.0)
10-08 16:09:39.146 1551 1904 D DisplayManagerService: requestGlobalDisplayState(ON, brightness=270.0)
10-08 16:09:39.146 1551 1904 E LightsService: baseSetLightLocked(0, 270, 0, 0)
10-08 16:09:39.147 1551 1904 V LightsService: setLight #0: color=#10e: brightnessMode=0
10-08 16:09:39.161 1551 1904 D DisplayManagerService: requestGlobalDisplayStateInterna l111(ON, brightness=250.0)
10-08 16:09:39.162 1551 1904 D DisplayManagerService: requestGlobalDisplayState(ON, brightness=250.0)
10-08 16:09:39.162 1551 1904 E LightsService: baseSetLightLocked(0, 250, 0, 0)
10-08 16:09:39.163 1551 1904 V LightsService: setLight #0: color=#fa: brightnessMode=0
10-08 16:09:39.178 1551 1904 D DisplayManagerService: requestGlobalDisplayStateInterna l111(ON, brightness=230.0)
10-08 16:09:39.178 1551 1904 D DisplayManagerService: requestGlobalDisplayState(ON, brightness=230.0)
10-08 16:09:39.179 1551 1904 E LightsService: baseSetLightLocked(0, 230, 0, 0)
10-08 16:09:39.180 1551 1904 V LightsService: setLight #0: color=#e6: brightnessMode=0
10-08 16:09:39.194 1551 1904 D DisplayManagerService: requestGlobalDisplayStateInterna l111(ON, brightness=210.0)
10-08 16:09:39.195 1551 1904 D DisplayManagerService: requestGlobalDisplayState(ON, brightness=210.0)
10-08 16:09:39.195 1551 1904 E LightsService: baseSetLightLocked(0, 210, 0, 0)
10-08 16:09:39.196 1551 1904 V LightsService: setLight #0: color=#d2: brightnessMode=0
10-08 16:09:39.211 1551 1904 D DisplayManagerService: requestGlobalDisplayStateInterna l111(ON, brightness=190.0)
10-08 16:09:39.211 1551 1904 D DisplayManagerService: requestGlobalDisplayState(ON, brightness=190.0)
10-08 16:09:39.212 1551 1904 D ScreenMode: enter DC and low brightness mode:true
10-08 16:09:39.212 1551 1904 E LightsService: baseSetLightLocked(0, 190, 0, 0)
10-08 16:09:39.213 1551 1904 V LightsService: setLight #0: color=#be: brightnessMode=0
10-08 16:09:39.214 1551 1904 D OppoBaseLightsService: notifyFlingerLight color=190code=21005
10-08 16:09:39.227 1551 1904 D DisplayManagerService: requestGlobalDisplayStateInterna l111(ON, brightness=170.0)
10-08 16:09:39.227 1551 1904 D DisplayManagerService: requestGlobalDisplayState(ON, brightness=170.0)
10-08 16:09:39.228 1551 1904 E LightsService: baseSetLightLocked(0, 170, 0, 0)
10-08 16:09:39.228 1551 1904 V LightsService: setLight #0: color=#aa: brightnessMode=0
10-08 16:09:39.244 1551 1904 D DisplayManagerService: requestGlobalDisplayStateInterna l111(ON, brightness=150.0)
10-08 16:09:39.244 1551 1904 D DisplayManagerService: requestGlobalDisplayState(ON, brightness=150.0)
10-08 16:09:39.244 1551 1904 E LightsService: baseSetLightLocked(0, 150, 0, 0)
10-08 16:09:39.244 1551 1904 V LightsService: setLight #0: color=#96: brightnessMode=0
10-08 16:09:39.260 1551 1904 D DisplayManagerService: requestGlobalDisplayStateInterna l111(ON, brightness=130.0)
10-08 16:09:39.260 1551 1904 D DisplayManagerService: requestGlobalDisplayState(ON, brightness=130.0)
10-08 16:09:39.260 1551 1904 E LightsService: baseSetLightLocked(0, 130, 0, 0)
10-08 16:09:39.260 1551 1904 V LightsService: setLight #0: color=#82: brightnessMode=0
10-08 16:09:39.276 1551 1904 D DisplayManagerService: requestGlobalDisplayStateInterna l111(ON, brightness=110.0)
10-08 16:09:39.276 1551 1904 D DisplayManagerService: requestGlobalDisplayState(ON, brightness=110.0)
10-08 16:09:39.277 1551 1904 E LightsService: baseSetLightLocked(0, 110, 0, 0)
10-08 16:09:39.277 1551 1904 V LightsService: setLight #0: color=#6e: brightnessMode=0
10-08 16:09:39.281 1551 1904 D OplusFeatureDCBacklight: notifySfRepaintEverything begin mCurrentDCMode:-1
10-08 16:09:39.294 1551 1904 D DisplayManagerService: requestGlobalDisplayStateInterna l111(ON, brightness=90.0)
10-08 16:09:39.294 1551 1904 D DisplayManagerService: requestGlobalDisplayState(ON, brightness=90.0)
10-08 16:09:39.294 1551 1904 E LightsService: baseSetLightLocked(0, 90, 0, 0)
10-08 16:09:39.294 1551 1904 V LightsService: setLight #0: color=#5a: brightnessMode=0
10-08 16:09:39.296 1551 1904 D OplusFeatureDCBacklight: notifySfRepaintEverything begin mCurrentDCMode:-1
10-08 16:09:39.309 1551 1904 D DisplayManagerService: requestGlobalDisplayStateInterna l111(ON, brightness=70.0)
10-08 16:09:39.310 1551 1904 D DisplayManagerService: requestGlobalDisplayState(ON, brightness=70.0)
10-08 16:09:39.310 1551 1904 E LightsService: baseSetLightLocked(0, 70, 0, 0)
10-08 16:09:39.310 1551 1904 V LightsService: setLight #0: color=#46: brightnessMode=0
10-08 16:09:39.312 1551 1904 D OplusFeatureDCBacklight: notifySfRepaintEverything begin mCurrentDCMode:-1
10-08 16:09:39.325 1551 1904 D DisplayManagerService: requestGlobalDisplayStateInterna l111(ON, brightness=50.0)
10-08 16:09:39.326 1551 1904 D DisplayManagerService: requestGlobalDisplayState(ON, brightness=50.0)
10-08 16:09:39.326 1551 1904 E LightsService: baseSetLightLocked(0, 50, 0, 0)
10-08 16:09:39.327 1551 1904 V LightsService: setLight #0: color=#32: brightnessMode=0
10-08 16:09:39.328 1551 1904 D OplusFeatureDCBacklight: notifySfRepaintEverything begin mCurrentDCMode:-1
10-08 16:09:39.342 1551 1904 D DisplayManagerService: requestGlobalDisplayStateInterna l111(ON, brightness=30.0)
10-08 16:09:39.342 1551 1904 D DisplayManagerService: requestGlobalDisplayState(ON, brightness=30.0)
10-08 16:09:39.343 1551 1904 E LightsService: baseSetLightLocked(0, 30, 0, 0)
10-08 16:09:39.343 1551 1904 V LightsService: setLight #0: color=#1e: brightnessMode=0
10-08 16:09:39.344 1551 1904 D OplusFeatureDCBacklight: notifySfRepaintEverything begin mCurrentDCMode:-1
10-08 16:09:39.358 1551 1904 D DisplayManagerService: requestGlobalDisplayStateInterna l111(ON, brightness=10.0)
10-08 16:09:39.359 1551 1904 D DisplayManagerService: requestGlobalDisplayState(ON, brightness=10.0)
10-08 16:09:39.360 1551 1904 E LightsService: baseSetLightLocked(0, 10, 0, 0)
10-08 16:09:39.360 1551 1904 V LightsService: setLight #0: color=#a: brightnessMode=0
10-08 16:09:39.363 1551 1904 D OppoBaseLightsService: notifyFlingerLight color=10code=21005
10-08 16:09:39.363 1551 1904 D OplusFeatureDCBacklight: notifySfRepaintEverything begin mCurrentDCMode:-1
10-08 16:09:39.375 1551 1904 D DisplayManagerService: requestGlobalDisplayStateInterna l111(ON, brightness=7.0)
10-08 16:09:39.375 1551 1604 D DisplayPowerController: animateScreenBrightness = 7.0
10-08 16:09:39.377 1551 1904 D DisplayManagerService: requestGlobalDisplayState(ON, brightness=7.0)
10-08 16:09:39.377 1551 1904 E LightsService: baseSetLightLocked(0, 7, 0, 0)
10-08 16:09:39.377 1551 1904 V LightsService: setLight #0: color=#7: brightnessMode=0
10-08 16:09:39.380 1551 1904 D OppoBaseLightsService: notifyFlingerLight color=7code=21005
10-08 16:09:39.380 1551 1904 D OplusFeatureDCBacklight: notifySfRepaintEverything begin mCurrentDCMode:-1
10-08 16:09:41.755 1551 1816 D BatteryLed: getLightInColorState, oppoLightMgr empty!
10-08 16:09:45.889 1551 1822 D JobScheduler.Temperature: get temperature=30.376
10-08 16:09:47.639 1551 1816 D BatteryLed: getLightInColorState, oppoLightMgr empty!
10-08 16:09:49.594 1551 2042 E OplusCustomizeRestrictionManagerService: isBackButtonDisabled start
10-08 16:09:49.595 1551 2042 W ColorGameSpaceManager: mInterceptGamepadKey is false
10-08 16:09:49.600 1551 1604 D DisplayPowerController: animateScreenBrightness = 390.0
10-08 16:09:49.606 1551 1904 D DisplayManagerService: requestGlobalDisplayStateInterna l111(ON, brightness=15.0)
10-08 16:09:49.606 1551 1904 D DisplayManagerService: requestGlobalDisplayState(ON, brightness=15.0)
10-08 16:09:49.606 1551 1904 E LightsService: baseSetLightLocked(0, 15, 0, 0)
10-08 16:09:49.606 1551 1904 V LightsService: setLight #0: color=#f: brightnessMode=0
10-08 16:09:49.608 1551 1904 D OplusFeatureDCBacklight: notifySfRepaintEverything begin mCurrentDCMode:-1
10-08 16:09:49.616 1551 2042 W ColorGameSpaceManager: mInterceptGamepadKey is false
10-08 16:09:49.623 1551 1904 D DisplayManagerService: requestGlobalDisplayStateInterna l111(ON, brightness=42.0)
10-08 16:09:49.623 1551 1904 D DisplayManagerService: requestGlobalDisplayState(ON, brightness=42.0)
10-08 16:09:49.623 1551 1904 E LightsService: baseSetLightLocked(0, 42, 0, 0)
10-08 16:09:49.623 1551 1904 V LightsService: setLight #0: color=#2a: brightnessMode=0
10-08 16:09:49.626 1551 1904 D OplusFeatureDCBacklight: notifySfRepaintEverything begin mCurrentDCMode:-1
10-08 16:09:49.633 1551 4169 W WindowManager: Changing focus fromWindow{cadcadb u0 com.jlpay.merch/com.jlpay.merch.ui.login.LoginActivity} to null displayId=0 Callers=com.android.server.wm.RootWindowContainer.updateFocusedWindowLocked:509 com.android.server.wm.WindowManagerService.updateFocusedWindowLocked:6073 com.android.server.wm.DisplayContent.setFocusedApp:5895 com.android.server.wm.ActivityTaskManagerService.setResumedActivityUncheckLocked:5860
10-08 16:09:49.636 1551 4169 V ColorZoomWindowManagerService: prepareZoomTransition: curStack=Task{bda492c #15109 visible=true type=standard mode=fullscreen translucent=true A=11253:com.jlpay.merch U=0 StackId=15109 sz=1} nextStackTask{28c0ce8 #1 visible=true type=home mode=fullscreen translucent=true I=com.oppo.launcher/.Launcher U=0 StackId=1 sz=1}
10-08 16:09:49.640 1551 1904 D DisplayManagerService: requestGlobalDisplayStateInterna l111(ON, brightness=62.0)
