10-08 16:09:49.640 1551 1904 D DisplayManagerService: requestGlobalDisplayState(ON, brightness=62.0)
10-08 16:09:49.640 1551 1904 E LightsService: baseSetLightLocked(0, 62, 0, 0)
10-08 16:09:49.640 1551 1904 V LightsService: setLight #0: color=#3e: brightnessMode=0
10-08 16:09:49.641 1551 1904 D OplusFeatureDCBacklight: notifySfRepaintEverything begin mCurrentDCMode:-1
10-08 16:09:49.647 1551 4169 I ActivityTaskManager: perfNotifyAppState TopResumedActivityChanged ActivityRecord{f816897 u0 com.oppo.launcher/.Launcher t2}
10-08 16:09:49.652 1551 1904 D DisplayManagerService: requestGlobalDisplayStateInterna l111(ON, brightness=89.0)
10-08 16:09:49.652 1551 1904 D DisplayManagerService: requestGlobalDisplayState(ON, brightness=89.0)
10-08 16:09:49.652 1551 1904 E LightsService: baseSetLightLocked(0, 89, 0, 0)
10-08 16:09:49.652 1551 1904 V LightsService: setLight #0: color=#59: brightnessMode=0
10-08 16:09:49.652 1551 1904 D OplusFeatureDCBacklight: notifySfRepaintEverything begin mCurrentDCMode:-1
10-08 16:09:49.653 1551 4169 I ActivityTaskManager: perfNotifyAppState PAUSED ActivityRecord{ac60507 u0 com.jlpay.merch/.ui.login.LoginActivity t15109 f}}
10-08 16:09:49.658 1551 3109 E OppoThermalStats: Error getting package info: com.oppo.launcher
10-08 16:09:49.660 1551 1574 D OomAdjuster: TOP_APP is ProcessRecord{53c1baa 2509:com.oppo.launcher/u0a62} uid is 10062
10-08 16:09:49.669 1551 1904 D DisplayManagerService: requestGlobalDisplayStateInterna l111(ON, brightness=115.0)
10-08 16:09:49.669 1551 1904 D DisplayManagerService: requestGlobalDisplayState(ON, brightness=115.0)
10-08 16:09:49.669 1551 1904 E LightsService: baseSetLightLocked(0, 115, 0, 0)
10-08 16:09:49.669 1551 1904 V LightsService: setLight #0: color=#73: brightnessMode=0
10-08 16:09:49.670 1551 4176 I WindowManager: Relayout Window{ca2495 u0 com.oppo.launcher/com.oppo.launcher.Launcher}: oldVis=4 newVis=0 focusMayChange = true
10-08 16:09:49.670 1551 1904 D OplusFeatureDCBacklight: notifySfRepaintEverything begin mCurrentDCMode:-1
10-08 16:09:49.674 1551 4176 W WindowManager: Changing focus fromnull to Window{ca2495 u0 com.oppo.launcher/com.oppo.launcher.Launcher} displayId=0 Callers=com.android.server.wm.RootWindowContainer.updateFocusedWindowLocked:509 com.android.server.wm.WindowManagerService.updateFocusedWindowLocked:6073 com.android.server.wm.WindowManagerService.relayoutWindow:2717 com.android.server.wm.Session.relayout:229
10-08 16:09:49.685 1551 1904 D DisplayManagerService: requestGlobalDisplayStateInterna l111(ON, brightness=141.0)
10-08 16:09:49.685 1551 1904 D DisplayManagerService: requestGlobalDisplayState(ON, brightness=141.0)
10-08 16:09:49.685 1551 1904 E LightsService: baseSetLightLocked(0, 141, 0, 0)
10-08 16:09:49.685 1551 1904 V LightsService: setLight #0: color=#8d: brightnessMode=0
10-08 16:09:49.694 1551 1575 V WindowManager: mIsWallpaper: setAlpha ok mShownAlpha = 0.98
10-08 16:09:49.700 1551 1834 E ORMS_Platform : OplusResourceManagerPlatformUtils: readFile function exception:/d/ged/hal/gpu_utilization: open failed: ENOENT (No such file or directory)
10-08 16:09:49.701 1551 1904 D DisplayManagerService: requestGlobalDisplayStateInterna l111(ON, brightness=168.0)
10-08 16:09:49.701 1551 1904 D DisplayManagerService: requestGlobalDisplayState(ON, brightness=168.0)
10-08 16:09:49.701 1551 1904 E LightsService: baseSetLightLocked(0, 168, 0, 0)
10-08 16:09:49.701 1551 1904 V LightsService: setLight #0: color=#a8: brightnessMode=0
10-08 16:09:49.712 1551 3109 E ORMS_Platform : OplusResourceManagerPlatformUtils: readFile function exception:/d/ged/hal/gpu_utilization: open failed: ENOENT (No such file or directory)
10-08 16:09:49.714 1551 1828 E ORMS_CORE: Unsupported action!!!
10-08 16:09:49.717 1551 1904 D DisplayManagerService: requestGlobalDisplayStateInterna l111(ON, brightness=194.0)
10-08 16:09:49.717 1551 1904 D DisplayManagerService: requestGlobalDisplayState(ON, brightness=194.0)
10-08 16:09:49.717 1551 1904 E LightsService: baseSetLightLocked(0, 194, 0, 0)
10-08 16:09:49.717 1551 1904 V LightsService: setLight #0: color=#c2: brightnessMode=0
10-08 16:09:49.719 1551 1906 D ColorAppListInterceptManager: shouldFilterTask
10-08 16:09:49.719 1551 1906 D ColorAppListInterceptManager: shouldFilterTask::packageName = com.jlpay.merch
10-08 16:09:49.719 1551 1906 D ColorAppListInterceptManager: shouldFilterTask
10-08 16:09:49.719 1551 1906 D ColorAppListInterceptManager: shouldFilterTask::packageName = com.android.mms
10-08 16:09:49.719 1551 1906 D ColorAppListInterceptManager: shouldFilterTask
10-08 16:09:49.719 1551 1906 D ColorAppListInterceptManager: shouldFilterTask::packageName = com.finshell.wallet
10-08 16:09:49.719 1551 1906 D ColorAppListInterceptManager: shouldFilterTask
10-08 16:09:49.719 1551 1906 D ColorAppListInterceptManager: shouldFilterTask::packageName = com.android.contacts
10-08 16:09:49.721 1551 4169 D ColorInputMethodManagerServiceEx: onHandleImeWindowVisibleStatus handledVis: 0, switcher visible: 0, switcher active: 0, needsToShowImeSwitcher: false
10-08 16:09:49.721 1551 4169 D ColorInputMethodManagerServiceEx: onHandleImeWindowVisibleStatus handledVis: 0, switcher visible: 0, switcher active: 0, needsToShowImeSwitcher: false
10-08 16:09:49.733 1551 1904 D DisplayManagerService: requestGlobalDisplayStateInterna l111(ON, brightness=221.0)
10-08 16:09:49.734 1551 1904 D DisplayManagerService: requestGlobalDisplayState(ON, brightness=221.0)
10-08 16:09:49.734 1551 1904 D ScreenMode: enter DC and low brightness mode:false
10-08 16:09:49.734 1551 1904 E LightsService: baseSetLightLocked(0, 221, 0, 0)
10-08 16:09:49.734 1551 1904 V LightsService: setLight #0: color=#dd: brightnessMode=0
10-08 16:09:49.736 1551 4169 D ColorInputMethodManagerServiceEx: onHandleImeWindowVisibleStatus handledVis: 0, switcher visible: 0, switcher active: 0, needsToShowImeSwitcher: false
10-08 16:09:49.736 1551 1904 D OppoBaseLightsService: notifyFlingerLight color=221code=21005
10-08 16:09:49.750 1551 1904 D DisplayManagerService: requestGlobalDisplayStateInterna l111(ON, brightness=247.0)
10-08 16:09:49.750 1551 1904 D DisplayManagerService: requestGlobalDisplayState(ON, brightness=247.0)
10-08 16:09:49.750 1551 1904 E LightsService: baseSetLightLocked(0, 247, 0, 0)
10-08 16:09:49.750 1551 1904 V LightsService: setLight #0: color=#f7: brightnessMode=0
10-08 16:09:49.766 1551 1904 D DisplayManagerService: requestGlobalDisplayStateInterna l111(ON, brightness=274.0)
10-08 16:09:49.766 1551 1904 D DisplayManagerService: requestGlobalDisplayState(ON, brightness=274.0)
10-08 16:09:49.766 1551 1904 E LightsService: baseSetLightLocked(0, 274, 0, 0)
10-08 16:09:49.766 1551 1904 V LightsService: setLight #0: color=#112: brightnessMode=0
10-08 16:09:49.783 1551 1904 D DisplayManagerService: requestGlobalDisplayStateInterna l111(ON, brightness=300.0)
10-08 16:09:49.783 1551 1904 D DisplayManagerService: requestGlobalDisplayState(ON, brightness=300.0)
10-08 16:09:49.783 1551 1904 E LightsService: baseSetLightLocked(0, 300, 0, 0)
10-08 16:09:49.783 1551 1904 V LightsService: setLight #0: color=#12c: brightnessMode=0
10-08 16:09:49.799 1551 1904 D DisplayManagerService: requestGlobalDisplayStateInterna l111(ON, brightness=327.0)
10-08 16:09:49.799 1551 1904 D DisplayManagerService: requestGlobalDisplayState(ON, brightness=327.0)
10-08 16:09:49.799 1551 1904 E LightsService: baseSetLightLocked(0, 327, 0, 0)
10-08 16:09:49.799 1551 1904 V LightsService: setLight #0: color=#147: brightnessMode=0
10-08 16:09:49.816 1551 1904 D DisplayManagerService: requestGlobalDisplayStateInterna l111(ON, brightness=353.0)
10-08 16:09:49.816 1551 1904 D DisplayManagerService: requestGlobalDisplayState(ON, brightness=353.0)
10-08 16:09:49.816 1551 1904 E LightsService: baseSetLightLocked(0, 353, 0, 0)
10-08 16:09:49.816 1551 1904 V LightsService: setLight #0: color=#161: brightnessMode=0
10-08 16:09:49.832 1551 1904 D DisplayManagerService: requestGlobalDisplayStateInterna l111(ON, brightness=380.0)
10-08 16:09:49.832 1551 1904 D DisplayManagerService: requestGlobalDisplayState(ON, brightness=380.0)
10-08 16:09:49.832 1551 1904 E LightsService: baseSetLightLocked(0, 380, 0, 0)
10-08 16:09:49.832 1551 1904 V LightsService: setLight #0: color=#17c: brightnessMode=0
10-08 16:09:49.848 1551 1604 D DisplayPowerController: animateScreenBrightness = 390.0
10-08 16:09:49.848 1551 1904 D DisplayManagerService: requestGlobalDisplayStateInterna l111(ON, brightness=390.0)
10-08 16:09:49.849 1551 1904 D DisplayManagerService: requestGlobalDisplayState(ON, brightness=390.0)
10-08 16:09:49.849 1551 1904 E LightsService: baseSetLightLocked(0, 390, 0, 0)
10-08 16:09:49.849 1551 1904 V LightsService: setLight #0: color=#186: brightnessMode=0
10-08 16:09:49.964 1551 1566 V ColorZoomWindowManagerService: onAnimationFinished: r = ActivityRecord{ac60507 u0 com.jlpay.merch/.ui.login.LoginActivity t15109 f}}
10-08 16:09:49.965 1551 1566 I OplusMirageDisplayManagerService: onAnimationFinished:
10-08 16:09:49.965 1551 1566 V ColorZoomWindowManagerService: onAnimationFinished: r = ActivityRecord{f816897 u0 com.oppo.launcher/.Launcher t2}
10-08 16:09:49.965 1551 1566 I ColorAppSwitchManagerService: handleAppVisible , r = ActivityRecord{f816897 u0 com.oppo.launcher/.Launcher t2}
10-08 16:09:49.966 1551 1566 I OplusMirageDisplayManagerService: onAnimationFinished:
10-08 16:09:49.972 1551 1574 I ActivityManager: Killing 11205:com.google.android.documentsui/u0a238 (adj 999): empty #17
10-08 16:09:49.973 1551 2429 D OppoBasePowerManagerService: do restore jobs
10-08 16:09:49.973 1551 2429 I chatty : uid=1000(system) HansManagerHand identical 4 lines
10-08 16:09:49.973 1551 2429 D OppoBasePowerManagerService: do restore jobs
10-08 16:09:50.000 1551 3109 D DisplayManagerService: Display listener for pid 11205 died.
10-08 16:09:50.000 1551 4169 V ActivityManager: Death received in com.android.server.am.ActivityManagerService$AppDeathRecipient@825d665 for thread android.os.BinderProxy@68d3f3a
10-08 16:09:50.019 1551 4169 E NotificationService: Suppressing toast from package com.jlpay.merch by user request.
10-08 16:09:50.040 1551 2042 D WindowManager: removeChild,stack:Task{bda492c #15109 visible=true type=standard mode=fullscreen translucent=true A=11253:com.jlpay.merch U=0 StackId=15109 sz=0}
10-08 16:09:50.040 1551 2042 D WindowManager: java.lang.Throwable
10-08 16:09:50.040 1551 2042 D WindowManager: at com.android.server.wm.TaskDisplayArea.removeChild(TaskDisplayArea.java:366)
10-08 16:09:50.040 1551 2042 D WindowManager: at com.android.server.wm.TaskDisplayArea.removeChild(TaskDisplayArea.java:102)
10-08 16:09:50.040 1551 2042 D WindowManager: at com.android.server.wm.WindowContainer.removeImmediately(WindowContainer.java:629)
10-08 16:09:50.040 1551 2042 D WindowManager: at com.android.server.wm.Task.removeImmediately(Task.java:2932)
10-08 16:09:50.040 1551 2042 D WindowManager: at com.android.server.wm.Task.removeIfPossible(Task.java:682)
10-08 16:09:50.040 1551 2042 D WindowManager: at com.android.server.wm.Task.removeChild(Task.java:1559)
10-08 16:09:50.040 1551 2042 D WindowManager: at com.android.server.wm.Task.removeChild(Task.java:1497)
10-08 16:09:50.040 1551 2042 D WindowManager: at com.android.server.wm.WindowContainer.removeImmediately(WindowContainer.java:629)
10-08 16:09:50.040 1551 2042 D WindowManager: at com.android.server.wm.WindowToken.removeImmediately(WindowToken.java:402)
10-08 16:09:50.040 1551 2042 D WindowManager: at com.android.server.wm.ActivityRecord.removeImmediately(ActivityRecord.java:3403)
10-08 16:09:50.040 1551 2042 D WindowManager: at com.android.server.wm.ActivityRecord.removeIfPossible(ActivityRecord.java:3410)
10-08 16:09:50.040 1551 2042 D WindowManager: at com.android.server.wm.ActivityRecord.onRemovedFromDisplay(ActivityRecord.java:3495)
10-08 16:09:50.040 1551 2042 D WindowManager: at com.android.server.wm.DisplayContent.removeAppToken(DisplayContent.java:1296)
10-08 16:09:50.040 1551 2042 D WindowManager: at com.android.server.wm.ActivityRecord.removeAppTokenFromDisplay(ActivityRecord.java:2167)
10-08 16:09:50.040 1551 2042 D WindowManager: at com.android.server.wm.ActivityRecord.removeFromHistory(ActivityRecord.java:3195)
10-08 16:09:50.040 1551 2042 D WindowManager: at com.android.server.wm.ActivityRecord.destroyed(ActivityRecord.java:3238)
10-08 16:09:50.040 1551 2042 D WindowManager: at com.android.server.wm.ActivityTaskManagerService.activityDestroyed(ActivityTaskManagerService.java:2090)
10-08 16:09:50.040 1551 2042 D WindowManager: at android.app.IActivityTaskManager$Stub.onTransact(IActivityTaskManager.java:1995)
10-08 16:09:50.040 1551 2042 D WindowManager: at com.android.server.wm.OppoActivityTaskManagerService.onTransact(OppoActivityTaskManagerService.java:174)
10-08 16:09:50.040 1551 2042 D WindowManager: at android.os.Binder.execTransactInternal(Binder.java:1166)
10-08 16:09:50.040 1551 2042 D WindowManager: at android.os.Binder.execTransact(Binder.java:1130)
10-08 16:09:50.044 1551 2042 D ColorAppListInterceptManager: shouldFilterTask
10-08 16:09:50.044 1551 2042 D ColorAppListInterceptManager: shouldFilterTask::packageName = com.jlpay.merch
10-08 16:09:50.044 1551 2042 D ColorAppListInterceptManager: shouldFilterTask
10-08 16:09:50.044 1551 2042 D ColorAppListInterceptManager: shouldFilterTask::packageName = com.android.mms
10-08 16:09:50.044 1551 2042 D ColorAppListInterceptManager: shouldFilterTask
10-08 16:09:50.044 1551 2042 D ColorAppListInterceptManager: shouldFilterTask::packageName = com.finshell.wallet
10-08 16:09:50.044 1551 2042 D ColorAppListInterceptManager: shouldFilterTask
10-08 16:09:50.044 1551 2042 D ColorAppListInterceptManager: shouldFilterTask::packageName = com.android.contacts
10-08 16:09:50.047 1551 2042 D ColorAppListInterceptManager: shouldFilterTask
10-08 16:09:50.047 1551 2042 D ColorAppListInterceptManager: shouldFilterTask::packageName = com.jlpay.merch
10-08 16:09:50.048 1551 2042 D ColorAppListInterceptManager: shouldFilterTask
10-08 16:09:50.048 1551 2042 D ColorAppListInterceptManager: shouldFilterTask::packageName = com.android.mms
10-08 16:09:50.048 1551 2042 D ColorAppListInterceptManager: shouldFilterTask
10-08 16:09:50.048 1551 2042 D ColorAppListInterceptManager: shouldFilterTask::packageName = com.finshell.wallet
10-08 16:09:50.048 1551 2042 D ColorAppListInterceptManager: shouldFilterTask
10-08 16:09:50.048 1551 2042 D ColorAppListInterceptManager: shouldFilterTask::packageName = com.android.contacts
10-08 16:09:50.478 1551 2042 I ActivityManager: Killing 11237:com.android.externalstorage/u0a50 (adj 999): empty #17
10-08 16:09:50.518 1551 1906 V ActivityManager: Death received in com.android.server.am.ActivityManagerService$AppDeathRecipient@5d12c95 for thread android.os.BinderProxy@5e391aa
10-08 16:09:50.519 1551 4159 D DisplayManagerService: Display listener for pid 11237 died.
10-08 16:09:51.649 1551 2570 I ColorGameSpaceManager: in handleApplicationSwitchInner ---- gamemode = 0 ----mModeStatus = 0
10-08 16:09:53.583 1551 1816 D BatteryLed: getLightInColorState, oppoLightMgr empty!
10-08 16:09:55.451 2509 2509 D ViewRootImpl: enqueueInputEventMotionEvent { action=ACTION_DOWN, actionButton=0, id[0]=0, x[0]=417.0, y[0]=2185.0, toolType[0]=TOOL_TYPE_FINGER, buttonState=0, classification=NONE, metaState=0, flags=0x0, edgeFlags=0x0, pointerCount=1, historySize=0, eventTime=9904768, downTime=9904767, deviceId=-1, source=0x1002, displayId=0 }
10-08 16:09:55.458 1551 2042 I ActivityTaskManager: START u0 {act=android.intent.action.MAIN cat=[android.intent.category.LAUNCHER] flg=0x10200000 cmp=com.android.mms/.ui.ConversationList bnds=[294,2082][540,2400] mCallingUid=10062} from uid 10062 and from pid 2509
10-08 16:09:55.458 1551 2042 D MultiApp.CMAService: changeIntentIfNeed --- from launcher
10-08 16:09:55.458 1551 2042 V ColorZoomWindowManagerService: windowMode: 0 ,stack: Task{a8ae779 #15106 visible=true type=standard mode=fullscreen translucent=true A=10061:com.android.mms U=0 StackId=15106 sz=1}
10-08 16:09:55.460 1551 2042 W WindowManager: Changing focus fromWindow{ca2495 u0 com.oppo.launcher/com.oppo.launcher.Launcher} to null displayId=0 Callers=com.android.server.wm.RootWindowContainer.updateFocusedWindowLocked:509 com.android.server.wm.WindowManagerService.updateFocusedWindowLocked:6073 com.android.server.wm.DisplayContent.setFocusedApp:5895 com.android.server.wm.ActivityTaskManagerService.setResumedActivityUncheckLocked:5860
10-08 16:09:55.465 1551 2042 E OppoThermalStats: Error getting package info: com.android.mms
10-08 16:09:55.467 1551 3109 I ActivityTaskManager: perfNotifyAppState TopResumedActivityChanged ActivityRecord{c320c40 u0 com.android.mms/.ui.ConversationList t15106}
10-08 16:09:55.473 1551 3109 I ActivityTaskManager: perfNotifyAppState PAUSED ActivityRecord{f816897 u0 com.oppo.launcher/.Launcher t2}
10-08 16:09:55.475 1551 1575 I WindowManager: Relayout Window{8abbe37 u0 SnapshotStartingWindow for taskId=15106}: oldVis=8 newVis=0 focusMayChange = true
10-08 16:09:55.493 1551 1574 D OomAdjuster: TOP_APP is ProcessRecord{c9bdb13 30028:com.android.mms/u0a61} uid is 10061
10-08 16:09:55.495 1551 1828 E ORMS_CORE: Unsupported action!!!
10-08 16:09:55.505 1551 4169 I WindowManager: Relayout Window{e555dd6 u0 com.android.mms/com.android.mms.ui.ConversationList}: oldVis=4 newVis=0 focusMayChange = true
10-08 16:09:55.507 1551 4169 W WindowManager: Changing focus fromnull to Window{e555dd6 u0 com.android.mms/com.android.mms.ui.ConversationList} displayId=0 Callers=com.android.server.wm.RootWindowContainer.updateFocusedWindowLocked:509 com.android.server.wm.WindowManagerService.updateFocusedWindowLocked:6073 com.android.server.wm.WindowManagerService.relayoutWindow:2717 com.android.server.wm.Session.relayout:229
10-08 16:09:55.530 1551 3656 E ORMS_Platform : OplusResourceManagerPlatformUtils: readFile function exception:/d/ged/hal/gpu_utilization: open failed: ENOENT (No such file or directory)
10-08 16:09:55.546 1551 3656 E ORMS_Platform : OplusResourceManagerPlatformUtils: readFile function exception:/d/ged/hal/gpu_utilization: open failed: ENOENT (No such file or directory)
10-08 16:09:55.548 1551 4176 D ColorInputMethodManagerServiceEx: onHandleImeWindowVisibleStatus handledVis: 0, switcher visible: 0, switcher active: 0, needsToShowImeSwitcher: false
10-08 16:09:55.548 1551 4176 I chatty : uid=1000(system) Binder:1551_1D identical 1 line
10-08 16:09:55.566 1551 4176 D ColorInputMethodManagerServiceEx: onHandleImeWindowVisibleStatus handledVis: 0, switcher visible: 0, switcher active: 0, needsToShowImeSwitcher: false
10-08 16:09:55.572 1551 3109 D ColorAppListInterceptManager: shouldFilterTask
10-08 16:09:55.572 1551 3109 D ColorAppListInterceptManager: shouldFilterTask::packageName = com.android.mms
10-08 16:09:55.572 1551 3109 D ColorAppListInterceptManager: shouldFilterTask
10-08 16:09:55.572 1551 3109 D ColorAppListInterceptManager: shouldFilterTask::packageName = com.jlpay.merch
10-08 16:09:55.745 1551 1906 V ColorZoomWindowManagerService: onAnimationFinished: r = ActivityRecord{f816897 u0 com.oppo.launcher/.Launcher t2}
10-08 16:09:55.745 1551 1906 I OplusMirageDisplayManagerService: onAnimationFinished:
10-08 16:09:55.746 1551 1906 V ColorZoomWindowManagerService: onAnimationFinished: r = ActivityRecord{c320c40 u0 com.android.mms/.ui.ConversationList t15106}
10-08 16:09:55.746 1551 1906 I ColorAppSwitchManagerService: handleAppVisible , r = ActivityRecord{c320c40 u0 com.android.mms/.ui.ConversationList t15106}
10-08 16:09:55.746 1551 1906 I OplusMirageDisplayManagerService: onAnimationFinished:
10-08 16:09:55.748 1551 1574 I ActivityTaskManager: perfNotifyAppState STOP ActivityRecord{f816897 u0 com.oppo.launcher/.Launcher t2}
10-08 16:09:55.750 1551 2429 D OppoBasePowerManagerService: do restore jobs
10-08 16:09:55.750 1551 2429 I chatty : uid=1000(system) HansManagerHand identical 4 lines
10-08 16:09:55.750 1551 2429 D OppoBasePowerManagerService: do restore jobs
10-08 16:09:55.900 1551 1822 D JobScheduler.Temperature: get temperature=30.135
10-08 16:09:57.468 1551 2570 I ColorGameSpaceManager: in handleApplicationSwitchInner ---- gamemode = 0 ----mModeStatus = 0
10-08 16:09:57.626 30028 30028 D ViewRootImpl: enqueueInputEventMotionEvent { action=ACTION_DOWN, actionButton=0, id[0]=0, x[0]=281.0, y[0]=637.0, toolType[0]=TOOL_TYPE_FINGER, buttonState=0, classification=NONE, metaState=0, flags=0x0, edgeFlags=0x0, pointerCount=1, historySize=0, eventTime=9906948, downTime=9906947, deviceId=-1, source=0x1002, displayId=0 }
10-08 16:09:57.650 1551 2042 I ActivityTaskManager: START u0 {flg=0x4000000 cmp=com.android.mms/.ui.conversation.ConversationActivity (has extras) mCallingUid=10061} from uid 10061 and from pid 30028
10-08 16:09:57.650 1551 2042 D ColorZoomWindowRUSConfigManager: isSupportZoomModeWithPolicyLocked: target = com.android.mms/.ui.conversation.ConversationActivity
10-08 16:09:57.651 1551 2042 D ColorZoomWindowRUSConfigManager: targetPkg = com.android.mms
10-08 16:09:57.651 1551 2042 V ColorZoomWindowManagerService: unSupportZoom: false ,callingPid: 30028 ,sourceStack: Task{a8ae779 #15106 visible=true type=standard mode=fullscreen translucent=true A=10061:com.android.mms U=0 StackId=15106 sz=1}
10-08 16:09:57.652 1551 2042 D ColorZoomWindowRUSConfigManager: isSupportZoomModeWithPolicyLocked: target = com.android.mms/.ui.conversation.ConversationActivity
10-08 16:09:57.652 1551 2042 D ColorZoomWindowRUSConfigManager: targetPkg = com.android.mms
10-08 16:09:57.653 1551 2042 V ColorZoomWindowManagerService: unSupportZoom: false ,callingPid: 30028 ,sourceStack: Task{a8ae779 #15106 visible=true type=standard mode=fullscreen translucent=true A=10061:com.android.mms U=0 StackId=15106 sz=2}
10-08 16:09:57.660 1551 3109 I OppoBaseActivityStack: notifyAppSwitch the same packageName!
10-08 16:09:57.660 1551 3109 W ActivityTaskManager: Tried to set launchTime (0) < mLastActivityLaunchTime (9861853)
10-08 16:09:57.663 1551 3109 I ActivityTaskManager: perfNotifyAppState TopResumedActivityChanged ActivityRecord{3d9d81e u0 com.android.mms/.ui.conversation.ConversationActivity t15106}
10-08 16:09:57.664 1551 3109 W WindowManager: Changing focus fromWindow{e555dd6 u0 com.android.mms/com.android.mms.ui.ConversationList} to null displayId=0 Callers=com.android.server.wm.RootWindowContainer.updateFocusedWindowLocked:509 com.android.server.wm.WindowManagerService.updateFocusedWindowLocked:6073 com.android.server.wm.DisplayContent.setFocusedApp:5895 com.android.server.wm.ActivityTaskManagerService.setResumedActivityUncheckLocked:5860
10-08 16:09:57.668 1551 3109 I ActivityTaskManager: perfNotifyAppState PAUSED ActivityRecord{c320c40 u0 com.android.mms/.ui.ConversationList t15106}
10-08 16:09:57.671 1551 1575 D ColorViewRootUtil: initSwipState, isDisplayCompatApp false
10-08 16:09:57.671 1551 1575 D ColorViewRootUtil: mScreenHeight 2400, mScreenWidth 1080
10-08 16:09:57.682 1551 1575 V OplusZoomWindowDecorViewHelper: setLastReportedMergedConfiguration mZoomDisplayHeight: 2400 getDecorView.DecorView@3b44ae8[mms]
10-08 16:09:57.697 1551 1575 D ColorZoomWindowManagerService: adjustWindowCropForLeash start: appToken = ActivityRecord{3d9d81e u0 com.android.mms/.ui.conversation.ConversationActivity t15106}
10-08 16:09:57.699 1551 1575 D ColorZoomWindowManagerService: adjustWindowCropForLeash start: appToken = ActivityRecord{c320c40 u0 com.android.mms/.ui.ConversationList t15106}
10-08 16:09:57.733 30028 30028 D ColorViewRootUtil: initSwipState, isDisplayCompatApp false
10-08 16:09:57.733 30028 30028 D ColorViewRootUtil: mScreenHeight 2400, mScreenWidth 1080
10-08 16:09:57.748 1551 1906 I WindowManager: Relayout Window{5244f92 u0 com.android.mms/com.android.mms.ui.conversation.ConversationActivity}: oldVis=4 newVis=0 focusMayChange = true
10-08 16:09:57.751 1551 1906 W WindowManager: Changing focus fromnull to Window{5244f92 u0 com.android.mms/com.android.mms.ui.conversation.ConversationActivity} displayId=0 Callers=com.android.server.wm.RootWindowContainer.updateFocusedWindowLocked:509 com.android.server.wm.WindowManagerService.updateFocusedWindowLocked:6073 com.android.server.wm.WindowManagerService.relayoutWindow:2717 com.android.server.wm.Session.relayout:229
10-08 16:09:57.754 30028 30028 V OplusZoomWindowDecorViewHelper: setLastReportedMergedConfiguration mZoomDisplayHeight: 2400 getDecorView.DecorView@68b9651[ConversationActivity]
10-08 16:09:57.945 1551 2042 D ColorInputMethodManagerServiceEx: onHandleImeWindowVisibleStatus handledVis: 0, switcher visible: 0, switcher active: 0, needsToShowImeSwitcher: false
10-08 16:09:57.981 1551 2042 D ColorInputMethodManagerServiceEx: onHandleImeWindowVisibleStatus handledVis: 0, switcher visible: 0, switcher active: 0, needsToShowImeSwitcher: false
10-08 16:09:57.994 1551 1575 V ColorZoomWindowManagerService: onAnimationFinished: r = ActivityRecord{3d9d81e u0 com.android.mms/.ui.conversation.ConversationActivity t15106}
10-08 16:09:57.994 1551 1575 I ColorAppSwitchManagerService: handleAppVisible , r = ActivityRecord{3d9d81e u0 com.android.mms/.ui.conversation.ConversationActivity t15106}
10-08 16:09:57.994 1551 1575 I OplusMirageDisplayManagerService: onAnimationFinished:
10-08 16:09:57.994 1551 1575 V ColorZoomWindowManagerService: onAnimationFinished: r = ActivityRecord{c320c40 u0 com.android.mms/.ui.ConversationList t15106}
10-08 16:09:57.994 1551 1575 I OplusMirageDisplayManagerService: onAnimationFinished:
10-08 16:09:57.995 1551 1574 I ActivityTaskManager: perfNotifyAppState STOP ActivityRecord{c320c40 u0 com.android.mms/.ui.ConversationList t15106}
10-08 16:09:59.680 1551 1816 D BatteryLed: getLightInColorState, oppoLightMgr empty!
10-08 16:10:00.029 1551 1906 E OplusCustomizeRestrictionManagerService: isBiometricDisabled start
10-08 16:10:00.033 1551 4169 E OplusCustomizeRestrictionManagerService: isBiometricDisabled start
10-08 16:10:00.295 1551 1577 V OppoBaseWatchdog: @WatchDog_ error e: java.io.FileNotFoundException: /d/wakeup_sources: open failed: ENOENT (No such file or directory)
10-08 16:10:00.699 30028 30028 D ViewRootImpl: enqueueInputEventMotionEvent { action=ACTION_DOWN, actionButton=0, id[0]=0, x[0]=874.0, y[0]=2238.0, toolType[0]=TOOL_TYPE_FINGER, buttonState=0, classification=NONE, metaState=0, flags=0x0, edgeFlags=0x0, pointerCount=1, historySize=0, eventTime=9910022, downTime=9910021, deviceId=-1, source=0x1002, displayId=0 }
10-08 16:10:00.728 1551 1906 I ActivityTaskManager: START u0 {act=android.intent.action.VIEW dat=https://fast-wallet.finzjr.com/... flg=0x10000000 cmp=com.heytap.browser/com.android.browser.RealBrowserActivity mCallingUid=10061} from uid 10061 and from pid 30028
10-08 16:10:00.730 1551 1906 E ColorZoomWindowManagerService: onConfigurationChanged rotation not changed - prevRotation: 0
10-08 16:10:00.732 1551 1906 E ColorZoomWindowManagerService: onConfigurationChanged rotation not changed - prevRotation: 0
10-08 16:10:00.732 1551 1906 D OplusDisplayCompatUtils: com.heytap.browser, maxAspectRatio: 2.1 >>> 0.0
10-08 16:10:00.734 1551 1906 D ColorZoomWindowRUSConfigManager: isSupportZoomModeWithPolicyLocked: target = com.heytap.browser/com.android.browser.RealBrowserActivity
10-08 16:10:00.734 1551 1906 D ColorZoomWindowRUSConfigManager: targetPkg = com.heytap.browser
10-08 16:10:00.734 1551 1906 V ColorZoomWindowManagerService: unSupportZoom: false ,callingPid: 30028 ,sourceStack: Task{a8ae779 #15106 visible=true type=standard mode=fullscreen translucent=true A=10061:com.android.mms U=0 StackId=15106 sz=2}
10-08 16:10:00.743 1551 1574 D CompatibilityChangeReporter: Compat change id reported: 135634846; UID 10054; state: DISABLED
10-08 16:10:00.743 1551 1589 D CompatibilityChangeReporter: Compat change id reported: 143937733; UID 10054; state: ENABLED
10-08 16:10:00.750 1551 1906 I ActivityTaskManager: perfNotifyAppState PAUSED ActivityRecord{3d9d81e u0 com.android.mms/.ui.conversation.ConversationActivity t15106}
10-08 16:10:00.760 1551 1589 I ActivityManager: Start proc 14826:com.heytap.browser/u0a54 for pre-top-activity {com.heytap.browser/com.android.browser.RealBrowserActivity}
10-08 16:10:00.778 1551 1906 V ActivityManager: New death recipient com.android.server.am.ActivityManagerService$AppDeathRecipient@be6f829 for thread android.os.BinderProxy@9aa57ae
10-08 16:10:00.786 1551 1906 I ColorAppSwitchManagerService: appswitch hasProcess ActivityRecord{94e6111 u0 com.heytap.browser/com.android.browser.RealBrowserActivity t15110}
10-08 16:10:00.786 1551 1906 I ColorAppSwitchManagerService: appswitch hasProcess ActivityRecord{94e6111 u0 com.heytap.browser/com.android.browser.RealBrowserActivity t15110}
10-08 16:10:00.787 1551 1906 I ActivityTaskManager: perfNotifyAppState TopResumedActivityChanged ActivityRecord{94e6111 u0 com.heytap.browser/com.android.browser.RealBrowserActivity t15110}
10-08 16:10:00.787 1551 1906 W WindowManager: Changing focus fromWindow{5244f92 u0 com.android.mms/com.android.mms.ui.conversation.ConversationActivity} to null displayId=0 Callers=com.android.server.wm.RootWindowContainer.updateFocusedWindowLocked:509 com.android.server.wm.WindowManagerService.updateFocusedWindowLocked:6073 com.android.server.wm.DisplayContent.setFocusedApp:5895 com.android.server.wm.ActivityTaskManagerService.setResumedActivityUncheckLocked:5860
10-08 16:10:00.790 1551 2042 E OppoThermalStats: Error getting package info: com.heytap.browser
10-08 16:10:00.794 1551 1574 D OomAdjuster: TOP_APP is ProcessRecord{b26fd4d 14826:com.heytap.browser/u0a54} uid is 10054
10-08 16:10:00.815 1551 1814 W ActivityManager: Unable to start service Intent { cmp=com.android.mms/com.oppo.push.UpdateServiceNumberJobService (has extras) } U=0: not found
10-08 16:10:00.815 1551 1814 D JobScheduler: Error executing JobStatus{79ef9c1 #u0a61/110 com.android.mms/com.oppo.push.UpdateServiceNumberJobService u=0 s=10061 TIME=-5h55m17s712ms:-5h55m17s712ms PERIODIC PERSISTED READY}
10-08 16:10:00.818 1551 1814 W ActivityManager: Unable to start service Intent { cmp=com.coloros.deepthinker/com.coloros.proton.learn.schedule.TrainJobService (has extras) } U=0: not found
10-08 16:10:00.818 1551 1814 D JobScheduler: Error executing JobStatus{c2fdf84 #1000/648162385 com.coloros.deepthinker/com.coloros.proton.learn.schedule.TrainJobService u=0 s=1000 TIME=-5h55m17s714ms:-5h55m17s714ms PERSISTED READY}
10-08 16:10:00.846 1551 4176 E ORMS_Platform : OplusResourceManagerPlatformUtils: readFile function exception:/d/ged/hal/gpu_utilization: open failed: ENOENT (No such file or directory)
10-08 16:10:00.865 1551 3109 E ORMS_Platform : OplusResourceManagerPlatformUtils: readFile function exception:/d/ged/hal/gpu_utilization: open failed: ENOENT (No such file or directory)
10-08 16:10:00.916 1551 3109 D CompatibilityChangeReporter: Compat change id reported: 136274596; UID 10054; state: ENABLED
10-08 16:10:00.946 1551 1906 I ActivityTaskManager: START u0 {act=android.intent.action.VIEW dat=https://fast-wallet.finzjr.com/... flg=0x14000000 cmp=com.heytap.browser/com.android.browser.BrowserActivity (has extras) mCallingUid=10054} from uid 10054 and from pid 14826
10-08 16:10:00.947 1551 1906 E ColorZoomWindowManagerService: onConfigurationChanged rotation not changed - prevRotation: 0
10-08 16:10:00.949 1551 1906 E ColorZoomWindowManagerService: onConfigurationChanged rotation not changed - prevRotation: 0
10-08 16:10:00.952 1551 1906 D ColorZoomWindowRUSConfigManager: isSupportZoomModeWithPolicyLocked: target = com.heytap.browser/com.android.browser.BrowserActivity
10-08 16:10:00.952 1551 1906 D ColorZoomWindowRUSConfigManager: targetPkg = com.heytap.browser
10-08 16:10:00.952 1551 1906 V ColorZoomWindowManagerService: unSupportZoom: false ,callingPid: 14826 ,sourceStack: Task{8ac1567 #15110 visible=true type=standard mode=fullscreen translucent=true A=10054:com.android.browser.sub U=0 StackId=15110 sz=1}
10-08 16:10:00.983 14826 14826 D OplusInputMethodUtil: init DEBUG to false, update DEBUG_IME to false
10-08 16:10:00.988 14826 14826 D ColorViewRootUtil: initSwipState, isDisplayCompatApp false
10-08 16:10:00.988 14826 14826 D ColorViewRootUtil: mScreenHeight 2400, mScreenWidth 1080
10-08 16:10:01.002 1551 3109 I WindowManager: Relayout Window{b5db169 u0 com.heytap.browser/com.android.browser.RealBrowserActivity}: oldVis=4 newVis=0 focusMayChange = true
10-08 16:10:01.006 1551 3109 W WindowManager: Changing focus fromnull to Window{b5db169 u0 com.heytap.browser/com.android.browser.RealBrowserActivity} displayId=0 Callers=com.android.server.wm.RootWindowContainer.updateFocusedWindowLocked:509 com.android.server.wm.WindowManagerService.updateFocusedWindowLocked:6073 com.android.server.wm.WindowManagerService.relayoutWindow:2717 com.android.server.wm.Session.relayout:229
10-08 16:10:01.012 14826 14826 V OplusZoomWindowDecorViewHelper: setLastReportedMergedConfiguration mZoomDisplayHeight: 2400 getDecorView.DecorView@242ab31[RealBrowserActivity]
10-08 16:10:01.059 1551 4176 W ActivityManager: setGlThreads detect 14826 14902
10-08 16:10:01.066 1551 4169 I OppoBaseActivityStack: notifyAppSwitch the same packageName!
10-08 16:10:01.066 1551 4169 W ActivityTaskManager: Tried to set launchTime (0) < mLastActivityLaunchTime (9910118)
10-08 16:10:01.072 1551 4169 I ActivityTaskManager: perfNotifyAppState TopResumedActivityChanged ActivityRecord{e7818a7 u0 com.heytap.browser/com.android.browser.BrowserActivity t15111}
10-08 16:10:01.073 1551 4169 W WindowManager: Changing focus fromWindow{b5db169 u0 com.heytap.browser/com.android.browser.RealBrowserActivity} to null displayId=0 Callers=com.android.server.wm.RootWindowContainer.updateFocusedWindowLocked:509 com.android.server.wm.WindowManagerService.updateFocusedWindowLocked:6073 com.android.server.wm.DisplayContent.setFocusedApp:5895 com.android.server.wm.ActivityTaskManagerService.setResumedActivityUncheckLocked:5860
10-08 16:10:01.079 1551 4169 I ActivityTaskManager: perfNotifyAppState PAUSED ActivityRecord{94e6111 u0 com.heytap.browser/com.android.browser.RealBrowserActivity t15110}
10-08 16:10:01.210 14826 14964 E OplusCustomizeRestrictionManager: sInstance is null, start a new sInstance
10-08 16:10:01.243 14826 14826 D ColorViewRootUtil: initSwipState, isDisplayCompatApp false
10-08 16:10:01.243 14826 14826 D ColorViewRootUtil: mScreenHeight 2400, mScreenWidth 1080
10-08 16:10:01.265 1551 3109 I WindowManager: Relayout Window{6794b15 u0 com.heytap.browser/com.android.browser.BrowserActivity}: oldVis=4 newVis=0 focusMayChange = true
10-08 16:10:01.269 1551 3109 W WindowManager: Changing focus fromnull to Window{6794b15 u0 com.heytap.browser/com.android.browser.BrowserActivity} displayId=0 Callers=com.android.server.wm.RootWindowContainer.updateFocusedWindowLocked:509 com.android.server.wm.WindowManagerService.updateFocusedWindowLocked:6073 com.android.server.wm.WindowManagerService.relayoutWindow:2717 com.android.server.wm.Session.relayout:229
10-08 16:10:01.274 14826 14826 V OplusZoomWindowDecorViewHelper: setLastReportedMergedConfiguration mZoomDisplayHeight: 2400 getDecorView.DecorView@f0707ab[BrowserActivity]
10-08 16:10:01.340 1551 1575 I ColorStatusBarManagerService: topIsFullscreen fullscreen: true
10-08 16:10:01.341 1551 1575 I ColorStatusBarManagerService: topIsFullscreen fullscreen: true
10-08 16:10:01.392 1551 2042 D ColorInputMethodManagerServiceEx: onHandleImeWindowVisibleStatus handledVis: 0, switcher visible: 0, switcher active: 0, needsToShowImeSwitcher: false
10-08 16:10:01.392 1551 2042 D ColorInputMethodManagerServiceEx: onHandleImeWindowVisibleStatus handledVis: 0, switcher visible: 0, switcher active: 0, needsToShowImeSwitcher: false
10-08 16:10:01.417 1551 2042 D WindowManager: removeChild,stack:Task{8ac1567 #15110 visible=true type=standard mode=fullscreen translucent=true A=10054:com.android.browser.sub U=0 StackId=15110 sz=0}
10-08 16:10:01.417 1551 2042 D WindowManager: java.lang.Throwable
10-08 16:10:01.417 1551 2042 D WindowManager: at com.android.server.wm.TaskDisplayArea.removeChild(TaskDisplayArea.java:366)
10-08 16:10:01.417 1551 2042 D WindowManager: at com.android.server.wm.TaskDisplayArea.removeChild(TaskDisplayArea.java:102)
10-08 16:10:01.417 1551 2042 D WindowManager: at com.android.server.wm.WindowContainer.removeImmediately(WindowContainer.java:629)
10-08 16:10:01.417 1551 2042 D WindowManager: at com.android.server.wm.Task.removeImmediately(Task.java:2932)
10-08 16:10:01.417 1551 2042 D WindowManager: at com.android.server.wm.Task.removeIfPossible(Task.java:682)
10-08 16:10:01.417 1551 2042 D WindowManager: at com.android.server.wm.Task.removeChild(Task.java:1559)
10-08 16:10:01.417 1551 2042 D WindowManager: at com.android.server.wm.Task.removeChild(Task.java:1497)
10-08 16:10:01.417 1551 2042 D WindowManager: at com.android.server.wm.WindowContainer.removeImmediately(WindowContainer.java:629)
10-08 16:10:01.417 1551 2042 D WindowManager: at com.android.server.wm.WindowToken.removeImmediately(WindowToken.java:402)
10-08 16:10:01.417 1551 2042 D WindowManager: at com.android.server.wm.ActivityRecord.removeImmediately(ActivityRecord.java:3403)
10-08 16:10:01.417 1551 2042 D WindowManager: at com.android.server.wm.ActivityRecord.removeIfPossible(ActivityRecord.java:3410)
10-08 16:10:01.417 1551 2042 D WindowManager: at com.android.server.wm.ActivityRecord.onRemovedFromDisplay(ActivityRecord.java:3495)
10-08 16:10:01.417 1551 2042 D WindowManager: at com.android.server.wm.DisplayContent.removeAppToken(DisplayContent.java:1296)
10-08 16:10:01.417 1551 2042 D WindowManager: at com.android.server.wm.ActivityRecord.removeAppTokenFromDisplay(ActivityRecord.java:2167)
10-08 16:10:01.417 1551 2042 D WindowManager: at com.android.server.wm.ActivityRecord.removeFromHistory(ActivityRecord.java:3195)
10-08 16:10:01.417 1551 2042 D WindowManager: at com.android.server.wm.ActivityRecord.destroyed(ActivityRecord.java:3238)
10-08 16:10:01.417 1551 2042 D WindowManager: at com.android.server.wm.ActivityTaskManagerService.activityDestroyed(ActivityTaskManagerService.java:2090)
10-08 16:10:01.417 1551 2042 D WindowManager: at android.app.IActivityTaskManager$Stub.onTransact(IActivityTaskManager.java:1995)
10-08 16:10:01.417 1551 2042 D WindowManager: at com.android.server.wm.OppoActivityTaskManagerService.onTransact(OppoActivityTaskManagerService.java:174)
10-08 16:10:01.417 1551 2042 D WindowManager: at android.os.Binder.execTransactInternal(Binder.java:1166)
10-08 16:10:01.417 1551 2042 D WindowManager: at android.os.Binder.execTransact(Binder.java:1130)
10-08 16:10:01.418 1551 1566 D ColorInputMethodManagerServiceEx: onHandleImeWindowVisibleStatus handledVis: 0, switcher visible: 0, switcher active: 0, needsToShowImeSwitcher: false
10-08 16:10:01.421 1551 3109 D ColorAppListInterceptManager: shouldFilterTask
10-08 16:10:01.421 1551 3109 D ColorAppListInterceptManager: shouldFilterTask::packageName = com.heytap.browser
10-08 16:10:01.421 1551 3109 D ColorAppListInterceptManager: shouldFilterTask
10-08 16:10:01.421 1551 3109 D ColorAppListInterceptManager: shouldFilterTask::packageName = com.android.mms
10-08 16:10:01.421 1551 3109 D ColorAppListInterceptManager: shouldFilterTask
10-08 16:10:01.421 1551 3109 D ColorAppListInterceptManager: shouldFilterTask::packageName = com.jlpay.merch
10-08 16:10:01.421 1551 3109 D ColorAppListInterceptManager: shouldFilterTask
10-08 16:10:01.421 1551 3109 D ColorAppListInterceptManager: shouldFilterTask::packageName = com.finshell.wallet
10-08 16:10:01.429 1551 3656 D ColorAppListInterceptManager: shouldFilterTask
10-08 16:10:01.429 1551 3656 D ColorAppListInterceptManager: shouldFilterTask::packageName = com.heytap.browser
10-08 16:10:01.429 1551 3656 D ColorAppListInterceptManager: shouldFilterTask
10-08 16:10:01.429 1551 3656 D ColorAppListInterceptManager: shouldFilterTask::packageName = com.android.mms
10-08 16:10:01.429 1551 3656 D ColorAppListInterceptManager: shouldFilterTask
10-08 16:10:01.429 1551 3656 D ColorAppListInterceptManager: shouldFilterTask::packageName = com.jlpay.merch
10-08 16:10:01.429 1551 3656 D ColorAppListInterceptManager: shouldFilterTask
10-08 16:10:01.429 1551 3656 D ColorAppListInterceptManager: shouldFilterTask::packageName = com.finshell.wallet
10-08 16:10:01.604 1551 1575 V ColorZoomWindowManagerService: onAnimationFinished: r = ActivityRecord{e7818a7 u0 com.heytap.browser/com.android.browser.BrowserActivity t15111}
10-08 16:10:01.604 1551 1575 I ColorAppSwitchManagerService: handleAppVisible , r = ActivityRecord{e7818a7 u0 com.heytap.browser/com.android.browser.BrowserActivity t15111}
10-08 16:10:01.604 1551 1575 I OplusMirageDisplayManagerService: onAnimationFinished:
10-08 16:10:01.605 1551 1575 V ColorZoomWindowManagerService: onAnimationFinished: r = ActivityRecord{3d9d81e u0 com.android.mms/.ui.conversation.ConversationActivity t15106}
10-08 16:10:01.605 1551 1575 I OplusMirageDisplayManagerService: onAnimationFinished:
10-08 16:10:01.609 1551 1574 I ActivityTaskManager: perfNotifyAppState STOP ActivityRecord{3d9d81e u0 com.android.mms/.ui.conversation.ConversationActivity t15106}
10-08 16:10:02.789 1551 2570 I ColorGameSpaceManager: in handleApplicationSwitchInner ---- gamemode = 0 ----mModeStatus = 0
10-08 16:10:04.667 1551 1814 W ActivityManager: Unable to start service Intent { cmp=com.android.mms/com.oppo.push.UpdateServiceNumberJobService (has extras) } U=0: not found
10-08 16:10:04.668 1551 1814 D JobScheduler: Error executing JobStatus{79ef9c1 #u0a61/110 com.android.mms/com.oppo.push.UpdateServiceNumberJobService u=0 s=10061 TIME=-5h55m21s564ms:-5h55m21s564ms PERIODIC PERSISTED READY}
10-08 16:10:04.670 1551 1814 W ActivityManager: Unable to start service Intent { cmp=com.coloros.deepthinker/com.coloros.proton.learn.schedule.TrainJobService (has extras) } U=0: not found
10-08 16:10:04.671 1551 1814 D JobScheduler: Error executing JobStatus{c2fdf84 #1000/648162385 com.coloros.deepthinker/com.coloros.proton.learn.schedule.TrainJobService u=0 s=1000 TIME=-5h55m21s566ms:-5h55m21s566ms PERSISTED READY}
10-08 16:10:05.570 1551 1816 D BatteryLed: getLightInColorState, oppoLightMgr empty!
10-08 16:10:05.908 1551 1822 D JobScheduler.Temperature: get temperature=30.204
10-08 16:10:06.294 1551 4176 E SystemServiceRegistry: Manager wrapper not available: linearmotor
10-08 16:10:06.297 1551 1588 I DropBoxManagerService: add tag=system_server_wtf isTagEnabled=true flags=0x2
10-08 16:10:06.318 1551 1588 D DropBoxManagerService: file :: /data/system/dropbox/system_server_wtf@1633680606303.txt
10-08 16:10:06.473 1551 4159 E AppOps : noteOperation
10-08 16:10:06.473 1551 4159 E AppOps : java.lang.SecurityException: Specified package com.android.phone under uid 10159 but it is really 1001
10-08 16:10:06.473 1551 4159 E AppOps : at com.android.server.appop.AppOpsService.verifyAndGetBypass(AppOpsService.java:3966)
10-08 16:10:06.473 1551 4159 E AppOps : at com.android.server.appop.AppOpsService.noteOperationUnchecked(AppOpsService.java:3106)
10-08 16:10:06.473 1551 4159 E AppOps : at com.android.server.appop.AppOpsService.noteOperationImpl(AppOpsService.java:3094)
10-08 16:10:06.473 1551 4159 E AppOps : at com.android.server.appop.AppOpsService.noteOperation(AppOpsService.java:3077)
10-08 16:10:06.473 1551 4159 E AppOps : at com.android.internal.app.IAppOpsService$Stub.onTransact(IAppOpsService.java:447)
10-08 16:10:06.473 1551 4159 E AppOps : at android.os.Binder.execTransactInternal(Binder.java:1166)
10-08 16:10:06.473 1551 4159 E AppOps : at android.os.Binder.execTransact(Binder.java:1130)
10-08 16:10:06.524 1551 4159 D OppoUserManagerService: getMultiSystemUserId res = -10000
10-08 16:10:06.795 1551 4176 D CompatibilityChangeReporter: Compat change id reported: 135634846; UID 10054; state: DISABLED
10-08 16:10:06.797 1551 1589 D CompatibilityChangeReporter: Compat change id reported: 143937733; UID 10054; state: ENABLED
10-08 16:10:06.818 1551 1589 I ActivityManager: Start proc 15081:com.heytap.browser:downloads/u0a54 for content provider {com.heytap.browser/com.heytap.browser.downloads.provider.DownloadProvider}
10-08 16:10:06.843 1551 4159 V ActivityManager: New death recipient com.android.server.am.ActivityManagerService$AppDeathRecipient@5e9e90b for thread android.os.BinderProxy@31bc3e8
10-08 16:10:07.014 1551 4159 D CompatibilityChangeReporter: Compat change id reported: 136274596; UID 10054; state: ENABLED
10-08 16:10:07.189 1551 1574 I ColorStatusBarManagerService: topIsFullscreen fullscreen: false
10-08 16:10:07.190 1551 1574 I ColorStatusBarManagerService: topIsFullscreen fullscreen: false
10-08 16:10:07.219 14826 14888 E ActivityThread: Failed to find provider info for com.coloros.datamonitorprovider.OppoDataMonitorProvider
10-08 16:10:07.229 1551 3656 D CompatibilityChangeReporter: Compat change id reported: 135634846; UID 10054; state: DISABLED
10-08 16:10:07.230 1551 1589 D CompatibilityChangeReporter: Compat change id reported: 143937733; UID 10054; state: ENABLED
10-08 16:10:07.237 1551 1814 W ActivityManager: Unable to start service Intent { cmp=com.android.mms/com.oppo.push.UpdateServiceNumberJobService (has extras) } U=0: not found
10-08 16:10:07.237 1551 1814 D JobScheduler: Error executing JobStatus{79ef9c1 #u0a61/110 com.android.mms/com.oppo.push.UpdateServiceNumberJobService u=0 s=10061 TIME=-5h55m24s134ms:-5h55m24s134ms PERIODIC PERSISTED READY}
10-08 16:10:07.238 1551 1814 W ActivityManager: Unable to start service Intent { cmp=com.coloros.deepthinker/com.coloros.proton.learn.schedule.TrainJobService (has extras) } U=0: not found
10-08 16:10:07.238 1551 1814 D JobScheduler: Error executing JobStatus{c2fdf84 #1000/648162385 com.coloros.deepthinker/com.coloros.proton.learn.schedule.TrainJobService u=0 s=1000 TIME=-5h55m24s134ms:-5h55m24s134ms PERSISTED READY}
10-08 16:10:07.260 1551 1589 I ActivityManager: Start proc 15140:com.heytap.browser:privileged_process0/u0a54 for service {com.heytap.browser/com.heytap.browser.search.suggest.webview.boot.PreStartupService}
10-08 16:10:07.291 1551 4169 V ActivityManager: New death recipient com.android.server.am.ActivityManagerService$AppDeathRecipient@947aff2 for thread android.os.BinderProxy@24dd643
10-08 16:10:07.298 1551 4169 D CompatibilityChangeReporter: Compat change id reported: 135634846; UID 10054; state: DISABLED
10-08 16:10:07.298 1551 1589 D CompatibilityChangeReporter: Compat change id reported: 143937733; UID 10054; state: ENABLED
10-08 16:10:07.335 1551 1589 I ActivityManager: Start proc 15176:com.heytap.browser:remote/u0a54 for service {com.heytap.browser/com.baidu.location.f}
10-08 16:10:07.364 1551 1588 V ActivityManager: Attempted to start a foreground service (com.heytap.mcs/.service.McsSdkService) with a broken notification (no icon: Notification(channel=FOREGROUND_SERVICE shortcut=null contentView=null vibrate=null sound=null defaults=0x0 flags=0x40 color=0x00000000 vis=PRIVATE))
10-08 16:10:07.376 1551 3656 V ActivityManager: New death recipient com.android.server.am.ActivityManagerService$AppDeathRecipient@6b31afa for thread android.os.BinderProxy@3d6d8ab
10-08 16:10:07.381 1551 3656 D CompatibilityChangeReporter: Compat change id reported: 136274596; UID 10054; state: ENABLED
10-08 16:10:07.381 1551 1588 E SystemServiceRegistry: Manager wrapper not available: linearmotor
10-08 16:10:07.384 3956 4202 W ContextImpl: Calling a method in the system process without a qualified user: android.app.ContextImpl.startService:1701 android.content.ContextWrapper.startService:730 com.heytap.mcs.utils.af.a:246 com.heytap.mcs.i.b.a:481 com.heytap.mcs.i.b.a:430
10-08 16:10:07.386 1551 1588 I DropBoxManagerService: add tag=system_server_wtf isTagEnabled=true flags=0x2
10-08 16:10:07.392 1551 1588 D DropBoxManagerService: file :: /data/system/dropbox/system_server_wtf@1633680607388.txt
10-08 16:10:07.442 1551 1588 V ActivityManager: Attempted to start a foreground service (com.heytap.mcs/.service.McsSdkService) with a broken notification (no icon: Notification(channel=FOREGROUND_SERVICE shortcut=null contentView=null vibrate=null sound=null defaults=0x0 flags=0x40 color=0x00000000 vis=PRIVATE))
10-08 16:10:07.444 1551 1588 E SystemServiceRegistry: Manager wrapper not available: linearmotor
10-08 16:10:07.446 1551 1588 I DropBoxManagerService: add tag=system_server_wtf isTagEnabled=true flags=0x2
10-08 16:10:07.451 1551 1588 D DropBoxManagerService: file :: /data/system/dropbox/system_server_wtf@1633680607448.txt
10-08 16:10:07.455 3956 4605 W ContextImpl: Calling a method in the system process without a qualified user: android.app.ContextImpl.startService:1701 android.content.ContextWrapper.startService:730 com.heytap.mcs.utils.af.a:246 com.heytap.mcs.i.b.a:481 com.heytap.mcs.i.b.a:430
10-08 16:10:07.470 1551 2569 W ContextImpl: Calling a method in the system process without a qualified user: android.app.ContextImpl.startService:1701 com.oplus.util.OplusStatisticsImpl.startService:216 com.oplus.util.OplusStatisticsImpl.sendDataToDCS:192 com.oplus.util.OplusStatisticsImpl.onCommonSync:84 com.oplus.util.OplusStatisticsImpl$1.run:124
10-08 16:10:07.622 1551 2569 W ContextImpl: Calling a method in the system process without a qualified user: android.app.ContextImpl.startService:1701 com.oplus.util.OplusStatisticsImpl.startService:216 com.oplus.util.OplusStatisticsImpl.sendDataToDCS:192 com.oplus.util.OplusStatisticsImpl.onCommonSync:84 com.oplus.util.OplusStatisticsImpl$1.run:124
10-08 16:10:07.627 1551 1906 W ActivityManager: Unable to start service Intent { cmp=com.heytap.browser/com.iflytek.common.LaunchService } U=0: not found
10-08 16:10:07.632 14826 15298 E ActivityThread: Failed to find provider info for com.webview.browser.webview.fileprovider
10-08 16:10:07.633 14826 15298 E ActivityThread: Failed to find provider info for com.android.browser.webview.fileprovider
10-08 16:10:07.635 14826 15298 E ActivityThread: Failed to find provider info for com.coloros.browser.webview.fileprovider
