10-08 16:14:37.467 2509 2753 V SensorManager: RegisterListener bmi160 ACCELEROMETER type:1 delay:200000us by android.view.OrientationEventListener$SensorEventListenerImpl
10-08 16:14:37.467 762 762 D ORMS_HAL: OrmsHalService write file /proc/sys/kernel/slide_boost_enabled - 0.
10-08 16:14:37.468 762 762 D ORMS_HAL: OrmsHalService write file /proc/sys/kernel/slide_boost_enabled - 1.
10-08 16:14:37.468 1551 1828 I mtkpower_client: perf_lock_rel, hdl:2693, tid:1828
10-08 16:14:37.468 1551 1828 I mtkpower_client: perf_lock_acq, hdl:2693, dur:0, num:8, tid:1828
10-08 16:14:37.469 808 870 I libPowerHal: [perfLockRel] hdl:2693, idx:0
10-08 16:14:37.469 808 870 I libPowerHal: [PD] scn:0 hdl:2693 lock_user:system_server pid:1551 tid:1828 dur:0
10-08 16:14:37.469 808 870 I libPowerHal: system_server: cpu_ctrl set cpu freq: -1 -1 -1 -1
10-08 16:14:37.469 808 870 I libPowerHal: [PD] system_server update cmd:10000100 param:2
10-08 16:14:37.469 1551 2042 W SensorService: SensorEventConnection sensor handle=1, package = android.view.OrientationEventListener enable
10-08 16:14:37.469 1551 1828 I mtkpower_client: ret_hdl:2694
10-08 16:14:37.470 1551 2042 D SensorService: OplusSensorServiceUtils, sensorType=1
10-08 16:14:37.470 1551 2042 D SensorService: Calling batch handle==1 flags=0rate=80000000 timeout== 0
10-08 16:14:37.470 1551 2042 D SensorService: SensorDevice::batch: ident=0xb400007b923efdc0, handle=0x00000001, flags=0, period_ns=80000000 timeout=0
10-08 16:14:37.470 1551 2042 D SensorService: >>> curr_period=9223372036854775807 min_period=80000000 curr_timeout=0 min_timeout=0
10-08 16:14:37.470 1551 2042 D SensorService: >>> actuating h/w BATCH 0x00000001 80000000 0
10-08 16:14:37.470 1113 1113 I OriginChannel: batch: [1,80000000,0]
10-08 16:14:37.470 808 870 I libPowerHal: [perfLockAcq] idx:0 hdl:2694 hint:-1 pid:1551 duration:0 => ret_hdl:2694
10-08 16:14:37.470 808 870 I libPowerHal: [PE] scn:0 hdl:2694 lock_user:system_server pid:1551 tid:1828 dur:0
10-08 16:14:37.470 808 870 I libPowerHal: system_server: cpu_ctrl set cpu freq: 1358000 -1 1091000 -1
10-08 16:14:37.470 808 870 I libPowerHal: [PE] system_server update cmd:10000100, param:2
10-08 16:14:37.471 1551 2042 D SensorService: recordConnection in enable
10-08 16:14:37.471 1551 2042 D SensorService: Calling activate on 1
10-08 16:14:37.471 1551 2042 D SensorService: SensorDevice::activate: ident=0xb400007b923efdc0, handle=0x00000001, enabled=1, count=1
10-08 16:14:37.471 1551 2042 D SensorService: enable index=0
10-08 16:14:37.471 1551 2042 D SensorService: SensorDevice::checkForIdent info.numActiveClients()=1, ident=0xb400007b923efdc0, handle=1, eanble=1, isFusion=0
10-08 16:14:37.471 1551 2042 D SensorService: >>> actuating h/w activate ident = 0xb400007b923efdc0, handle=1 enabled=1
10-08 16:14:37.471 1551 2042 D SensorService: >>> actuating h/w activate handle=1 enabled=1
10-08 16:14:37.471 1113 1113 I OriginChannel: activate: [1,1]
10-08 16:14:37.476 1551 2042 V ActivityManager: Death received in com.android.server.am.ActivityManagerService$AppDeathRecipient@3edbc32 for thread android.os.BinderProxy@c3c8d83
10-08 16:14:37.476 1551 2616 D DisplayManagerService: Display listener for pid 15537 died.
10-08 16:14:37.476 2267 2267 I Zygote : Process 15537 exited due to signal 9 (Killed)
10-08 16:14:37.478 6166 14903 E RemoteGuardClient.DWB.ActivityMonitor: onProcessDied com.heytap.browser pid = 15537 uid = 10054
10-08 16:14:37.478 808 870 I libPowerHal: [perfNotifyAppState] pack:com.heytap.browser, pid:15537, STATE_DEAD
10-08 16:14:37.478 808 870 D RilUtility: notify_rild_crash_pid_set certPid:-1, crash:15537, scn:0x0
10-08 16:14:37.480 6166 6231 I RemoteGuardClient.DWB.ActivityMonitor: topActivities = []
10-08 16:14:37.481 1551 1572 D OplusAppBwCore: onUidImportance: 99040, 1000
10-08 16:14:37.482 1551 2042 D DisplayManagerService: Display listener for pid 15140 died.
10-08 16:14:37.482 748 748 I Zygote : Process 15140 exited due to signal 9 (Killed)
10-08 16:14:37.483 1551 2616 D DisplayManagerService: Display listener for pid 15081 died.
10-08 16:14:37.484 748 748 I Zygote : Process 15081 exited due to signal 9 (Killed)
10-08 16:14:37.486 619 624 E android.system.suspend@1.0-service: Error opening kernel wakelock stats for: wakeup24: Permission denied
10-08 16:14:37.481 619 619 W Binder:619_1: type=1400 audit(0.0:26284): avc: denied { read } for name="wakeup24" dev="sysfs" ino=46614 scontext=u:r:system_suspend:s0 tcontext=u:object_r:sysfs_battery_supply:s0 tclass=dir permissive=0
10-08 16:14:37.485 619 619 W Binder:619_1: type=1400 audit(0.0:26285): avc: denied { read } for name="wakeup25" dev="sysfs" ino=46695 scontext=u:r:system_suspend:s0 tcontext=u:object_r:sysfs_battery_supply:s0 tclass=dir permissive=0
10-08 16:14:37.490 619 624 E android.system.suspend@1.0-service: Error opening kernel wakelock stats for: wakeup25: Permission denied
10-08 16:14:37.491 619 624 E android.system.suspend@1.0-service: Error opening kernel wakelock stats for: wakeup23: Permission denied
10-08 16:14:37.491 1551 4163 D MtkConnectivityService: ConnectivityService NetworkRequestInfo binderDied(NetworkRequest [ LISTEN id=218, [ Capabilities: INTERNET&NOT_RESTRICTED&TRUSTED Uid: 10054 AdministratorUids: [] RequestorUid: 10054 RequestorPackageName: com.heytap.browser] ], android.os.BinderProxy@5ec6ce8)
10-08 16:14:37.491 1551 3657 D DisplayManagerService: Display listener for pid 15445 died.
10-08 16:14:37.491 1551 2932 D MtkConnectivityService: ConnectivityService NetworkRequestInfo binderDied(NetworkRequest [ TRACK_DEFAULT id=217, [ Capabilities: INTERNET&NOT_RESTRICTED&TRUSTED Uid: 10054 AdministratorUids: [] RequestorUid: 10054 RequestorPackageName: com.heytap.browser] ], android.os.BinderProxy@e5f960b)
10-08 16:14:37.491 748 748 I Zygote : Process 15445 exited due to signal 9 (Killed)
10-08 16:14:37.485 619 619 W Binder:619_1: type=1400 audit(0.0:26286): avc: denied { read } for name="wakeup23" dev="sysfs" ino=46566 scontext=u:r:system_suspend:s0 tcontext=u:object_r:sysfs_battery_supply:s0 tclass=dir permissive=0
10-08 16:14:37.499 1551 1591 I libprocessgroup: Successfully killed process cgroup uid 10054 pid 15445 in 43ms
10-08 16:14:37.500 1551 1591 I libprocessgroup: Successfully killed process cgroup uid 10054 pid 15506 in 0ms
10-08 16:14:37.500 1551 1591 I libprocessgroup: Successfully killed process cgroup uid 99040 pid 15537 in 0ms
10-08 16:14:37.501 1551 1591 I libprocessgroup: Successfully killed process cgroup uid 10054 pid 15140 in 0ms
10-08 16:14:37.501 1551 1591 I libprocessgroup: Successfully killed process cgroup uid 10054 pid 15081 in 0ms
10-08 16:14:37.532 17145 17166 I ap.pictorial:u: Waiting for a blocking GC ProfileSaver
10-08 16:14:37.538 17145 17166 I ap.pictorial:u: WaitForGcToComplete blocked ProfileSaver on ClassLinker for 6.175ms
10-08 16:14:37.550 17145 17159 I ap.pictorial:u: WaitForGcToComplete blocked RunEmptyCheckpoint on ProfileSaver for 11.613ms
10-08 16:14:37.551 1551 2932 D MtkConnectivityService: ConnectivityService NetworkRequestInfo binderDied(NetworkRequest [ LISTEN id=215, [ Capabilities: INTERNET&NOT_RESTRICTED&TRUSTED Uid: 10054 AdministratorUids: [] RequestorUid: 10054 RequestorPackageName: com.heytap.browser] ], android.os.BinderProxy@2493f01)
10-08 16:14:37.551 1551 4231 D DisplayManagerService: Display listener for pid 14826 died.
10-08 16:14:37.551 1551 1574 W ActivityManager: setHasOverlayUi called on unknown pid: 14826
10-08 16:14:37.551 6632 6632 I InputTransport: Destroy ARC handle: 0xb0392410
10-08 16:14:37.552 748 748 I Zygote : Process 14826 exited due to signal 9 (Killed)
10-08 16:14:37.552 1551 4159 D MtkConnectivityService: ConnectivityService NetworkRequestInfo binderDied(NetworkRequest [ LISTEN id=216, [ Capabilities: INTERNET&NOT_RESTRICTED&TRUSTED Uid: 10054 AdministratorUids: [] RequestorUid: 10054 RequestorPackageName: com.heytap.browser] ], android.os.BinderProxy@62851a6)
10-08 16:14:37.587 1551 1591 I libprocessgroup: Successfully killed process cgroup uid 10054 pid 14826 in 86ms
10-08 16:14:37.677 2509 2509 D KillAppWrapper: forceStopIfNeeded: task = [id=15106 windowingMode=1 user=0 lastActiveTime=21330236] 信息
10-08 16:14:37.678 828 913 E SurfaceFlinger: Permission Denial: can't access SurfaceFlinger pid=0, uid=10062
10-08 16:14:37.678 1551 1828 E ORMS_CORE: Unsupported action!!!
10-08 16:14:37.678 828 913 I surfaceflinger: oneway function results will be dropped but finished with status PERMISSION_DENIED and parcel size 0
10-08 16:14:37.683 3761 3761 I Athena : AthenaService: onStartCommand action: oppo.intent.action.REQUEST_CLEAR_SPEC_APP
10-08 16:14:37.685 1551 4231 D skia : SkJpegCodec::onGetPixels +
10-08 16:14:37.688 1551 4231 D skia : stream getLength() not supported, use temp buffer for loading stream, buffer addr 0x7bb9932000 length 240979
10-08 16:14:37.689 1551 4231 D skia : size 240979,phy_addr 0x1ffefc000
10-08 16:14:37.689 1551 4231 D skia : LoadInputStreamToIonMem va 0x7bb9932000 pa 0xffefc000 size 243200
10-08 16:14:37.689 808 870 I libPowerHal: [perfLockAcq] idx:2 hdl:2695 hint:25 pid:808 duration:10000 => ret_hdl:2695
10-08 16:14:37.689 808 870 I libPowerHal: [PE] scn:2 hdl:2695 hint:25 comm:mtkpower@1.0-se pid:808
10-08 16:14:37.689 808 870 I libPowerHal: [PE] MTKPOWER_HINT_APP_TOUCH update cmd:3408600 param:1
10-08 16:14:37.689 762 762 D ORMS_HAL: OrmsHalService write file /proc/sys/kernel/slide_boost_enabled - 0.
10-08 16:14:37.689 762 762 D ORMS_HAL: OrmsHalService write file /proc/sys/kernel/slide_boost_enabled - 1.
10-08 16:14:37.689 2509 2509 D ViewRootImpl: enqueueInputEventMotionEvent { action=ACTION_DOWN, actionButton=0, id[0]=0, x[0]=478.0, y[0]=1292.0, toolType[0]=TOOL_TYPE_FINGER, buttonState=0, classification=NONE, metaState=0, flags=0x0, edgeFlags=0x0, pointerCount=1, historySize=0, eventTime=10187023, downTime=10187023, deviceId=4, source=0x1002, displayId=0 }
10-08 16:14:37.689 1551 1828 I mtkpower_client: perf_lock_rel, hdl:2694, tid:1828
10-08 16:14:37.689 2509 2509 D ViewRootImpl[Launcher]: processMotionEvent MotionEvent { action=ACTION_DOWN, actionButton=0, id[0]=0, x[0]=478.0, y[0]=1292.0, toolType[0]=TOOL_TYPE_FINGER, buttonState=0, classification=NONE, metaState=0, flags=0x0, edgeFlags=0x0, pointerCount=1, historySize=0, eventTime=10187023, downTime=10187023, deviceId=4, source=0x1002, displayId=0 }
10-08 16:14:37.689 1551 1828 I mtkpower_client: perf_lock_acq, hdl:2694, dur:0, num:8, tid:1828
10-08 16:14:37.689 2509 2509 D FlingAndToggleTouchController: canInterceptTouch: cameFromNavBar = false, mStartState = 2
10-08 16:14:37.689 808 830 I mtkpower@impl: [check_work_req] i:0, msg:1 hdl:2694, wait
10-08 16:14:37.690 2509 2509 D ViewRootImpl[Launcher]: dispatchPointerEvent handled=true, event=MotionEvent { action=ACTION_DOWN, actionButton=0, id[0]=0, x[0]=478.0, y[0]=1292.0, toolType[0]=TOOL_TYPE_FINGER, buttonState=0, classification=NONE, metaState=0, flags=0x0, edgeFlags=0x0, pointerCount=1, historySize=0, eventTime=10187023, downTime=10187023, deviceId=4, source=0x1002, displayId=0 }
10-08 16:14:37.690 808 870 I libPowerHal: [perfLockRel] hdl:2694, idx:0
10-08 16:14:37.690 808 870 I libPowerHal: [PD] scn:0 hdl:2694 lock_user:system_server pid:1551 tid:1828 dur:0
10-08 16:14:37.690 808 870 I libPowerHal: system_server: cpu_ctrl set cpu freq: -1 -1 -1 -1
10-08 16:14:37.690 808 870 I libPowerHal: [PD] system_server update cmd:10000100 param:2
10-08 16:14:37.692 1551 1828 I mtkpower_client: ret_hdl:2696
10-08 16:14:37.693 808 870 I libPowerHal: [perfLockAcq] idx:0 hdl:2696 hint:-1 pid:1551 duration:0 => ret_hdl:2696
10-08 16:14:37.693 808 870 I libPowerHal: [PE] scn:0 hdl:2696 lock_user:system_server pid:1551 tid:1828 dur:0
10-08 16:14:37.693 808 870 I libPowerHal: system_server: cpu_ctrl set cpu freq: 1358000 -1 1091000 -1
10-08 16:14:37.693 808 870 I libPowerHal: [PE] system_server update cmd:10000100, param:2
10-08 16:14:37.693 1551 4231 D libjpeg-alpha: Huffman Builder run in subthread
10-08 16:14:37.694 1551 4231 D libjpeg-alpha: Tile Decoder (#thread:4, size:256 256 256 312x608, alignment:256x16)
10-08 16:14:37.695 2530 2658 I [0]DCS-StrategyManager: isNeedUpload: true, type: 2006, appID: 20002, logTag: CreateAndDestroy, eventID: 200028501
10-08 16:14:37.698 30028 30028 W Messaging.MessagingApp: PhoneUtils.getForLMR1(): invalid subId = -1
10-08 16:14:37.699 30028 30028 E Messaging.MessagingApp: Get mms config failed: invalid subId. subId=-1, real subId=-1, map=[]
10-08 16:14:37.700 30028 30028 W Messaging.MessagingApp: PhoneUtils.getForLMR1(): invalid subId = -1
10-08 16:14:37.701 30028 30028 E Messaging.MessagingApp: Get mms config failed: invalid subId. subId=-1, real subId=-1, map=[]
10-08 16:14:37.701 30028 30028 W Messaging.MessagingApp: PhoneUtils.getForLMR1(): invalid subId = -1
10-08 16:14:37.702 30028 30028 E Messaging.MessagingApp: Get mms config failed: invalid subId. subId=-1, real subId=-1, map=[]
10-08 16:14:37.703 30028 30028 I Messaging.ConversationFragment: onConversationMessagesCursorUpdated: isSync=false, newestMessage=null, isIncoming=false
10-08 16:14:37.704 30028 30028 W Messaging.CursorRecyclerAdapter: swapCursor, newCursor is null.
10-08 16:14:37.710 30028 13872 V SensorManager: unRegisterListener by com.android.mms.ui.conversation.ConversationFragment and its name is stk33502 PROXIMITY
10-08 16:14:37.712 3761 3761 D VersionUtils: Get OsVersion Exception : java.lang.NoSuchFieldException: OplusOS_11_3
10-08 16:14:37.713 3761 3761 I chatty : uid=1000(system) com.coloros.athena identical 2 lines
10-08 16:14:37.714 3761 3761 D VersionUtils: Get OsVersion Exception : java.lang.NoSuchFieldException: OplusOS_11_3
10-08 16:14:37.714 1551 1567 W SensorService: SensorEventConnection sensor handle=5, package = com.android.mms.ui.conversation.ConversationFragment disable
10-08 16:14:37.715 1551 1567 D SensorService: disable Autolock Start SensorEventConnection = com.android.mms.ui.conversation.ConversationFragment ,handle = 5
10-08 16:14:37.715 1551 1567 D SensorService: disable Autolock SensorEventConnection = com.android.mms.ui.conversation.ConversationFragment ,handle = 5
10-08 16:14:37.715 1551 1567 D SensorService: 0xb400007b923f3c40 removeFd fd=771
10-08 16:14:37.715 1551 1567 D SensorService: recordConnection in disable
10-08 16:14:37.715 1551 1567 D SensorService: SensorDevice::activate: ident=0xb400007b923f3c40, handle=0x00000005, enabled=0, count=1
10-08 16:14:37.715 1551 1567 D SensorService: disable index=0
10-08 16:14:37.715 1551 1567 D SensorService: SensorDevice::checkForIdent info.numActiveClients()=0, ident=0xb400007b923f3c40, handle=5, eanble=0, isFusion=0
10-08 16:14:37.715 1551 1567 D SensorService: SensorDevice::checkForIdent, ident=0xb400007b923f3c40 info.mIdentCount=1
10-08 16:14:37.715 1551 1567 D SensorService: reset the mRecentEvent handle = 5
10-08 16:14:37.715 1551 1567 D SensorService: disable reset the lastEvent handle = 5 in disable
10-08 16:14:37.715 30028 30028 D View : [Warning] assignParent to null: this = DecorView@68b9651[ConversationActivity]
10-08 16:14:37.716 3761 3761 D VersionUtils: Get OsVersion Exception : java.lang.NoSuchFieldException: OplusOS_11_3
10-08 16:14:37.717 3761 3761 D VersionUtils: Get OsVersion Exception : java.lang.NoSuchFieldException: OplusOS_11_3
10-08 16:14:37.721 30028 30028 I InputTransport: Destroy ARC handle: 0xa45b67b0
10-08 16:14:37.723 30028 30028 W Messaging.CursorRecyclerAdapter: swapCursor, newCursor is null.
10-08 16:14:37.724 828 828 D OppoExLayer: ~Layer() sequence=3639, name=5244f92 com.android.mms/com.android.mms.ui.conversation.ConversationActivity#0@0xb4000076731c1000
10-08 16:14:37.724 2509 2753 V SensorManager: unRegisterListener by android.view.OrientationEventListener$SensorEventListenerImpl
10-08 16:14:37.725 762 762 D ORMS_HAL: OrmsHalService write file /proc/sys/kernel/slide_boost_enabled - 0.
10-08 16:14:37.725 1551 1567 W SensorService: SensorEventConnection sensor handle=1, package = android.view.OrientationEventListener disable
10-08 16:14:37.725 1551 1567 D SensorService: disable Autolock Start SensorEventConnection = android.view.OrientationEventListener ,handle = 1
10-08 16:14:37.725 1551 1567 D SensorService: disable Autolock SensorEventConnection = android.view.OrientationEventListener ,handle = 1
10-08 16:14:37.725 762 762 D ORMS_HAL: OrmsHalService write file /proc/sys/kernel/slide_boost_enabled - 1.
10-08 16:14:37.725 1551 1567 D SensorService: recordConnection in disable
10-08 16:14:37.725 1551 1828 I mtkpower_client: perf_lock_rel, hdl:2696, tid:1828
10-08 16:14:37.726 1551 1828 I mtkpower_client: perf_lock_acq, hdl:2696, dur:0, num:8, tid:1828
10-08 16:14:37.726 808 870 I libPowerHal: [perfLockRel] hdl:2696, idx:0
10-08 16:14:37.726 808 870 I libPowerHal: [PD] scn:0 hdl:2696 lock_user:system_server pid:1551 tid:1828 dur:0
10-08 16:14:37.727 808 870 I libPowerHal: system_server: cpu_ctrl set cpu freq: -1 -1 -1 -1
10-08 16:14:37.727 808 870 I libPowerHal: [PD] system_server update cmd:10000100 param:2
10-08 16:14:37.727 1551 4231 D skia : SkJpegCodec::onGetPixels -
10-08 16:14:37.727 1551 1828 I mtkpower_client: ret_hdl:2697
10-08 16:14:37.728 1551 1567 D SensorService: SensorDevice::activate: ident=0xb400007b923efdc0, handle=0x00000001, enabled=0, count=1
10-08 16:14:37.728 1551 1567 D SensorService: disable index=0
10-08 16:14:37.728 1551 1567 D SensorService: SensorDevice::checkForIdent info.numActiveClients()=1, ident=0xb400007b923efdc0, handle=1, eanble=0, isFusion=0
10-08 16:14:37.728 1551 1567 D SensorService: SensorDevice::checkForIdent, ident=0xb400007b923efdc0 info.mIdentCount=1
10-08 16:14:37.728 1551 1567 D SensorService: >>> actuating h/w activate ident = 0xb400007b923efdc0, handle=1 enabled=0
10-08 16:14:37.728 1551 1567 D SensorService: >>> actuating h/w activate handle=1 enabled=0
10-08 16:14:37.728 1113 1113 I OriginChannel: activate: [1,0]
10-08 16:14:37.729 808 870 I libPowerHal: [perfLockAcq] idx:0 hdl:2697 hint:-1 pid:1551 duration:0 => ret_hdl:2697
10-08 16:14:37.729 808 870 I libPowerHal: [PE] scn:0 hdl:2697 lock_user:system_server pid:1551 tid:1828 dur:0
10-08 16:14:37.730 1551 1567 D SensorService: reset the mRecentEvent handle = 1
10-08 16:14:37.730 808 870 I libPowerHal: system_server: cpu_ctrl set cpu freq: 1358000 -1 1091000 -1
10-08 16:14:37.730 808 870 I libPowerHal: [PE] system_server update cmd:10000100, param:2
10-08 16:14:37.730 1551 1567 D SensorService: disable reset the lastEvent handle = 1 in disable
10-08 16:14:37.732 3761 3761 I Athena : SwipeUpClearAction: stop type is 2
10-08 16:14:37.734 1551 3481 D SensorService: ~SensorEventConnection(0xb400007b923efdc0)
10-08 16:14:37.734 1551 3481 D SensorService: 3 active sensors
10-08 16:14:37.734 1551 3481 D SensorService: removing connection 0xb400007b923efdc0 for sensor[0].handle=0x0000000b
10-08 16:14:37.734 1551 3481 D SensorService: removing connection 0xb400007b923efdc0 for sensor[1].handle=0x0000000e
10-08 16:14:37.734 1551 3481 D SensorService: removing connection 0xb400007b923efdc0 for sensor[2].handle=0x00000017
10-08 16:14:37.734 3761 3761 I Athena : OppoClearSystemService : F [10061][com.android.mms], userId: 0, reason: 40
10-08 16:14:37.736 1551 3481 I ActivityManager: Force stopping com.android.mms appid=10061 user=0: from pid 3761
10-08 16:14:37.736 2530 2658 I [0]DCS-StrategyManager: isNeedUpload: true, type: 2006, appID: 20002, logTag: CreateAndDestroy, eventID: 200028501
10-08 16:14:37.736 1551 3481 W ContextImpl: Calling a method in the system process without a qualified user: android.app.ContextImpl.sendBroadcast:1143 com.android.server.am.OppoExtraActivityManagerService.setKeyLockModeNormal:51 com.android.server.am.ActivityManagerService.forceStopPackageLocked:5380 com.android.server.am.ActivityManagerService.forceStopPackageLocked:5220 com.android.server.am.ActivityManagerService.forceStopPackage:4969
10-08 16:14:37.737 1551 3481 I ActivityManager: Killing 30028:com.android.mms/u0a61 (adj 0): stop com.android.mms due to from pid 3761
10-08 16:14:37.740 1551 3481 W ActivityTaskManager: Force removing ActivityRecord{c320c40 u0 com.android.mms/.ui.ConversationList t15106 f}}: app died, no saved state
10-08 16:14:37.741 828 828 D OppoExLayer: ~Layer() sequence=3630, name=ActivityRecord{3d9d81e u0 com.android.mms/.ui.conversation.ConversationActivity#0@0xb400007673025000
10-08 16:14:37.741 808 870 I libPowerHal: [perfNotifyAppState] pack:com.android.mms, pid:30028, STATE_DEAD
10-08 16:14:37.741 808 870 D RilUtility: notify_rild_crash_pid_set certPid:-1, crash:30028, scn:0x0
10-08 16:14:37.743 1551 3481 D WindowManager: removeChild,stack:Task{a8ae779 #15106 visible=true type=standard mode=fullscreen translucent=true A=10061:com.android.mms U=0 StackId=15106 sz=0}
10-08 16:14:37.743 1551 3481 D WindowManager: java.lang.Throwable
10-08 16:14:37.743 1551 3481 D WindowManager: at com.android.server.wm.TaskDisplayArea.removeChild(TaskDisplayArea.java:366)
10-08 16:14:37.743 1551 3481 D WindowManager: at com.android.server.wm.TaskDisplayArea.removeChild(TaskDisplayArea.java:102)
10-08 16:14:37.743 1551 3481 D WindowManager: at com.android.server.wm.WindowContainer.removeImmediately(WindowContainer.java:629)
10-08 16:14:37.743 1551 3481 D WindowManager: at com.android.server.wm.Task.removeImmediately(Task.java:2932)
10-08 16:14:37.743 1551 3481 D WindowManager: at com.android.server.wm.Task.removeIfPossible(Task.java:682)
10-08 16:14:37.743 1551 3481 D WindowManager: at com.android.server.wm.Task.removeChild(Task.java:1559)
10-08 16:14:37.743 1551 3481 D WindowManager: at com.android.server.wm.Task.removeChild(Task.java:1497)
10-08 16:14:37.743 1551 3481 D WindowManager: at com.android.server.wm.WindowContainer.removeImmediately(WindowContainer.java:629)
10-08 16:14:37.743 1551 3481 D WindowManager: at com.android.server.wm.WindowToken.removeImmediately(WindowToken.java:402)
10-08 16:14:37.743 1551 3481 D WindowManager: at com.android.server.wm.ActivityRecord.removeImmediately(ActivityRecord.java:3403)
10-08 16:14:37.743 1551 3481 D WindowManager: at com.android.server.wm.ActivityRecord.removeIfPossible(ActivityRecord.java:3410)
10-08 16:14:37.743 1551 3481 D WindowManager: at com.android.server.wm.ActivityRecord.onRemovedFromDisplay(ActivityRecord.java:3495)
10-08 16:14:37.743 1551 3481 D WindowManager: at com.android.server.wm.DisplayContent.removeAppToken(DisplayContent.java:1296)
10-08 16:14:37.743 1551 3481 D WindowManager: at com.android.server.wm.ActivityRecord.removeAppTokenFromDisplay(ActivityRecord.java:2167)
10-08 16:14:37.743 1551 3481 D WindowManager: at com.android.server.wm.ActivityRecord.removeFromHistory(ActivityRecord.java:3195)
10-08 16:14:37.743 1551 3481 D WindowManager: at com.android.server.wm.ActivityStack$RemoveHistoryRecordsForApp.processActivity(ActivityStack.java:578)
10-08 16:14:37.743 1551 3481 D WindowManager: at com.android.server.wm.ActivityStack$RemoveHistoryRecordsForApp.process(ActivityStack.java:488)
10-08 16:14:37.743 1551 3481 D WindowManager: at com.android.server.wm.ActivityStack.handleAppDied(ActivityStack.java:3153)
10-08 16:14:37.743 1551 3481 D WindowManager: at com.android.server.wm.RootWindowContainer.handleAppDied(RootWindowContainer.java:3353)
10-08 16:14:37.743 1551 3481 D WindowManager: at com.android.server.wm.ActivityTaskManagerService$LocalService.handleAppDied(ActivityTaskManagerService.java:7181)
10-08 16:14:37.743 1551 3481 D WindowManager: at com.android.server.am.ActivityManagerService.handleAppDiedLocked(ActivityManagerService.java:4140)
10-08 16:14:37.743 1551 3481 D WindowManager: at com.android.server.am.ProcessList.removeProcessLocked(ProcessList.java:3020)
10-08 16:14:37.743 1551 3481 D WindowManager: at com.android.server.am.ProcessList.killPackageProcessesLocked(ProcessList.java:2957)
10-08 16:14:37.743 1551 3481 D WindowManager: at com.android.server.am.ActivityManagerService.forceStopPackageLocked(ActivityManagerService.java:5385)
10-08 16:14:37.743 1551 3481 D WindowManager: at com.android.server.am.ActivityManagerService.forceStopPackageLocked(ActivityManagerService.java:5220)
10-08 16:14:37.743 1551 3481 D WindowManager: at com.android.server.am.ActivityManagerService.forceStopPackage(ActivityManagerService.java:4969)
10-08 16:14:37.743 1551 3481 D WindowManager: at android.app.ActivityManager.forceStopPackageAsUser(ActivityManager.java:4008)
10-08 16:14:37.743 1551 3481 D WindowManager: at com.coloros.exsystemservice.b.c.a(OppoKillerManagerService.java:353)
10-08 16:14:37.743 1551 3481 D WindowManager: at com.coloros.exsystemservice.b.c.a(OppoKillerManagerService.java:2278)
10-08 16:14:37.743 1551 3481 D WindowManager: at com.coloros.exsystemservice.b.c$a.onTransact(OppoKillerManagerService.java:439)
10-08 16:14:37.743 1551 3481 D WindowManager: at android.os.Binder.execTransactInternal(Binder.java:1161)
10-08 16:14:37.743 1551 3481 D WindowManager: at android.os.Binder.execTransact(Binder.java:1130)
10-08 16:14:37.751 1551 3481 E OppoKillerManagerService: force stop [0, com.android.mms, reason: 40]
10-08 16:14:37.752 1551 1551 I OppoPhoneWindowManager: KeyLockModeReceiver KeyLockMode: 0 ProcessName: com.android.mms
10-08 16:14:37.756 2481 2481 E PhoneInterfaceManager: [PhoneIntfMgr] getCarrierPackageNamesForIntentAndPhone: No UICC
10-08 16:14:37.756 2481 2481 D CarrierSvcBindHelper: No carrier app for: 0
10-08 16:14:37.756 1551 1572 D OplusAppBwCore: onUidImportance: 10061, 1000
10-08 16:14:37.757 2481 2481 E PhoneInterfaceManager: [PhoneIntfMgr] getCarrierPackageNamesForIntentAndPhone: No UICC
10-08 16:14:37.757 2481 2481 D CarrierSvcBindHelper: No carrier app for: 1
10-08 16:14:37.757 828 828 D OppoExLayer: ~Layer() sequence=3492, name=Task=15106#0@0xb40000766677f000
10-08 16:14:37.757 828 828 D OppoExLayer: ~Layer() sequence=3493, name=ActivityRecord{c320c40 u0 com.android.mms/.ui.ConversationList#0@0xb40000767304c000
10-08 16:14:37.757 828 828 D OppoExLayer: ~Layer() sequence=3501, name=e555dd6 com.android.mms/com.android.mms.ui.ConversationList#0@0xb400007652dfb000
10-08 16:14:37.759 1551 2925 D ColorAppListInterceptManager: shouldFilterTask
10-08 16:14:37.759 1551 2925 D ColorAppListInterceptManager: shouldFilterTask::packageName = com.android.contacts
10-08 16:14:37.759 1551 2925 D ColorAppListInterceptManager: shouldFilterTask
10-08 16:14:37.759 1551 2925 D ColorAppListInterceptManager: shouldFilterTask::packageName = com.jlpay.merch
10-08 16:14:37.759 1551 2925 D ColorAppListInterceptManager: shouldFilterTask
10-08 16:14:37.759 1551 2925 D ColorAppListInterceptManager: shouldFilterTask::packageName = com.github.uiautomator
10-08 16:14:37.761 6166 14903 E RemoteGuardClient.DWB.ActivityMonitor: onProcessDied com.android.mms pid = 30028 uid = 10061
10-08 16:14:37.761 1551 3481 D ColorAppListInterceptManager: shouldFilterTask
10-08 16:14:37.761 1551 3481 D ColorAppListInterceptManager: shouldFilterTask::packageName = com.android.contacts
10-08 16:14:37.762 1551 3481 D ColorAppListInterceptManager: shouldFilterTask
10-08 16:14:37.762 1551 3481 D ColorAppListInterceptManager: shouldFilterTask::packageName = com.jlpay.merch
10-08 16:14:37.762 1551 3481 D ColorAppListInterceptManager: shouldFilterTask
10-08 16:14:37.762 1551 3481 D ColorAppListInterceptManager: shouldFilterTask::packageName = com.github.uiautomator
10-08 16:14:37.762 6166 6231 I RemoteGuardClient.DWB.ActivityMonitor: topActivities = []
10-08 16:14:37.777 808 870 I libPowerHal: [perfLockRel] hdl:2695, idx:2
10-08 16:14:37.777 808 870 I libPowerHal: [PD] scn:2 hdl:2695 hint:25 comm:mtkpower@1.0-se pid:808
10-08 16:14:37.777 808 870 I libPowerHal: [PD] MTKPOWER_HINT_APP_TOUCH update cmd:3408600 param:0
10-08 16:14:37.778 2509 2509 D ViewRootImpl[Launcher]: processMotionEvent MotionEvent { action=ACTION_UP, actionButton=0, id[0]=0, x[0]=801.0, y[0]=745.0, toolType[0]=TOOL_TYPE_FINGER, buttonState=0, classification=NONE, metaState=0, flags=0x0, edgeFlags=0x0, pointerCount=1, historySize=0, eventTime=10187113, downTime=10187023, deviceId=4, source=0x1002, displayId=0 }
10-08 16:14:37.779 2509 2509 D ViewRootImpl[Launcher]: dispatchPointerEvent handled=true, event=MotionEvent { action=ACTION_UP, actionButton=0, id[0]=0, x[0]=801.0, y[0]=745.0, toolType[0]=TOOL_TYPE_FINGER, buttonState=0, classification=NONE, metaState=0, flags=0x0, edgeFlags=0x0, pointerCount=1, historySize=0, eventTime=10187113, downTime=10187023, deviceId=4, source=0x1002, displayId=0 }
10-08 16:14:37.779 2509 2753 V SensorManager: RegisterListener bmi160 ACCELEROMETER type:1 delay:200000us by android.view.OrientationEventListener$SensorEventListenerImpl
10-08 16:14:37.779 762 762 D ORMS_HAL: OrmsHalService write file /proc/sys/kernel/slide_boost_enabled - 0.
10-08 16:14:37.780 762 762 D ORMS_HAL: OrmsHalService write file /proc/sys/kernel/slide_boost_enabled - 1.
10-08 16:14:37.780 1551 1828 I mtkpower_client: perf_lock_rel, hdl:2697, tid:1828
10-08 16:14:37.780 1551 1828 I mtkpower_client: perf_lock_acq, hdl:2697, dur:0, num:8, tid:1828
10-08 16:14:37.781 808 870 I libPowerHal: [perfLockRel] hdl:2697, idx:0
10-08 16:14:37.781 808 870 I libPowerHal: [PD] scn:0 hdl:2697 lock_user:system_server pid:1551 tid:1828 dur:0
10-08 16:14:37.781 1551 2925 W SensorService: SensorEventConnection sensor handle=1, package = android.view.OrientationEventListener enable
10-08 16:14:37.781 1551 2925 D SensorService: OplusSensorServiceUtils, sensorType=1
10-08 16:14:37.781 1551 2925 D SensorService: Calling batch handle==1 flags=0rate=80000000 timeout== 0
10-08 16:14:37.781 1551 2925 D SensorService: SensorDevice::batch: ident=0xb400007b9060f940, handle=0x00000001, flags=0, period_ns=80000000 timeout=0
10-08 16:14:37.781 1551 2925 D SensorService: >>> curr_period=9223372036854775807 min_period=80000000 curr_timeout=0 min_timeout=0
10-08 16:14:37.781 1551 2925 D SensorService: >>> actuating h/w BATCH 0x00000001 80000000 0
10-08 16:14:37.781 808 870 I libPowerHal: system_server: cpu_ctrl set cpu freq: -1 -1 -1 -1
10-08 16:14:37.781 808 870 I libPowerHal: [PD] system_server update cmd:10000100 param:2
10-08 16:14:37.781 1113 1113 I OriginChannel: batch: [1,80000000,0]
10-08 16:14:37.782 1551 2925 D SensorService: recordConnection in enable
10-08 16:14:37.782 1551 2925 D SensorService: Calling activate on 1
10-08 16:14:37.782 1551 2925 D SensorService: SensorDevice::activate: ident=0xb400007b9060f940, handle=0x00000001, enabled=1, count=1
10-08 16:14:37.782 1551 2925 D SensorService: enable index=0
10-08 16:14:37.782 1551 2925 D SensorService: SensorDevice::checkForIdent info.numActiveClients()=1, ident=0xb400007b9060f940, handle=1, eanble=1, isFusion=0
10-08 16:14:37.782 1551 2925 D SensorService: >>> actuating h/w activate ident = 0xb400007b9060f940, handle=1 enabled=1
10-08 16:14:37.782 1551 2925 D SensorService: >>> actuating h/w activate handle=1 enabled=1
10-08 16:14:37.782 1113 1113 I OriginChannel: activate: [1,1]
10-08 16:14:37.782 1551 1828 I mtkpower_client: ret_hdl:2698
10-08 16:14:37.782 808 870 I libPowerHal: [perfLockAcq] idx:0 hdl:2698 hint:-1 pid:1551 duration:0 => ret_hdl:2698
10-08 16:14:37.782 808 870 I libPowerHal: [PE] scn:0 hdl:2698 lock_user:system_server pid:1551 tid:1828 dur:0
10-08 16:14:37.783 808 870 I libPowerHal: system_server: cpu_ctrl set cpu freq: 1358000 -1 1091000 -1
10-08 16:14:37.783 808 870 I libPowerHal: [PE] system_server update cmd:10000100, param:2
10-08 16:14:37.785 1551 2925 D ColorAppListInterceptManager: shouldFilterTask
10-08 16:14:37.785 1551 2925 D ColorAppListInterceptManager: shouldFilterTask::packageName = com.android.contacts
10-08 16:14:37.785 1551 2925 D ColorAppListInterceptManager: shouldFilterTask
10-08 16:14:37.785 1551 2925 D ColorAppListInterceptManager: shouldFilterTask::packageName = com.jlpay.merch
10-08 16:14:37.801 1551 2042 D DisplayManagerService: Display listener for pid 30028 died.
10-08 16:14:37.801 1551 2554 D SensorService: ~SensorEventConnection(0xb400007b923f3c40)
10-08 16:14:37.801 1551 2554 D SensorService: 4 active sensors
10-08 16:14:37.801 1551 2554 D SensorService: removing connection 0xb400007b923f3c40 for sensor[0].handle=0x00000001
10-08 16:14:37.801 1551 2554 D SensorService: removing connection 0xb400007b923f3c40 for sensor[1].handle=0x0000000b
10-08 16:14:37.801 1551 2554 D SensorService: removing connection 0xb400007b923f3c40 for sensor[2].handle=0x0000000e
10-08 16:14:37.801 1551 2554 D SensorService: removing connection 0xb400007b923f3c40 for sensor[3].handle=0x00000017
10-08 16:14:37.801 1551 1574 W ActivityManager: setHasOverlayUi called on unknown pid: 30028
10-08 16:14:37.801 748 748 I Zygote : Process 30028 exited due to signal 9 (Killed)
10-08 16:14:37.802 6632 6632 I InputTransport: Destroy ARC handle: 0xb0392280
10-08 16:14:37.803 1150 1291 D BufferPoolAccessor2.0: bufferpool2 0xb40000794c4b3428 : 0(0 size) total buffers - 0(0 size) used buffers - 17/20 (recycle/alloc) - 3/19 (fetch/transfer)
10-08 16:14:37.804 1150 1291 D BufferPoolAccessor2.0: Destruction - bufferpool2 0xb40000794c4b3428 cached: 0/0M, 0/0% in use; allocs: 20, 85% recycled; transfers: 19, 84% unfetched
10-08 16:14:37.827 1551 1591 I libprocessgroup: Successfully killed process cgroup uid 10061 pid 30028 in 88ms
10-08 16:14:37.876 828 1304 I BufferQueueProducer: [com.oppo.launcher/com.oppo.launcher.Launcher#0](this:0xb400007666717658,id:601,api:1,p:2509,c:828) queueBuffer: fps=60.85 dur=1002.42 max=22.70 min=10.40
10-08 16:14:37.941 2509 2509 D KillAppWrapper: forceStopIfNeeded: task = [id=15105 windowingMode=1 user=0 lastActiveTime=21274116] 拨号
10-08 16:14:37.941 828 1311 E SurfaceFlinger: Permission Denial: can't access SurfaceFlinger pid=0, uid=10062
10-08 16:14:37.941 828 1311 I surfaceflinger: oneway function results will be dropped but finished with status PERMISSION_DENIED and parcel size 0
10-08 16:14:37.941 1551 1828 E ORMS_CORE: Unsupported action!!!
10-08 16:14:37.948 3761 3761 I Athena : AthenaService: onStartCommand action: oppo.intent.action.REQUEST_CLEAR_SPEC_APP
10-08 16:14:37.950 6848 6848 I DialtactsFragment: onDestroy
10-08 16:14:37.957 3761 3761 D VersionUtils: Get OsVersion Exception : java.lang.NoSuchFieldException: OplusOS_11_3
10-08 16:14:37.961 3761 3761 I chatty : uid=1000(system) com.coloros.athena identical 4 lines
10-08 16:14:37.962 3761 3761 D VersionUtils: Get OsVersion Exception : java.lang.NoSuchFieldException: OplusOS_11_3
10-08 16:14:37.968 3761 3761 I Athena : SwipeUpClearAction: stop type is 2
10-08 16:14:37.977 6848 6848 D View : [Warning] assignParent to null: this = DecorView@c5d51d3[DialtactsActivityAlias]
10-08 16:14:37.982 6848 6848 I InputTransport: Destroy ARC handle: 0xca5f3950
10-08 16:14:37.984 1551 2554 D WindowManager: removeChild,stack:Task{bc4ba99 #15105 visible=true type=standard mode=fullscreen translucent=true A=10284:android.task.contacts U=0 StackId=15105 sz=0}
10-08 16:14:37.984 1551 2554 D WindowManager: java.lang.Throwable
10-08 16:14:37.984 1551 2554 D WindowManager: at com.android.server.wm.TaskDisplayArea.removeChild(TaskDisplayArea.java:366)
10-08 16:14:37.984 1551 2554 D WindowManager: at com.android.server.wm.TaskDisplayArea.removeChild(TaskDisplayArea.java:102)
10-08 16:14:37.984 1551 2554 D WindowManager: at com.android.server.wm.WindowContainer.removeImmediately(WindowContainer.java:629)
10-08 16:14:37.984 1551 2554 D WindowManager: at com.android.server.wm.Task.removeImmediately(Task.java:2932)
10-08 16:14:37.984 1551 2554 D WindowManager: at com.android.server.wm.Task.removeIfPossible(Task.java:682)
10-08 16:14:37.984 1551 2554 D WindowManager: at com.android.server.wm.Task.removeChild(Task.java:1559)
10-08 16:14:37.984 1551 2554 D WindowManager: at com.android.server.wm.Task.removeChild(Task.java:1497)
10-08 16:14:37.984 1551 2554 D WindowManager: at com.android.server.wm.WindowContainer.removeImmediately(WindowContainer.java:629)
10-08 16:14:37.984 1551 2554 D WindowManager: at com.android.server.wm.WindowToken.removeImmediately(WindowToken.java:402)
10-08 16:14:37.984 1551 2554 D WindowManager: at com.android.server.wm.ActivityRecord.removeImmediately(ActivityRecord.java:3403)
10-08 16:14:37.984 1551 2554 D WindowManager: at com.android.server.wm.ActivityRecord.removeIfPossible(ActivityRecord.java:3410)
10-08 16:14:37.984 1551 2554 D WindowManager: at com.android.server.wm.ActivityRecord.onRemovedFromDisplay(ActivityRecord.java:3495)
10-08 16:14:37.984 1551 2554 D WindowManager: at com.android.server.wm.DisplayContent.removeAppToken(DisplayContent.java:1296)
10-08 16:14:37.984 1551 2554 D WindowManager: at com.android.server.wm.ActivityRecord.removeAppTokenFromDisplay(ActivityRecord.java:2167)
10-08 16:14:37.984 1551 2554 D WindowManager: at com.android.server.wm.ActivityRecord.removeFromHistory(ActivityRecord.java:3195)
10-08 16:14:37.984 1551 2554 D WindowManager: at com.android.server.wm.ActivityRecord.destroyed(ActivityRecord.java:3238)
10-08 16:14:37.984 1551 2554 D WindowManager: at com.android.server.wm.ActivityTaskManagerService.activityDestroyed(ActivityTaskManagerService.java:2090)
10-08 16:14:37.984 1551 2554 D WindowManager: at android.app.IActivityTaskManager$Stub.onTransact(IActivityTaskManager.java:1995)
10-08 16:14:37.984 1551 2554 D WindowManager: at com.android.server.wm.OppoActivityTaskManagerService.onTransact(OppoActivityTaskManagerService.java:174)
10-08 16:14:37.984 1551 2554 D WindowManager: at android.os.Binder.execTransactInternal(Binder.java:1166)
10-08 16:14:37.984 1551 2554 D WindowManager: at android.os.Binder.execTransact(Binder.java:1130)
10-08 16:14:37.987 828 828 D OppoExLayer: ~Layer() sequence=3477, name=31df15a com.android.contacts/com.android.contacts.DialtactsActivityAlias#0@0xb400007673127000
10-08 16:14:37.989 1551 2554 D ColorAppListInterceptManager: shouldFilterTask
10-08 16:14:37.989 1551 2554 D ColorAppListInterceptManager: shouldFilterTask::packageName = com.jlpay.merch
10-08 16:14:37.990 1551 2554 D ColorAppListInterceptManager: shouldFilterTask
10-08 16:14:37.990 1551 2554 D ColorAppListInterceptManager: shouldFilterTask::packageName = com.github.uiautomator
10-08 16:14:37.993 1551 2554 D ColorAppListInterceptManager: shouldFilterTask
10-08 16:14:37.993 1551 2554 D ColorAppListInterceptManager: shouldFilterTask::packageName = com.jlpay.merch
10-08 16:14:37.993 1551 2554 D ColorAppListInterceptManager: shouldFilterTask
10-08 16:14:37.993 1551 2554 D ColorAppListInterceptManager: shouldFilterTask::packageName = com.github.uiautomator
10-08 16:14:38.003 828 828 D OppoExLayer: ~Layer() sequence=3468, name=Task=15105#0@0xb4000076730b0000
10-08 16:14:38.003 828 828 D OppoExLayer: ~Layer() sequence=3469, name=ActivityRecord{ef0b7e0 u0 com.android.contacts/.DialtactsActivityAlias#0@0xb4000076731d6000
10-08 16:14:38.043 1551 4176 D ColorAppListInterceptManager: shouldFilterTask
10-08 16:14:38.043 1551 4176 D ColorAppListInterceptManager: shouldFilterTask::packageName = com.jlpay.merch
10-08 16:14:38.044 1551 4176 D ColorAppListInterceptManager: shouldFilterTask
10-08 16:14:38.044 1551 4176 D ColorAppListInterceptManager: shouldFilterTask::packageName = com.github.uiautomator
10-08 16:14:38.312 808 870 I libPowerHal: [perfLockAcq] idx:2 hdl:2699 hint:25 pid:808 duration:10000 => ret_hdl:2699
10-08 16:14:38.312 808 870 I libPowerHal: [PE] scn:2 hdl:2699 hint:25 comm:mtkpower@1.0-se pid:808
10-08 16:14:38.312 808 870 I libPowerHal: [PE] MTKPOWER_HINT_APP_TOUCH update cmd:3408600 param:1
10-08 16:14:38.312 762 762 D ORMS_HAL: OrmsHalService write file /proc/sys/kernel/slide_boost_enabled - 0.
10-08 16:14:38.312 2509 2509 D ViewRootImpl: enqueueInputEventMotionEvent { action=ACTION_DOWN, actionButton=0, id[0]=0, x[0]=553.0, y[0]=1089.0, toolType[0]=TOOL_TYPE_FINGER, buttonState=0, classification=NONE, metaState=0, flags=0x0, edgeFlags=0x0, pointerCount=1, historySize=0, eventTime=10187647, downTime=10187647, deviceId=4, source=0x1002, displayId=0 }
10-08 16:14:38.312 2509 2509 D ViewRootImpl[Launcher]: processMotionEvent MotionEvent { action=ACTION_DOWN, actionButton=0, id[0]=0, x[0]=553.0, y[0]=1089.0, toolType[0]=TOOL_TYPE_FINGER, buttonState=0, classification=NONE, metaState=0, flags=0x0, edgeFlags=0x0, pointerCount=1, historySize=0, eventTime=10187647, downTime=10187647, deviceId=4, source=0x1002, displayId=0 }
10-08 16:14:38.312 2509 2509 D FlingAndToggleTouchController: canInterceptTouch: cameFromNavBar = false, mStartState = 2
10-08 16:14:38.312 762 762 D ORMS_HAL: OrmsHalService write file /proc/sys/kernel/slide_boost_enabled - 1.
10-08 16:14:38.313 2509 2509 D ViewRootImpl[Launcher]: dispatchPointerEvent handled=true, event=MotionEvent { action=ACTION_DOWN, actionButton=0, id[0]=0, x[0]=553.0, y[0]=1089.0, toolType[0]=TOOL_TYPE_FINGER, buttonState=0, classification=NONE, metaState=0, flags=0x0, edgeFlags=0x0, pointerCount=1, historySize=0, eventTime=10187647, downTime=10187647, deviceId=4, source=0x1002, displayId=0 }
10-08 16:14:38.313 1551 1828 I mtkpower_client: perf_lock_rel, hdl:2698, tid:1828
10-08 16:14:38.313 1551 1828 I mtkpower_client: perf_lock_acq, hdl:2698, dur:0, num:8, tid:1828
10-08 16:14:38.314 808 870 I libPowerHal: [perfLockRel] hdl:2698, idx:0
10-08 16:14:38.314 808 870 I libPowerHal: [PD] scn:0 hdl:2698 lock_user:system_server pid:1551 tid:1828 dur:0
10-08 16:14:38.314 808 870 I libPowerHal: system_server: cpu_ctrl set cpu freq: -1 -1 -1 -1
10-08 16:14:38.314 808 870 I libPowerHal: [PD] system_server update cmd:10000100 param:2
10-08 16:14:38.315 1551 1828 I mtkpower_client: ret_hdl:2700
10-08 16:14:38.315 808 870 I libPowerHal: [perfLockAcq] idx:0 hdl:2700 hint:-1 pid:1551 duration:0 => ret_hdl:2700
10-08 16:14:38.315 808 870 I libPowerHal: [PE] scn:0 hdl:2700 lock_user:system_server pid:1551 tid:1828 dur:0
10-08 16:14:38.316 808 870 I libPowerHal: system_server: cpu_ctrl set cpu freq: 1358000 -1 1091000 -1
10-08 16:14:38.316 808 870 I libPowerHal: [PE] system_server update cmd:10000100, param:2
10-08 16:14:38.332 2509 2753 V SensorManager: unRegisterListener by android.view.OrientationEventListener$SensorEventListenerImpl
10-08 16:14:38.332 1551 4176 W SensorService: SensorEventConnection sensor handle=1, package = android.view.OrientationEventListener disable
10-08 16:14:38.332 1551 4176 D SensorService: disable Autolock Start SensorEventConnection = android.view.OrientationEventListener ,handle = 1
10-08 16:14:38.332 1551 4176 D SensorService: disable Autolock SensorEventConnection = android.view.OrientationEventListener ,handle = 1
10-08 16:14:38.332 1551 4176 D SensorService: recordConnection in disable
10-08 16:14:38.332 1551 4176 D SensorService: SensorDevice::activate: ident=0xb400007b9060f940, handle=0x00000001, enabled=0, count=1
10-08 16:14:38.332 1551 4176 D SensorService: disable index=0
10-08 16:14:38.332 762 762 D ORMS_HAL: OrmsHalService write file /proc/sys/kernel/slide_boost_enabled - 0.
10-08 16:14:38.332 1551 4176 D SensorService: SensorDevice::checkForIdent info.numActiveClients()=1, ident=0xb400007b9060f940, handle=1, eanble=0, isFusion=0
10-08 16:14:38.332 1551 4176 D SensorService: SensorDevice::checkForIdent, ident=0xb400007b9060f940 info.mIdentCount=1
10-08 16:14:38.332 1551 4176 D SensorService: >>> actuating h/w activate ident = 0xb400007b9060f940, handle=1 enabled=0
10-08 16:14:38.332 1551 4176 D SensorService: >>> actuating h/w activate handle=1 enabled=0
10-08 16:14:38.333 1113 1113 I OriginChannel: activate: [1,0]
10-08 16:14:38.333 762 762 D ORMS_HAL: OrmsHalService write file /proc/sys/kernel/slide_boost_enabled - 1.
10-08 16:14:38.333 1551 1828 I mtkpower_client: perf_lock_rel, hdl:2700, tid:1828
10-08 16:14:38.333 1551 1828 I mtkpower_client: perf_lock_acq, hdl:2700, dur:0, num:8, tid:1828
10-08 16:14:38.334 808 870 I libPowerHal: [perfLockRel] hdl:2700, idx:0
10-08 16:14:38.334 808 870 I libPowerHal: [PD] scn:0 hdl:2700 lock_user:system_server pid:1551 tid:1828 dur:0
10-08 16:14:38.334 808 870 I libPowerHal: system_server: cpu_ctrl set cpu freq: -1 -1 -1 -1
10-08 16:14:38.334 1551 4176 D SensorService: reset the mRecentEvent handle = 1
10-08 16:14:38.335 1551 4176 D SensorService: disable reset the lastEvent handle = 1 in disable
10-08 16:14:38.335 808 870 I libPowerHal: [PD] system_server update cmd:10000100 param:2
10-08 16:14:38.335 1551 2554 D SensorService: ~SensorEventConnection(0xb400007b9060f940)
10-08 16:14:38.335 1551 2554 D SensorService: 3 active sensors
10-08 16:14:38.335 1551 1828 I mtkpower_client: ret_hdl:2701
10-08 16:14:38.335 1551 2554 D SensorService: removing connection 0xb400007b9060f940 for sensor[0].handle=0x0000000b
10-08 16:14:38.335 1551 2554 D SensorService: removing connection 0xb400007b9060f940 for sensor[1].handle=0x0000000e
10-08 16:14:38.335 1551 2554 D SensorService: removing connection 0xb400007b9060f940 for sensor[2].handle=0x00000017
10-08 16:14:38.335 808 870 I libPowerHal: [perfLockAcq] idx:0 hdl:2701 hint:-1 pid:1551 duration:0 => ret_hdl:2701
10-08 16:14:38.335 808 870 I libPowerHal: [PE] scn:0 hdl:2701 lock_user:system_server pid:1551 tid:1828 dur:0
10-08 16:14:38.336 808 870 I libPowerHal: system_server: cpu_ctrl set cpu freq: 1358000 -1 1091000 -1
10-08 16:14:38.336 808 870 I libPowerHal: [PE] system_server update cmd:10000100, param:2
10-08 16:14:38.376 808 870 I libPowerHal: [perfLockRel] hdl:2699, idx:2
10-08 16:14:38.376 808 870 I libPowerHal: [PD] scn:2 hdl:2699 hint:25 comm:mtkpower@1.0-se pid:808
10-08 16:14:38.377 808 870 I libPowerHal: [PD] MTKPOWER_HINT_APP_TOUCH update cmd:3408600 param:0
10-08 16:14:38.377 2509 2509 D ViewRootImpl[Launcher]: processMotionEvent MotionEvent { action=ACTION_UP, actionButton=0, id[0]=0, x[0]=801.0, y[0]=591.0, toolType[0]=TOOL_TYPE_FINGER, buttonState=0, classification=NONE, metaState=0, flags=0x0, edgeFlags=0x0, pointerCount=1, historySize=0, eventTime=10187712, downTime=10187647, deviceId=4, source=0x1002, displayId=0 }
10-08 16:14:38.378 2509 2509 D ViewRootImpl[Launcher]: dispatchPointerEvent handled=true, event=MotionEvent { action=ACTION_UP, actionButton=0, id[0]=0, x[0]=801.0, y[0]=591.0, toolType[0]=TOOL_TYPE_FINGER, buttonState=0, classification=NONE, metaState=0, flags=0x0, edgeFlags=0x0, pointerCount=1, historySize=0, eventTime=10187712, downTime=10187647, deviceId=4, source=0x1002, displayId=0 }
10-08 16:14:38.378 2509 2753 V SensorManager: RegisterListener bmi160 ACCELEROMETER type:1 delay:200000us by android.view.OrientationEventListener$SensorEventListenerImpl
10-08 16:14:38.378 762 762 D ORMS_HAL: OrmsHalService write file /proc/sys/kernel/slide_boost_enabled - 0.
10-08 16:14:38.378 762 762 D ORMS_HAL: OrmsHalService write file /proc/sys/kernel/slide_boost_enabled - 1.
10-08 16:14:38.379 1551 1828 I mtkpower_client: perf_lock_rel, hdl:2701, tid:1828
10-08 16:14:38.379 1551 1828 I mtkpower_client: perf_lock_acq, hdl:2701, dur:0, num:8, tid:1828
10-08 16:14:38.379 808 870 I libPowerHal: [perfLockRel] hdl:2701, idx:0
10-08 16:14:38.379 808 870 I libPowerHal: [PD] scn:0 hdl:2701 lock_user:system_server pid:1551 tid:1828 dur:0
10-08 16:14:38.380 808 870 I libPowerHal: system_server: cpu_ctrl set cpu freq: -1 -1 -1 -1
10-08 16:14:38.380 1551 2554 W SensorService: SensorEventConnection sensor handle=1, package = android.view.OrientationEventListener enable
10-08 16:14:38.380 808 870 I libPowerHal: [PD] system_server update cmd:10000100 param:2
10-08 16:14:38.380 1551 2554 D SensorService: OplusSensorServiceUtils, sensorType=1
10-08 16:14:38.380 1551 2554 D SensorService: Calling batch handle==1 flags=0rate=80000000 timeout== 0
10-08 16:14:38.380 1551 2554 D SensorService: SensorDevice::batch: ident=0xb400007b9060f940, handle=0x00000001, flags=0, period_ns=80000000 timeout=0
10-08 16:14:38.380 1551 2554 D SensorService: >>> curr_period=9223372036854775807 min_period=80000000 curr_timeout=0 min_timeout=0
10-08 16:14:38.380 1551 2554 D SensorService: >>> actuating h/w BATCH 0x00000001 80000000 0
10-08 16:14:38.380 1551 1828 I mtkpower_client: ret_hdl:2702
10-08 16:14:38.380 1113 1113 I OriginChannel: batch: [1,80000000,0]
10-08 16:14:38.380 1551 2554 D SensorService: recordConnection in enable
10-08 16:14:38.380 1551 2554 D SensorService: Calling activate on 1
10-08 16:14:38.380 1551 2554 D SensorService: SensorDevice::activate: ident=0xb400007b9060f940, handle=0x00000001, enabled=1, count=1
10-08 16:14:38.380 1551 2554 D SensorService: enable index=0
10-08 16:14:38.380 1551 2554 D SensorService: SensorDevice::checkForIdent info.numActiveClients()=1, ident=0xb400007b9060f940, handle=1, eanble=1, isFusion=0
10-08 16:14:38.380 1551 2554 D SensorService: >>> actuating h/w activate ident = 0xb400007b9060f940, handle=1 enabled=1
10-08 16:14:38.380 1551 2554 D SensorService: >>> actuating h/w activate handle=1 enabled=1
10-08 16:14:38.381 1113 1113 I OriginChannel: activate: [1,1]
10-08 16:14:38.381 808 870 I libPowerHal: [perfLockAcq] idx:0 hdl:2702 hint:-1 pid:1551 duration:0 => ret_hdl:2702
10-08 16:14:38.381 808 870 I libPowerHal: [PE] scn:0 hdl:2702 lock_user:system_server pid:1551 tid:1828 dur:0
10-08 16:14:38.381 808 870 I libPowerHal: system_server: cpu_ctrl set cpu freq: 1358000 -1 1091000 -1
10-08 16:14:38.381 808 870 I libPowerHal: [PE] system_server update cmd:10000100, param:2
10-08 16:14:38.404 1120 1222 D ULogGuard: Monitoring: 6 threads, 0 requests, 0 time-bombs; 1 guards. ResetFlags = 0x7
10-08 16:14:38.421 1140 1226 D AAL :
10-08 04:12:05.876 BL= 0,ESS= 256,
10-08 04:14:32.408 BL= 390,ESS= 256,
10-08 16:14:38.437 1551 1744 D WifiClientModeImpl: Rssi change too fast: 2 to 4; Count = 3
10-08 16:14:38.438 1551 1744 D WifiClientModeImpl: Rssi change too fast: so average level to 3
10-08 16:14:38.441 2061 2897 D WifiStatusTracker: handleBroadcast: shouldUpdateLabel: true
10-08 16:14:38.441 7782 7782 E NetworkMonitor: [getConnectionInfo] invoke
10-08 16:14:38.441 7782 7782 E NetworkMonitor: java.lang.Throwable
10-08 16:14:38.441 7782 7782 E NetworkMonitor: at com.tencent.mobileqq.qmethodmonitor.monitor.NetworkMonitor.getConnectionInfo(P:22)
10-08 16:14:38.441 7782 7782 E NetworkMonitor: at com.tencent.mobileqq.msf.core.u.D(P:676)
