10-08 16:14:34.846 17304 17304 W System.err: at com.gyf.barlibrary.ImmersionBar.initParams(ImmersionBar.java:140)
10-08 16:14:34.846 17304 17304 W System.err: at com.gyf.barlibrary.ImmersionBar.(ImmersionBar.java:76)
10-08 16:14:34.846 17304 17304 W System.err: at com.gyf.barlibrary.ImmersionBar.with(ImmersionBar.java:169)
10-08 16:14:34.846 17304 17304 W System.err: at com.jlpay.merch.ui.base.BaseActivity.onCreate(BaseActivity.java:50)
10-08 16:14:34.846 17304 17304 W System.err: at com.jlpay.merch.ui.base.BaseMvpActivity.onCreate(BaseMvpActivity.java:25)
10-08 16:14:34.846 17304 17304 W System.err: at com.jlpay.merch.ui.login.LoginActivity.onCreate(LoginActivity.java:129)
10-08 16:14:34.846 17304 17304 W System.err: at android.app.Activity.performCreate(Activity.java:8151)
10-08 16:14:34.846 17304 17304 W System.err: at android.app.Activity.performCreate(Activity.java:8135)
10-08 16:14:34.846 17304 17304 W System.err: at android.app.Instrumentation.callActivityOnCreate(Instrumentation.java:1309)
10-08 16:14:34.846 17304 17304 W System.err: at android.app.ActivityThread.performLaunchActivity(ActivityThread.java:3716)
10-08 16:14:34.846 17304 17304 W System.err: at android.app.ActivityThread.handleLaunchActivity(ActivityThread.java:3915)
10-08 16:14:34.846 17304 17304 W System.err: at android.app.servertransaction.LaunchActivityItem.execute(LaunchActivityItem.java:85)
10-08 16:14:34.846 17304 17304 W System.err: at android.app.servertransaction.TransactionExecutor.executeCallbacks(TransactionExecutor.java:135)
10-08 16:14:34.846 17304 17304 W System.err: at android.app.servertransaction.TransactionExecutor.execute(TransactionExecutor.java:95)
10-08 16:14:34.847 17304 17304 W System.err: at android.app.ActivityThread$H.handleMessage(ActivityThread.java:2334)
10-08 16:14:34.847 17304 17304 W System.err: at android.os.Handler.dispatchMessage(Handler.java:106)
10-08 16:14:34.847 17304 17304 W System.err: at android.os.Looper.loop(Looper.java:264)
10-08 16:14:34.847 17304 17304 W System.err: at android.app.ActivityThread.main(ActivityThread.java:8262)
10-08 16:14:34.847 17304 17304 W System.err: at java.lang.reflect.Method.invoke(Native Method)
10-08 16:14:34.847 17304 17304 W System.err: at com.android.internal.os.RuntimeInit$MethodAndArgsCaller.run(RuntimeInit.java:632)
10-08 16:14:34.847 17304 17304 W System.err: at com.android.internal.os.ZygoteInit.main(ZygoteInit.java:1049)
10-08 16:14:34.850 17304 17342 D PRETTY_LOGGER: ┌────────────────────────────────────────────────────────────────────────────────────────────────────────────────
10-08 16:14:34.850 17304 17342 D PRETTY_LOGGER: │ LogUtils.d (LogUtils.java:41)
10-08 16:14:34.850 17304 17342 D PRETTY_LOGGER: │ LogUtils.d (LogUtils.java:45)
10-08 16:14:34.850 17304 17342 D PRETTY_LOGGER: ├┄┄┄┄┄┄┄┄┄┄┄┄┄┄┄┄┄┄┄┄┄┄┄┄┄┄┄┄┄┄┄┄┄┄┄┄┄┄┄┄┄┄┄┄┄┄┄┄┄┄┄┄┄┄┄┄┄┄┄┄┄┄┄┄┄┄┄┄┄┄┄┄┄┄┄┄┄┄┄┄┄┄┄┄┄┄┄┄┄┄┄┄┄┄┄┄┄┄┄┄┄┄┄┄┄┄┄┄┄┄┄┄
10-08 16:14:34.850 17304 17342 D PRETTY_LOGGER: │ 隐私协议已更新:{"type":"4","type_desc":"嘉联支付","url":"https://static.jlpay.com/privacyPolicy/agreement_jlpay.html","version":"1"}
10-08 16:14:34.850 17304 17342 D PRETTY_LOGGER: └────────────────────────────────────────────────────────────────────────────────────────────────────────────────
10-08 16:14:34.850 17304 17342 W tlog : tlog isn't init,please call init() ,or initSync(bool) method !
10-08 16:14:34.869 17304 17304 E OplusCustomizeRestrictionManager: sInstance is null, start a new sInstance
10-08 16:14:34.899 2509 2893 D Launcher.: panicValue = false
10-08 16:14:34.950 17304 17304 V PhoneWindow: DecorView setVisiblity: visibility = 4, Parent = null, this = DecorView@509a7b[]
10-08 16:14:34.950 828 1304 I SurfaceFlinger: [SF client] NEW(0xb400007705e83ac0) for (17304:com.jlpay.merch)
10-08 16:14:34.952 17304 17304 D ColorViewRootUtil: initSwipState, isDisplayCompatApp false
10-08 16:14:34.952 17304 17304 D ColorViewRootUtil: mScreenHeight 2400, mScreenWidth 1080
10-08 16:14:34.955 17304 17304 D ViewRootImpl[LoginActivity]: hardware acceleration = true , fakeHwAccelerated = false, sRendererDisabled = false, forceHwAccelerated = false, sSystemRendererDisabled = false
10-08 16:14:34.957 1551 2616 D OppoDisplayPolicy: com.jlpay.merch, no change cutoutMode: 0
10-08 16:14:34.958 828 1304 D DispPerfService: get hint proc=c3cf11b com.jlpay.merch, idx=0 none
10-08 16:14:34.960 17304 17304 E libEGL : Invalid file path for libcolorx-loader.so
10-08 16:14:34.960 17304 17304 I chatty : uid=11253(com.jlpay.merch) identical 4 lines
10-08 16:14:34.960 17304 17304 E libEGL : Invalid file path for libcolorx-loader.so
10-08 16:14:34.960 17304 17304 I InputTransport: Create ARC handle: 0xb3e9a2f0
10-08 16:14:34.960 17304 17304 V PhoneWindow: DecorView setVisiblity: visibility = 0, Parent = android.view.ViewRootImpl@7b92b2d, this = DecorView@509a7b[LoginActivity]
10-08 16:14:34.961 17304 17345 W SQLiteLog: (28) double-quoted string literal: "FB3D782BC81527E1137F2BEC62E7D488"
10-08 16:14:34.961 17304 17345 W SQLiteLog: (28) double-quoted string literal: ""
10-08 16:14:34.962 17304 17345 W SQLiteLog: (28) double-quoted string literal: "FB3D782BC81527E1137F2BEC62E7D488"
10-08 16:14:34.962 17304 17345 W SQLiteLog: (28) double-quoted string literal: "-1"
10-08 16:14:34.963 6632 6632 V PhoneWindow: DecorView setVisiblity: visibility = 8, Parent = android.view.ViewRootImpl@e11845d, this = DecorView@b7e1d2[InputMethod]
10-08 16:14:34.966 828 828 D OppoExLayer: ~Layer() sequence=3798, name=Surface(name=6fe9210 NavigationBar0)/@0x783f63e - animation-leash#0@0xb400007652c12000
10-08 16:14:34.966 828 828 D OppoExLayer: ~Layer() sequence=3797, name=Surface(name=45bc124 StatusBar)/@0xd60b6f9 - animation-leash#1@0xb4000076661c1000
10-08 16:14:34.982 1551 1575 V ColorZoomWindowManagerService: onAnimationFinished: r = ActivityRecord{758ad27 u0 com.jlpay.merch/.ui.login.LoginActivity t15114}
10-08 16:14:34.982 1551 1575 I ColorAppSwitchManagerService: handleAppVisible , r = ActivityRecord{758ad27 u0 com.jlpay.merch/.ui.login.LoginActivity t15114}
10-08 16:14:34.983 1551 1575 I OplusMirageDisplayManagerService: onAnimationFinished:
10-08 16:14:34.983 1551 1575 V ColorZoomWindowManagerService: onAnimationFinished: r = ActivityRecord{a06f861 u0 com.jlpay.merch/.ui.start.SplashActivity t15114 f}}
10-08 16:14:34.983 1551 1575 I OplusMirageDisplayManagerService: onAnimationFinished:
10-08 16:14:34.986 1551 2616 D OppoDisplayPolicy: com.jlpay.merch, no change cutoutMode: 0
10-08 16:14:34.986 1551 2616 I WindowManager: Relayout Window{c3cf11b u0 com.jlpay.merch/com.jlpay.merch.ui.login.LoginActivity}: oldVis=4 newVis=0 focusMayChange = true
10-08 16:14:34.987 828 1304 D DispPerfService: get hint proc=com.jlpay.merch, idx=0 none
10-08 16:14:34.988 828 1304 I BufferQueueConsumer: [](id:33c00000258,api:0,p:-1,c:828) connect(): controlledByApp=false
10-08 16:14:34.988 828 1304 I BufferQueue: [unnamed-828-600](this:0xb400007705ef2258,id:600,api:0,p:-1,c:-1) BufferQueue core=(828:/system/bin/surfaceflinger)
10-08 16:14:34.989 1551 2616 W WindowManager: Changing focus fromnull to Window{c3cf11b u0 com.jlpay.merch/com.jlpay.merch.ui.login.LoginActivity} displayId=0 Callers=com.android.server.wm.RootWindowContainer.updateFocusedWindowLocked:509 com.android.server.wm.WindowManagerService.updateFocusedWindowLocked:6073 com.android.server.wm.WindowManagerService.relayoutWindow:2717 com.android.server.wm.Session.relayout:229
10-08 16:14:34.989 828 1304 D DispPerfService: get hint proc=Surface(name=45bc124 StatusBar), idx=0 none
10-08 16:14:34.990 828 1304 D DispPerfService: get hint proc=Surface(name=6fe9210 NavigationBar0), idx=0 none
10-08 16:14:34.991 1551 2616 D Theia.NoFocusWindow: FocusWindowErrorScene cancelCheckFreezeScreen
10-08 16:14:34.994 17304 17304 V OplusZoomWindowDecorViewHelper: setLastReportedMergedConfiguration mZoomDisplayHeight: 2400 getDecorView.DecorView@509a7b[LoginActivity]
10-08 16:14:34.995 828 1304 I BufferQueueProducer: [com.jlpay.merch/com.jlpay.merch.ui.login.LoginActivity#0](id:33c00000258,api:1,p:17304,c:828) connect(): api=1 producerControlledByApp=false
10-08 16:14:34.999 828 828 D OppoExLayer: ~Layer() sequence=3808, name=Surface(name=ActivityRecord{a06f861 u0 com.jlpay.merch/.ui.start.SplashActivity)/@0x4452d46 - animation-bounds#0@0xb400007657b0d000
10-08 16:14:34.999 828 828 D OppoExLayer: ~Layer() sequence=3807, name=Surface(name=ActivityRecord{a06f861 u0 com.jlpay.merch/.ui.start.SplashActivity)/@0x4452d46 - animation-leash#0@0xb400007657b0a000
10-08 16:14:34.999 828 828 D OppoExLayer: ~Layer() sequence=3806, name=Surface(name=ActivityRecord{758ad27 u0 com.jlpay.merch/.ui.login.LoginActivity)/@0xb4fe72b - animation-bounds#0@0xb400007657aec000
10-08 16:14:34.999 828 828 D OppoExLayer: ~Layer() sequence=3805, name=Surface(name=ActivityRecord{758ad27 u0 com.jlpay.merch/.ui.login.LoginActivity)/@0xb4fe72b - animation-leash#0@0xb400007657ae9000
10-08 16:14:35.015 828 828 D OppoExLayer: ~Layer() sequence=3809, name=Surface(name=45bc124 StatusBar)/@0xd60b6f9 - animation-leash#0@0xb400007657b5f000
10-08 16:14:35.015 828 828 D OppoExLayer: ~Layer() sequence=3810, name=Surface(name=6fe9210 NavigationBar0)/@0x783f63e - animation-leash#1@0xb400007657b81000
10-08 16:14:35.016 1551 2616 I InputDispatcher: Window went away: com.jlpay.merch/com.jlpay.merch.ui.login.LoginActivity#0
10-08 16:14:35.021 828 911 D DispPerfService: onframeavailable pid=17304, slot=4, seq=3812, name=com.jlpay.merch:com.jlpay.merch/com.jlpay.merch.ui.login.LoginActivity#0
10-08 16:14:35.025 1551 1575 D View : [Warning] assignParent to null: this = DecorView@675c90f[merch]
10-08 16:14:35.026 828 911 I BufferQueueProducer: [Splash Screen com.jlpay.merch#0](id:33c00000257,api:2,p:1551,c:828) disconnect(): api=2
10-08 16:14:35.026 828 911 D DispPerfService: get hint proc=Surface(name=2c5d204 Splash Screen com.jlpay.merch), idx=0 none
10-08 16:14:35.028 1551 1575 I InputTransport: Destroy ARC handle: 0xb400007b8f7e0ca0
10-08 16:14:35.032 1551 2616 I InputDispatcher: Focus entered window: Window{c3cf11b u0 com.jlpay.merch/com.jlpay.merch.ui.login.LoginActivity} in display 0
10-08 16:14:35.034 828 1304 I BufferQueueProducer: [com.jlpay.merch/com.jlpay.merch.ui.start.SplashActivity#0](id:33c00000256,api:1,p:17304,c:828) disconnect(): api=1
10-08 16:14:35.039 6632 6632 V PhoneWindow: DecorView setVisiblity: visibility = 8, Parent = android.view.ViewRootImpl@e11845d, this = DecorView@b7e1d2[InputMethod]
10-08 16:14:35.041 1551 2616 D InputMethodManagerService: isSecurity: attribute.packageName=com.jlpay.merch
10-08 16:14:35.041 1551 2616 D InputMethodManagerService: isSecurity= false ( enable=true needShow=false inBlackList=false isExist=true )
10-08 16:14:35.041 1551 2616 D ColorInputMethodManagerServiceEx: onHandleImeWindowVisibleStatus handledVis: 0, switcher visible: 0, switcher active: 0, needsToShowImeSwitcher: false
10-08 16:14:35.041 1551 2616 D OplusVerificationCodeController: notifyImeAttributeChanged: 64false
10-08 16:14:35.041 23722 23722 V PhoneWindow: DecorView setVisiblity: visibility = 8, Parent = android.view.ViewRootImpl@ed1d225, this = DecorView@afbeffa[OppoSecurityInputMethod]
10-08 16:14:35.042 828 1304 D DispPerfService: get hint proc=Surface(name=65ee99 InputMethod), idx=0 none
10-08 16:14:35.043 808 831 I mtkpower@impl: [setMode] type:5, enabled:0
10-08 16:14:35.043 808 870 I libPowerHal: [perfLockRel] hdl:2667, idx:2
10-08 16:14:35.043 808 870 I libPowerHal: [PD] scn:2 hdl:2667 hint:11 comm:mtkpower@1.0-se pid:808
10-08 16:14:35.043 808 870 I libPowerHal: [PD] LAUNCH update cmd:300c000 param:0
10-08 16:14:35.044 808 830 I mtkpower@impl: [mtkPowerHint] hint:23, hold:0, ext:30, ext_hold:2000
10-08 16:14:35.044 808 870 I libPowerHal: [perfLockRel] hdl:2663, idx:3
10-08 16:14:35.044 808 870 I libPowerHal: [PD] scn:3 hdl:2663 hint:23 comm:mtkpower@1.0-se pid:808
10-08 16:14:35.045 808 870 I libPowerHal: [PD] MTKPOWER_HINT_ACT_SWITCH update cmd:1000000, param:-1
10-08 16:14:35.045 808 870 I libPowerHal: [PD] MTKPOWER_HINT_ACT_SWITCH update cmd:1408300 param:0
10-08 16:14:35.045 808 870 I libPowerHal: [PD] MTKPOWER_HINT_ACT_SWITCH update cmd:1000000 param:-1
10-08 16:14:35.046 808 870 I libPowerHal: [perfLockAcq] idx:1 hdl:2670 hint:30 pid:808 duration:2000 => ret_hdl:2670
10-08 16:14:35.046 808 870 I libPowerHal: [PE] scn:1 hdl:2670 hint:30 comm:mtkpower@1.0-se pid:808
10-08 16:14:35.046 808 870 I libPowerHal: [PE] MTKPOWER_HINT_EXT_LAUNCH update cmd:1000000, param:1
10-08 16:14:35.046 808 870 I libPowerHal: [PE] MTKPOWER_HINT_EXT_LAUNCH update cmd:2020000, param:15
10-08 16:14:35.046 17304 17304 V PhoneWindow: DecorView setVisiblity: visibility = 4, Parent = android.view.ViewRootImpl@5f9204e, this = DecorView@d3eb56f[SplashActivity]
10-08 16:14:35.046 808 870 I libPowerHal: [PE] MTKPOWER_HINT_EXT_LAUNCH update cmd:1408300, param:40
10-08 16:14:35.046 808 870 I libPowerHal: [PE] MTKPOWER_HINT_EXT_LAUNCH update cmd:1000000 param:1
10-08 16:14:35.047 17304 17304 D LeakCanary: Watching instance of androidx.fragment.app.FragmentManagerViewModel (androidx.fragment.app.FragmentManagerViewModel received ViewModel#onCleared() callback) with key 42df145c-350e-46cd-b74a-524f14a8314b
10-08 16:14:35.047 17304 17304 D LeakCanary: Watching instance of leakcanary.internal.ViewModelClearedWatcher (leakcanary.internal.ViewModelClearedWatcher received ViewModel#onCleared() callback) with key bf6f8764-3169-48fd-8225-61bb77e7a793
10-08 16:14:35.047 17304 17304 D LeakCanary: Watching instance of androidx.lifecycle.ReportFragment (androidx.lifecycle.ReportFragment received Fragment#onDestroy() callback) with key 5b8f36db-f700-48bd-a1df-0892d7920713
10-08 16:14:35.047 17304 17304 D LeakCanary: Watching instance of com.jlpay.merch.ui.start.SplashActivity (com.jlpay.merch.ui.start.SplashActivity received Activity#onDestroy() callback) with key 803d41ff-2f81-4dff-a9c9-01a7da4108ba
10-08 16:14:35.048 1551 1906 I InputDispatcher: Window went away: Window{2c5d204 u0 Splash Screen com.jlpay.merch}
10-08 16:14:35.049 17304 17304 W com.jlpay.merc: Accessing hidden method Lcom/android/internal/R$dimen;->()V (greylist-max-q, reflection, denied)
10-08 16:14:35.049 17304 17304 W System.err: java.lang.InstantiationException: java.lang.Class has no zero argument constructor
10-08 16:14:35.049 17304 17304 W System.err: at java.lang.Class.newInstance(Native Method)
10-08 16:14:35.049 17304 17304 W System.err: at com.gyf.barlibrary.BarConfig.getInternalDimensionSize(BarConfig.java:113)
10-08 16:14:35.049 17304 17304 W System.err: at com.gyf.barlibrary.BarConfig.(BarConfig.java:39)
10-08 16:14:35.049 17304 17304 W System.err: at com.gyf.barlibrary.ImmersionBar.initParams(ImmersionBar.java:140)
10-08 16:14:35.049 17304 17304 W System.err: at com.gyf.barlibrary.ImmersionBar.(ImmersionBar.java:76)
10-08 16:14:35.049 1551 4163 D OppoDisplayPolicy: com.android.systemui, change system app cutoutMode: color always
10-08 16:14:35.049 17304 17304 W System.err: at com.gyf.barlibrary.ImmersionBar.with(ImmersionBar.java:169)
10-08 16:14:35.049 17304 17304 W System.err: at com.jlpay.merch.ui.base.BaseActivity.onDestroy(BaseActivity.java:105)
10-08 16:14:35.049 17304 17304 W System.err: at com.jlpay.merch.ui.base.BaseMvpActivity.onDestroy(BaseMvpActivity.java:38)
10-08 16:14:35.049 17304 17304 W System.err: at android.app.Activity.performDestroy(Activity.java:8404)
10-08 16:14:35.049 17304 17304 W System.err: at android.app.Instrumentation.callActivityOnDestroy(Instrumentation.java:1344)
10-08 16:14:35.049 17304 17304 W System.err: at android.app.ActivityThread.performDestroyActivity(ActivityThread.java:5488)
10-08 16:14:35.049 17304 17304 W System.err: at android.app.ActivityThread.handleDestroyActivity(ActivityThread.java:5532)
10-08 16:14:35.050 17304 17304 W System.err: at android.app.servertransaction.DestroyActivityItem.execute(DestroyActivityItem.java:44)
10-08 16:14:35.050 17304 17304 W System.err: at android.app.servertransaction.TransactionExecutor.executeLifecycleState(TransactionExecutor.java:176)
10-08 16:14:35.050 17304 17304 W System.err: at android.app.servertransaction.TransactionExecutor.execute(TransactionExecutor.java:97)
10-08 16:14:35.050 17304 17304 W System.err: at android.app.ActivityThread$H.handleMessage(ActivityThread.java:2334)
10-08 16:14:35.050 17304 17304 W System.err: at android.os.Handler.dispatchMessage(Handler.java:106)
10-08 16:14:35.050 17304 17304 W System.err: at android.os.Looper.loop(Looper.java:264)
10-08 16:14:35.050 17304 17304 W System.err: at android.app.ActivityThread.main(ActivityThread.java:8262)
10-08 16:14:35.050 17304 17304 W System.err: at java.lang.reflect.Method.invoke(Native Method)
10-08 16:14:35.050 17304 17304 W System.err: at com.android.internal.os.RuntimeInit$MethodAndArgsCaller.run(RuntimeInit.java:632)
10-08 16:14:35.050 17304 17304 W System.err: at com.android.internal.os.ZygoteInit.main(ZygoteInit.java:1049)
10-08 16:14:35.050 17304 17304 W com.jlpay.merc: Accessing hidden method Lcom/android/internal/R$dimen;->()V (greylist-max-q, reflection, denied)
10-08 16:14:35.050 17304 17304 W System.err: java.lang.InstantiationException: java.lang.Class has no zero argument constructor
10-08 16:14:35.050 17304 17304 W System.err: at java.lang.Class.newInstance(Native Method)
10-08 16:14:35.050 17304 17304 W System.err: at com.gyf.barlibrary.BarConfig.getInternalDimensionSize(BarConfig.java:113)
10-08 16:14:35.050 17304 17304 W System.err: at com.gyf.barlibrary.BarConfig.getNavigationBarHeight(BarConfig.java:69)
10-08 16:14:35.050 17304 17304 W System.err: at com.gyf.barlibrary.BarConfig.(BarConfig.java:41)
10-08 16:14:35.050 17304 17304 W System.err: at com.gyf.barlibrary.ImmersionBar.initParams(ImmersionBar.java:140)
10-08 16:14:35.050 17304 17304 W System.err: at com.gyf.barlibrary.ImmersionBar.(ImmersionBar.java:76)
10-08 16:14:35.050 17304 17304 W System.err: at com.gyf.barlibrary.ImmersionBar.with(ImmersionBar.java:169)
10-08 16:14:35.050 17304 17304 W System.err: at com.jlpay.merch.ui.base.BaseActivity.onDestroy(BaseActivity.java:105)
10-08 16:14:35.050 17304 17304 W System.err: at com.jlpay.merch.ui.base.BaseMvpActivity.onDestroy(BaseMvpActivity.java:38)
10-08 16:14:35.051 17304 17304 W System.err: at android.app.Activity.performDestroy(Activity.java:8404)
10-08 16:14:35.051 17304 17304 W System.err: at android.app.Instrumentation.callActivityOnDestroy(Instrumentation.java:1344)
10-08 16:14:35.051 17304 17304 W System.err: at android.app.ActivityThread.performDestroyActivity(ActivityThread.java:5488)
10-08 16:14:35.051 17304 17304 W System.err: at android.app.ActivityThread.handleDestroyActivity(ActivityThread.java:5532)
10-08 16:14:35.051 17304 17304 W System.err: at android.app.servertransaction.DestroyActivityItem.execute(DestroyActivityItem.java:44)
10-08 16:14:35.051 17304 17304 W System.err: at android.app.servertransaction.TransactionExecutor.executeLifecycleState(TransactionExecutor.java:176)
10-08 16:14:35.051 17304 17304 W System.err: at android.app.servertransaction.TransactionExecutor.execute(TransactionExecutor.java:97)
10-08 16:14:35.051 17304 17304 W System.err: at android.app.ActivityThread$H.handleMessage(ActivityThread.java:2334)
10-08 16:14:35.051 17304 17304 W System.err: at android.os.Handler.dispatchMessage(Handler.java:106)
10-08 16:14:35.051 17304 17304 W System.err: at android.os.Looper.loop(Looper.java:264)
10-08 16:14:35.051 17304 17304 W System.err: at android.app.ActivityThread.main(ActivityThread.java:8262)
10-08 16:14:35.051 17304 17304 W System.err: at java.lang.reflect.Method.invoke(Native Method)
10-08 16:14:35.051 17304 17304 W System.err: at com.android.internal.os.RuntimeInit$MethodAndArgsCaller.run(RuntimeInit.java:632)
10-08 16:14:35.051 17304 17304 W System.err: at com.android.internal.os.ZygoteInit.main(ZygoteInit.java:1049)
10-08 16:14:35.051 17304 17304 W com.jlpay.merc: Accessing hidden method Lcom/android/internal/R$dimen;->()V (greylist-max-q, reflection, denied)
10-08 16:14:35.051 17304 17304 W System.err: java.lang.InstantiationException: java.lang.Class has no zero argument constructor
10-08 16:14:35.052 17304 17304 W System.err: at java.lang.Class.newInstance(Native Method)
10-08 16:14:35.052 17304 17304 W System.err: at com.gyf.barlibrary.BarConfig.getInternalDimensionSize(BarConfig.java:113)
10-08 16:14:35.052 17304 17304 W System.err: at com.gyf.barlibrary.BarConfig.getNavigationBarWidth(BarConfig.java:81)
10-08 16:14:35.052 17304 17304 W System.err: at com.gyf.barlibrary.BarConfig.(BarConfig.java:42)
10-08 16:14:35.052 17304 17304 W System.err: at com.gyf.barlibrary.ImmersionBar.initParams(ImmersionBar.java:140)
10-08 16:14:35.052 17304 17304 W System.err: at com.gyf.barlibrary.ImmersionBar.(ImmersionBar.java:76)
10-08 16:14:35.052 17304 17304 W System.err: at com.gyf.barlibrary.ImmersionBar.with(ImmersionBar.java:169)
10-08 16:14:35.052 17304 17304 W System.err: at com.jlpay.merch.ui.base.BaseActivity.onDestroy(BaseActivity.java:105)
10-08 16:14:35.052 17304 17304 W System.err: at com.jlpay.merch.ui.base.BaseMvpActivity.onDestroy(BaseMvpActivity.java:38)
10-08 16:14:35.052 17304 17304 W System.err: at android.app.Activity.performDestroy(Activity.java:8404)
10-08 16:14:35.052 17304 17304 W System.err: at android.app.Instrumentation.callActivityOnDestroy(Instrumentation.java:1344)
10-08 16:14:35.052 17304 17304 W System.err: at android.app.ActivityThread.performDestroyActivity(ActivityThread.java:5488)
10-08 16:14:35.052 17304 17304 W System.err: at android.app.ActivityThread.handleDestroyActivity(ActivityThread.java:5532)
10-08 16:14:35.052 17304 17304 W System.err: at android.app.servertransaction.DestroyActivityItem.execute(DestroyActivityItem.java:44)
10-08 16:14:35.052 17304 17304 W System.err: at android.app.servertransaction.TransactionExecutor.executeLifecycleState(TransactionExecutor.java:176)
10-08 16:14:35.052 17304 17304 W System.err: at android.app.servertransaction.TransactionExecutor.execute(TransactionExecutor.java:97)
10-08 16:14:35.052 17304 17304 W System.err: at android.app.ActivityThread$H.handleMessage(ActivityThread.java:2334)
10-08 16:14:35.052 17304 17304 W System.err: at android.os.Handler.dispatchMessage(Handler.java:106)
10-08 16:14:35.052 17304 17304 W System.err: at android.os.Looper.loop(Looper.java:264)
10-08 16:14:35.052 17304 17304 W System.err: at android.app.ActivityThread.main(ActivityThread.java:8262)
10-08 16:14:35.052 17304 17304 W System.err: at java.lang.reflect.Method.invoke(Native Method)
10-08 16:14:35.052 17304 17304 W System.err: at com.android.internal.os.RuntimeInit$MethodAndArgsCaller.run(RuntimeInit.java:632)
10-08 16:14:35.052 17304 17304 W System.err: at com.android.internal.os.ZygoteInit.main(ZygoteInit.java:1049)
10-08 16:14:35.054 17304 17304 D View : [Warning] assignParent to null: this = DecorView@d3eb56f[SplashActivity]
10-08 16:14:35.057 17304 17304 I InputTransport: Destroy ARC handle: 0xca5ffcf0
10-08 16:14:35.059 6632 6632 V PhoneWindow: DecorView setVisiblity: visibility = 8, Parent = android.view.ViewRootImpl@e11845d, this = DecorView@b7e1d2[InputMethod]
10-08 16:14:35.064 828 828 D OppoExLayer: ~Layer() sequence=3795, name=47ee99e com.jlpay.merch/com.jlpay.merch.ui.start.SplashActivity#0@0xb400007657b5c000
10-08 16:14:35.064 828 828 I BufferQueueConsumer: [com.jlpay.merch/com.jlpay.merch.ui.start.SplashActivity#0](id:33c00000256,api:0,p:-1,c:828) disconnect()
10-08 16:14:35.064 828 828 I BufferQueue: [com.jlpay.merch/com.jlpay.merch.ui.start.SplashActivity#0](this:0xb40000766612f858,id:598,api:1,p:-1,c:-1) onDestructor()
10-08 16:14:35.064 828 828 D OppoExLayer: ~Layer() sequence=3796, name=com.jlpay.merch/com.jlpay.merch.ui.start.SplashActivity#0@0xb4000076661a2000
10-08 16:14:35.065 1551 2616 I InputDispatcher: Window went away: com.jlpay.merch/com.jlpay.merch.ui.start.SplashActivity#0
10-08 16:14:35.065 1551 4163 D OppoDisplayPolicy: com.android.systemui, change system app cutoutMode: color always
10-08 16:14:35.081 828 828 D OppoExLayer: ~Layer() sequence=3787, name=ActivityRecord{a06f861 u0 com.jlpay.merch/.ui.start.SplashActivity#0@0xb40000767314a000
10-08 16:14:35.205 6500 6542 E PlayCommon: [1148] ajhz.h(172): Failed to connect to server for log upload.
10-08 16:14:35.228 828 828 D OppoExLayer: ~Layer() sequence=3815, name=Surface(name=2c5d204 Splash Screen com.jlpay.merch)/@0x1f368c9 - animation-leash#0@0xb400007673058000
10-08 16:14:35.228 828 828 D OppoExLayer: ~Layer() sequence=3803, name=2c5d204 Splash Screen com.jlpay.merch#0@0xb400007657aa7000
10-08 16:14:35.229 1551 4163 I InputDispatcher: Window went away: Splash Screen com.jlpay.merch#0
10-08 16:14:35.229 828 828 I BufferQueueConsumer: [Splash Screen com.jlpay.merch#0](id:33c00000257,api:0,p:-1,c:828) disconnect()
10-08 16:14:35.229 828 828 I BufferQueue: [Splash Screen com.jlpay.merch#0](this:0xb400007705ef3058,id:599,api:2,p:-1,c:-1) onDestructor()
10-08 16:14:35.229 828 828 D OppoExLayer: ~Layer() sequence=3804, name=Splash Screen com.jlpay.merch#0@0xb400007657aaa000
10-08 16:14:35.403 1120 1222 D ULogGuard: Monitoring: 6 threads, 0 requests, 0 time-bombs; 1 guards. ResetFlags = 0x7
10-08 16:14:35.412 1551 1828 I mtkpower_client: perf_lock_rel, hdl:2669, tid:1828
10-08 16:14:35.412 1551 1828 I mtkpower_client: perf_lock_acq, hdl:2669, dur:0, num:4, tid:1828
10-08 16:14:35.412 808 870 I libPowerHal: [perfLockRel] hdl:2669, idx:0
10-08 16:14:35.412 808 870 I libPowerHal: [PD] scn:0 hdl:2669 lock_user:system_server pid:1551 tid:1828 dur:0
10-08 16:14:35.412 808 870 I libPowerHal: system_server: cpu_ctrl set cpu freq: -1 -1 -1 -1
10-08 16:14:35.412 808 870 I libPowerHal: [PD] system_server update cmd:1410000 param:0
10-08 16:14:35.412 808 870 I libPowerHal: [PD] system_server update cmd:1c3c000, param:1
10-08 16:14:35.412 808 870 I libPowerHal: [PD] system_server update cmd:10000100 param:2
10-08 16:14:35.413 1551 1828 I mtkpower_client: ret_hdl:2671
10-08 16:14:35.413 808 870 I libPowerHal: [perfLockAcq] idx:0 hdl:2671 hint:-1 pid:1551 duration:0 => ret_hdl:2671
10-08 16:14:35.413 808 870 I libPowerHal: [PE] scn:0 hdl:2671 lock_user:system_server pid:1551 tid:1828 dur:0
10-08 16:14:35.413 808 870 I libPowerHal: [PE] system_server update cmd:10000100, param:2
10-08 16:14:35.428 1551 1744 D WifiClientModeImpl: Rssi change too fast: 1 to 4; Count = 2
10-08 16:14:35.428 1551 1744 D WifiClientModeImpl: Rssi change too fast: so average level to 2
10-08 16:14:35.432 2061 2897 D WifiStatusTracker: handleBroadcast: shouldUpdateLabel: true
10-08 16:14:35.434 7782 7782 E NetworkMonitor: [getConnectionInfo] invoke
10-08 16:14:35.434 7782 7782 E NetworkMonitor: java.lang.Throwable
10-08 16:14:35.434 7782 7782 E NetworkMonitor: at com.tencent.mobileqq.qmethodmonitor.monitor.NetworkMonitor.getConnectionInfo(P:22)
10-08 16:14:35.434 7782 7782 E NetworkMonitor: at com.tencent.mobileqq.msf.core.u.D(P:676)
10-08 16:14:35.434 7782 7782 E NetworkMonitor: at com.tencent.mobileqq.msf.core.u$d.onReceive(P:665)
10-08 16:14:35.434 7782 7782 E NetworkMonitor: at android.app.LoadedApk$ReceiverDispatcher$Args.lambda$getRunnable$0$LoadedApk$ReceiverDispatcher$Args(LoadedApk.java:1706)
10-08 16:14:35.434 7782 7782 E NetworkMonitor: at android.app.-$$Lambda$LoadedApk$ReceiverDispatcher$Args$_BumDX2UKsnxLVrE6UJsJZkotuA.run(Unknown Source:2)
10-08 16:14:35.434 7782 7782 E NetworkMonitor: at android.os.Handler.handleCallback(Handler.java:938)
10-08 16:14:35.434 7782 7782 E NetworkMonitor: at android.os.Handler.dispatchMessage(Handler.java:99)
10-08 16:14:35.434 7782 7782 E NetworkMonitor: at android.os.Looper.loop(Looper.java:264)
10-08 16:14:35.434 7782 7782 E NetworkMonitor: at android.app.ActivityThread.main(ActivityThread.java:8262)
10-08 16:14:35.434 7782 7782 E NetworkMonitor: at java.lang.reflect.Method.invoke(Native Method)
10-08 16:14:35.434 7782 7782 E NetworkMonitor: at com.android.internal.os.RuntimeInit$MethodAndArgsCaller.run(RuntimeInit.java:632)
10-08 16:14:35.434 7782 7782 E NetworkMonitor: at com.android.internal.os.ZygoteInit.main(ZygoteInit.java:1049)
10-08 16:14:35.434 7782 7782 D PrivacyInvokeMonitor: report switch has been closed!
10-08 16:14:35.643 2793 3822 E OppoFileUtil: getListFromStream stream is null
10-08 16:14:35.817 808 870 I libPowerHal: [perfLockAcq] idx:2 hdl:2672 hint:25 pid:808 duration:10000 => ret_hdl:2672
10-08 16:14:35.817 808 870 I libPowerHal: [PE] scn:2 hdl:2672 hint:25 comm:mtkpower@1.0-se pid:808
10-08 16:14:35.818 1551 1828 I mtkpower_client: perf_lock_rel, hdl:2671, tid:1828
10-08 16:14:35.818 808 870 I libPowerHal: [PE] MTKPOWER_HINT_APP_TOUCH update cmd:3408600 param:1
10-08 16:14:35.818 1551 1828 I mtkpower_client: perf_lock_acq, hdl:2671, dur:0, num:12, tid:1828
10-08 16:14:35.818 1551 1685 W OppoInputDispatcher: MotionEvent action_down is in invalid region, x: 553.000000, y: 2362.000000
10-08 16:14:35.818 1551 1685 W OppoInputDispatcher: MotionEvent action_down is in invalid region, x: 553.000000, y: 2362.000000
10-08 16:14:35.820 808 870 I libPowerHal: [perfLockRel] hdl:2671, idx:0
10-08 16:14:35.820 808 870 I libPowerHal: [PD] scn:0 hdl:2671 lock_user:system_server pid:1551 tid:1828 dur:0
10-08 16:14:35.820 808 870 I libPowerHal: [PD] system_server update cmd:10000100 param:2
10-08 16:14:35.821 1551 1828 I mtkpower_client: ret_hdl:2673
10-08 16:14:35.821 808 870 I libPowerHal: [perfLockAcq] idx:0 hdl:2673 hint:-1 pid:1551 duration:0 => ret_hdl:2673
10-08 16:14:35.821 808 870 I libPowerHal: [PE] scn:0 hdl:2673 lock_user:system_server pid:1551 tid:1828 dur:0
10-08 16:14:35.821 808 870 I libPowerHal: system_server: cpu_ctrl set cpu freq: 2000000 -1 2000000 -1
10-08 16:14:35.821 808 870 I libPowerHal: [PE] system_server update cmd:1410000, param:1
10-08 16:14:35.821 808 870 I libPowerHal: [PE] system_server update cmd:1c3c000, param:0
10-08 16:14:35.821 808 870 I libPowerHal: [PE] system_server update cmd:10000100, param:2
10-08 16:14:35.823 2509 2509 D RecentsOrientedState: current RecentsOrientedState: [this=RecentsOrientedState@23cbcb9 mOrientationHandler=PortraitPagedViewHandler@1d5427c mDisplayRotation=0 mTouchRotation=0 mRecentsActivityRotation=0 isRecentsActivityRotationAllowed=false mSystemRotation=true mFlags=43]
10-08 16:14:35.059 1551 2616 D ColorInputMethodManagerServiceEx: onHandleImeWindowVisibleStatus handledVis: 0, switcher visible: 0, switcher active: 0, needsToShowImeSwitcher: false
10-08 16:14:35.824 1551 4163 I ColorZoomWindowRUSConfigManager: isEnabled mZoomSwitch = true
10-08 16:14:35.824 1551 4163 D ColorZoomWindowRUSConfigManager: isSupportZoomModeWithPolicyLocked: target = com.jlpay.merch/.ui.start.SplashActivity
10-08 16:14:35.824 1551 4163 D ColorZoomWindowRUSConfigManager: targetPkg = com.jlpay.merch
10-08 16:14:35.824 1551 4163 D ColorZoomWindowRUSConfigManager: isSupportZoomModeWithPolicyLocked: target = com.jlpay.merch/.ui.login.LoginActivity
10-08 16:14:35.824 1551 4163 D ColorZoomWindowRUSConfigManager: targetPkg = com.jlpay.merch
10-08 16:14:35.823 2509 2509 I chatty : uid=10062(com.oppo.launcher) identical 4 lines
10-08 16:14:35.823 2509 2509 D RecentsOrientedState: current RecentsOrientedState: [this=RecentsOrientedState@23cbcb9 mOrientationHandler=PortraitPagedViewHandler@1d5427c mDisplayRotation=0 mTouchRotation=0 mRecentsActivityRotation=0 isRecentsActivityRotationAllowed=false mSystemRotation=true mFlags=43]
10-08 16:14:35.825 2509 2509 D RecentsOrientedState: current RecentsOrientedState: [this=RecentsOrientedState@d3eb56f mOrientationHandler=PortraitPagedViewHandler@1d5427c mDisplayRotation=0 mTouchRotation=0 mRecentsActivityRotation=0 isRecentsActivityRotationAllowed=false mSystemRotation=true mFlags=299]
10-08 16:14:35.825 2509 2509 D RecentsOrientedState: current RecentsOrientedState: [this=RecentsOrientedState@d3eb56f mOrientationHandler=PortraitPagedViewHandler@1d5427c mDisplayRotation=0 mTouchRotation=0 mRecentsActivityRotation=0 isRecentsActivityRotationAllowed=false mSystemRotation=true mFlags=299]
10-08 16:14:35.825 2509 2509 D RecentsOrientedState: current RecentsOrientedState: [this=RecentsOrientedState@23cbcb9 mOrientationHandler=PortraitPagedViewHandler@1d5427c mDisplayRotation=0 mTouchRotation=0 mRecentsActivityRotation=0 isRecentsActivityRotationAllowed=false mSystemRotation=true mFlags=43]
10-08 16:14:35.825 1551 4163 D ColorAppListInterceptManager: shouldFilterTask
10-08 16:14:35.825 1551 4163 D ColorAppListInterceptManager: shouldFilterTask::packageName = com.jlpay.merch
10-08 16:14:35.825 1551 4163 D ColorAppListInterceptManager: shouldFilterTask
10-08 16:14:35.825 1551 4163 D ColorAppListInterceptManager: shouldFilterTask::packageName = com.finshell.wallet
10-08 16:14:35.825 1551 4163 D ColorAppListInterceptManager: shouldFilterTask
10-08 16:14:35.825 1551 4163 D ColorAppListInterceptManager: shouldFilterTask::packageName = com.heytap.browser
10-08 16:14:35.825 1551 4163 D ColorAppListInterceptManager: shouldFilterTask
10-08 16:14:35.825 1551 4163 D ColorAppListInterceptManager: shouldFilterTask::packageName = com.android.mms
10-08 16:14:35.825 2509 2509 D RecentsOrientedState: current RecentsOrientedState: [this=RecentsOrientedState@23cbcb9 mOrientationHandler=PortraitPagedViewHandler@1d5427c mDisplayRotation=0 mTouchRotation=0 mRecentsActivityRotation=0 isRecentsActivityRotationAllowed=false mSystemRotation=true mFlags=43]
10-08 16:14:35.825 2509 2509 D RecentsOrientedState: current RecentsOrientedState: [this=RecentsOrientedState@d3eb56f mOrientationHandler=PortraitPagedViewHandler@1d5427c mDisplayRotation=0 mTouchRotation=0 mRecentsActivityRotation=0 isRecentsActivityRotationAllowed=false mSystemRotation=true mFlags=43]
10-08 16:14:35.825 1551 4163 D ColorAppListInterceptManager: shouldFilterTask
10-08 16:14:35.825 1551 4163 D ColorAppListInterceptManager: shouldFilterTask::packageName = com.android.contacts
10-08 16:14:35.825 1551 4163 D ColorAppListInterceptManager: shouldFilterTask
10-08 16:14:35.825 1551 4163 D ColorAppListInterceptManager: shouldFilterTask::packageName = com.jlpay.merch
10-08 16:14:35.825 1551 4163 D ColorAppListInterceptManager: shouldFilterTask
10-08 16:14:35.825 1551 4163 D ColorAppListInterceptManager: shouldFilterTask::packageName = com.github.uiautomator
10-08 16:14:35.825 2509 2509 D RecentsOrientedState: current RecentsOrientedState: [this=RecentsOrientedState@d3eb56f mOrientationHandler=PortraitPagedViewHandler@1d5427c mDisplayRotation=0 mTouchRotation=0 mRecentsActivityRotation=0 isRecentsActivityRotationAllowed=false mSystemRotation=true mFlags=43]
10-08 16:14:35.826 2509 2509 D ColorTaskThumbnailView: bind: pkg = null, lightning = false
10-08 16:14:35.828 1551 4163 V SensorManager: setScreenShotDisableImpl
10-08 16:14:35.828 1551 4163 D SensorService: debug_oplusGeminiProximity setScreenShotDisable in SensorService
10-08 16:14:35.828 808 831 I mtkpower@impl: [setMode] type:5, enabled:1
10-08 16:14:35.828 808 870 I libPowerHal: [perfLockAcq] idx:3 hdl:2674 hint:11 pid:808 duration:30000 => ret_hdl:2674
10-08 16:14:35.828 808 870 I libPowerHal: [PE] scn:3 hdl:2674 hint:11 comm:mtkpower@1.0-se pid:808
10-08 16:14:35.828 808 870 I libPowerHal: [PE] LAUNCH update cmd:1000000, param:0
10-08 16:14:35.828 808 870 I libPowerHal: [PE] LAUNCH update cmd:1408300, param:100
10-08 16:14:35.828 808 870 I libPowerHal: [PE] LAUNCH update cmd:300c000, param:15
10-08 16:14:35.828 808 870 I libPowerHal: [PE] LAUNCH update cmd:1000000 param:0
10-08 16:14:35.829 828 1304 D DispPerfService: get hint proc=Surface(name=Task=2), idx=0 none
10-08 16:14:35.830 828 1304 D DispPerfService: get hint proc=Surface(name=Task=15114), idx=0 none
10-08 16:14:35.831 2061 2061 D OplusWallpaperServiceHelper: isNightMode is false
10-08 16:14:35.831 2061 2061 I OplusWallpaperServiceHelper: getDarkModeWallpaperWindowAlpha. nightMode = false
10-08 16:14:35.832 1551 4163 V WindowManager: mIsWallpaper: setAlpha ok mShownAlpha = 0.98
10-08 16:14:35.833 828 1304 D DispPerfService: get hint proc=Surface(name=WallpaperWindowToken{fde944f token=android.os.Binder@83aeae}), idx=0 none
10-08 16:14:35.834 2509 5767 D ActivityManagerWrapper: startRecentsActivity onAnimationStart
10-08 16:14:35.834 828 1304 E SurfaceFlinger: Permission Denial: can't access SurfaceFlinger pid=0, uid=10062
10-08 16:14:35.834 828 1304 I surfaceflinger: oneway function results will be dropped but finished with status PERMISSION_DENIED and parcel size 0
10-08 16:14:35.834 1551 1828 E ORMS_CORE: Unsupported action!!!
10-08 16:14:35.837 2509 2509 D ColorTaskThumbnailView: bind: pkg = com.jlpay.merch, lightning = false
10-08 16:14:35.837 2509 2509 D ColorTaskThumbnailView: bind: pkg = com.finshell.wallet, lightning = false
10-08 16:14:35.837 2509 2509 D ColorTaskThumbnailView: bind: pkg = com.heytap.browser, lightning = false
10-08 16:14:35.837 2509 2509 D ColorTaskThumbnailView: bind: pkg = com.android.mms, lightning = false
10-08 16:14:35.837 2509 2509 D ColorTaskThumbnailView: bind: pkg = com.android.contacts, lightning = false
10-08 16:14:35.837 2509 2509 D ColorTaskThumbnailView: bind: pkg = com.jlpay.merch, lightning = false
10-08 16:14:35.838 2509 2509 D ColorTaskThumbnailView: bind: pkg = com.github.uiautomator, lightning = false
10-08 16:14:35.840 2509 2509 D RecentsOrientedState: current RecentsOrientedState: [this=RecentsOrientedState@d3eb56f mOrientationHandler=PortraitPagedViewHandler@1d5427c mDisplayRotation=0 mTouchRotation=0 mRecentsActivityRotation=0 isRecentsActivityRotationAllowed=false mSystemRotation=true mFlags=43]
10-08 16:14:35.840 2509 2509 D RecentsOrientedState: current RecentsOrientedState: [this=RecentsOrientedState@d3eb56f mOrientationHandler=PortraitPagedViewHandler@1d5427c mDisplayRotation=0 mTouchRotation=0 mRecentsActivityRotation=0 isRecentsActivityRotationAllowed=false mSystemRotation=true mFlags=43]
10-08 16:14:35.843 6166 14903 I RemoteGuardClient.DWB.ActivityMonitor: onForegroundActivitiesChanged 2509,10062,foreground true pkg= oppo.uid.launcher:10062
10-08 16:14:35.843 1551 1572 D OplusAppBwCore: onUidImportance: 10062, 100
10-08 16:14:35.845 6166 6231 I RemoteGuardClient.DWB.ActivityMonitor: topActivities = [com.jlpay.merch]
10-08 16:14:35.847 1551 2570 I ColorGameSpaceManager: in handleApplicationSwitchInner ---- gamemode = 0 ----mModeStatus = 0
10-08 16:14:35.848 2509 2509 V PhoneWindow: DecorView setVisiblity: visibility = 0, Parent = android.view.ViewRootImpl@86d348a, this = DecorView@93d9afb[Launcher]
10-08 16:14:35.854 1551 4163 I WindowManager: Relayout Window{ca2495 u0 com.oppo.launcher/com.oppo.launcher.Launcher}: oldVis=8 newVis=0 focusMayChange = true
10-08 16:14:35.855 828 911 D DispPerfService: get hint proc=com.oppo.launcher, idx=0 none
10-08 16:14:35.856 828 911 I BufferQueueConsumer: [](id:33c00000259,api:0,p:-1,c:828) connect(): controlledByApp=false
10-08 16:14:35.856 828 911 I BufferQueue: [unnamed-828-601](this:0xb400007666717658,id:601,api:0,p:-1,c:-1) BufferQueue core=(828:/system/bin/surfaceflinger)
10-08 16:14:35.858 828 1304 I BufferQueueProducer: [com.oppo.launcher/com.oppo.launcher.Launcher#0](id:33c00000259,api:1,p:2509,c:828) connect(): api=1 producerControlledByApp=false
10-08 16:14:35.859 1551 4163 D skia : SkJpegCodec::onGetPixels +
10-08 16:14:35.860 2509 2509 E Launcher.ColorBubbleTextView: mForceHideDot is false
10-08 16:14:35.860 2509 2509 I chatty : uid=10062(com.oppo.launcher) identical 1 line
10-08 16:14:35.860 2509 2509 E Launcher.ColorBubbleTextView: mForceHideDot is false
10-08 16:14:35.862 3761 4962 I Athena : MemoryGuardAction: triggerMemory:2400MB, availMemory:3735MB
10-08 16:14:35.865 1551 4163 D skia : SkJpegCodec::onGetPixels -
10-08 16:14:35.865 1551 4163 D libMEOW : applied 0 plugin for [system_server].
10-08 16:14:35.865 828 913 D DispPerfService: onframeavailable pid=2509, slot=0, seq=3820, name=com.oppo.launcher:com.oppo.launcher/com.oppo.launcher.Launcher#0
10-08 16:14:35.876 1551 1584 D ArtManagerInternalImpl: /data/misc/iorapd/com.oppo.launcher/11100/com.oppo.launcher.Launcher/compiled_traces/compiled_trace.pb doesn't exist
10-08 16:14:35.877 2530 2658 I [0]DCS-StrategyManager: isNeedUpload: true, type: 2006, appID: 20058, logTag: 200583, eventID: redundant_tasks
10-08 16:14:35.878 2530 2658 I [0]DCS-StrategyManager: isNeedUpload: true, type: 2006, appID: 20058, logTag: 200583, eventID: redundant_tasks
10-08 16:14:35.885 1551 2616 I InputDispatcher: Window went away: com.oppo.launcher/com.oppo.launcher.Launcher#0
10-08 16:14:35.898 2509 2509 D RecentsOrientedState: current RecentsOrientedState: [this=RecentsOrientedState@d3eb56f mOrientationHandler=PortraitPagedViewHandler@1d5427c mDisplayRotation=0 mTouchRotation=0 mRecentsActivityRotation=0 isRecentsActivityRotationAllowed=false mSystemRotation=true mFlags=107]
10-08 16:14:35.898 2509 2509 D RecentsOrientedState: current RecentsOrientedState: [this=RecentsOrientedState@d3eb56f mOrientationHandler=PortraitPagedViewHandler@1d5427c mDisplayRotation=0 mTouchRotation=0 mRecentsActivityRotation=0 isRecentsActivityRotationAllowed=false mSystemRotation=true mFlags=107]
10-08 16:14:35.898 2509 2509 D RecentsOrientedState: current RecentsOrientedState: [this=RecentsOrientedState@23cbcb9 mOrientationHandler=PortraitPagedViewHandler@1d5427c mDisplayRotation=0 mTouchRotation=0 mRecentsActivityRotation=0 isRecentsActivityRotationAllowed=false mSystemRotation=true mFlags=43]
10-08 16:14:35.899 1551 1551 D ColorInputMethodManagerServiceEx: onHandleImeWindowVisibleStatus handledVis: 0, switcher visible: 0, switcher active: 0, needsToShowImeSwitcher: false
10-08 16:14:35.898 2509 2509 D RecentsOrientedState: current RecentsOrientedState: [this=RecentsOrientedState@23cbcb9 mOrientationHandler=PortraitPagedViewHandler@1d5427c mDisplayRotation=0 mTouchRotation=0 mRecentsActivityRotation=0 isRecentsActivityRotationAllowed=false mSystemRotation=true mFlags=43]
10-08 16:14:35.900 1551 2932 D skia : SkJpegCodec::onGetPixels +
10-08 16:14:35.900 4541 4541 I AstScreen.RxSystemKeyEventMonitor: HomeKey Receiver Reason = recentapps
10-08 16:14:35.900 3648 3648 D SystemDialogReceiver: onReceive()
10-08 16:14:35.901 4541 4541 I AstScreen.AssistantViewCtrlWindow: endScrollToLauncher mAssistantViewCtrl = null
10-08 16:14:35.902 3648 3648 I FloatBarHandler: updateVisibility() visible = true, mTarget == null ? false
10-08 16:14:35.903 1551 2932 D skia : stream getLength() not supported, use temp buffer for loading stream, buffer addr 0x7b7842a000 length 284833
10-08 16:14:35.903 1551 2932 D skia : size 284833,phy_addr 0x1fff01000
10-08 16:14:35.903 1551 2932 D skia : LoadInputStreamToIonMem va 0x7b7842a000 pa 0xfff01000 size 287104
10-08 16:14:35.903 2509 2509 D ColorTaskThumbnailView: bind: pkg = com.jlpay.merch, lightning = false
10-08 16:14:35.903 2509 2509 D ColorTaskThumbnailView: bind: pkg = com.finshell.wallet, lightning = false
10-08 16:14:35.903 2509 2509 D ColorTaskThumbnailView: bind: pkg = com.heytap.browser, lightning = false
10-08 16:14:35.903 2509 2509 D ColorTaskThumbnailView: bind: pkg = com.android.mms, lightning = false
10-08 16:14:35.903 2509 2509 D ColorTaskThumbnailView: bind: pkg = com.android.contacts, lightning = false
10-08 16:14:35.903 2509 2509 D ColorTaskThumbnailView: bind: pkg = com.jlpay.merch, lightning = false
10-08 16:14:35.903 2509 2509 D ColorTaskThumbnailView: bind: pkg = com.github.uiautomator, lightning = false
10-08 16:14:35.903 1551 2932 D libjpeg-alpha: Huffman Builder run in subthread
10-08 16:14:35.904 1551 2932 D libjpeg-alpha: Tile Decoder (#thread:4, size:256 256 256 312x608, alignment:256x16)
10-08 16:14:35.904 1551 2616 D OppoDisplayPolicy: com.android.systemui, change system app cutoutMode: color always
10-08 16:14:35.909 2061 2061 W BiometricPrompt/AuthController: ACTION_CLOSE_SYSTEM_DIALOGS received
10-08 16:14:35.909 2061 2061 V ShadeControllerImpl: NotificationShadeWindow: com.android.systemui.statusbar.phone.NotificationShadeWindowView{32fb384 I.E...... ......ID 0,0-1080,2400} canPanelBeCollapsed(): false
10-08 16:14:35.919 1551 2616 I InputDispatcher: Focus left window: Window{c3cf11b u0 com.jlpay.merch/com.jlpay.merch.ui.login.LoginActivity} in display 0
10-08 16:14:35.919 1551 2616 I InputDispatcher: Focus entered window: recents_animation_input_consumer in display 0
10-08 16:14:35.919 1551 2932 D skia : SkJpegCodec::onGetPixels -
10-08 16:14:35.920 1551 1906 D OppoDisplayPolicy: com.android.systemui, change system app cutoutMode: color always
10-08 16:14:35.922 828 828 I BufferQueueProducer: [FramebufferSurface](this:0xb400007684a32ed0,id:-1,api:1,p:828,c:828) queueBuffer: fps=7.36 dur=2036.77 max=1807.27 min=15.94
10-08 16:14:35.926 828 913 I BufferQueueProducer: [NavigationBar0#0](this:0xb400007705ef1458,id:5,api:1,p:2061,c:828) queueBuffer: fps=7.54 dur=2653.82 max=2398.93 min=4.81
10-08 16:14:35.928 1551 2932 D skia : SkJpegCodec::onGetPixels +
10-08 16:14:35.929 1551 2932 D skia : stream getLength() not supported, use temp buffer for loading stream, buffer addr 0x7b7842a000 length 284833
10-08 16:14:35.929 1551 2932 D skia : size 284833,phy_addr 0x1fff01000
10-08 16:14:35.929 1551 2932 D skia : LoadInputStreamToIonMem va 0x7b7842a000 pa 0xfff01000 size 287104
10-08 16:14:35.929 1551 2932 D libjpeg-alpha: Huffman Builder run in subthread
10-08 16:14:35.930 1551 2932 D libjpeg-alpha: Tile Decoder (#thread:4, size:256 256 256 312x608, alignment:256x16)
10-08 16:14:35.950 1551 2932 D skia : SkJpegCodec::onGetPixels -
10-08 16:14:35.955 828 1304 I BufferQueueProducer: [StatusBar#0](this:0xb400007684b44058,id:7,api:1,p:2061,c:828) queueBuffer: fps=18.96 dur=1476.49 max=506.08 min=12.77
10-08 16:14:35.968 17304 17331 D LeakCanary: Setting up flushing for Thread[LeakCanary-Heap-Dump,5,main]
10-08 16:14:35.968 17304 17331 D LeakCanary: Setting up flushing for Thread[work_thread,5,main]
10-08 16:14:35.968 17304 17331 D LeakCanary: Setting up flushing for Thread[NetWorkSender,5,main]
10-08 16:14:35.968 17304 17331 D LeakCanary: Setting up flushing for Thread[queued-work-looper,5,main]
10-08 16:14:35.971 1551 1828 I mtkpower_client: perf_lock_rel, hdl:2673, tid:1828
10-08 16:14:35.971 1551 1828 I mtkpower_client: perf_lock_acq, hdl:2673, dur:0, num:4, tid:1828
10-08 16:14:35.971 808 830 I mtkpower@impl: [check_work_req] i:0, msg:1 hdl:2673, wait
10-08 16:14:35.972 808 870 I libPowerHal: [perfLockRel] hdl:2673, idx:0
10-08 16:14:35.972 808 870 I libPowerHal: [PD] scn:0 hdl:2673 lock_user:system_server pid:1551 tid:1828 dur:0
10-08 16:14:35.972 808 870 I libPowerHal: [PD] system_server update cmd:1410000 param:0
10-08 16:14:35.972 808 870 I libPowerHal: [PD] system_server update cmd:1c3c000, param:1
10-08 16:14:35.972 808 870 I libPowerHal: [PD] system_server update cmd:10000100 param:2
10-08 16:14:35.974 1551 1828 I mtkpower_client: ret_hdl:2675
10-08 16:14:35.974 808 870 I libPowerHal: [perfLockAcq] idx:0 hdl:2675 hint:-1 pid:1551 duration:0 => ret_hdl:2675
10-08 16:14:35.974 808 870 I libPowerHal: [PE] scn:0 hdl:2675 lock_user:system_server pid:1551 tid:1828 dur:0
10-08 16:14:35.974 808 870 I libPowerHal: [PE] system_server update cmd:10000100, param:2
10-08 16:14:36.000 828 911 E SurfaceFlinger: Permission Denial: can't access SurfaceFlinger pid=0, uid=10062
10-08 16:14:36.000 828 911 I surfaceflinger: oneway function results will be dropped but finished with status PERMISSION_DENIED and parcel size 0
10-08 16:14:36.098 2061 2730 I ndroid.systemu: Explicit concurrent copying GC freed 149286(6029KB) AllocSpace objects, 6(184KB) LOS objects, 49% free, 14MB/28MB, paused 177us total 102.424ms
10-08 16:14:36.108 2061 2075 I BufferQueueConsumer: [SurfaceTexture-0-2061-32](id:80d00000020,api:0,p:-1,c:2061) disconnect()
10-08 16:14:36.109 2061 2075 W System : A resource failed to call close.
10-08 16:14:36.109 2061 2075 W System : A resource failed to call release.
10-08 16:14:36.109 2061 2075 W System : A resource failed to call close.
10-08 16:14:36.115 828 828 D OppoExLayer: ~Layer() sequence=3775, name=Surface(name=6fe9210 NavigationBar0)/@0x783f63e - animation-leash#0@0xb400007657ad1000
10-08 16:14:36.127 808 870 I libPowerHal: [perfLockRel] hdl:2672, idx:2
10-08 16:14:36.127 808 870 I libPowerHal: [PD] scn:2 hdl:2672 hint:25 comm:mtkpower@1.0-se pid:808
10-08 16:14:36.127 808 870 I libPowerHal: [PD] MTKPOWER_HINT_APP_TOUCH update cmd:3408600 param:0
10-08 16:14:36.129 2509 2509 E SimulationInteractor: tryGetAnimationPainterInstance error:com.coloros.painteranimationpanel.api.AnimPainterInstance
10-08 16:14:35.900 1551 1551 D ColorInputMethodManagerServiceEx: onHandleImeWindowVisibleStatus handledVis: 0, switcher visible: 0, switcher active: 0, needsToShowImeSwitcher: false
10-08 16:14:36.160 1551 1822 D JobScheduler.Temperature: get temperature=30.28
10-08 16:14:36.269 1551 1816 D BatteryLed: getLightInColorState, oppoLightMgr empty!
10-08 16:14:36.472 808 870 I libPowerHal: [perfLockAcq] idx:2 hdl:2676 hint:25 pid:808 duration:10000 => ret_hdl:2676
10-08 16:14:36.472 808 870 I libPowerHal: [PE] scn:2 hdl:2676 hint:25 comm:mtkpower@1.0-se pid:808
10-08 16:14:36.472 808 870 I libPowerHal: [PE] MTKPOWER_HINT_APP_TOUCH update cmd:3408600 param:1
10-08 16:14:36.473 1551 1828 I mtkpower_client: perf_lock_rel, hdl:2675, tid:1828
10-08 16:14:36.473 1551 1828 I mtkpower_client: perf_lock_acq, hdl:2675, dur:0, num:12, tid:1828
10-08 16:14:36.473 808 870 I libPowerHal: [perfLockRel] hdl:2675, idx:0
10-08 16:14:36.473 808 870 I libPowerHal: [PD] scn:0 hdl:2675 lock_user:system_server pid:1551 tid:1828 dur:0
10-08 16:14:36.473 808 870 I libPowerHal: [PD] system_server update cmd:10000100 param:2
10-08 16:14:36.474 1551 1828 I mtkpower_client: ret_hdl:2677
10-08 16:14:36.474 808 870 I libPowerHal: [perfLockAcq] idx:0 hdl:2677 hint:-1 pid:1551 duration:0 => ret_hdl:2677
10-08 16:14:36.474 808 870 I libPowerHal: [PE] scn:0 hdl:2677 lock_user:system_server pid:1551 tid:1828 dur:0
10-08 16:14:36.474 808 870 I libPowerHal: [PE] system_server update cmd:1410000, param:1
10-08 16:14:36.474 808 870 I libPowerHal: [PE] system_server update cmd:1c3c000, param:0
