10-08 16:14:50.250 1120 17594 D AFAlgo : Working buffer not created. skip all af_Process. dev 0
10-08 16:14:50.251 1120 17594 E HalIspImp: [setP1Params] No ISP Profile: CaptureIntent: 1, Default Profile: 0 (setP1Params){#658:vendor/mediatek/proprietary/hardware/mtkcam/aaa/source/isp_6s/isp_hal/HalIspImp.cpp}
10-08 16:14:50.270 1120 17636 I FlickerAlgo: [flk_SendCmd] CMD_DETECT
10-08 16:14:50.270 1120 17636 I FlickerAlgo: [DoCmdDetect] type(0) n_win_h(3) n_win_w(6) win_wd(386) win_ht(572) cur_freq(50)
10-08 16:14:50.270 1120 17636 I FlickerAlgo: Freq_out = 2813356, 7114120, 4641133, 955153, 3149791, 2535966, 595360, 291060, 605121
10-08 16:14:50.270 1120 17611 I Hal3Av3 : [get] frmId(8), IsConvert4MetaResult(0), ret(1), u1CaptureIntent(1), count(112, 38), AwbState(1) AeState(1) FlashState(0) AfState(0) Exp(20002000) ISO(398) FrameDuration(100050000)
10-08 16:14:50.271 1120 17612 I MtkCam/P2/CaptureNode: [queue] P2C cam 1: (0xb4000075c8c11e80) R/F Num: 6/6
10-08 16:14:50.272 1120 17629 I MtkCam/P2/CaptureProcessor: [onEnque] P2C cam 1 MWFrame:#6 MWReq:#6, frame 6 : Index/Count:-1/0 Feature:0x10040
10-08 16:14:50.272 1120 17629 I MtkCam/P2/CaptureProcessor: [onEnque] P2C cam 1 MWFrame:#6 MWReq:#6, frame 6 : Index/Count:-1/0 isEarlyNotificationTrigger:-1, isCshot:1, feature:cz/hfg
10-08 16:14:50.272 1120 17629 I MtkCam/P2/CaptureProcessor: [onEnque] P2C cam 1 MWFrame:#6 MWReq:#6, frame 6 : enqued request to captureFeaturePipe, R/F Num:6/6
10-08 16:14:50.273 1120 17629 I MtkCam/CapturePipe/Request: [addNodeIO][R/F Num: 6/6] In, nodeId(4)(p2a), typeId(0)(man_full_raw), bufferId(0), reference(1)
10-08 16:14:50.273 1120 17629 I MtkCam/CapturePipe/Request: [addNodeIO][R/F Num: 6/6] In, nodeId(4)(p2a), typeId(1)(man_rsz_raw), bufferId(1), reference(1)
10-08 16:14:50.273 1120 17629 I MtkCam/CapturePipe/Request: [addNodeIO][R/F Num: 6/6] In, nodeId(4)(p2a), typeId(23)(man_lcs), bufferId(2), reference(1)
10-08 16:14:50.273 1120 17629 I MtkCam/CapturePipe/Request: [addNodeIO][R/F Num: 6/6] In, nodeId(4)(p2a), typeId(24)(man_lcesho), bufferId(3), reference(1)
10-08 16:14:50.273 1120 17629 I MtkCam/CapturePipe/Request: [addNodeIO][R/F Num: 6/6] Out nodeId(4)(p2a), typeId(19)(jpeg), bufferId(8), reference(1)
10-08 16:14:50.273 1120 17629 I MtkCam/CapturePipe/Request: [addNodeIO][R/F Num: 6/6] Out nodeId(4)(p2a), typeId(20)(thumbnail), bufferId(10), reference(1)
10-08 16:14:50.273 1120 17629 I MtkCam/CapturePipe/Request: [addNodeIO][R/F Num: 6/6] nodeId(4)(p2a), metaId(0), reference(1)
10-08 16:14:50.273 1120 17629 I MtkCam/CapturePipe/Request: [addNodeIO][R/F Num: 6/6] nodeId(4)(p2a), metaId(1), reference(1)
10-08 16:14:50.273 1120 17629 I MtkCam/CapturePipe/Request: [addNodeIO][R/F Num: 6/6] nodeId(4)(p2a), metaId(2), reference(1)
10-08 16:14:50.273 1120 17629 I MtkCam/CapturePipe/Request: [addNodeIO][R/F Num: 6/6] nodeId(4)(p2a), metaId(3), reference(1)
10-08 16:14:50.273 1120 17629 I MtkCam/CapturePipe/Request: [addNodeIO][R/F Num: 6/6] nodeId(4)(p2a), metaId(4), reference(1)
10-08 16:14:50.273 1120 17629 I MtkCam/CapturePipe/Inference: [evaluate]R/F Num: 6/6, timeconsuming: 0 ms
10-08 16:14:50.273 1120 17629 W MtkCam/CapturePipe/RootNode: get MTK_FEATURE_MULTIFRAMENODE_BYPASSED failed, set to 0
10-08 16:14:50.273 1120 17629 I MtkCam/P2/CaptureProcessor: [notifyRelease] P2C cam 1: notify release, R/F Num:6/6
10-08 16:14:50.273 1120 17626 E ISPProfileMapping: [mappingProfile] No match profile, isProprietary:1/FID=0x0/SenComb=1/Scenario=1/Stage=11 (mappingProfile){#253:vendor/mediatek/proprietary/hardware/mtkcam3/feature/common/utils/ISPProfileMapper.cpp}
10-08 16:14:50.273 1120 17626 W MSNRCore: (17626)[getMsnrMode] Failed to get ISP Profile, use EIspProfile_Capture_Before_Blend as default
10-08 16:14:50.273 1120 17626 I MtkCam/CapturePipe/P2ANode: [checkHasYUVOutput]request has yuv output. type:19, buf:8
10-08 16:14:50.273 1120 17626 I MtkCam/CapturePipe/P2ANode: [onRequestProcess](4) +, R/F/S Num: 6/6/1
10-08 16:14:50.273 1120 17626 W MtkCam/CapturePipe/Request: [acquireBuffer]Output:jpeg already acquired
10-08 16:14:50.273 1120 17626 W MtkCam/CapturePipe/Request: [acquireBuffer]Output:jpeg already acquired
10-08 16:14:50.273 1120 17626 W MtkCam/CapturePipe/Request: [acquireBuffer]Output:thumbnail already acquired
10-08 16:14:50.273 1120 17626 W MtkCam/CapturePipe/P2ANode: [setP2ISP]pBufLCE2CALTM is NULL, hasFeature(DRE): 0, mLCE2CALTM_Size: 52
10-08 16:14:50.273 1120 17626 E paramctrl_validate: DCESO too old, use default setting, u4id(8) DcsFrmId(-1) (validatePerFrameP2){#332:vendor/mediatek/proprietary/hardware/mtkcam/aaa/source/isp_6s/isp_tuning/paramctrl/paramctrl_validate.cpp}
10-08 16:14:50.273 1120 17626 W PDTblGen: [getTbl] dev(2) scenario(0) device is not started, no tables can be output. Please module should be started before getting table
10-08 16:14:50.274 1120 17626 I MtkCam/CapturePipe/P2ANode: [onRequestProcess](4) -, R/F/S Num: 6/6/1
10-08 16:14:50.274 1120 7216 D AdaptCALTM: GetCustomParameters: No Nvram Content!
10-08 16:14:50.289 1120 17621 I MtkCam/CapturePipe/P2ANode: [onP2SuccessCallback](4) R/F/S Num: 6/6/1, task:4, timeconsuming: 15ms
10-08 16:14:50.289 1120 17641 I MtkCam/CapturePipe/P2ANode: [onRequestFinish](4), R/F/S Num: 6/6/1
10-08 16:14:50.289 1120 17641 I MtkCam/CapturePipe/Request: [decNodeReference][R/F Num: 6/6] decNodeReference nodeId(p2a)
10-08 16:14:50.289 1120 17641 I MtkCam/P2/CaptureProcessor: [notifyRelease] P2C cam 1: notify release, R/F Num:6/6
10-08 16:14:50.289 1120 17641 I MtkCam/CapturePipe/Pipe: [onData]R/F Num: 6/6 - dataid=deque, Finished Abort(0)/Fail(0)
10-08 16:14:50.289 1120 17641 I MtkCam/JpegNode: [queue] FrameNo : 6, RequestNo : 6
10-08 16:14:50.289 1120 17641 I MtkCam/P2/CaptureProcessor: [onCompleted] P2C cam 1 MWFrame:#6 MWReq:#6, frame 6-0 : (0xb4000075cc172440) erased a completed request, request count:0, R/F Num:6/6
10-08 16:14:50.290 1120 17616 I MtkCam/JpegNode: [extractRequestLoop] mbRequestDrainedCond wait +
10-08 16:14:50.290 1120 17616 I MtkCam/JpegNode: [extractRequestLoop] mbRequestDrainedCond wait -
10-08 16:14:50.290 1120 17616 I MtkCam/JpegNode: [processJpeg] mReqWaitDoneQueueStillFreeCond wait +
10-08 16:14:50.290 1120 17616 I MtkCam/JpegNode: [processJpeg] mReqWaitDoneQueueStillFreeCond wait -
10-08 16:14:50.290 1120 17616 I mtkcam/exif: [StdExif] property: AppPackageName(com.oppo.attention)
10-08 16:14:50.290 1120 17617 I MtkCam/JpegNode: [waitJpegEncodeReqDone] mReqNewTriggerEncodeCond wait -
10-08 16:14:50.290 1120 17654 W MtkCam/JpegNode: [getJpegParams] no tag: MTK_VSDOF_FEATURE_REFOCUS_CAPTURE_FLOW
10-08 16:14:50.290 1120 17654 E MtkCam/JpegNode: [updateOffsetTimeOrig] offsetDateTime(801200bb) Entry is Empty (updateOffsetTimeOrig){#41:vendor/mediatek/proprietary/hardware/mtkcam3/pipeline/hwnode/p1/../../../oplus/pipeline/hwnode/JpegNode/v2.0/OplusJpegNodeImp.h}
10-08 16:14:50.290 1120 17654 E MtkCam/JpegNode: [updateOffsetTimeOrig] offsetDateTime(801200bb) is +8:00 (updateOffsetTimeOrig){#60:vendor/mediatek/proprietary/hardware/mtkcam3/pipeline/hwnode/p1/../../../oplus/pipeline/hwnode/JpegNode/v2.0/OplusJpegNodeImp.h}
10-08 16:14:50.290 1120 17654 I mtkcam/exif: [init] mpExifParam(0xb4000075ba263f68) ImageSize(480x640) FNumber(2000/1000) FocalLegth(3410/1000) AWBMode(0) Strobe(0) AEMeterMode(2) Brightness(81) AEExpBias(0)
10-08 16:14:50.290 1120 17654 I mtkcam/exif: [init] CapExposureTime(20002) AEISOSpeed(398) LightSource(255) ExpProgram(0) SceneCapType(0) Orientation(22) ZoomRatio(100) Facing(1) ICC(0)
10-08 16:14:50.290 1120 17654 I mtkcam/exif: [init] GPS(0), Altitude(0), Latitude(), Longitude(), TimeStamp(), ProcessingMethod()
10-08 16:14:50.290 1120 17654 I mtkcam/exif: [init] FlashFiringStatus(0), FlashReturnDetect(0), FlashMode(2), FlashFunction(0), FlashRedEye(0)
10-08 16:14:50.290 1120 17654 E MEXIF : [ifdExifIFDValInit] Unsupport tag!(0x8831) (ifdExifIFDValInit){#483:vendor/mediatek/proprietary/hardware/mtkcam/utils/exif/common/exif_ifdinit.cpp}
10-08 16:14:50.290 1120 17654 E MEXIF : [exifErrPrint] Error in ifdExifIFDValInit() call, Unsupport tag!, err = fffff4fe
10-08 16:14:50.290 1120 17654 E MEXIF : (exifErrPrint){#365:vendor/mediatek/proprietary/hardware/mtkcam/utils/exif/common/exif_misc.cpp}
10-08 16:14:50.290 1120 17654 E MEXIF : [ifdExifIFDValInit] Unsupport tag!(0x8833) (ifdExifIFDValInit){#483:vendor/mediatek/proprietary/hardware/mtkcam/utils/exif/common/exif_ifdinit.cpp}
10-08 16:14:50.290 1120 17654 E MEXIF : [exifErrPrint] Error in ifdExifIFDValInit() call, Unsupport tag!, err = fffff4fe
10-08 16:14:50.290 1120 17654 E MEXIF : (exifErrPrint){#365:vendor/mediatek/proprietary/hardware/mtkcam/utils/exif/common/exif_misc.cpp}
10-08 16:14:50.290 1120 17654 I MEXIF : [exifApp1SizeGet] app1 size(1664)
10-08 16:14:50.290 1120 17654 E libc : Access denied finding property "jpeg.exif.icc.profile"
10-08 16:14:50.292 1120 17654 D JpgEncHal: ::LevelLock type 2, islock 0, L:195!!
10-08 16:14:50.292 1120 17655 W MtkCam/JpegCodec: (17655)[encode] [encode] Ori (width, height) = (176, 132), Aligned (width, height) = (128, 176) u4Transform(7)
10-08 16:14:50.292 1120 17654 W JpgEncv4l2: [Info] device_open sem_wait + 1
10-08 16:14:50.292 1120 17654 W JpgEncv4l2: open path /dev/video3
10-08 16:14:50.292 1120 17654 D JpgEncHal: JpgEncHal::LevelLock enc_type 0, L:222!!
10-08 16:14:50.292 1120 17654 D JpgEncHal: Src Addr:0x765e4e2000, 0x765e4a8000, srcFD 330 334, width/height:[480, 640], format:3
10-08 16:14:50.292 1120 17654 D JpgEncHal: Src Size:0x4b000, 0x25800, Stride 1e0 1e0!!
10-08 16:14:50.292 1120 17654 D JpgEncHal: Dst Addr:0x75bf63c500, dstFD 324, Quality:100, Buffer Size:660800, Need add SOI:0, memType 3!!
10-08 16:14:50.292 1120 17654 E JpgEncv4l2: jpegEncStart devcie_open retrun 251
10-08 16:14:50.292 1120 17654 W JpgEncv4l2: v4l2_set_fmt width 480 height 640 dstFormat 3
10-08 16:14:50.292 1120 17654 W JpgEncv4l2: v4l2_set_fmt bytesperline1 480 sizeimage 307200 dstFormat 3
10-08 16:14:50.292 1120 17654 W JpgEncv4l2: v4l2_set_fmt width 480 height 640 dstFormat 3
10-08 16:14:50.292 1120 17654 W JpgEncv4l2: v4l2_set_control restart interval 0
10-08 16:14:50.292 1120 17654 W JpgEncv4l2: v4l2_set_control quality 100
10-08 16:14:50.292 1120 17654 W JpgEncv4l2: v4l2_set_control enableExif 1
10-08 16:14:50.292 1120 17654 W JpgEncv4l2: v4l2_set_control dst offset 0xa500
10-08 16:14:50.292 1120 17654 W JpgEncv4l2: v4l2_set_selection crop width 480 height 640
10-08 16:14:50.292 1120 17654 W JpgEncv4l2: index: 0, type: 10, memory: 4, length: 2, sequence: 0, ts: 0.000000, byteused: 0, flag: 0x4000, reserved2: [0,0], planes_bytesused:[0,0], planes_length:[307200,153600], planes_data_offset:[0,0], planes_m_fd[0,0]
10-08 16:14:50.292 1120 17654 W JpgEncv4l2: index: 1, type: 10, memory: 4, length: 2, sequence: 0, ts: 0.000000, byteused: 0, flag: 0x4000, reserved2: [0,0], planes_bytesused:[0,0], planes_length:[307200,153600], planes_data_offset:[0,0], planes_m_fd[0,0]
10-08 16:14:50.292 1120 17654 W JpgEncv4l2: index: 2, type: 10, memory: 4, length: 2, sequence: 0, ts: 0.000000, byteused: 0, flag: 0x4000, reserved2: [0,0], planes_bytesused:[0,0], planes_length:[307200,153600], planes_data_offset:[0,0], planes_m_fd[0,0]
10-08 16:14:50.292 1120 17654 W JpgEncv4l2: index: 3, type: 10, memory: 4, length: 2, sequence: 0, ts: 0.000000, byteused: 0, flag: 0x4000, reserved2: [0,0], planes_bytesused:[0,0], planes_length:[307200,153600], planes_data_offset:[0,0], planes_m_fd[0,0]
10-08 16:14:50.292 1120 17654 W JpgEncv4l2: index: 4, type: 10, memory: 4, length: 2, sequence: 0, ts: 0.000000, byteused: 0, flag: 0x4000, reserved2: [0,0], planes_bytesused:[0,0], planes_length:[307200,153600], planes_data_offset:[0,0], planes_m_fd[0,0]
10-08 16:14:50.292 1120 17654 W JpgEncv4l2: index: 0, type: 9, memory: 4, length: 1, sequence: 0, ts: 0.000000, byteused: 0, flag: 0x4000, reserved2: [0,0], planes_bytesused:[0], planes_length:[660864], planes_data_offset:[0], planes_m_fd[0]
10-08 16:14:50.292 1120 17654 W JpgEncv4l2: index: 1, type: 9, memory: 4, length: 1, sequence: 0, ts: 0.000000, byteused: 0, flag: 0x4000, reserved2: [0,0], planes_bytesused:[0], planes_length:[660864], planes_data_offset:[0], planes_m_fd[0]
10-08 16:14:50.292 1120 17654 W JpgEncv4l2: index: 2, type: 9, memory: 4, length: 1, sequence: 0, ts: 0.000000, byteused: 0, flag: 0x4000, reserved2: [0,0], planes_bytesused:[0], planes_length:[660864], planes_data_offset:[0], planes_m_fd[0]
10-08 16:14:50.292 1120 17654 W JpgEncv4l2: index: 3, type: 9, memory: 4, length: 1, sequence: 0, ts: 0.000000, byteused: 0, flag: 0x4000, reserved2: [0,0], planes_bytesused:[0], planes_length:[660864], planes_data_offset:[0], planes_m_fd[0]
10-08 16:14:50.292 1120 17654 W JpgEncv4l2: index: 4, type: 9, memory: 4, length: 1, sequence: 0, ts: 0.000000, byteused: 0, flag: 0x4000, reserved2: [0,0], planes_bytesused:[0], planes_length:[660864], planes_data_offset:[0], planes_m_fd[0]
10-08 16:14:50.293 1120 17654 W JpgEncv4l2: v4l2_set_dma_in_memory plane 0 fd 330 length 307200 bytesused 307200
10-08 16:14:50.293 1120 17654 W JpgEncv4l2: v4l2_set_dma_in_memory plane 1 fd 334 length 153600 bytesused 153600
10-08 16:14:50.293 1120 17654 W JpgEncv4l2: v4l2_set_dma_out_memory fd 324 length 660864 bytesused 0
10-08 16:14:50.293 1120 17654 W JpgEncv4l2: v4l2_poll before poll (10)wait_event 0x4 pfd.events 0xc
10-08 16:14:50.293 1120 17654 W JpgEncv4l2: v4l2_poll after poll (10)wait_event 0x4 pfd.events 0xc 419
10-08 16:14:50.293 1120 17654 W JpgEncv4l2: (10)UNKNOWN
10-08 16:14:50.293 1120 17654 W JpgEncv4l2: poll(10) meet event 0x4 pfd.revents 0x4
10-08 16:14:50.293 1120 17654 W JpgEncv4l2:
10-08 16:14:50.293 1120 17654 W JpgEncv4l2: v4l2_poll before poll (9)wait_event 0x1 pfd.events 0x9
10-08 16:14:50.293 1120 17654 W JpgEncv4l2: v4l2_poll after poll (9)wait_event 0x1 pfd.events 0xb 2
10-08 16:14:50.293 1120 17654 W JpgEncv4l2: (9)UNKNOWN
10-08 16:14:50.293 1120 17654 W JpgEncv4l2: poll(9) meet event 0x1 pfd.revents 0x1
10-08 16:14:50.293 1120 17654 W JpgEncv4l2:
10-08 16:14:50.293 1120 17654 W JpgEncv4l2: v4l2_dq_out_buf VIDIOC_DQBUF out buffer out buf bytesused 78336
10-08 16:14:50.293 1120 17654 D JpgEncHal: JpgEncHal:before ion cache invalidate
10-08 16:14:50.293 1120 17654 D JpgEncHal: JpgEncHal:before ion cache invalidate 2
10-08 16:14:50.293 1120 17654 D imgMmu : ::[ION_SYNC] imgIon_syncDone ionFD 348, handle 0x1, va 0xbf63c500 size 660800 L:500!!
10-08 16:14:50.293 1120 17654 D JpgEncHal: result:0, size:78290
10-08 16:14:50.293 1120 17654 W JpgEncv4l2: device_close close fd 251
10-08 16:14:50.294 1120 7216 D AdaptCALTM: GetCustomParameters: No Nvram Content!
10-08 16:14:50.294 1120 17654 W JpgEncv4l2: [Info] device_close sem_post -1
10-08 16:14:50.294 1120 17654 D JpgEncHal: call free_ion fDstIonHdle 1
10-08 16:14:50.294 1120 7216 W MDP : DpMmuHandler::flushMemory flush all not support
10-08 16:14:50.294 1120 7216 W MDP : DpMmuHandler::flushMemory flush all not support
10-08 16:14:50.294 1120 17655 W MDP : DpMmuHandler::flushMemory flush all not support
10-08 16:14:50.294 1120 17655 D JpgEncHal: ::LevelLock type 1, islock 0, L:195!!
10-08 16:14:50.294 1120 17655 D JpgEncHal: JpgEncHal::LevelLock enc_type 1, L:222!!
10-08 16:14:50.294 1120 17655 D JpgEncHal: Src Addr:0x765e904000, 0x0, srcFD 346 -1, width/height:[128, 176], format:0
10-08 16:14:50.294 1120 17655 D JpgEncHal: Src Size:0xb000, 0x0, Stride 100 0!!
10-08 16:14:50.294 1120 17655 D JpgEncHal: Dst Addr:0x75bf632680, dstFD 324, Quality:100, Buffer Size:40576, Need add SOI:1, memType 3!!
10-08 16:14:50.294 1120 17655 D JpgEncHal: SW Encode Start!!!
10-08 16:14:50.294 1120 17655 D JpgEncHal: SW Encode Done!!!
10-08 16:14:50.295 1120 17654 I mtkcam/exif: [make] out buffer(0x75bf632000)
10-08 16:14:50.295 1120 17654 I mtkcam/exif: [updateStdExif] strDateTime(2021:10:08 16:14:50), strSubSecTime(29)
10-08 16:14:50.295 1120 17654 I mtkcam/exif: [updateStdExif] property: make(OPPO), model(PDKM00)
10-08 16:14:50.295 1120 17654 E mtkcam/exif: [make] not support ICC profile 0 (make){#681:vendor/mediatek/proprietary/hardware/mtkcam/utils/exif/v3/StdExif.cpp}
10-08 16:14:50.296 1120 17617 W mtkcam-PreReleaseRequest: [notifyCaptureCompleted] mImgReaderID is -1
10-08 16:14:50.296 1120 17617 I MtkCam/JpegNode: [waitJpegEncodeReqDone] mReqNewTriggerEncodeCond wait +
10-08 16:14:50.297 32713 32733 W gralloc4: Could not find component description for FourCC value 0
10-08 16:14:50.299 32713 32733 D skia : SkJpegCodec::onGetPixels +
10-08 16:14:50.302 32713 32733 D skia : SkJpegCodec::onGetPixels -
10-08 16:14:50.302 32713 32733 D GazeDetect: mobileOrientation: MOBILE_ORIENTATION_UP
10-08 16:14:50.303 32713 32733 D PROCESS : backBitmap Rect(0, 0 - 640, 640) frontBitmap Rect(0, 0 - 480, 640)
10-08 16:14:50.315 1039 10277 I ANNPreparedModel_V1_3: executeSynchronously()
10-08 16:14:50.315 1039 10277 I NeuroEaraMgr: [notifyExecutionBegin] => tid:32713, mid:12970367455080845320 (MTag_12970367455080847232)
10-08 16:14:50.315 1039 10277 I NeuroEaraMgr: [updateBoostValue] step0 @UNKNOWN, minExecTime: 544, suggestExecTime: 0, boostValue: 100 (MTag_12970367455080847232)
10-08 16:14:50.315 1039 10277 I NeuroEaraMgr: [updateBoostValue] step1 @MDLA, minExecTime: 4768, suggestExecTime: 0, boostValue: 100 (MTag_12970367455080847232)
10-08 16:14:50.315 1039 10277 I NeuroEaraMgr: [updateBoostValue] step2 @UNKNOWN, minExecTime: 12875012, suggestExecTime: 0, boostValue: 100 (MTag_12970367455080847232)
10-08 16:14:50.315 1039 10277 I ANNQoS : User priority: 10, EARA priority: 0
10-08 16:14:50.315 1039 10277 I ANNQoS : Use voted job priority: 0
10-08 16:14:50.315 1039 10277 I mtkpower_client: perf_lock_acq, hdl:2710, dur:2000, num:22, tid:10277
10-08 16:14:50.315 1039 10277 I mtkpower_client: ret_hdl:2710
10-08 16:14:50.315 808 870 I libPowerHal: [perfLockAcq] idx:1 hdl:2710 hint:-1 pid:1039 duration:2000 => ret_hdl:2710
10-08 16:14:50.315 1039 10277 I ANNExecutor: ANNExecutor::run()
10-08 16:14:50.328 1039 10277 I ANNExecutor: Completed run normally
10-08 16:14:50.328 1039 10277 I ANNPreparedModelBase: executor.run returned 0
10-08 16:14:50.328 1039 10277 I NeuroEaraMgr: [notifyExecutionEnd] step0 @UNKNOWN, execTime:662, minExecTime:603 (MTag_12970367455080847232)
10-08 16:14:50.328 1039 10277 I NeuroEaraMgr: [notifyExecutionEnd] step1 @MDLA, execTime:4730, minExecTime:4749 (MTag_12970367455080847232)
10-08 16:14:50.328 1039 10277 I NeuroEaraMgr: [notifyExecutionEnd] step2 @UNKNOWN, execTime:12957952, minExecTime:12916482 (MTag_12970367455080847232)
10-08 16:14:50.328 1039 10277 I NeuroEaraMgr: [notifyEaraJobEnd] <= priority: 0, tid:32713, mid:12970367455080845320 (MTag_12970367455080847232)#
10-08 16:14:50.328 32713 32733 D retina : faces number:0
10-08 16:14:50.328 32713 32733 D GazeDetect: RGBImage, size height: 640 width: 480
10-08 16:14:50.328 32713 32733 D GazeDetect: FaceDetect, total 0 faces
10-08 16:14:50.348 1120 17594 E idx_cache: [query] [IdxCache::query] pModExpend info missing (query){#297:vendor/mediatek/proprietary/hardware/mtkcam/utils/mapping_mgr/idx_cache/idx_cache.cpp}
10-08 16:14:50.348 1120 7240 I MtkCam3/HwUtils: [boostCPUFreq] already boosting, mLastBoostFrameNo : 9, frameNo : 10
10-08 16:14:50.348 1120 17594 D AE_ALGO : [recfg_smooth_ctrl_v6_s] pline tale is null
10-08 16:14:50.348 1120 17594 D camerahalserver: [transBinSum_s5k3p9spmipiraw()] + u4Eposuretime:20002 u4AfeGain:3968 u4IspGain:4216 u4ISO:398
10-08 16:14:50.349 1120 7240 E CamMidasService: [ERROR ] midasserviceintf.cpp:122 SetPowerFactor() m_pMIDASService is null
10-08 16:14:50.349 1120 7240 I mtkcam-FeatureSettingPolicy: [evaluateCaptureSetting] (0xb40000759d3cac20) capture req#:11
10-08 16:14:50.349 1120 7240 I mtkcam-customer_scenario_mgr: [customer_get_features_table_by_scenario] find features for scenario(5 : MTK_CAMERA_SCENARIO_CAPTURE_CSHOT) in logical map
10-08 16:14:50.349 1120 7240 I mtkcam-FeatureSettingPolicy: [evaluateCaptureSetting] trigger feature:NO_FEATURE_NORMAL(0), feature combination:MTK_FEATURE_COMBINATION_CSHOT(0x10040) for req#11
10-08 16:14:50.349 1120 7240 D isp_tuning_custom_oplus: [OPLUS ISP Profile]cannot get OPPO_APS_FEATURE_TYPE!
10-08 16:14:50.349 1120 7240 D isp_tuning_custom_oplus: [OPLUS ISP Profile]Current apsFeature is -1
10-08 16:14:50.349 1120 7240 D isp_tuning_custom_oplus: [OPLUS ISP Profile]Current APS Feature is -1, do not set custom profile.
10-08 16:14:50.350 1120 17594 E awb_mgr_oplus: AWB: Write oppo awb debug info success! (getCustomDebugInfo){#806:vendor/mediatek/proprietary/hardware/mtkcam/aaa/source/isp_6s/awb_mgr/../../../../oplus/aaa/isp_6s/awb_mgr/Oplus_awb_mgr.cpp}
10-08 16:14:50.350 1120 17594 D AFAlgo : Working buffer not created. skip all af_Process. dev 0
10-08 16:14:50.351 1120 17594 E HalIspImp: [setP1Params] No ISP Profile: CaptureIntent: 1, Default Profile: 0 (setP1Params){#658:vendor/mediatek/proprietary/hardware/mtkcam/aaa/source/isp_6s/isp_hal/HalIspImp.cpp}
10-08 16:14:50.373 1120 17611 I Hal3Av3 : [get] frmId(9), IsConvert4MetaResult(0), ret(1), u1CaptureIntent(1), count(112, 38), AwbState(2) AeState(2) FlashState(0) AfState(0) Exp(20002000) ISO(398) FrameDuration(100050000)
10-08 16:14:50.373 1120 17612 I MtkCam/P2/CaptureNode: [queue] P2C cam 1: (0xb4000075c8c11e80) R/F Num: 7/7
10-08 16:14:50.375 1120 17629 I MtkCam/P2/CaptureProcessor: [onEnque] P2C cam 1 MWFrame:#7 MWReq:#7, frame 7 : Index/Count:-1/0 Feature:0x10040
10-08 16:14:50.375 1120 17629 I MtkCam/P2/CaptureProcessor: [onEnque] P2C cam 1 MWFrame:#7 MWReq:#7, frame 7 : Index/Count:-1/0 isEarlyNotificationTrigger:-1, isCshot:1, feature:cz/hfg
10-08 16:14:50.375 1120 17629 I MtkCam/P2/CaptureProcessor: [onEnque] P2C cam 1 MWFrame:#7 MWReq:#7, frame 7 : enqued request to captureFeaturePipe, R/F Num:7/7
10-08 16:14:50.375 1120 17629 I MtkCam/CapturePipe/Request: [addNodeIO][R/F Num: 7/7] In, nodeId(4)(p2a), typeId(0)(man_full_raw), bufferId(0), reference(1)
10-08 16:14:50.375 1120 17629 I MtkCam/CapturePipe/Request: [addNodeIO][R/F Num: 7/7] In, nodeId(4)(p2a), typeId(1)(man_rsz_raw), bufferId(1), reference(1)
10-08 16:14:50.375 1120 17629 I MtkCam/CapturePipe/Request: [addNodeIO][R/F Num: 7/7] In, nodeId(4)(p2a), typeId(23)(man_lcs), bufferId(2), reference(1)
10-08 16:14:50.375 1120 17629 I MtkCam/CapturePipe/Request: [addNodeIO][R/F Num: 7/7] In, nodeId(4)(p2a), typeId(24)(man_lcesho), bufferId(3), reference(1)
10-08 16:14:50.375 1120 17629 I MtkCam/CapturePipe/Request: [addNodeIO][R/F Num: 7/7] Out nodeId(4)(p2a), typeId(19)(jpeg), bufferId(8), reference(1)
10-08 16:14:50.375 1120 17629 I MtkCam/CapturePipe/Request: [addNodeIO][R/F Num: 7/7] Out nodeId(4)(p2a), typeId(20)(thumbnail), bufferId(10), reference(1)
10-08 16:14:50.375 1120 17629 I MtkCam/CapturePipe/Request: [addNodeIO][R/F Num: 7/7] nodeId(4)(p2a), metaId(0), reference(1)
10-08 16:14:50.375 1120 17629 I MtkCam/CapturePipe/Request: [addNodeIO][R/F Num: 7/7] nodeId(4)(p2a), metaId(1), reference(1)
10-08 16:14:50.375 1120 17629 I MtkCam/CapturePipe/Request: [addNodeIO][R/F Num: 7/7] nodeId(4)(p2a), metaId(2), reference(1)
10-08 16:14:50.375 1120 17629 I MtkCam/CapturePipe/Request: [addNodeIO][R/F Num: 7/7] nodeId(4)(p2a), metaId(3), reference(1)
10-08 16:14:50.375 1120 17629 I MtkCam/CapturePipe/Request: [addNodeIO][R/F Num: 7/7] nodeId(4)(p2a), metaId(4), reference(1)
10-08 16:14:50.375 1120 17629 I MtkCam/CapturePipe/Inference: [evaluate]R/F Num: 7/7, timeconsuming: 0 ms
10-08 16:14:50.375 1120 17629 W MtkCam/CapturePipe/RootNode: get MTK_FEATURE_MULTIFRAMENODE_BYPASSED failed, set to 0
10-08 16:14:50.375 1120 17629 I MtkCam/P2/CaptureProcessor: [notifyRelease] P2C cam 1: notify release, R/F Num:7/7
10-08 16:14:50.375 1120 17626 E ISPProfileMapping: [mappingProfile] No match profile, isProprietary:1/FID=0x0/SenComb=1/Scenario=1/Stage=11 (mappingProfile){#253:vendor/mediatek/proprietary/hardware/mtkcam3/feature/common/utils/ISPProfileMapper.cpp}
10-08 16:14:50.375 1120 17626 W MSNRCore: (17626)[getMsnrMode] Failed to get ISP Profile, use EIspProfile_Capture_Before_Blend as default
10-08 16:14:50.375 1120 17626 I MtkCam/CapturePipe/P2ANode: [checkHasYUVOutput]request has yuv output. type:19, buf:8
10-08 16:14:50.375 1120 17626 I MtkCam/CapturePipe/P2ANode: [onRequestProcess](4) +, R/F/S Num: 7/7/1
10-08 16:14:50.375 1120 17626 W MtkCam/CapturePipe/Request: [acquireBuffer]Output:jpeg already acquired
10-08 16:14:50.375 1120 17626 W MtkCam/CapturePipe/Request: [acquireBuffer]Output:jpeg already acquired
10-08 16:14:50.375 1120 17626 W MtkCam/CapturePipe/Request: [acquireBuffer]Output:thumbnail already acquired
10-08 16:14:50.375 1120 17626 W MtkCam/CapturePipe/P2ANode: [setP2ISP]pBufLCE2CALTM is NULL, hasFeature(DRE): 0, mLCE2CALTM_Size: 52
10-08 16:14:50.375 1120 17626 E paramctrl_validate: DCESO too old, use default setting, u4id(9) DcsFrmId(-1) (validatePerFrameP2){#332:vendor/mediatek/proprietary/hardware/mtkcam/aaa/source/isp_6s/isp_tuning/paramctrl/paramctrl_validate.cpp}
10-08 16:14:50.375 1120 17626 W PDTblGen: [getTbl] dev(2) scenario(0) device is not started, no tables can be output. Please module should be started before getting table
10-08 16:14:50.376 1120 17626 I MtkCam/CapturePipe/P2ANode: [onRequestProcess](4) -, R/F/S Num: 7/7/1
10-08 16:14:50.377 1120 7216 D AdaptCALTM: GetCustomParameters: No Nvram Content!
10-08 16:14:50.387 1120 17621 I MtkCam/CapturePipe/P2ANode: [onP2SuccessCallback](4) R/F/S Num: 7/7/1, task:4, timeconsuming: 11ms
10-08 16:14:50.387 1120 17641 I MtkCam/CapturePipe/P2ANode: [onRequestFinish](4), R/F/S Num: 7/7/1
10-08 16:14:50.387 1120 17641 I MtkCam/CapturePipe/Request: [decNodeReference][R/F Num: 7/7] decNodeReference nodeId(p2a)
10-08 16:14:50.388 1120 17641 I MtkCam/P2/CaptureProcessor: [notifyRelease] P2C cam 1: notify release, R/F Num:7/7
10-08 16:14:50.388 1120 17641 I MtkCam/CapturePipe/Pipe: [onData]R/F Num: 7/7 - dataid=deque, Finished Abort(0)/Fail(0)
10-08 16:14:50.388 1120 17641 I MtkCam/JpegNode: [queue] FrameNo : 7, RequestNo : 7
10-08 16:14:50.388 1120 17641 I MtkCam/P2/CaptureProcessor: [onCompleted] P2C cam 1 MWFrame:#7 MWReq:#7, frame 7-0 : (0xb4000075cc172440) erased a completed request, request count:0, R/F Num:7/7
10-08 16:14:50.388 1120 17616 I MtkCam/JpegNode: [extractRequestLoop] mbRequestDrainedCond wait +
10-08 16:14:50.388 1120 17616 I MtkCam/JpegNode: [extractRequestLoop] mbRequestDrainedCond wait -
10-08 16:14:50.388 1120 17616 I MtkCam/JpegNode: [processJpeg] mReqWaitDoneQueueStillFreeCond wait +
10-08 16:14:50.388 1120 17616 I MtkCam/JpegNode: [processJpeg] mReqWaitDoneQueueStillFreeCond wait -
10-08 16:14:50.388 1120 17616 I mtkcam/exif: [StdExif] property: AppPackageName(com.oppo.attention)
10-08 16:14:50.389 1120 17617 I MtkCam/JpegNode: [waitJpegEncodeReqDone] mReqNewTriggerEncodeCond wait -
10-08 16:14:50.389 1120 17656 W MtkCam/JpegNode: [getJpegParams] no tag: MTK_VSDOF_FEATURE_REFOCUS_CAPTURE_FLOW
10-08 16:14:50.389 1120 17656 E MtkCam/JpegNode: [updateOffsetTimeOrig] offsetDateTime(801200bb) Entry is Empty (updateOffsetTimeOrig){#41:vendor/mediatek/proprietary/hardware/mtkcam3/pipeline/hwnode/p1/../../../oplus/pipeline/hwnode/JpegNode/v2.0/OplusJpegNodeImp.h}
10-08 16:14:50.389 1120 17656 E MtkCam/JpegNode: [updateOffsetTimeOrig] offsetDateTime(801200bb) is +8:00 (updateOffsetTimeOrig){#60:vendor/mediatek/proprietary/hardware/mtkcam3/pipeline/hwnode/p1/../../../oplus/pipeline/hwnode/JpegNode/v2.0/OplusJpegNodeImp.h}
10-08 16:14:50.389 1120 17656 I mtkcam/exif: [init] mpExifParam(0xb4000075ba264668) ImageSize(480x640) FNumber(2000/1000) FocalLegth(3410/1000) AWBMode(0) Strobe(0) AEMeterMode(2) Brightness(81) AEExpBias(0)
10-08 16:14:50.389 1120 17656 I mtkcam/exif: [init] CapExposureTime(20002) AEISOSpeed(398) LightSource(255) ExpProgram(0) SceneCapType(0) Orientation(22) ZoomRatio(100) Facing(1) ICC(0)
10-08 16:14:50.389 1120 17656 I mtkcam/exif: [init] GPS(0), Altitude(0), Latitude(), Longitude(), TimeStamp(), ProcessingMethod()
10-08 16:14:50.389 1120 17656 I mtkcam/exif: [init] FlashFiringStatus(0), FlashReturnDetect(0), FlashMode(2), FlashFunction(0), FlashRedEye(0)
10-08 16:14:50.389 1120 17656 E MEXIF : [ifdExifIFDValInit] Unsupport tag!(0x8831) (ifdExifIFDValInit){#483:vendor/mediatek/proprietary/hardware/mtkcam/utils/exif/common/exif_ifdinit.cpp}
10-08 16:14:50.389 1120 17656 E MEXIF : [exifErrPrint] Error in ifdExifIFDValInit() call, Unsupport tag!, err = fffff4fe
10-08 16:14:50.389 1120 17656 E MEXIF : (exifErrPrint){#365:vendor/mediatek/proprietary/hardware/mtkcam/utils/exif/common/exif_misc.cpp}
10-08 16:14:50.389 1120 17656 E MEXIF : [ifdExifIFDValInit] Unsupport tag!(0x8833) (ifdExifIFDValInit){#483:vendor/mediatek/proprietary/hardware/mtkcam/utils/exif/common/exif_ifdinit.cpp}
10-08 16:14:50.389 1120 17656 E MEXIF : [exifErrPrint] Error in ifdExifIFDValInit() call, Unsupport tag!, err = fffff4fe
10-08 16:14:50.389 1120 17656 E MEXIF : (exifErrPrint){#365:vendor/mediatek/proprietary/hardware/mtkcam/utils/exif/common/exif_misc.cpp}
10-08 16:14:50.390 1120 17656 I MEXIF : [exifApp1SizeGet] app1 size(1664)
10-08 16:14:50.390 1120 17656 E libc : Access denied finding property "jpeg.exif.icc.profile"
10-08 16:14:50.391 1120 17656 D JpgEncHal: ::LevelLock type 2, islock 0, L:195!!
10-08 16:14:50.391 1120 17656 W JpgEncv4l2: [Info] device_open sem_wait + 1
10-08 16:14:50.391 1120 17656 W JpgEncv4l2: open path /dev/video3
10-08 16:14:50.391 1120 17657 W MtkCam/JpegCodec: (17657)[encode] [encode] Ori (width, height) = (176, 132), Aligned (width, height) = (128, 176) u4Transform(7)
10-08 16:14:50.391 1120 17656 D JpgEncHal: JpgEncHal::LevelLock enc_type 0, L:222!!
10-08 16:14:50.391 1120 17656 D JpgEncHal: Src Addr:0x765e4e2000, 0x765e4a8000, srcFD 330 334, width/height:[480, 640], format:3
10-08 16:14:50.391 1120 17656 D JpgEncHal: Src Size:0x4b000, 0x25800, Stride 1e0 1e0!!
10-08 16:14:50.391 1120 17656 D JpgEncHal: Dst Addr:0x75bf3ee500, dstFD 327, Quality:100, Buffer Size:660800, Need add SOI:0, memType 3!!
10-08 16:14:50.391 1120 17656 E JpgEncv4l2: jpegEncStart devcie_open retrun 320
10-08 16:14:50.391 1120 17656 W JpgEncv4l2: v4l2_set_fmt width 480 height 640 dstFormat 3
10-08 16:14:50.391 1120 17656 W JpgEncv4l2: v4l2_set_fmt bytesperline1 480 sizeimage 307200 dstFormat 3
10-08 16:14:50.391 1120 17656 W JpgEncv4l2: v4l2_set_fmt width 480 height 640 dstFormat 3
10-08 16:14:50.391 1120 17656 W JpgEncv4l2: v4l2_set_control restart interval 0
10-08 16:14:50.391 1120 17656 W JpgEncv4l2: v4l2_set_control quality 100
10-08 16:14:50.391 1120 17656 W JpgEncv4l2: v4l2_set_control enableExif 1
10-08 16:14:50.391 1120 17656 W JpgEncv4l2: v4l2_set_control dst offset 0xa500
10-08 16:14:50.391 1120 17656 W JpgEncv4l2: v4l2_set_selection crop width 480 height 640
10-08 16:14:50.391 1120 17656 W JpgEncv4l2: index: 0, type: 10, memory: 4, length: 2, sequence: 0, ts: 0.000000, byteused: 0, flag: 0x4000, reserved2: [0,0], planes_bytesused:[0,0], planes_length:[307200,153600], planes_data_offset:[0,0], planes_m_fd[0,0]
10-08 16:14:50.391 1120 17656 W JpgEncv4l2: index: 1, type: 10, memory: 4, length: 2, sequence: 0, ts: 0.000000, byteused: 0, flag: 0x4000, reserved2: [0,0], planes_bytesused:[0,0], planes_length:[307200,153600], planes_data_offset:[0,0], planes_m_fd[0,0]
10-08 16:14:50.391 1120 17656 W JpgEncv4l2: index: 2, type: 10, memory: 4, length: 2, sequence: 0, ts: 0.000000, byteused: 0, flag: 0x4000, reserved2: [0,0], planes_bytesused:[0,0], planes_length:[307200,153600], planes_data_offset:[0,0], planes_m_fd[0,0]
10-08 16:14:50.391 1120 17656 W JpgEncv4l2: index: 3, type: 10, memory: 4, length: 2, sequence: 0, ts: 0.000000, byteused: 0, flag: 0x4000, reserved2: [0,0], planes_bytesused:[0,0], planes_length:[307200,153600], planes_data_offset:[0,0], planes_m_fd[0,0]
10-08 16:14:50.391 1120 17656 W JpgEncv4l2: index: 4, type: 10, memory: 4, length: 2, sequence: 0, ts: 0.000000, byteused: 0, flag: 0x4000, reserved2: [0,0], planes_bytesused:[0,0], planes_length:[307200,153600], planes_data_offset:[0,0], planes_m_fd[0,0]
10-08 16:14:50.391 1120 17656 W JpgEncv4l2: index: 0, type: 9, memory: 4, length: 1, sequence: 0, ts: 0.000000, byteused: 0, flag: 0x4000, reserved2: [0,0], planes_bytesused:[0], planes_length:[660864], planes_data_offset:[0], planes_m_fd[0]
10-08 16:14:50.391 1120 17656 W JpgEncv4l2: index: 1, type: 9, memory: 4, length: 1, sequence: 0, ts: 0.000000, byteused: 0, flag: 0x4000, reserved2: [0,0], planes_bytesused:[0], planes_length:[660864], planes_data_offset:[0], planes_m_fd[0]
10-08 16:14:50.391 1120 17656 W JpgEncv4l2: index: 2, type: 9, memory: 4, length: 1, sequence: 0, ts: 0.000000, byteused: 0, flag: 0x4000, reserved2: [0,0], planes_bytesused:[0], planes_length:[660864], planes_data_offset:[0], planes_m_fd[0]
10-08 16:14:50.391 1120 17656 W JpgEncv4l2: index: 3, type: 9, memory: 4, length: 1, sequence: 0, ts: 0.000000, byteused: 0, flag: 0x4000, reserved2: [0,0], planes_bytesused:[0], planes_length:[660864], planes_data_offset:[0], planes_m_fd[0]
10-08 16:14:50.391 1120 17656 W JpgEncv4l2: index: 4, type: 9, memory: 4, length: 1, sequence: 0, ts: 0.000000, byteused: 0, flag: 0x4000, reserved2: [0,0], planes_bytesused:[0], planes_length:[660864], planes_data_offset:[0], planes_m_fd[0]
10-08 16:14:50.391 1120 17656 W JpgEncv4l2: v4l2_set_dma_in_memory plane 0 fd 330 length 307200 bytesused 307200
10-08 16:14:50.391 1120 17656 W JpgEncv4l2: v4l2_set_dma_in_memory plane 1 fd 334 length 153600 bytesused 153600
10-08 16:14:50.391 1120 17656 W JpgEncv4l2: v4l2_set_dma_out_memory fd 327 length 660864 bytesused 0
10-08 16:14:50.391 1120 17656 W JpgEncv4l2: v4l2_poll before poll (10)wait_event 0x4 pfd.events 0xc
10-08 16:14:50.392 1120 17656 W JpgEncv4l2: v4l2_poll after poll (10)wait_event 0x4 pfd.events 0xc 445
10-08 16:14:50.392 1120 17656 W JpgEncv4l2: (10)UNKNOWN
10-08 16:14:50.392 1120 17656 W JpgEncv4l2: poll(10) meet event 0x4 pfd.revents 0x4
10-08 16:14:50.392 1120 17656 W JpgEncv4l2:
10-08 16:14:50.392 1120 17656 W JpgEncv4l2: v4l2_poll before poll (9)wait_event 0x1 pfd.events 0x9
10-08 16:14:50.392 1120 17656 W JpgEncv4l2: v4l2_poll after poll (9)wait_event 0x1 pfd.events 0xb 2
10-08 16:14:50.392 1120 17656 W JpgEncv4l2: (9)UNKNOWN
10-08 16:14:50.392 1120 17656 W JpgEncv4l2: poll(9) meet event 0x1 pfd.revents 0x1
10-08 16:14:50.392 1120 17656 W JpgEncv4l2:
10-08 16:14:50.392 1120 17656 W JpgEncv4l2: v4l2_dq_out_buf VIDIOC_DQBUF out buffer out buf bytesused 78592
10-08 16:14:50.392 1120 17656 D JpgEncHal: JpgEncHal:before ion cache invalidate
10-08 16:14:50.392 1120 17656 D JpgEncHal: JpgEncHal:before ion cache invalidate 2
10-08 16:14:50.392 1120 17656 D imgMmu : ::[ION_SYNC] imgIon_syncDone ionFD 348, handle 0x1, va 0xbf3ee500 size 660800 L:500!!
10-08 16:14:50.392 1120 17656 D JpgEncHal: result:0, size:78492
10-08 16:14:50.392 1120 17656 W JpgEncv4l2: device_close close fd 320
10-08 16:14:50.392 1120 17656 W JpgEncv4l2: [Info] device_close sem_post -1
10-08 16:14:50.392 1120 17656 D JpgEncHal: call free_ion fDstIonHdle 1
10-08 16:14:50.392 1120 7216 D AdaptCALTM: GetCustomParameters: No Nvram Content!
10-08 16:14:50.392 1120 7216 W MDP : DpMmuHandler::flushMemory flush all not support
10-08 16:14:50.392 1120 7216 W MDP : DpMmuHandler::flushMemory flush all not support
10-08 16:14:50.392 1120 17657 W MDP : DpMmuHandler::flushMemory flush all not support
10-08 16:14:50.392 1120 17657 D JpgEncHal: ::LevelLock type 1, islock 0, L:195!!
10-08 16:14:50.392 1120 17657 D JpgEncHal: JpgEncHal::LevelLock enc_type 1, L:222!!
10-08 16:14:50.392 1120 17657 D JpgEncHal: Src Addr:0x765e904000, 0x0, srcFD 346 -1, width/height:[128, 176], format:0
10-08 16:14:50.392 1120 17657 D JpgEncHal: Src Size:0xb000, 0x0, Stride 100 0!!
10-08 16:14:50.392 1120 17657 D JpgEncHal: Dst Addr:0x75bf3e4680, dstFD 327, Quality:100, Buffer Size:40576, Need add SOI:1, memType 3!!
10-08 16:14:50.392 1120 17657 D JpgEncHal: SW Encode Start!!!
10-08 16:14:50.393 1120 17657 D JpgEncHal: SW Encode Done!!!
10-08 16:14:50.394 1120 17656 I mtkcam/exif: [make] out buffer(0x75bf3e4000)
10-08 16:14:50.394 1120 17656 I mtkcam/exif: [updateStdExif] strDateTime(2021:10:08 16:14:50), strSubSecTime(38)
10-08 16:14:50.394 1120 17656 I mtkcam/exif: [updateStdExif] property: make(OPPO), model(PDKM00)
10-08 16:14:50.394 1120 17656 E mtkcam/exif: [make] not support ICC profile 0 (make){#681:vendor/mediatek/proprietary/hardware/mtkcam/utils/exif/v3/StdExif.cpp}
10-08 16:14:50.394 1120 17617 W mtkcam-PreReleaseRequest: [notifyCaptureCompleted] mImgReaderID is -1
10-08 16:14:50.395 1120 17617 I MtkCam/JpegNode: [waitJpegEncodeReqDone] mReqNewTriggerEncodeCond wait +
10-08 16:14:50.396 32713 32733 W gralloc4: Could not find component description for FourCC value 0
10-08 16:14:50.397 32713 32733 D skia : SkJpegCodec::onGetPixels +
10-08 16:14:50.400 32713 32733 D skia : SkJpegCodec::onGetPixels -
10-08 16:14:50.400 32713 32733 D GazeDetect: mobileOrientation: MOBILE_ORIENTATION_UP
10-08 16:14:50.401 32713 32733 D PROCESS : backBitmap Rect(0, 0 - 640, 640) frontBitmap Rect(0, 0 - 480, 640)
10-08 16:14:50.413 1039 10277 I ANNPreparedModel_V1_3: executeSynchronously()
10-08 16:14:50.413 1039 10277 I NeuroEaraMgr: [notifyExecutionBegin] => tid:32713, mid:12970367455080845320 (MTag_12970367455080847232)
10-08 16:14:50.413 1039 10277 I NeuroEaraMgr: [updateBoostValue] step0 @UNKNOWN, minExecTime: 603, suggestExecTime: 0, boostValue: 100 (MTag_12970367455080847232)
10-08 16:14:50.413 1039 10277 I NeuroEaraMgr: [updateBoostValue] step1 @MDLA, minExecTime: 4749, suggestExecTime: 0, boostValue: 100 (MTag_12970367455080847232)
10-08 16:14:50.413 1039 10277 I NeuroEaraMgr: [updateBoostValue] step2 @UNKNOWN, minExecTime: 12916482, suggestExecTime: 0, boostValue: 100 (MTag_12970367455080847232)
10-08 16:14:50.413 1039 10277 I ANNQoS : User priority: 10, EARA priority: 0
10-08 16:14:50.413 1039 10277 I ANNQoS : Use voted job priority: 0
10-08 16:14:50.413 1039 10277 I mtkpower_client: perf_lock_acq, hdl:2710, dur:2000, num:22, tid:10277
10-08 16:14:50.413 1039 10277 I mtkpower_client: ret_hdl:2710
10-08 16:14:50.413 1039 10277 I ANNExecutor: ANNExecutor::run()
10-08 16:14:50.413 808 870 I libPowerHal: [perfLockAcq] idx:1 hdl:2710 hint:-1 pid:1039 duration:2000 => ret_hdl:2710
10-08 16:14:50.414 1120 1222 D ULogGuard: Monitoring: 6 threads, 4 requests, 0 time-bombs; 7 guards. ResetFlags = 0x7
10-08 16:14:50.425 1039 10277 I ANNExecutor: Completed run normally
10-08 16:14:50.425 1039 10277 I ANNPreparedModelBase: executor.run returned 0
10-08 16:14:50.425 1039 10277 I NeuroEaraMgr: [notifyExecutionEnd] step0 @UNKNOWN, execTime:528, minExecTime:565 (MTag_12970367455080847232)
10-08 16:14:50.425 1039 10277 I NeuroEaraMgr: [notifyExecutionEnd] step1 @MDLA, execTime:4734, minExecTime:4741 (MTag_12970367455080847232)
10-08 16:14:50.425 1039 10277 I NeuroEaraMgr: [notifyExecutionEnd] step2 @UNKNOWN, execTime:12231936, minExecTime:12574209 (MTag_12970367455080847232)
10-08 16:14:50.425 1039 10277 I NeuroEaraMgr: [notifyEaraJobEnd] <= priority: 0, tid:32713, mid:12970367455080845320 (MTag_12970367455080847232)#
10-08 16:14:50.426 32713 32733 D retina : faces number:0
10-08 16:14:50.426 32713 32733 D GazeDetect: RGBImage, size height: 640 width: 480
10-08 16:14:50.426 32713 32733 D GazeDetect: FaceDetect, total 0 faces
10-08 16:14:50.448 1120 17594 E idx_cache: [query] [IdxCache::query] pModExpend info missing (query){#297:vendor/mediatek/proprietary/hardware/mtkcam/utils/mapping_mgr/idx_cache/idx_cache.cpp}
10-08 16:14:50.448 1120 17594 D AE_ALGO : [recfg_smooth_ctrl_v6_s] pline tale is null
10-08 16:14:50.448 1120 7240 I MtkCam3/HwUtils: [boostCPUFreq] already boosting, mLastBoostFrameNo : 10, frameNo : 11
10-08 16:14:50.448 1120 17594 D camerahalserver: [transBinSum_s5k3p9spmipiraw()] + u4Eposuretime:20002 u4AfeGain:3968 u4IspGain:4216 u4ISO:398
10-08 16:14:50.449 1120 1630 E CamMidasService: [ERROR ] midasserviceintf.cpp:122 SetPowerFactor() m_pMIDASService is null
10-08 16:14:50.449 1120 1630 I mtkcam-FeatureSettingPolicy: [evaluateCaptureSetting] (0xb40000759d3cac20) capture req#:12
10-08 16:14:50.449 1120 1630 I mtkcam-customer_scenario_mgr: [customer_get_features_table_by_scenario] find features for scenario(5 : MTK_CAMERA_SCENARIO_CAPTURE_CSHOT) in logical map
10-08 16:14:50.449 1120 1630 I mtkcam-FeatureSettingPolicy: [evaluateCaptureSetting] trigger feature:NO_FEATURE_NORMAL(0), feature combination:MTK_FEATURE_COMBINATION_CSHOT(0x10040) for req#12
10-08 16:14:50.449 1120 1630 D isp_tuning_custom_oplus: [OPLUS ISP Profile]cannot get OPPO_APS_FEATURE_TYPE!
10-08 16:14:50.449 1120 1630 D isp_tuning_custom_oplus: [OPLUS ISP Profile]Current apsFeature is -1
10-08 16:14:50.449 1120 1630 D isp_tuning_custom_oplus: [OPLUS ISP Profile]Current APS Feature is -1, do not set custom profile.
10-08 16:14:50.450 1120 17594 E awb_mgr_oplus: AWB: Write oppo awb debug info success! (getCustomDebugInfo){#806:vendor/mediatek/proprietary/hardware/mtkcam/aaa/source/isp_6s/awb_mgr/../../../../oplus/aaa/isp_6s/awb_mgr/Oplus_awb_mgr.cpp}
10-08 16:14:50.450 1120 17594 D AFAlgo : Working buffer not created. skip all af_Process. dev 0
10-08 16:14:50.451 1120 17594 E HalIspImp: [setP1Params] No ISP Profile: CaptureIntent: 1, Default Profile: 0 (setP1Params){#658:vendor/mediatek/proprietary/hardware/mtkcam/aaa/source/isp_6s/isp_hal/HalIspImp.cpp}
10-08 16:14:50.470 1120 17611 I Hal3Av3 : [get] frmId(10), IsConvert4MetaResult(0), ret(1), u1CaptureIntent(1), count(112, 38), AwbState(2) AeState(2) FlashState(0) AfState(0) Exp(20002000) ISO(398) FrameDuration(100050000)
10-08 16:14:50.471 1120 17612 I MtkCam/P2/CaptureNode: [queue] P2C cam 1: (0xb4000075c8c11e80) R/F Num: 8/8
10-08 16:14:50.472 1120 17629 I MtkCam/P2/CaptureProcessor: [onEnque] P2C cam 1 MWFrame:#8 MWReq:#8, frame 8 : Index/Count:-1/0 Feature:0x10040
10-08 16:14:50.472 1120 17629 I MtkCam/P2/CaptureProcessor: [onEnque] P2C cam 1 MWFrame:#8 MWReq:#8, frame 8 : Index/Count:-1/0 isEarlyNotificationTrigger:-1, isCshot:1, feature:cz/hfg
10-08 16:14:50.472 1120 17629 I MtkCam/P2/CaptureProcessor: [onEnque] P2C cam 1 MWFrame:#8 MWReq:#8, frame 8 : enqued request to captureFeaturePipe, R/F Num:8/8
10-08 16:14:50.472 1120 17629 I MtkCam/CapturePipe/Request: [addNodeIO][R/F Num: 8/8] In, nodeId(4)(p2a), typeId(0)(man_full_raw), bufferId(0), reference(1)
10-08 16:14:50.472 1120 17629 I MtkCam/CapturePipe/Request: [addNodeIO][R/F Num: 8/8] In, nodeId(4)(p2a), typeId(1)(man_rsz_raw), bufferId(1), reference(1)
10-08 16:14:50.472 1120 17629 I MtkCam/CapturePipe/Request: [addNodeIO][R/F Num: 8/8] In, nodeId(4)(p2a), typeId(23)(man_lcs), bufferId(2), reference(1)
10-08 16:14:50.472 1120 17629 I MtkCam/CapturePipe/Request: [addNodeIO][R/F Num: 8/8] In, nodeId(4)(p2a), typeId(24)(man_lcesho), bufferId(3), reference(1)
10-08 16:14:50.472 1120 17629 I MtkCam/CapturePipe/Request: [addNodeIO][R/F Num: 8/8] Out nodeId(4)(p2a), typeId(19)(jpeg), bufferId(8), reference(1)
10-08 16:14:50.472 1120 17629 I MtkCam/CapturePipe/Request: [addNodeIO][R/F Num: 8/8] Out nodeId(4)(p2a), typeId(20)(thumbnail), bufferId(10), reference(1)
10-08 16:14:50.472 1120 17629 I MtkCam/CapturePipe/Request: [addNodeIO][R/F Num: 8/8] nodeId(4)(p2a), metaId(0), reference(1)
10-08 16:14:50.472 1120 17629 I MtkCam/CapturePipe/Request: [addNodeIO][R/F Num: 8/8] nodeId(4)(p2a), metaId(1), reference(1)
10-08 16:14:50.472 1120 17629 I MtkCam/CapturePipe/Request: [addNodeIO][R/F Num: 8/8] nodeId(4)(p2a), metaId(2), reference(1)
10-08 16:14:50.472 1120 17629 I MtkCam/CapturePipe/Request: [addNodeIO][R/F Num: 8/8] nodeId(4)(p2a), metaId(3), reference(1)
10-08 16:14:50.472 1120 17629 I MtkCam/CapturePipe/Request: [addNodeIO][R/F Num: 8/8] nodeId(4)(p2a), metaId(4), reference(1)
10-08 16:14:50.472 1120 17629 I MtkCam/CapturePipe/Inference: [evaluate]R/F Num: 8/8, timeconsuming: 0 ms
10-08 16:14:50.472 1120 17629 W MtkCam/CapturePipe/RootNode: get MTK_FEATURE_MULTIFRAMENODE_BYPASSED failed, set to 0
10-08 16:14:50.472 1120 17629 I MtkCam/P2/CaptureProcessor: [notifyRelease] P2C cam 1: notify release, R/F Num:8/8
10-08 16:14:50.472 1120 17626 E ISPProfileMapping: [mappingProfile] No match profile, isProprietary:1/FID=0x0/SenComb=1/Scenario=1/Stage=11 (mappingProfile){#253:vendor/mediatek/proprietary/hardware/mtkcam3/feature/common/utils/ISPProfileMapper.cpp}
10-08 16:14:50.472 1120 17626 W MSNRCore: (17626)[getMsnrMode] Failed to get ISP Profile, use EIspProfile_Capture_Before_Blend as default
10-08 16:14:50.473 1120 17626 I MtkCam/CapturePipe/P2ANode: [checkHasYUVOutput]request has yuv output. type:19, buf:8
10-08 16:14:50.473 1120 17626 I MtkCam/CapturePipe/P2ANode: [onRequestProcess](4) +, R/F/S Num: 8/8/1
10-08 16:14:50.473 1120 17626 W MtkCam/CapturePipe/Request: [acquireBuffer]Output:jpeg already acquired
10-08 16:14:50.473 1120 17626 W MtkCam/CapturePipe/Request: [acquireBuffer]Output:jpeg already acquired
10-08 16:14:50.473 1120 17626 W MtkCam/CapturePipe/Request: [acquireBuffer]Output:thumbnail already acquired
10-08 16:14:50.473 1120 17626 W MtkCam/CapturePipe/P2ANode: [setP2ISP]pBufLCE2CALTM is NULL, hasFeature(DRE): 0, mLCE2CALTM_Size: 52
10-08 16:14:50.473 1120 17626 E paramctrl_validate: DCESO too old, use default setting, u4id(10) DcsFrmId(-1) (validatePerFrameP2){#332:vendor/mediatek/proprietary/hardware/mtkcam/aaa/source/isp_6s/isp_tuning/paramctrl/paramctrl_validate.cpp}
10-08 16:14:50.473 1120 17626 W PDTblGen: [getTbl] dev(2) scenario(0) device is not started, no tables can be output. Please module should be started before getting table
10-08 16:14:50.474 1120 17626 I MtkCam/CapturePipe/P2ANode: [onRequestProcess](4) -, R/F/S Num: 8/8/1
10-08 16:14:50.474 1120 7216 D AdaptCALTM: GetCustomParameters: No Nvram Content!
10-08 16:14:50.484 1120 17621 I MtkCam/CapturePipe/P2ANode: [onP2SuccessCallback](4) R/F/S Num: 8/8/1, task:4, timeconsuming: 10ms
10-08 16:14:50.484 1120 17641 I MtkCam/CapturePipe/P2ANode: [onRequestFinish](4), R/F/S Num: 8/8/1
10-08 16:14:50.484 1120 17641 I MtkCam/CapturePipe/Request: [decNodeReference][R/F Num: 8/8] decNodeReference nodeId(p2a)
10-08 16:14:50.484 1120 17641 I MtkCam/P2/CaptureProcessor: [notifyRelease] P2C cam 1: notify release, R/F Num:8/8
10-08 16:14:50.485 1120 17641 I MtkCam/CapturePipe/Pipe: [onData]R/F Num: 8/8 - dataid=deque, Finished Abort(0)/Fail(0)
10-08 16:14:50.485 1120 17641 I MtkCam/JpegNode: [queue] FrameNo : 8, RequestNo : 8
10-08 16:14:50.485 1120 17641 I MtkCam/P2/CaptureProcessor: [onCompleted] P2C cam 1 MWFrame:#8 MWReq:#8, frame 8-0 : (0xb4000075cc172440) erased a completed request, request count:0, R/F Num:8/8
10-08 16:14:50.485 1120 17616 I MtkCam/JpegNode: [extractRequestLoop] mbRequestDrainedCond wait +
10-08 16:14:50.485 1120 17616 I MtkCam/JpegNode: [extractRequestLoop] mbRequestDrainedCond wait -
10-08 16:14:50.485 1120 17616 I MtkCam/JpegNode: [processJpeg] mReqWaitDoneQueueStillFreeCond wait +
10-08 16:14:50.485 1120 17616 I MtkCam/JpegNode: [processJpeg] mReqWaitDoneQueueStillFreeCond wait -
10-08 16:14:50.485 1120 17616 I mtkcam/exif: [StdExif] property: AppPackageName(com.oppo.attention)
10-08 16:14:50.485 1120 17617 I MtkCam/JpegNode: [waitJpegEncodeReqDone] mReqNewTriggerEncodeCond wait -
10-08 16:14:50.485 1120 17658 W MtkCam/JpegNode: [getJpegParams] no tag: MTK_VSDOF_FEATURE_REFOCUS_CAPTURE_FLOW
10-08 16:14:50.485 1120 17658 E MtkCam/JpegNode: [updateOffsetTimeOrig] offsetDateTime(801200bb) Entry is Empty (updateOffsetTimeOrig){#41:vendor/mediatek/proprietary/hardware/mtkcam3/pipeline/hwnode/p1/../../../oplus/pipeline/hwnode/JpegNode/v2.0/OplusJpegNodeImp.h}
10-08 16:14:50.485 1120 17658 E MtkCam/JpegNode: [updateOffsetTimeOrig] offsetDateTime(801200bb) is +8:00 (updateOffsetTimeOrig){#60:vendor/mediatek/proprietary/hardware/mtkcam3/pipeline/hwnode/p1/../../../oplus/pipeline/hwnode/JpegNode/v2.0/OplusJpegNodeImp.h}
10-08 16:14:50.485 1120 17658 I mtkcam/exif: [init] mpExifParam(0xb4000075ba266968) ImageSize(480x640) FNumber(2000/1000) FocalLegth(3410/1000) AWBMode(0) Strobe(0) AEMeterMode(2) Brightness(82) AEExpBias(0)
10-08 16:14:50.485 1120 17658 I mtkcam/exif: [init] CapExposureTime(20002) AEISOSpeed(398) LightSource(255) ExpProgram(0) SceneCapType(0) Orientation(22) ZoomRatio(100) Facing(1) ICC(0)
10-08 16:14:50.485 1120 17658 I mtkcam/exif: [init] GPS(0), Altitude(0), Latitude(), Longitude(), TimeStamp(), ProcessingMethod()
10-08 16:14:50.485 1120 17658 I mtkcam/exif: [init] FlashFiringStatus(0), FlashReturnDetect(0), FlashMode(2), FlashFunction(0), FlashRedEye(0)
10-08 16:14:50.485 1120 17658 E MEXIF : [ifdExifIFDValInit] Unsupport tag!(0x8831) (ifdExifIFDValInit){#483:vendor/mediatek/proprietary/hardware/mtkcam/utils/exif/common/exif_ifdinit.cpp}
10-08 16:14:50.485 1120 17658 E MEXIF : [exifErrPrint] Error in ifdExifIFDValInit() call, Unsupport tag!, err = fffff4fe
10-08 16:14:50.485 1120 17658 E MEXIF : (exifErrPrint){#365:vendor/mediatek/proprietary/hardware/mtkcam/utils/exif/common/exif_misc.cpp}
10-08 16:14:50.485 1120 17658 E MEXIF : [ifdExifIFDValInit] Unsupport tag!(0x8833) (ifdExifIFDValInit){#483:vendor/mediatek/proprietary/hardware/mtkcam/utils/exif/common/exif_ifdinit.cpp}
10-08 16:14:50.485 1120 17658 E MEXIF : [exifErrPrint] Error in ifdExifIFDValInit() call, Unsupport tag!, err = fffff4fe
10-08 16:14:50.485 1120 17658 E MEXIF : (exifErrPrint){#365:vendor/mediatek/proprietary/hardware/mtkcam/utils/exif/common/exif_misc.cpp}
10-08 16:14:50.485 1120 17658 I MEXIF : [exifApp1SizeGet] app1 size(1664)
10-08 16:14:50.486 1120 17658 E libc : Access denied finding property "jpeg.exif.icc.profile"
10-08 16:14:50.487 1120 17658 D JpgEncHal: ::LevelLock type 2, islock 0, L:195!!
10-08 16:14:50.487 1120 17658 W JpgEncv4l2: [Info] device_open sem_wait + 1
10-08 16:14:50.487 1120 17658 W JpgEncv4l2: open path /dev/video3
10-08 16:14:50.487 1120 17659 W MtkCam/JpegCodec: (17659)[encode] [encode] Ori (width, height) = (176, 132), Aligned (width, height) = (128, 176) u4Transform(7)
