10-08 16:14:49.242 1120 17592 E AeCalcCtrl: Err: 695: [modifyHistogramWinConfig] error, zoom window and sensor domain is not align, zoom_domain:2000/1000, sensor_domain:2320/1744
10-08 16:14:49.242 1120 17592 D AFAlgo : [aaa_af] enable AF_SET_EXTERNAL_FUNCTION_SET
10-08 16:14:49.242 1120 17592 D AFAlgo : [AF_Create] create af module working buffer.
10-08 16:14:49.242 1120 17592 D AFAlgo : [AF_Create][IF] OK! id 2 state 1 data 0xb4000075b750df40 size 547784
10-08 16:14:49.242 1120 17592 D AFAlgo : [AF_Create][Stats] OK! id 2 state 1 data 0xb40000759daa56c0 size 26304
10-08 16:14:49.242 1120 17592 D AFAlgo : [AF_Create][Table] dev 2.OK! id 2 state 1 data 0xb4000075c8c3d000 size 1264
10-08 16:14:49.242 1120 17592 D AFAlgo : [AF_Create][Hybrid] dev 2.OK! id 2 state 1 data 0xb4000075c8cd8000 size 10976
10-08 16:14:49.242 1120 17592 D AFAlgo : [AF_Create][FDAF] dev 2.OK! id 2 state 1 data 0xb4000075c8cb8000 size 12920
10-08 16:14:49.242 1120 17592 D AFAlgo : [AF_Create][MF] dev 2.OK! id 2 state 1 data 0xb40000759d3c20c0 size 27768
10-08 16:14:49.242 1120 17592 D AFAlgo : [AF_Create][LTC] dev 2.OK! id 2 state 1 data 0xb40000759dac8cc0 size 23200
10-08 16:14:49.242 1120 17592 D AFAlgo : [AF_Create][PointLight] dev 2.OK! id 2 state 1 data 0xb40000759da62000 size 3360
10-08 16:14:49.242 1120 17592 D AFAlgo : [AF_Create][Scene] dev 2.OK! id 2 state 1 data 0xb4000075c8cc9f80 size 15320
10-08 16:14:49.242 1120 17592 D AFAlgo : [AF_Create][SyncAF] dev 2.OK! id 2 state 1 data 0xb4000075c8da7a00 size 1512
10-08 16:14:49.242 1120 17592 D AFAlgo : [AF_Create][ZoomEffect] dev 2.OK! id 2 state 1 data 0xb4000075c8c36b60 size 112
10-08 16:14:49.242 1120 17592 D AFAlgo : [AF_Create][Main] OK!
10-08 16:14:49.242 1120 17592 D AFAlgo : id 2 state 1 data 0xb40000759d286580 size 104608
10-08 16:14:49.242 1120 17592 I FlashHal: init().
10-08 16:14:49.242 1120 17592 I FlashMgrM: init().
10-08 16:14:49.242 1120 17592 I FlashNvram: nvReadStrobe().
10-08 16:14:49.242 1120 17592 I FlashNvram: nvReadFlashCali().
10-08 16:14:49.242 1120 17592 D flash_custom.cpp: cust_getFlashProjectPara_V3(): sensorDev(2), mainPartId(1), subPartId(1).
10-08 16:14:49.242 1120 17592 D FlashCustomAdapter: copyTuningPara(): yTarget(188), policy(5).
10-08 16:14:49.242 1120 17592 I FlickerHal: init(). m_sensorDev(2)
10-08 16:14:49.242 1120 17592 I FlickerHal: init flicker custom adaptor.
10-08 16:14:49.242 1120 17592 I FlickerPlatformAdapter: createBuf(). Create buf success.
10-08 16:14:49.244 1551 1816 E JavaBinder: *** Uncaught remote exception! (Exceptions are not yet supported across processes.)
10-08 16:14:49.244 1551 1816 E JavaBinder: java.lang.RuntimeException: android.os.RemoteException: Couldn't get ApplicationInfo for package android.frameworks.sensorservice@1.0::ISensorManager
10-08 16:14:49.244 1551 1816 E JavaBinder: at android.os.Parcel.writeException(Parcel.java:2174)
10-08 16:14:49.244 1551 1816 E JavaBinder: at android.os.Binder.execTransactInternal(Binder.java:1185)
10-08 16:14:49.244 1551 1816 E JavaBinder: at android.os.Binder.execTransact(Binder.java:1130)
10-08 16:14:49.244 1551 1816 E JavaBinder: Caused by: android.os.RemoteException: Couldn't get ApplicationInfo for package android.frameworks.sensorservice@1.0::ISensorManager
10-08 16:14:49.244 1551 1816 E JavaBinder: at com.android.server.pm.PackageManagerService$PackageManagerNative.getTargetSdkVersionForPackage(PackageManagerService.java:25956)
10-08 16:14:49.244 1551 1816 E JavaBinder: at android.content.pm.IPackageManagerNative$Stub.onTransact(IPackageManagerNative.java:255)
10-08 16:14:49.244 1551 1816 E JavaBinder: at com.android.server.pm.OppoBasePackageManagerNative.onTransact(OppoBasePackageManagerNative.java:36)
10-08 16:14:49.244 1551 1816 E JavaBinder: at android.os.Binder.execTransactInternal(Binder.java:1166)
10-08 16:14:49.244 1551 1816 E JavaBinder: ... 1 more
10-08 16:14:49.244 1551 1816 W SensorService: SensorEventConnection sensor handle=3, package = hidl_client_pid_1120 enable
10-08 16:14:49.244 1551 1816 D SensorService: OplusSensorServiceUtils, sensorType=4
10-08 16:14:49.244 1551 1816 D SensorService: Calling batch handle==3 flags=0rate=20000000 timeout== 0
10-08 16:14:49.244 1551 1816 D SensorService: SensorDevice::batch: ident=0xb400007c208e7b80, handle=0x00000003, flags=0, period_ns=20000000 timeout=0
10-08 16:14:49.244 1551 1816 D SensorService: >>> curr_period=9223372036854775807 min_period=20000000 curr_timeout=0 min_timeout=0
10-08 16:14:49.244 1551 1816 D SensorService: >>> actuating h/w BATCH 0x00000003 20000000 0
10-08 16:14:49.244 1113 1113 I OriginChannel: batch: [4,20000000,0]
10-08 16:14:49.245 1551 1816 D SensorService: recordConnection in enable
10-08 16:14:49.245 1551 1816 D SensorService: Calling activate on 3
10-08 16:14:49.245 1551 1816 D SensorService: SensorDevice::activate: ident=0xb400007c208e7b80, handle=0x00000003, enabled=1, count=1
10-08 16:14:49.245 1551 1816 D SensorService: enable index=0
10-08 16:14:49.245 1551 1816 D SensorService: SensorDevice::checkForIdent info.numActiveClients()=1, ident=0xb400007c208e7b80, handle=3, eanble=1, isFusion=0
10-08 16:14:49.245 1551 1816 D SensorService: >>> actuating h/w activate ident = 0xb400007c208e7b80, handle=3 enabled=1
10-08 16:14:49.245 1551 1816 D SensorService: >>> actuating h/w activate handle=3 enabled=1
10-08 16:14:49.245 1113 1113 I OriginChannel: activate: [4,1]
10-08 16:14:49.246 1120 17592 E paramctrl_lifetime: open /proc/driver/thermal/clNR_status failed, disable NR cooler
10-08 16:14:49.246 1120 17592 E paramctrl_lifetime: (Paramctrl){#259:vendor/mediatek/proprietary/hardware/mtkcam/aaa/source/isp_6s/isp_tuning/paramctrl/paramctrl_lifetime.cpp}
10-08 16:14:49.247 1551 1816 W SensorService: SensorEventConnection sensor handle=1, package = hidl_client_pid_1120 enable
10-08 16:14:49.247 1551 1816 D SensorService: OplusSensorServiceUtils, sensorType=1
10-08 16:14:49.247 1551 1816 D SensorService: Calling batch handle==1 flags=0rate=20000000 timeout== 0
10-08 16:14:49.247 1551 1816 D SensorService: SensorDevice::batch: ident=0xb400007c208e7b80, handle=0x00000001, flags=0, period_ns=20000000 timeout=0
10-08 16:14:49.247 1551 1816 D SensorService: >>> curr_period=80000000 min_period=20000000 curr_timeout=0 min_timeout=0
10-08 16:14:49.247 1551 1816 D SensorService: >>> actuating h/w BATCH 0x00000001 20000000 0
10-08 16:14:49.247 1113 1113 I OriginChannel: batch: [1,20000000,0]
10-08 16:14:49.248 1551 1816 D SensorService: >>> actuating h/w flush 1
10-08 16:14:49.249 1113 1113 I OriginChannel: flush: [1]
10-08 16:14:49.249 1120 17592 I MtkCam/HwUtils/PlugProcessing: PlugID:1 DevID:1 create new instance
10-08 16:14:49.249 1551 1816 D SensorService: recordConnection in enable
10-08 16:14:49.249 1551 1816 D SensorService: Calling activate on 1
10-08 16:14:49.249 1551 1816 D SensorService: SensorDevice::activate: ident=0xb400007c208e7b80, handle=0x00000001, enabled=1, count=2
10-08 16:14:49.249 1551 1816 D SensorService: enable index=1
10-08 16:14:49.249 1551 1816 D SensorService: SensorDevice::checkForIdent info.numActiveClients()=2, ident=0xb400007c208e7b80, handle=1, eanble=1, isFusion=0
10-08 16:14:49.250 1551 1816 W SensorService: SensorEventConnection sensor handle=4, package = hidl_client_pid_1120 enable
10-08 16:14:49.250 1551 1816 D SensorService: OplusSensorServiceUtils, sensorType=5
10-08 16:14:49.251 1551 1816 D SensorService: Calling batch handle==4 flags=0rate=20000000 timeout== 0
10-08 16:14:49.251 1551 1816 D SensorService: SensorDevice::batch: ident=0xb400007c208e7b80, handle=0x00000004, flags=0, period_ns=20000000 timeout=0
10-08 16:14:49.251 1551 1816 D SensorService: >>> curr_period=9223372036854775807 min_period=20000000 curr_timeout=0 min_timeout=0
10-08 16:14:49.251 1551 1816 D SensorService: >>> actuating h/w BATCH 0x00000004 20000000 0
10-08 16:14:49.251 1113 1113 I OriginChannel: batch: [5,20000000,0]
10-08 16:14:49.251 1551 1816 D SensorService: recordConnection in enable
10-08 16:14:49.251 1551 1816 D SensorService: Calling activate on 4
10-08 16:14:49.251 1551 1816 D SensorService: SensorDevice::activate: ident=0xb400007c208e7b80, handle=0x00000004, enabled=1, count=1
10-08 16:14:49.251 1551 1816 D SensorService: enable index=0
10-08 16:14:49.251 1551 1816 D SensorService: SensorDevice::checkForIdent info.numActiveClients()=1, ident=0xb400007c208e7b80, handle=4, eanble=1, isFusion=0
10-08 16:14:49.251 1551 1816 D SensorService: >>> actuating h/w activate ident = 0xb400007c208e7b80, handle=4 enabled=1
10-08 16:14:49.251 1551 1816 D SensorService: >>> actuating h/w activate handle=4 enabled=1
10-08 16:14:49.251 1113 1113 I OriginChannel: activate: [5,1]
10-08 16:14:49.254 1120 17592 I mtkcam-DeviceAdapter: 1[HalDeviceAdapter::powerOn] 3A notifyPowerOn
10-08 16:14:49.254 1120 17592 I mtkcam-DeviceAdapter: 1[HalDeviceAdapter::powerOn] powerOn -
10-08 16:14:49.254 1120 17600 I Remosaic: (RemosaicClient) version : v3.0.4_200211_unpacked_64_w_e809876
10-08 16:14:49.254 1120 17600 I Remosaic: (RemosaicClient) img_w : 4640, img_h : 3488, bayer_order : 1, pedestal : 64
10-08 16:14:49.254 1120 17600 I Remosaic: (RemosaicServer) remosaic capability0 : 0
10-08 16:14:49.254 1120 17600 I Remosaic: (RemosaicServer) REQUESET num : 1 E
10-08 16:14:49.254 1120 17600 I Remosaic: (RemosaicServer) request remosaic_init()
10-08 16:14:49.254 1120 17600 I Remosaic: (RemosaicLib) 3p9sp alternative configure()
10-08 16:14:49.254 1120 17600 D Remosaic: (RemosaicLib) libname : libremosaiclib.so
10-08 16:14:49.254 1120 7240 W mtkcam-dev3: [1-session::checkStream] framework stream dataspace:0x08c20000 streamId:0 type:OUT (w,h) = (640,480) format:33 usage:0x3 dataSpace:8c20000 rotation:0 physicalCameraId: bufferSize:aba1a
10-08 16:14:49.254 1120 17600 I Remosaic: (RemosaicServer) REQUESET num : 1 X, ret : RET_OK
10-08 16:14:49.254 1120 17600 D Remosaic: (RemosaicClient) remosaic_init : 0.0003
10-08 16:14:49.254 1120 17600 I Remosaic: (RemosaicClient) eep buffer addr : 0x0xb4000075cc2b5000, size : 2048
10-08 16:14:49.254 1120 17600 I Remosaic: (RemosaicServer) REQUESET num : 2 E
10-08 16:14:49.254 1120 17600 I Remosaic: (RemosaicServer) request remosaic_gainmap_gen()
10-08 16:14:49.254 1120 7240 W mtkcam-dev3-utils: [extractE2EHDRInfo] query tag MTK_STREAMING_FEATURE_HDR10 failed, E2E HDR is not applied
10-08 16:14:49.254 1120 17600 D Remosaic: (RemosaicLib) Calling XTCgainMapGen(xtc type(0))
10-08 16:14:49.254 1120 7240 I mtkcam-dev3-utils: [createImageStreamInfo] BLOB with widthInPixels(703002), heightInPixels(1), bufferSize(703002)
10-08 16:14:49.254 1120 17600 I RemosaicAlgorithm: version : 200211_b521eb8
10-08 16:14:49.254 1120 17600 I RemosaicAlgorithm: used chain : algorithm_chain_3P9SP_speed_alt.conf
10-08 16:14:49.254 1120 7240 I mtkcam-dev3-utils: stream id len : 0
10-08 16:14:49.254 1120 17600 I RemosaicAlgorithm: input format : unpacked
10-08 16:14:49.254 1120 17600 I RemosaicAlgorithm: type : opt
10-08 16:14:49.254 1120 7240 I mtkcam-dev3-utils: [operator()] [addFrameDuration] format:33 size:640x480 min_duration:33333333, stall_duration:33333333
10-08 16:14:49.255 1120 7240 I mtkcam-PipelineModelSession-Factory: [OplusSetOppoOperationMode] [OPPO MODE] set property:0 pParsedAppConfiguration->operationMode:0
10-08 16:14:49.255 1120 7240 I mtkcam-PipelineModelSession-Factory: persist.vendor.camera3.operationMode.superNightMode=0x8019
10-08 16:14:49.255 1120 7240 I mtkcam-FeatureSettingPolicy: [FeatureSettingPolicy] (0xb40000759d3cac20) ctor, openId(1), sensors_count(1), is_dual_cam(0)
10-08 16:14:49.255 1120 7240 I mtkcam-FeatureSettingPolicy-Oplus: packageName: com.oppo.attention, activityName:
10-08 16:14:49.255 1120 7240 I mtkcam-FeatureSettingPolicy-Oplus: packageName: com.oppo.attention, activityName: platform:mt6873 oppo_prjname:19131 operationMode=0x0 openId=1
10-08 16:14:49.255 1120 7240 I mtkcam-FeatureSettingPolicy-Oplus: [oplusSetOrmsSceneAction] no action and scene
10-08 16:14:49.255 1120 7240 I mtkcam-FeatureSettingPolicy-Oplus: oppo_prjname:19131 operationMode=0x0 openId=1 ppParsedAppImageInfo->maxYuvSize.w=0 activityName:
10-08 16:14:49.255 1120 7240 E mtkcam-FeatureSettingPolicy-Oplus: open sys/class/motor/move_state failed!!! (getMotorState){#1592:vendor/mediatek/proprietary/hardware/mtkcam3/pipeline/policy/../../oplus/pipeline/policy/OplusFeatureSettingPolicy.cpp}
10-08 16:14:49.255 1120 7240 I mtkcam-PipelineModelSession-Factory: [OplusDecidePipelineModelSession] [OPPO MODE] Not OPPO Operation Mode, return to MTK Mode!
10-08 16:14:49.255 1120 7240 I mtkcam-PipelineModelSession-Factory: [decidePipelineModelSession] 4Cell
10-08 16:14:49.255 1120 7240 I mtkcam-OplusPipelineModelSession: ctor
10-08 16:14:49.255 1120 7240 I mtkcam-OplusPipelineModelSession: packageName: com.oppo.attention, activityName: , openId: 1, prjname=19131
10-08 16:14:49.255 568 568 I hwservicemanager: getTransport: Cannot find entry vendor.oplus.hardware.cammidasservice@1.0::IMIDASService/default in either framework or device manifest.
10-08 16:14:49.255 1120 7240 E CamMidasService: [ERROR ] midasserviceintf.cpp:28 RegisterMIDASService() midasservice register failed
10-08 16:14:49.255 1120 7240 I mtkcam-OplusPipelineModelSession: is engineer mode: 0
10-08 16:14:49.255 1120 7240 I mtkcam-OplusPipelineModelSession: m_changeFps:0, min:0, max:0
10-08 16:14:49.256 1120 7240 I mtkcam-PipelineModelSessionBasic-oplus: [InitializeSensorProvider] enable SensorProvider success
10-08 16:14:49.256 1120 7240 I MtkCam/HwUtils/ResourceConcurrency: [ResourceConcurrency] name[mP1NodeConcurrency] timeout(30000000000ns)
10-08 16:14:49.256 1120 7240 I mtkcam-FeatureSettingPolicy: [evaluateZslConfiguration] MTK_CONTROL_CAPTURE_DEFAULT_ZSL_MODE has no effect : mbEnableDefaultZslMode(0)
10-08 16:14:49.257 1120 7240 I mtkcam-customer_scenario_mgr: [customer_get_features_table_by_scenario] find features for scenario(1 : MTK_CAMERA_SCENARIO_CAPTURE_NORMAL) in logical map
10-08 16:14:49.257 1120 7240 I mtkcam-FeatureSettingPolicy: [evaluateCaptureConfiguration] scenario(MTK_CAMERA_SCENARIO_CAPTURE_NORMAL) support feature:MTK_FEATURE_AIHDR(0x800000), feature combination:MTK_FEATURE_COMBINATION_AIHDR(0x8300f0)
10-08 16:14:49.257 1120 7240 I mtkcam-FeatureSettingPolicy: [evaluateCaptureConfiguration] scenario(MTK_CAMERA_SCENARIO_CAPTURE_NORMAL) support feature:TP_FEATURE_HDR(0x100000000), feature combination:MTK_FEATURE_COMBINATION_HDR(0x1000300f0)
10-08 16:14:49.257 1120 7240 I mtkcam-FeatureSettingPolicy: [evaluateCaptureConfiguration] scenario(MTK_CAMERA_SCENARIO_CAPTURE_NORMAL) support feature:MTK_FEATURE_AINR(0x2000), feature combination:MTK_FEATURE_COMBINATION_AINR(0x320f0)
10-08 16:14:49.257 1120 7240 I mtkcam-FeatureSettingPolicy: [evaluateCaptureConfiguration] scenario(MTK_CAMERA_SCENARIO_CAPTURE_NORMAL) support feature:MTK_FEATURE_REMOSAIC_MFNR(0x5), feature combination:MTK_FEATURE_COMBINATION_REMOSAIC_MFNR(0x300e5)
10-08 16:14:49.257 1120 7240 I mtkcam-FeatureSettingPolicy: [evaluateCaptureConfiguration] scenario(MTK_CAMERA_SCENARIO_CAPTURE_NORMAL) support feature:MTK_FEATURE_MFNR(0x1), feature combination:MTK_FEATURE_COMBINATION_MFNR(0x300f1)
10-08 16:14:49.257 1120 7240 I mtkcam-FeatureSettingPolicy: [evaluateCaptureConfiguration] scenario(MTK_CAMERA_SCENARIO_CAPTURE_NORMAL) support feature:MTK_FEATURE_REMOSAIC(0x4), feature combination:MTK_FEATURE_COMBINATION_REMOSAIC(0x300f4)
10-08 16:14:49.257 1120 7240 I mtkcam-FeatureSettingPolicy: [evaluateCaptureConfiguration] scenario(MTK_CAMERA_SCENARIO_CAPTURE_NORMAL) support feature:NO_FEATURE_NORMAL(0), feature combination:MTK_FEATURE_COMBINATION_SINGLE(0x300f0)
10-08 16:14:49.257 1120 7240 I mtkcam-FeatureSettingPolicy: [getCaptureProvidersByScenarioFeatures] support features:0x1008320f5 uniqueKey:161449255 isPhysical 0
10-08 16:14:49.257 1120 7240 I MtkCam/ppl_plugin: [PipelinePlugin] MultiFrame: ctor(0xb40000765da47858), hash:161449255
10-08 16:14:49.257 1120 7240 I MtkCam/ppl_plugin: [getInstance] MultiFrame: create plugin(0xb40000765da47858), hash:161449255, uniqueKey:161449255, mInstances size:1
10-08 16:14:49.257 1120 7240 I MtkCam/ppl_plugin: [PipelinePlugin] Raw: ctor(0xb40000765da47cb8), hash:161449255
10-08 16:14:49.257 1120 7240 I MtkCam/ppl_plugin: [getInstance] Raw: create plugin(0xb40000765da47cb8), hash:161449255, uniqueKey:161449255, mInstances size:1
10-08 16:14:49.257 1120 7240 I MtkCam/ppl_plugin: [PipelinePlugin] Yuv: ctor(0xb40000765da47d58), hash:161449255
10-08 16:14:49.257 1120 7240 I MtkCam/ppl_plugin: [getInstance] Yuv: create plugin(0xb40000765da47d58), hash:161449255, uniqueKey:161449255, mInstances size:1
10-08 16:14:49.257 1120 7240 I OCAM_SNAPSHOT: (7240)[OcamSnapshot] OcamSnapshot +
10-08 16:14:49.257 1120 7240 I OCAM_SNAPSHOT: (7240)[OcamSnapshot] @OcamSnapshot: mEnable 1, mLogDebug 0, mDebugDump 0, mDebugDrawFace 0
10-08 16:14:49.257 1120 7240 I OCAM_SNAPSHOT: (7240)[OcamSnapshot] OcamSnapshot -
10-08 16:14:49.257 1120 7240 I OCAM_SNAPSHOT: (7240)[property] property +
10-08 16:14:49.257 1120 7240 I OCAM_SNAPSHOT: (7240)[property] property -
10-08 16:14:49.257 1120 7240 I OCAM_SNAPSHOT: (7240)[property] property +
10-08 16:14:49.257 1120 7240 I OCAM_SNAPSHOT: (7240)[property] property -
10-08 16:14:49.257 1120 7240 I mtkcam-FeatureSettingPolicy: [evaluateCaptureConfiguration] out->CaptureParams:{ .additionalHalP1OutputBufferNum={ .imgo=6 .rrzo=6 .lcso=6 .rsso=0 .scaledYuv=0 } .maxAppRaw16OutputBufferNum=2 .maxAppJpegStreamNum=6 .supportedScenarioFeatures=0x1008320f5 }
10-08 16:14:49.257 1120 7240 I mtkcam-FeatureSettingPolicy-Oplus: [OplusCustomDecisionForEis] OPPO_EIS mOppoEisTP: 0 mOppoEisMTK: 1 scenarioHint isVideoMode:0 operationMode:0x0 isUsingTPEIS:0 isUsingMTKEIS: 0, advEis: 0, appEis: 0, previewEis: 0, hasVideo4K: 0 maxImageSize.w: 640 superEisEnable: 0
10-08 16:14:49.257 1120 7240 I mtkcam-customer_scenario_mgr: [customer_get_streaming_scenario] no dedicated scenario, normal scenario
10-08 16:14:49.257 1120 7240 I mtkcam-customer_scenario_mgr: [customer_get_streaming_scenario] scenario:51
10-08 16:14:49.257 1120 7240 I mtkcam-customer_scenario_mgr: [customer_get_features_table_by_scenario] find features for scenario(51 : MTK_CAMERA_SCENARIO_STREAMING_NORMAL) in logical map
10-08 16:14:49.257 1120 7240 I mtkcam-customer_scenario_mgr: [customer_get_streaming_config] streaming scenario config, fixMarginList(0), qCount(0)
10-08 16:14:49.257 1120 7240 I mtkcam-FeatureSettingPolicy: [updateStreamConfiguration] scenario(MTK_CAMERA_SCENARIO_STREAMING_NORMAL) for (openId:1, scenario:51, config: #fixedMargin=0, #queue=0 ) support feature:NO_FEATURE_NORMAL(0), feature combination:MTK_FEATURE_COMBINATION_VIDEO_NORMAL(0x1400c00181020)
10-08 16:14:49.257 1120 7240 I mtkcam-FeatureSettingPolicy-Oplus: [OplusNormalSceneperformace] [OplusNormalSceneperformace] not highperf platform:mt6873
10-08 16:14:49.257 1120 7240 I mtkcam-FeatureSettingPolicy-Oplus: [OplusCustomDecisonForSAT] SAT_DEBUG: openid:1 satEisHint:0
10-08 16:14:49.257 1120 7240 I mtkcam-FeatureSettingPolicy-Oplus: [OplusCustomDecisonForDSDN] thirdPartyApp : 1, dsdnHint(1)
10-08 16:14:49.257 1120 7240 I mtkcam-FeatureSettingPolicy: [updateStreamConfiguration] dispStreamId[0xffffffffffffffff], MdpTargetSize(0x0), stream detail: disp[0xffffffffffffffff](0x0), rec[0xffffffffffffffff](0x0), extra[0xffffffffffffffff](0x0), extraSlow[0xffffffffffffffff](0x0);support features:0x1400c00181020, rrz ratio(1.000000), force4K(fps/size)=(0/0x0)
10-08 16:14:49.257 1120 7240 I mtkcam-SensorSettingPolicy4cell: [OPPO][oplusVideoConfigInfo] 4cell isThirdPartyApp = 1, hasVideoConsumer:0 operationMode: 0x0 thirdOperationMode: 0x0
10-08 16:14:49.257 1120 7240 I mtkcam-SensorSettingPolicy4cell: select size(2320x1744)@30 sensorMode:0 hdrSensorMode:0 hdrHalMode:0 HfpsMode:0
10-08 16:14:49.257 1120 7240 W mtkcam-P1HwSettingPolicy: [evaluateDeviceRawBitDepth] By default bitdepth:10
10-08 16:14:49.257 1120 7240 I OplusP1HwSettingPolicy: maxYuvStreamSize is too small(0x0)
10-08 16:14:49.257 1120 7240 I OplusP1HwSettingPolicy: maxYuvStreamSize set rrzo to 1280x0
10-08 16:14:49.257 1120 7240 I OplusP1HwSettingPolicy: openId:1, targetRrzoRatio:1.000000, rrzoHeightToWidth:0.000000, operationMode:0
10-08 16:14:49.257 1120 7240 I OplusP1HwSettingPolicy: AppPackageName:com.oppo.attention, platform:MT6873, project:19131
10-08 16:14:49.257 1120 7240 I OplusP1HwSettingPolicy: NO OPPO_CUSTOM_UNIT_PACKAGE in session param
10-08 16:14:49.257 1120 7240 I MtkCam/HwInfoHelper: [getRrzoFmt] P1 support eImgFmt_MTK_YUV_P010, choose it
10-08 16:14:49.258 1120 7240 I MtkCam/HwInfoHelper: [getImgoFmt] debug.camera.rawunpak = -1, useUnpakFmt = 0
10-08 16:14:49.258 1120 7240 I MtkCam/HwInfoHelper: [getImgoFmt] vendor.debug.camera.afraw = -1, don't use Af Raw
10-08 16:14:49.258 1120 7240 I MtkCam/HwInfoHelper: [getImgoFmt] debug.camera.rawunpak = -1, useUnpakFmt = 0
10-08 16:14:49.258 1120 7240 I MtkCam/HwInfoHelper: [getImgoFmt] vendor.debug.camera.afraw = -1, don't use Af Raw
10-08 16:14:49.258 1120 7240 I mtkcam-P1HwSettingPolicy: { .imgoAlloc={ format:0x2201 2320x1744 } .imgoDefaultRequest={ format:0x2201 2320x1744 } .rrzoDefaultRequest={ format:0x2019 1280x976 } .rssoSize=288x512 .pixelMode=3 .usingCamSV=0 }
10-08 16:14:49.258 1120 7240 I mtkcam-StreamInfoPluginDecider: [decideStreamInfoPlugin_STT] PluginId:P1STT
10-08 16:14:49.258 1120 7240 I mtkcam-ConfigStreamInfoPolicy: [evaluatePreviewSize] Cannot find preview stream, set fd yuv size = 640x480
10-08 16:14:49.258 1120 7240 I mtkcam-PipelineModelSession4Cell: [configure] ZSL mode enable = 0
10-08 16:14:49.258 1120 7240 I BWC : cam_id=1 sen_fps=30 sen_size=4046080 pd=0 video=0 vb_ratio=0.331770 vb_time=11.059000 rawi=0 yuv=1 raw_bbp=1.275862 is_smvr=0
10-08 16:14:49.258 1120 7240 I BWC : cam_id=1 table=134684165.631594 ccu=89789443.754396 ccu_r=89789443.754396 capture=231757334.290195 aa=142.764197 pd=0.000000 video=0.000000 yuv=224473609.385990 rawi=0.000000 total=770493996.816570
10-08 16:14:49.258 1120 7240 I BWC : cam_id=0 sen_fps=0 sen_size=0 pd=0 video=0 vb_ratio=0.000000 vb_time=0.000000 rawi=0 yuv=0 raw_bbp=0.000000 is_smvr=0
10-08 16:14:49.258 1120 7240 I BWC : cam_id=0 table=0.000000 ccu=0.000000 ccu_r=0.000000 capture=0.000000 aa=-5120.000000 pd=0.000000 video=0.000000 yuv=0.000000 rawi=0.000000 total=0.000000
10-08 16:14:49.258 1120 7240 I BWC : cal_cam_bw hrt bw=770
10-08 16:14:49.258 1120 7240 I MtkCam/ppl_context: [PipelineContext] <4Cell/1> (0xb4000075cc2b6780)
10-08 16:14:49.260 1120 7240 E mtkcam-PipelineContextBuilder: [configContextLocked_P1Node] set MTK_3A_OPEN_ID fail (configContextLocked_P1Node){#702:vendor/mediatek/proprietary/hardware/mtkcam3/pipeline/model/utils/PipelineContextBuilder.cpp}
10-08 16:14:49.260 1120 7240 I mtkcam-PipelineContextBuilder: [configContextLocked_P1Node] 0x100000001 2320x1744 ImgFormat:0x2201(BAYER10) BufPlanes(strides/sizeInBytes):[ 2960/5162240 ] startOffset:0 bufStep:0 t:0 maxBufNum:10 minInitBufNum:0 Hal:Image:P1:Fullraw_main1 AllocImgFormat:0x21(BLOB) AllocBufPlanes(strides/sizeInBytes):[ 5162240/5162240 ] Private{exist?0 id:0}
10-08 16:14:49.260 1120 7240 I NormalPipe: [CreateInsatnce] Caller:NormalPipe, pAllSensorInfo=0x0xb4000075c8ce4000
10-08 16:14:49.260 1120 7240 I NormalPipe: [CreateInsatnce] SensorId:0, SensorName=SENSOR_DRVNAME_OV48B_MIPI_RAW, Type=0, DevId=1
10-08 16:14:49.260 1120 7240 I NormalPipe: [CreateInsatnce] SensorId:1, SensorName=SENSOR_DRVNAME_S5K3P9SP_MIPI_RAW, Type=0, DevId=2
10-08 16:14:49.260 1120 7240 I NormalPipe: [CreateInsatnce] SensorId:2, SensorName=SENSOR_DRVNAME_HI846_MIPI_RAW, Type=0, DevId=4
10-08 16:14:49.260 1120 7240 I NormalPipe: [CreateInsatnce] SensorId:3, SensorName=SENSOR_DRVNAME_GC02M0B_MIPI_MONO, Type=0, DevId=8
10-08 16:14:49.260 1120 7240 I NormalPipe: [CreateInsatnce] SensorId:4, SensorName=SENSOR_DRVNAME_GC02M0B_MIPI_MONO1, Type=0, DevId=16
10-08 16:14:49.260 1120 7240 I NormalPipe: [CreateInsatnce] SensorId:5, SensorName=SENSOR_DRVNAME_GC02M0B_MIPI_MONO2, Type=0, DevId=32
10-08 16:14:49.260 1120 7240 I NormalPipe: [CreateInsatnce] IQ: supported isp clk:273000000
10-08 16:14:49.260 1120 7240 I NormalPipe: [CreateInsatnce] IQ: supported isp clk:392000000
10-08 16:14:49.260 1120 7240 I NormalPipe: [CreateInsatnce] IQ: supported isp clk:499000000
10-08 16:14:49.260 1120 7240 I NormalPipe: [CreateInsatnce] IQ: supported isp clk:624000000
10-08 16:14:49.260 1120 7240 I NormalPipe: [queryIQTable] vInData: sensorIdx(1) scenarioId(0) mipi_rate(183709200) img_crop_w(2320) img_crop_h(1744) tg_fps(300) raw_fps(300) raw_out_w(1280) off_bin(0) off_twin(0) pattern(0) FRZratio(0)
10-08 16:14:49.260 1120 7240 I NormalPipe: [queryIQTable] vInData: sensorIdx(1) scenarioId(0) pix_mode_tg(4) tg_fps(300) SrcImgFmt(1) rrz_out_w(1280) pattern(0)
10-08 16:14:49.260 1120 7240 I NormalPipe: [IQtable_H] +, Meter_In.offTwin:1
10-08 16:14:49.260 1120 7240 I NormalPipe: [IQtable_L] +, Meter_In.offTwin:1
10-08 16:14:49.260 1120 7240 I NormalPipe: [queryIQTable] [0][0] sensorIdx:1 isTwin:0 lvIQ:1 lvClk:0 result:1 camResConfig.isOffTwin:1 targetTG:00 FRZratio:0
10-08 16:14:49.260 1120 7240 I NormalPipe: [queryIQTable] [1][0] sensorIdx:1 isTwin:0 lvIQ:0 lvClk:0 result:1 camResConfig.isOffTwin:1 targetTG:00 FRZratio:0
10-08 16:14:49.260 1120 7240 I MtkCam/P1NodeImp: [P1NodeImp] mEnableAIAWB(0)
10-08 16:14:49.260 1120 7240 I MtkCam/P1NodeImp: [P1NodeImp] LOGD[0](1) LOGI[1](0) prop(cam:0 pl:1 pi:0 g:0:0 SR:0) - SYS[1-3:9](3) - MetaLog(p:0/0 m:0/x0) - SmvrLog(0) DumpRaw(0) DataDump(0) DrawLine(0) - StuffBufCtrl[0](8:16) StuffFully[0](0) - DelRelOff(0) - TF(1) - IV(0) - WB(0) - IMGO(-1,-1) - IonVersion(1)
10-08 16:14:49.261 1120 7240 I MtkCam/P2/CaptureProcessor: [CaptureProcessor](0xb4000075c8c11ef0) ctor
10-08 16:14:49.261 1120 7240 I MtkCam/P2/CaptureNode: [P2CaptureNodeImp] : (0xb4000075c8c11e80) ctor, uniqueKey:161449255, supportedScenarioFeatures:0x1008320f5, bgPreRelease:0, hidlIsp:0 sessionparam:0xb4000075c8c11cc8
10-08 16:14:49.261 1120 7240 I MtkCam/ppl_context: [dump] <4Cell/1>
10-08 16:14:49.261 1120 7240 I MtkCam/ppl_context: [dump] .root={ 0x1 }, .edges={(0x1 -> 0x14)(0x1 -> 0x16)(0x14 -> 0x23)}
10-08 16:14:49.261 1120 7240 I MtkCam/ppl_context: [dump]
10-08 16:14:49.261 1120 7240 I MtkCam/ppl_context: [dump] In: .AppImage={ } .HalImage={ } .AppMeta={ 0x80000000 } .HalMeta={ 0x100000015 }
10-08 16:14:49.261 1120 7240 I MtkCam/ppl_context: [dump] Out: .AppImage={ } .HalImage={ 0x100000001 0x100000002 0x100000003 0x100000004 0x100000011 } .AppMeta={ 0x100000020 } .HalMeta={ 0x100000018 }
10-08 16:14:49.261 1120 7240 I MtkCam/ppl_context: [dump]
10-08 16:14:49.261 1120 7240 I MtkCam/ppl_context: [dump] In: .AppImage={ } .HalImage={ 0x100000001 0x100000002 0x100000003 } .AppMeta={ 0x80000000 0x100000020 } .HalMeta={ 0x100000018 }
10-08 16:14:49.261 1120 7240 I MtkCam/ppl_context: [dump] Out: .AppImage={ } .HalImage={ 0x10000000d 0x10000000e } .AppMeta={ 0x100000024 } .HalMeta={ 0x10000001c }
10-08 16:14:49.261 1120 7240 I MtkCam/ppl_context: [dump]
10-08 16:14:49.261 1120 7240 I MtkCam/ppl_context: [dump] In: .AppImage={ } .HalImage={ 0x100000011 } .AppMeta={ 0x80000000 } .HalMeta={ 0x100000018 }
10-08 16:14:49.261 1120 7240 I MtkCam/ppl_context: [dump] Out: .AppImage={ } .HalImage={ } .AppMeta={ 0x100000025 } .HalMeta={ }
10-08 16:14:49.261 1120 7240 I MtkCam/ppl_context: [dump]
10-08 16:14:49.261 1120 7240 I MtkCam/ppl_context: [dump] In: .AppImage={ } .HalImage={ 0x10000000d 0x10000000e } .AppMeta={ 0x80000000 } .HalMeta={ 0x10000001c }
10-08 16:14:49.261 1120 7240 I MtkCam/ppl_context: [dump] Out: .AppImage={ 0 } .HalImage={ } .AppMeta={ 0x100000026 } .HalMeta={ }
10-08 16:14:49.261 1120 7240 I MtkCam/ppl_context: [dump]
10-08 16:14:49.261 1120 7240 I MtkCam/ppl_context: [dump] [IMAGE-APP-PROVIDER]0 640x480 OUT ImgFormat:0x2300(JPEG) BufPlanes(strides/sizeInBytes):[ 703002/703040 ] startOffset:0 bufStep:0 t:0/r:0 maxBuffers:6 d/s:0x08c20000(V0_JFIF|STANDARD_BT601_625|TRANSFER_SMPTE_170M|RANGE_FULL) s0:d1:App:BLOB:0|SW_READ_OFTEN AllocImgFormat:0x21(BLOB) AllocBufPlanes(strides/sizeInBytes):[ 703002/703040 ] Real:0x21(BLOB) Request:0x21(BLOB) Override:0x21(BLOB) Hal-Client-usage:0x3(0|SW_READ_OFTEN) Hal-usage:0x20033(0|SW_READ_OFTEN|SW_WRITE_OFTEN|HW_CAMERA_WRITE) HalStream::(consumer/producer)Usage:0/0x20033 0xb4000075bc2b9280 phy:-1
10-08 16:14:49.261 1120 7240 I MtkCam/ppl_context: [dump] [IMAGE-HAL-RUNTIME ]0x100000001 2320x1744 ImgFormat:0x2201(BAYER10) BufPlanes(strides/sizeInBytes):[ 2960/5162240 ] startOffset:0 bufStep:0 t:0 maxBufNum:10 minInitBufNum:0 Hal:Image:P1:Fullraw_main1 AllocImgFormat:0x21(BLOB) AllocBufPlanes(strides/sizeInBytes):[ 5162240/5162240 ] Private{exist?0 id:0}
10-08 16:14:49.261 1120 7240 I MtkCam/ppl_context: [dump] [IMAGE-HAL-POOL ]0x100000002 1280x976 ImgFormat:0x2019(MTK_YUV_P010) BufPlanes(strides/sizeInBytes):[ 1600/1561600 1600/780800 ] startOffset:0 bufStep:0 t:0 maxBufNum:12 minInitBufNum:0 Hal:Image:P1:Resizeraw_main1 AllocImgFormat:0x2019(MTK_YUV_P010) AllocBufPlanes(strides/sizeInBytes):[ 1600/1561600 1600/780800 ] Private{exist?0 id:0}
10-08 16:14:49.261 1120 7240 I MtkCam/ppl_context: [dump] [IMAGE-HAL-POOL ]0x100000003 696696x1 ImgFormat:0x21(BLOB) BufPlanes(strides/sizeInBytes):[ 696696/696696 ] startOffset:0 bufStep:0 t:0 maxBufNum:12 minInitBufNum:1 Hal:Image:STT_main1 AllocImgFormat:0x21(BLOB) AllocBufPlanes(strides/sizeInBytes):[ 696696/696696 ] Private{exist?1 id:2}
10-08 16:14:49.261 1120 7240 I MtkCam/ppl_context: [dump] [IMAGE-HAL-POOL ]0x100000004 288x512 ImgFormat:0x2400(STA_BYTE) BufPlanes(strides/sizeInBytes):[ 288/147456 ] startOffset:0 bufStep:0 t:0 maxBufNum:7 minInitBufNum:1 Hal:Image:RSSO_main1 AllocImgFormat:0x2400(STA_BYTE) AllocBufPlanes(strides/sizeInBytes):[ 288/147456 ] Private{exist?0 id:0}
10-08 16:14:49.261 1120 7240 I MtkCam/ppl_context: [dump] [IMAGE-HAL-RUNTIME ]0x10000000d 640x480 ImgFormat:0x11(NV21) BufPlanes(strides/sizeInBytes):[ 640/307200 640/153600 ] startOffset:0 bufStep:0 t:0 maxBufNum:6 minInitBufNum:0 Hal:Image:JpegYuv AllocImgFormat:0x11(NV21) AllocBufPlanes(strides/sizeInBytes):[ 640/307200 640/153600 ] Private{exist?0 id:0}
10-08 16:14:49.261 1120 7240 I MtkCam/ppl_context: [dump] [IMAGE-HAL-RUNTIME ]0x10000000e -1x-1 ImgFormat:0x14(YUY2) BufPlanes(strides/sizeInBytes):[ 0/0 ] startOffset:0 bufStep:0 t:0 maxBufNum:6 minInitBufNum:0 Hal:Image:ThumbnailYuv AllocImgFormat:0x14(YUY2) AllocBufPlanes(strides/sizeInBytes):[ 0/0 ] Private{exist?0 id:0}
10-08 16:14:49.261 1120 7240 I MtkCam/ppl_context: [dump] [IMAGE-HAL-POOL ]0x100000011 640x488 ImgFormat:0x14(YUY2) BufPlanes(strides/sizeInBytes):[ 1280/624640 ] startOffset:0 bufStep:0 t:0 maxBufNum:5 minInitBufNum:1 Hal:Image:P1FDYuv_main1 AllocImgFormat:0x14(YUY2) AllocBufPlanes(strides/sizeInBytes):[ 1280/624640 ] Private{exist?0 id:0}
10-08 16:14:49.261 1120 7240 I MtkCam/ppl_context: [dump]
10-08 16:14:49.261 1120 7240 I MtkCam/ppl_context: [dump] [META -APP-USER ]0x80000000 maxBuffers:0 minInitBufNum:0 Meta:App:Control phy:0
10-08 16:14:49.261 1120 7240 I MtkCam/ppl_context: [dump] [META -HAL-USER ]0x100000015 maxBuffers:10 minInitBufNum:1 Hal:Meta:Control_main1 phy:-1
10-08 16:14:49.261 1120 7240 I MtkCam/ppl_context: [dump] [META -HAL-USER ]0x100000018 maxBuffers:10 minInitBufNum:1 Hal:Meta:P1:Dynamic_main1 phy:-1
10-08 16:14:49.261 1120 7240 I MtkCam/ppl_context: [dump] [META -HAL-USER ]0x10000001c maxBuffers:10 minInitBufNum:1 Hal:Meta:P2C:Dynamic phy:-1
10-08 16:14:49.261 1120 7240 I MtkCam/ppl_context: [dump] [META -APP-USER ]0x100000020 maxBuffers:10 minInitBufNum:1 App:Meta:DynamicP1_main1 phy:-1
10-08 16:14:49.261 1120 7240 I MtkCam/ppl_context: [dump] [META -APP-USER ]0x100000024 maxBuffers:10 minInitBufNum:1 App:Meta:DynamicP2Cap phy:-1
10-08 16:14:49.261 1120 7240 I MtkCam/ppl_context: [dump] [META -APP-USER ]0x100000025 maxBuffers:10 minInitBufNum:1 App:Meta:FD phy:-1
10-08 16:14:49.261 1120 7240 I MtkCam/ppl_context: [dump] [META -APP-USER ]0x100000026 maxBuffers:10 minInitBufNum:1 App:Meta:Jpeg phy:-1
10-08 16:14:49.261 1120 7240 I MtkCam/ppl_context: [dump]
10-08 16:14:49.261 1120 7240 I mtkcam-fbm_producer: [dump] dump Producer(0xb4000075c8cbf140) stream(0x100000002:Hal:Image:P1:Resizeraw_main1) pool(0xb40000765da6d400)->size(0)
10-08 16:14:49.261 1120 7240 I mtkcam-fbm_producer: [dump] Acquired Buffer:
10-08 16:14:49.261 1120 7240 I mtkcam-fbm_pool: [dumpPool] [Hal:Image:P1:Resizeraw_main1]
10-08 16:14:49.261 1120 7240 I mtkcam-fbm_pool: [dumpPool] logLevel:0 pIonDevice:0xb4000075bb229138 Max:9 Min:0 future:1 inUse:0 available:9
10-08 16:14:49.261 1120 7240 I mtkcam-fbm_pool: [dumpPool] Available Buffer: 0xb40000759dbd1700; 0xb40000759dbd1a00; 0xb40000759dbd1d00; 0xb40000759d1ea300; 0xb40000759d1ea600; 0xb40000759d1ea900; 0xb40000759d1eac00; 0xb40000759d1eaf00; 0xb40000759d1eca00;
10-08 16:14:49.261 1120 7240 I mtkcam-fbm_pool: [dumpPool] Inuse Buffer:
10-08 16:14:49.261 1120 7240 I mtkcam-fbm_producer: [dump] dump Producer(0xb4000075c8cbf3c0) stream(0x100000003:Hal:Image:STT_main1) pool(0xb40000765da6d580)->size(0)
10-08 16:14:49.261 1120 7240 I mtkcam-fbm_producer: [dump] Acquired Buffer:
10-08 16:14:49.261 1120 7240 I mtkcam-fbm_pool: [dumpPool] [Hal:Image:STT_main1]
10-08 16:14:49.261 1120 7240 I mtkcam-fbm_pool: [dumpPool] logLevel:0 pIonDevice:0xb4000075bb229198 Max:12 Min:1 future:1 inUse:0 available:12
10-08 16:14:49.261 1120 7240 I mtkcam-fbm_pool: [dumpPool] Available Buffer: 0xb40000759d1c5600; 0xb40000759d1eb200; 0xb40000759d1eb500; 0xb40000759d1eb800; 0xb40000759d1ebb00; 0xb40000759d1ebe00; 0xb40000759d1ec100; 0xb40000759d1ec400; 0xb40000759d1ec700; 0xb400007592777c00; 0xb400007592777f00; 0xb400007592778200;
10-08 16:14:49.261 1120 7240 I mtkcam-fbm_pool: [dumpPool] Inuse Buffer:
10-08 16:14:49.261 1120 7240 I mtkcam-fbm_producer: [dump] dump Producer(0xb4000075c8cc2700) stream(0x100000004:Hal:Image:RSSO_main1) pool(0xb40000765da6d700)->size(0)
10-08 16:14:49.261 1120 7240 I mtkcam-fbm_producer: [dump] Acquired Buffer:
10-08 16:14:49.261 1120 7240 I mtkcam-fbm_pool: [dumpPool] [Hal:Image:RSSO_main1]
10-08 16:14:49.261 1120 7240 I mtkcam-fbm_pool: [dumpPool] logLevel:0 pIonDevice:0xb4000075bb2291f8 Max:1 Min:1 future:1 inUse:0 available:1
10-08 16:14:49.261 1120 7240 I mtkcam-fbm_pool: [dumpPool] Available Buffer: 0xb40000759d1c5300;
10-08 16:14:49.261 1120 7240 I mtkcam-fbm_pool: [dumpPool] Inuse Buffer:
10-08 16:14:49.261 1120 7240 I mtkcam-fbm_producer: [dump] dump Producer(0xb4000075c8cc25c0) stream(0x100000011:Hal:Image:P1FDYuv_main1) pool(0xb40000765da6d880)->size(0)
10-08 16:14:49.261 1120 7240 I mtkcam-fbm_producer: [dump] Acquired Buffer:
10-08 16:14:49.261 1120 7240 I mtkcam-fbm_pool: [dumpPool] [Hal:Image:P1FDYuv_main1]
10-08 16:14:49.261 1120 7240 I mtkcam-fbm_pool: [dumpPool] logLevel:0 pIonDevice:0xb4000075bb2292b8 Max:1 Min:1 future:1 inUse:0 available:1
10-08 16:14:49.261 1120 7240 I mtkcam-fbm_pool: [dumpPool] Available Buffer: 0xb40000759d1c5000;
10-08 16:14:49.261 1120 7240 I mtkcam-fbm_pool: [dumpPool] Inuse Buffer:
10-08 16:14:49.261 1120 7240 I MtkCam/ppl_context: [dump]
10-08 16:14:49.261 1120 7240 I MtkCam/ppl_context: [dump]
10-08 16:14:49.261 1120 7240 I MtkCam/ppl_context: [dump] mReadyStreamCounters:
10-08 16:14:49.261 1120 7240 I MtkCam/ppl_context: [dump] mInSelect(0)
10-08 16:14:49.261 1120 7240 I MtkCam/ppl_context: [dump]
10-08 16:14:49.261 1120 7240 I MtkCam/ppl_context: [dump] mConfigInitFrameCount=0
10-08 16:14:49.261 1120 7240 I MtkCam/ppl_context: [dump] mFrameCountQueued=0
10-08 16:14:49.261 1120 7240 I MtkCam/ppl_context: [dump] RequestNo:[-1,-1] (being) queued!
10-08 16:14:49.261 1120 7240 I MtkCam/ppl_context: [dump] RequestNo<=-1 (being) flushed! No flush
10-08 16:14:49.262 1120 7240 I mtkcam-AppStreamMgr: [1-FrameHandler::setOperationMode] operationMode change: 0xffffffff -> 0
10-08 16:14:49.262 1120 7240 I mtkpower_client: perf_lock_rel, hdl:2714, tid:7240
10-08 16:14:49.262 1120 7240 I mtkcam-dev3: [1-session::tryRunCommandLocked] Run command onConfigureStreamsLocked -
10-08 16:14:49.263 808 870 I libPowerHal: [perfLockRel] hdl:2714, idx:5
10-08 16:14:49.263 808 870 I libPowerHal: [PD] scn:5 hdl:2714 lock_user:camerahalserver pid:1120 tid:7240 dur:500
10-08 16:14:49.263 32713 32734 I BufferQueueProducer: [ImageReader-640x480f100m3-32713-20](id:7fc900000014,api:4,p:1048,c:32713) connect(): api=4 producerControlledByApp=false
10-08 16:14:49.263 1120 17610 I MtkCam/P2/CaptureProcessor: [onInit] P2C cam 1: (0xb4000075c8c11ef0) uniqueKey:161449255
10-08 16:14:49.263 1120 17610 I MtkCam/P2/CaptureProcessor: [onInit] P2C cam 1: create captureFeaturePipe, isDualCam:0, sensor count:1
10-08 16:14:49.263 1120 17610 I MtkCam/P2/CaptureProcessor: [onInit] P2C cam 1: supportSceneroiFeatures:0x1008320f5 dualMode:0
10-08 16:14:49.263 1120 17610 I MtkCam/CapturePipe/RAWNode: [RAWNode](0xb4000075c999f500) ctor
10-08 16:14:49.263 1120 17610 I MtkCam/CapturePipe/MultiFrameNode: [MultiFrameNode](0xb4000075cc24c800) ctor
10-08 16:14:49.263 1120 17610 I MtkCam/CapturePipe/YUVNode: [YUVNode](0xb4000075cc24ce00) ctor
10-08 16:14:49.263 1120 17610 I MtkCam/CapturePipe/RAWNode: [onInit](0xb4000075c999f500) uniqueKey:161449255
10-08 16:14:49.263 1120 17608 D AppFDFT_SW: Face Detection Version: 2038201, [83]s102s103 [87]s107s108
10-08 16:14:49.263 1120 17608 D AppFDFT_SW: Secure Face Detection Version: 1919401, [83]s102s103 [87]s107s108
10-08 16:14:49.263 1120 17608 D AppFDFT_SW: Facial Landmark Detection Version: 878 / 856 (Front/Profile)
10-08 16:14:49.263 1120 17608 D FD_CORE : [AppFDFT_SW] g_maxExtra: 3
10-08 16:14:49.264 1120 17610 D AppFDFT_SW: Face Detection Version: 2038201, [83]s102s103 [87]s107s108
10-08 16:14:49.264 1120 17610 D AppFDFT_SW: Secure Face Detection Version: 1919401, [83]s102s103 [87]s107s108
10-08 16:14:49.264 1120 17610 D AppFDFT_SW: Facial Landmark Detection Version: 878 / 856 (Front/Profile)
10-08 16:14:49.264 1120 17610 D FD_CORE : [AppFDFT_SW] g_maxExtra: 3
10-08 16:14:49.265 1120 17608 I MtkCam/fdNodeImp: [config] is FD in secure mode : 0
10-08 16:14:49.265 1120 17608 I MtkCam/ppl_context: [launchOneNode] FDNode: restore priority from -20 to 0
10-08 16:14:49.266 1120 17609 I MtkCam/ppl_context: [launchOneNode] JpegNode: restore priority from -20 to 0
10-08 16:14:49.266 1120 17617 I MtkCam/JpegNode: [waitJpegEncodeReqDone] mReqNewTriggerEncodeCond wait +
10-08 16:14:49.267 1048 3563 D Camera3-Device: Set real time priority for request queue thread (tid 17596)
10-08 16:14:49.269 1120 17607 I MtkCam/P1NodeImp: [check_config] [Cam::1] Cam::1 Param[N:m0,p1,c3,q0,t0,b0,a0,i0,r0,w1,g0,s0,v10001000_B:p1,b0,t1,h0,u0,e1,l1,r1,f0,d0,q0,c0,f0,v0,s0,LL0,SSC0,SE0,ST0,SB0x0,O:1,OI:1] S(0,30,3,0,x1,2320x1744) R(0x2201-2912-5078528,1-1-1,1-0x3) D(b0,t1,h0) E(e1,l1,r1,u0,d0,q0,c0,f0,s0,p0) M(m0x0,p0x1,c0x3,q0,t0,b1,a1,u1,d1,r0,i0,g0,s0,k0,v10001000) Dm(1) Rc(0xb4000075c8c5d4c0) Sh(0x0) SenCfg(1,0,1) Pool(IMG0x0,RRZ0x0,LCS0x0,RSS0x0,YUV0x0,CRZ10x0,CRZ20x0) MetaInAPP_0:0x80000000 MetaInHAL_1:0x100000015 MetaOutAPP_2:0x100000020 MetaOutHAL_3:0x100000018 ImgOutIMG_4:0x100000001(2320x1744)[0x2201] ImgOutLCS_7:0x100000003(680x510)[0x2401] ImgOutLCESHO_8:0x100000003(1548x1)[0x2401] ImgOutRSS_9:0x100000004(288x512)[0x2400] ImgOutYUVPREV_12:0x100000002(1280x976)[0x2019] ImgOutYUVR1_13:0x100000011(640x488)[0x14] Meta(APP:3=3,HAL:5=5) AA(0,0-2320x1744) TS(1)
10-08 16:14:49.269 1120 17607 I MtkCam/HwUtils/ResourceConcurrency: [obtain] [mP1NodeConcurrency][Client-0] client-requested , state(1)
10-08 16:14:49.269 1120 17607 I MtkCam/HwUtils/ResourceConcurrency: [acquire] [mP1NodeConcurrency][Client-0] acquire resource directly
10-08 16:14:49.269 1120 17611 I MtkCam/P1NodeUtility: [wait] [Cam::1] StageCtrl waiting(0)
10-08 16:14:49.270 1120 17607 I LMVHal : [CreateInstance]user(MtkCam/P1NodeConnectLMV),sensorId(1)
10-08 16:14:49.270 1120 17607 I LMVDrv : [GetInstance]aSensorIdx(1)
10-08 16:14:49.270 1120 17607 I mtkcam-IonDevice: [attach] open shared ion device +
10-08 16:14:49.270 1120 17607 I mtkcam-IonDevice: [attach] open shared ion device - fd=248
10-08 16:14:49.271 1120 17600 I Remosaic: (RemosaicServer) REQUESET num : 2 X, ret : RET_OK
10-08 16:14:49.271 1120 17600 D Remosaic: (RemosaicClient) remosaic_gainmap_gen : 0.0163
10-08 16:14:49.271 1120 17600 I MtkCam/HwUtils/PlugProcessingFCell: [initImp][x101] PlugRemosaic - init - 16666385 ns
10-08 16:14:49.272 1120 17607 D camerahalserver: [impAECustomTransform] undefined function type
10-08 16:14:49.272 1120 17607 D camerahalserver: [transBinSum_s5k3p9spmipiraw()] + u4Eposuretime:30002 u4AfeGain:3744 u4IspGain:4100 u4ISO:365
10-08 16:14:49.272 1120 7240 D mtkcam-dev3-utils: [capture intent: 1] + ULog#92
10-08 16:14:49.272 1120 7240 D mtkcam-dev3-utils: [capture intent: 1] - ULog#93
10-08 16:14:49.273 1120 7240 I mtkcam-AppStreamMgr: [earlyCallbackMeta] early callback metadata, requestNo: 0
10-08 16:14:49.273 1120 7240 I mtkcam-PipelineModelSession: [submitRequest] <4Cell/1> requestNo:0 { repeating:0 control.aeTargetFpsRange:10,10 control.captureIntent:1 control.enableZsl:0 control.processRawEn:0 control.mode:1 control.sceneMode:0 control.videoStabilizationMode:0 edge.mode:1 }
10-08 16:14:49.273 1120 7240 E mtkcam-PipelineModelSession4Cell-oplus: [4Cell/1::oplusSubmitOneRequest] Gyro InValid! (oplusSubmitOneRequest){#158:vendor/mediatek/proprietary/hardware/mtkcam3/pipeline/model/session/../../../oplus/pipeline/model/session/OplusPipelineModelSession4Cell.cpp}
10-08 16:14:49.273 1120 7240 E CamMidasService: [ERROR ] midasserviceintf.cpp:122 SetPowerFactor() m_pMIDASService is null
10-08 16:14:49.273 1120 7240 I mtkcam-FeatureSettingPolicy: [collectDefaultSensorInfo] keep the first request config as default config
10-08 16:14:49.273 1120 7240 I mtkcam-FeatureSettingPolicy: [evaluateCaptureSetting] (0xb40000759d3cac20) capture req#:0
10-08 16:14:49.273 1120 7240 I mtkcam-customer_scenario_mgr: [customer_get_features_table_by_scenario] find features for scenario(5 : MTK_CAMERA_SCENARIO_CAPTURE_CSHOT) in logical map
10-08 16:14:49.273 1120 7240 I mtkcam-FeatureSettingPolicy: [evaluateCaptureSetting] trigger feature:NO_FEATURE_NORMAL(0), feature combination:MTK_FEATURE_COMBINATION_CSHOT(0x10040) for req#0
10-08 16:14:49.273 1120 7240 D isp_tuning_custom_oplus: [OPLUS ISP Profile]cannot get OPPO_APS_FEATURE_TYPE!
10-08 16:14:49.273 1120 7240 D isp_tuning_custom_oplus: [OPLUS ISP Profile]Current apsFeature is -1
10-08 16:14:49.273 1120 7240 D isp_tuning_custom_oplus: [OPLUS ISP Profile]Current APS Feature is -1, do not set custom profile.
10-08 16:14:49.274 1120 7240 I MtkCam/ppl_context: [waitUntilConfigDone] sendFrame: wait for pipeline config done
10-08 16:14:49.277 1120 17607 D SeninfDrv: [hal_csirx_phyA_init]mipiPort:6 CISAB:0 CDPHY_RX_ANA_0(0x74710)
10-08 16:14:49.277 1120 17607 D SeninfDrv: [hal_csirx_phyA_init]mipiPort:6 CISAB:1 CDPHY_RX_ANA_0(0x70710)
10-08 16:14:49.277 1120 17607 D SeninfDrv: [Efuse]CSI1A CDPHY_RX_ANA_2(0x44001010) CDPHY_RX_ANA_3(0x2001010) CDPHY_RX_ANA_4(0xf0f)
10-08 16:14:49.277 1120 17607 D SeninfDrv: [Efuse]CSI1B CDPHY_RX_ANA_2(0x44001010) CDPHY_RX_ANA_3(0x2000f0f) CDPHY_RX_ANA_4(0x1010)
10-08 16:14:49.277 1120 17607 D SeninfDrv: [hal_csirx_dphy_init]10 bit per pixel ,data rate 672000000 bps
10-08 16:14:49.277 1120 17607 D SeninfDrv: [hal_csirx_dphy_init]Csi1_Dphy_Top: DATA_LANE0_HS(0x30272502) DATA_LANE1_HS(0x30272502) DATA_LANE2_HS(0x30272502) DATA_LANE3_HS(0x30272502)
10-08 16:14:49.277 1120 17607 D SeninfDrv: [hal_csirx_seninf_csi2_setting]pCsiMipi->dlaneNum:3, SENINF_CSI2_HDR_MODE_0 0x0, SENINF_CSI2_EN 0xf
10-08 16:14:49.277 1120 17607 D SeninfDrv: [getEQPara]mipi data rate = 672000000
10-08 16:14:49.277 1120 17607 D SeninfDrv: [hal_csirx_phyA_setting]4D1C mipiPort:1 A CDPHY_RX_ANA_5(0x45) B CDPHY_RX_ANA_5(0x45)
10-08 16:14:49.278 1120 17607 D SeninfDrv: [hal_csirx_phyA_power_on]power enable = 1, mipi port 6, CDPHY_RX_ANA_0 0x74713, CDPHY_RX_ANA_8 0x203f603f
10-08 16:14:49.278 1120 17607 D SeninfDrv: [hal_csirx_phyA_power_on]power enable = 1, mipi port 7, CDPHY_RX_ANA_0 0x70713, CDPHY_RX_ANA_8 0x203f603f
10-08 16:14:49.278 1120 17607 D SeninfDrv: [hal_csirx_dphy_setting]IS_4D1C:1 DPHY_RX_LANE_SELECT 0x80403102 DPHY_RX_LANE_EN 0xf01
10-08 16:14:49.278 1120 17607 D SeninfDrv: [setSeninfMuxCtrl]SENINF_MUX0, SENINF_MUX_CTRL_1(0x1f0308), SENINF_MUX_OPT(0x0)
10-08 16:14:49.278 1120 17607 D SeninfDrv: [setSeninfTopMuxCtrl]SENINF_TOP_MUX_CTRL_0(0x3020102) SENINF_TOP_MUX_CTRL_1(0x4)
10-08 16:14:49.278 1120 17607 D HW_INTEG: [191217] Config sensor index = 1, mux = 0
10-08 16:14:49.278 1120 17607 D HW_INTEG: [191217] Integration = (0x1, 0)
10-08 16:14:49.278 1120 17607 D SeninfDrv: [seninfCamMUXArbitration]searchStart 0 searchEnd 2
10-08 16:14:49.278 1120 17607 D SeninfDrv: [seninfCamMUXArbitration]mCamMuxUsage -1, -1, -1, -1, -1, -1, -1, -1, -1, -1, -1, -1, -1
10-08 16:14:49.278 1120 17607 D SeninfDrv: [isCamMUXUsed]cam_mux 0 SENINF_CAM_MUX_EN 0xe000 isCamMUXUsed 0
10-08 16:14:49.278 1120 17607 D SeninfDrv: [setSeninfMuxCrop]SENINF_MUX_CROP_PIX_CTRL 0x1210000 SENINF_MUX_CTRL_1 0x1f0308, mux 0, start 0, end 2319, enable 0
10-08 16:14:49.278 1120 17607 D SeninfDrv: [sendCommand]SENINF_MUX0_SIZE(0x0) SENINF_MUX0_ERR_SIZE(0x0) SENINF_MUX0_EXP_SIZE(0x6d00910)
10-08 16:14:49.278 1120 17607 D SeninfDrv: [sendCommand]CMD_SENINF_SET_DFS_FOR_MUX pixel rate 183709200 pConfigInfo->mux_pixel_mode 3
10-08 16:14:49.278 1120 17607 D SeninfDrv: [updateIspClk]target_clk 273, new_dfs 273, original_dfs 273, mux 0
10-08 16:14:49.288 1120 17607 I MtkCam/P1NodeImp: [sensorConfig] [Cam::1] Ret(1) : LaggingLaunch(0) SenCfg(1,0,1)
10-08 16:14:49.289 1120 17610 I MtkCam/CapturePipe/MultiFrameNode: [onInit](0xb4000075cc24c800) uniqueKey:161449255
10-08 16:14:49.289 1120 17610 I MtkCam/CapturePipe/YUVNode: [onInit](0xb4000075cc24ce00)(9) uniqueKey:161449255
10-08 16:14:49.289 1120 17610 I OCAM_SNAPSHOT: (17610)[property] property +
10-08 16:14:49.289 1120 17610 I OCAM_SNAPSHOT: (17610)[property] property -
10-08 16:14:49.289 1120 17610 I OCAM_SNAPSHOT: (17610)[property] property +
10-08 16:14:49.289 1120 17610 I OCAM_SNAPSHOT: (17610)[property] property -
10-08 16:14:49.289 1120 17610 I OCAM_SNAPSHOT: (17610)[property] property +
10-08 16:14:49.289 1120 17610 I OCAM_SNAPSHOT: (17610)[property] property -
10-08 16:14:49.289 1120 17607 W libc : Unable to set property "vendor.camsys.saved.rrzo" to "1": error code: 0x18
10-08 16:14:49.289 1120 17607 I CamIoDummy: [init] Allocate normal dummy buffer
10-08 16:14:49.289 1120 17607 I CamIoDummy: [init] DummyBufferHeap[Dummy_rrzo] Len(2400, 2, 6, 4840) VA(0x765ffec000) PA(0x2fc80f000) ID(263)
10-08 16:14:49.289 1120 17607 W NormalPipe: [configPipe] WARNING: start configure with hw-path:0
10-08 16:14:49.289 1120 17610 I MtkCam/ppl_context: [launchOneNode] P2CaptureNode: restore priority from -20 to 0
10-08 16:14:49.291 1120 17607 W NormalPipe: [configPipe] WARNING: sensor configure ++
10-08 16:14:49.291 1120 17607 W NormalPipe: [configPipe] WARNING: sensor configure --
10-08 16:14:49.291 1120 17607 D SeninfDrv: [setSeninfCamMuxVC]CamMuxSel 0 vc_sel 0 dt_sel 0, vc_en 0 dt_en 0
10-08 16:14:49.291 1120 17607 D SeninfDrv: [setSeninfCamMuxSrc]cam mux target 0 src 0 expSize 0x6d00910 recSize 0x0 errSize 0x0
10-08 16:14:49.291 1120 17607 D SeninfDrv: [setCamMuxChkPixelMode]cam mux 0 chk pixelMode(3), 0:1pixel, 1:2pixel, 2:4pixel
10-08 16:14:49.291 1120 17607 D SeninfDrv: [enableCamMUX]SENINF_CAM_MUX_EN 0xe001 cam_mux 0 SENINF_CAM_MUX_IRQ_EN 0x3 SENINF_CAM_MUX_IRQ_STATUS 0x0
10-08 16:14:49.291 1120 17607 D SeninfDrv: [sendCommand]mCamMuxUsage 0, -1, -1, -1, -1, -1, -1, -1, -1, -1, -1, -1, -1
10-08 16:14:49.291 1120 17607 I Drv/HWsync: Drv/HWsync[sendCommand] cmd HW_SYNC_CMD_SET_MODE is not supported
10-08 16:14:49.303 1120 17607 W ifunc_cam_ppc: [Register_HW_PATH] WARNING: [0x0]:registered HW path:1
10-08 16:14:49.304 1120 17607 I CcuMgr : [createInstance] IsCcuMgrEnabled : 1
10-08 16:14:49.304 1120 17607 I CcuMgr : [createInstance] CcuMgr User Cnt: 1
10-08 16:14:49.304 1120 17607 D CcuMgr : [ccuInit] CcuMgr ccuInit(0)
10-08 16:14:49.304 1120 17607 D CcuMemMgr: [init] m_ionDevFd(283)
10-08 16:14:49.304 1120 17607 W CcuMemMgr: [init] WARNING: ion is mtk legacy ion return
10-08 16:14:49.306 1120 17607 D CcuMemMgr: [allocateSystemMem] memory of CPU reference allocation success: ionHandle(1), share_fd(284), va(0x75b7600000), mva(0x47800000), size(8388608), cached(1)
10-08 16:14:49.308 1120 17607 D CcuMemMgr: [allocateSystemMem] memory of CCU ctrl allocation success: ionHandle(2), share_fd(285), va(0x75b5d46000), mva(0x47400000), size(4194304), cached(0)
10-08 16:14:49.308 1120 17607 D CcuMemMgr: [_ccuAllocMemKd] CHECK1: ionHandle(0), share_fd(0), va(0x0), size(8388608), cached(0)
10-08 16:14:49.311 1120 17607 D CcuMemMgr: [allocateSystemMem] memory of CCU BIN allocation success: ionHandle(0), share_fd(0), va(0x0), mva(0x0), size(8388608), cached(0)
10-08 16:14:49.311 1120 17607 D CcuMemMgr: [allocateSystemMem] processing CPU reference alignment, align_size(400000) mva(47800000) mva_align(47800000) occup(0)
10-08 16:14:49.311 1120 17607 D CcuMgr : [_initBufferLists] init DDR buffer
10-08 16:14:49.311 1120 17607 I CcuMgr : [_initBufferLists] CCU DDR buffer: va(0x0), mva(0), sz(8388608)
10-08 16:14:49.311 1120 17607 D CcuMgr : [_initBufferLists] init log buffers[0]
10-08 16:14:49.311 1120 17607 D CcuMgr : [_initBufferLists] init log buffers[1]
10-08 16:14:49.311 1120 17607 D CcuMgr : [_initBufferLists] init BKDATA buffer
10-08 16:14:49.311 1120 17607 I CcuMgr : [_initBufferLists] CCU BKDATA buffer: va(0x75b5f46000), mva(47600000), sz(32768)
10-08 16:14:49.311 1120 17607 I CcuDrv : CcuDrv[init] supress CCU detailed logs in user load.
10-08 16:14:49.311 1120 17607 I CcuDrv : CcuDrv[init] +: logBufMva[0](0x47400000), logBufMva[1](0x47500000), logBufVa[0](0x75b5d46000), logBufVa[1](0x75b5e46000)
10-08 16:14:49.311 1120 17607 I CcuDrv : CcuDrv[init] +: cpu_ref_buf_mva(0x47800000)
