10-08 16:11:54.942 1120 16759 D AE_ALGO : [recfg_smooth_ctrl_v6_s] pline tale is null
10-08 16:11:54.943 1120 1628 E CamMidasService: [ERROR ] midasserviceintf.cpp:122 SetPowerFactor() m_pMIDASService is null
10-08 16:11:54.951 1120 7216 D AdaptCALTM: GetCustomParameters: No Nvram Content!
10-08 16:11:54.952 1120 7216 D AdaptCALTM: GetCustomParameters: No Nvram Content!
10-08 16:11:54.958 1120 16878 D AFAlgo : 4 70 0 :
10-08 16:11:54.966 1120 16834 I Hal3Av3 : [get] frmId(1991), IsConvert4MetaResult(2), ret(1), u1CaptureIntent(1), count(111, 35), AwbState(1) AeState(4) FlashState(2) AfState(2) Exp(30001000) ISO(9600) FrameDuration(33350000)
10-08 16:11:54.975 1120 16759 D AE_ALGO : [recfg_smooth_ctrl_v6_s] pline tale is null
10-08 16:11:54.976 1120 1628 E CamMidasService: [ERROR ] midasserviceintf.cpp:122 SetPowerFactor() m_pMIDASService is null
10-08 16:11:54.986 1120 7216 D AdaptCALTM: GetCustomParameters: No Nvram Content!
10-08 16:11:54.986 1120 7216 D AdaptCALTM: GetCustomParameters: No Nvram Content!
10-08 16:11:54.991 1120 16878 D AFAlgo : 4 70 0 :
10-08 16:11:54.994 1048 13291 W ServiceManager: Permission failure: android.permission.SYSTEM_CAMERA from uid=10108 pid=14114
10-08 16:11:54.994 1048 13291 I chatty : uid=1047(cameraserver) Binder:1048_8 identical 1 line
10-08 16:11:54.994 1048 13291 W ServiceManager: Permission failure: android.permission.SYSTEM_CAMERA from uid=10108 pid=14114
10-08 16:11:54.999 1120 16834 I Hal3Av3 : [get] frmId(1992), IsConvert4MetaResult(2), ret(1), u1CaptureIntent(1), count(111, 35), AwbState(2) AeState(4) FlashState(2) AfState(2) Exp(30001000) ISO(9600) FrameDuration(33350000)
10-08 16:11:55.008 1120 16759 D AE_ALGO : [recfg_smooth_ctrl_v6_s] pline tale is null
10-08 16:11:55.009 1120 1628 E CamMidasService: [ERROR ] midasserviceintf.cpp:122 SetPowerFactor() m_pMIDASService is null
10-08 16:11:55.017 1120 7216 D AdaptCALTM: GetCustomParameters: No Nvram Content!
10-08 16:11:55.017 1120 7216 D AdaptCALTM: GetCustomParameters: No Nvram Content!
10-08 16:11:55.025 1120 16878 D AFAlgo : 4 70 0 :
10-08 16:11:55.033 1120 16834 I Hal3Av3 : [get] frmId(1993), IsConvert4MetaResult(2), ret(1), u1CaptureIntent(1), count(111, 35), AwbState(2) AeState(4) FlashState(2) AfState(2) Exp(30001000) ISO(9600) FrameDuration(33350000)
10-08 16:11:55.042 1120 16759 D AE_ALGO : [recfg_smooth_ctrl_v6_s] pline tale is null
10-08 16:11:55.043 1120 1628 E CamMidasService: [ERROR ] midasserviceintf.cpp:122 SetPowerFactor() m_pMIDASService is null
10-08 16:11:55.050 1120 7216 D AdaptCALTM: GetCustomParameters: No Nvram Content!
10-08 16:11:55.050 1120 7216 D AdaptCALTM: GetCustomParameters: No Nvram Content!
10-08 16:11:55.058 1120 16878 D AFAlgo : 4 70 0 :
10-08 16:11:55.066 1120 16834 I Hal3Av3 : [get] frmId(1994), IsConvert4MetaResult(2), ret(1), u1CaptureIntent(1), count(111, 35), AwbState(2) AeState(4) FlashState(2) AfState(2) Exp(30001000) ISO(9600) FrameDuration(33350000)
10-08 16:11:55.075 1120 16759 D AE_ALGO : [recfg_smooth_ctrl_v6_s] pline tale is null
10-08 16:11:55.076 1120 1628 E CamMidasService: [ERROR ] midasserviceintf.cpp:122 SetPowerFactor() m_pMIDASService is null
10-08 16:11:55.085 1120 7216 D AdaptCALTM: GetCustomParameters: No Nvram Content!
10-08 16:11:55.085 1120 7216 D AdaptCALTM: GetCustomParameters: No Nvram Content!
10-08 16:11:55.092 1120 16878 D AFAlgo : 4 70 0 :
10-08 16:11:55.099 1120 16834 I Hal3Av3 : [get] frmId(1995), IsConvert4MetaResult(2), ret(1), u1CaptureIntent(1), count(111, 35), AwbState(2) AeState(4) FlashState(2) AfState(2) Exp(30001000) ISO(9600) FrameDuration(33350000)
10-08 16:11:55.108 1120 16759 D AE_ALGO : [recfg_smooth_ctrl_v6_s] pline tale is null
10-08 16:11:55.109 1120 1628 E CamMidasService: [ERROR ] midasserviceintf.cpp:122 SetPowerFactor() m_pMIDASService is null
10-08 16:11:55.119 1120 7216 D AdaptCALTM: GetCustomParameters: No Nvram Content!
10-08 16:11:55.119 1120 7216 D AdaptCALTM: GetCustomParameters: No Nvram Content!
10-08 16:11:55.125 1120 16878 D AFAlgo : 4 70 0 :
10-08 16:11:55.133 1120 16834 I Hal3Av3 : [get] frmId(1996), IsConvert4MetaResult(2), ret(1), u1CaptureIntent(1), count(111, 35), AwbState(2) AeState(4) FlashState(2) AfState(2) Exp(30001000) ISO(9600) FrameDuration(33350000)
10-08 16:11:55.143 1120 16759 D AE_ALGO : [recfg_smooth_ctrl_v6_s] pline tale is null
10-08 16:11:55.145 1120 1628 E CamMidasService: [ERROR ] midasserviceintf.cpp:122 SetPowerFactor() m_pMIDASService is null
10-08 16:11:55.151 1120 7216 D MDP : DpIsp: ISP Pass2 only
10-08 16:11:55.155 1120 7216 I chatty : uid=1047(cameraserver) MDP-0 identical 2 lines
10-08 16:11:55.157 1120 7216 D MDP : DpIsp: ISP Pass2 only
10-08 16:11:55.158 1120 16878 D AFAlgo : 4 70 0 :
10-08 16:11:55.159 1120 7216 D AdaptCALTM: GetCustomParameters: No Nvram Content!
10-08 16:11:55.159 1120 7216 D AdaptCALTM: GetCustomParameters: No Nvram Content!
10-08 16:11:55.167 1120 16834 I Hal3Av3 : [get] frmId(1997), IsConvert4MetaResult(2), ret(1), u1CaptureIntent(1), count(111, 35), AwbState(2) AeState(4) FlashState(2) AfState(2) Exp(30001000) ISO(9600) FrameDuration(33350000)
10-08 16:11:55.176 1120 16759 D AE_ALGO : [recfg_smooth_ctrl_v6_s] pline tale is null
10-08 16:11:55.177 1120 1628 E CamMidasService: [ERROR ] midasserviceintf.cpp:122 SetPowerFactor() m_pMIDASService is null
10-08 16:11:55.185 1120 7216 D MDP : DpIsp: ISP Pass2 only
10-08 16:11:55.188 1120 7216 I chatty : uid=1047(cameraserver) MDP-0 identical 2 lines
10-08 16:11:55.190 1120 7216 D MDP : DpIsp: ISP Pass2 only
10-08 16:11:55.192 1120 16878 D AFAlgo : 4 70 0 :
10-08 16:11:55.193 1120 7216 D AdaptCALTM: GetCustomParameters: No Nvram Content!
10-08 16:11:55.193 1120 7216 D AdaptCALTM: GetCustomParameters: No Nvram Content!
10-08 16:11:55.200 1120 16876 I FlickerAlgo: [flk_SendCmd] CMD_DETECT
10-08 16:11:55.200 1120 16876 I FlickerAlgo: [DoCmdDetect] type(0) n_win_h(3) n_win_w(6) win_wd(666) win_ht(742) cur_freq(50)
10-08 16:11:55.201 1120 16876 I FlickerAlgo: Freq_out = 2008810, 2785042, 2622409, 1793405, 1471010, 1638874, 2040305, 842594, 1509682
10-08 16:11:55.201 1120 16834 I Hal3Av3 : [get] frmId(1998), IsConvert4MetaResult(2), ret(1), u1CaptureIntent(1), count(111, 35), AwbState(2) AeState(4) FlashState(2) AfState(2) Exp(30001000) ISO(9600) FrameDuration(33350000)
10-08 16:11:55.209 1120 16759 D AE_ALGO : [recfg_smooth_ctrl_v6_s] pline tale is null
10-08 16:11:55.210 1120 1628 E CamMidasService: [ERROR ] midasserviceintf.cpp:122 SetPowerFactor() m_pMIDASService is null
10-08 16:11:55.221 1120 7216 D AdaptCALTM: GetCustomParameters: No Nvram Content!
10-08 16:11:55.221 1120 7216 D AdaptCALTM: GetCustomParameters: No Nvram Content!
10-08 16:11:55.226 1120 16878 D AFAlgo : 4 70 0 :
10-08 16:11:55.234 1120 16834 I Hal3Av3 : [get] frmId(1999), IsConvert4MetaResult(2), ret(1), u1CaptureIntent(1), count(111, 35), AwbState(2) AeState(4) FlashState(2) AfState(2) Exp(30001000) ISO(9600) FrameDuration(33350000)
10-08 16:11:55.243 1120 16759 D AE_ALGO : [recfg_smooth_ctrl_v6_s] pline tale is null
10-08 16:11:55.244 1120 1628 E CamMidasService: [ERROR ] midasserviceintf.cpp:122 SetPowerFactor() m_pMIDASService is null
10-08 16:11:55.253 1120 7216 D AdaptCALTM: GetCustomParameters: No Nvram Content!
10-08 16:11:55.253 1120 7216 D AdaptCALTM: GetCustomParameters: No Nvram Content!
10-08 16:11:55.259 1120 16878 D AFAlgo : 4 70 0 :
10-08 16:11:55.267 1120 16834 I Hal3Av3 : [get] frmId(2000), IsConvert4MetaResult(2), ret(1), u1CaptureIntent(1), count(111, 35), AwbState(2) AeState(4) FlashState(2) AfState(2) Exp(30001000) ISO(9600) FrameDuration(33350000)
10-08 16:11:55.277 1120 16759 D AE_ALGO : [recfg_smooth_ctrl_v6_s] pline tale is null
10-08 16:11:55.278 1120 1628 E CamMidasService: [ERROR ] midasserviceintf.cpp:122 SetPowerFactor() m_pMIDASService is null
10-08 16:11:55.286 1120 7216 D AdaptCALTM: GetCustomParameters: No Nvram Content!
10-08 16:11:55.286 1120 7216 D AdaptCALTM: GetCustomParameters: No Nvram Content!
10-08 16:11:55.292 1120 16878 D AFAlgo : 4 70 0 :
10-08 16:11:55.300 1120 16834 I Hal3Av3 : [get] frmId(2001), IsConvert4MetaResult(2), ret(1), u1CaptureIntent(1), count(111, 35), AwbState(2) AeState(4) FlashState(2) AfState(2) Exp(30001000) ISO(9600) FrameDuration(33350000)
10-08 16:11:55.302 1048 3380 W ServiceManager: Permission failure: android.permission.SYSTEM_CAMERA from uid=10108 pid=14114
10-08 16:11:55.303 1048 3380 I chatty : uid=1047(cameraserver) Binder:1048_5 identical 1 line
10-08 16:11:55.304 1048 3380 W ServiceManager: Permission failure: android.permission.SYSTEM_CAMERA from uid=10108 pid=14114
10-08 16:11:55.309 1120 16759 D AE_ALGO : [recfg_smooth_ctrl_v6_s] pline tale is null
10-08 16:11:55.311 1120 1628 E CamMidasService: [ERROR ] midasserviceintf.cpp:122 SetPowerFactor() m_pMIDASService is null
10-08 16:11:55.318 1120 7216 D AdaptCALTM: GetCustomParameters: No Nvram Content!
10-08 16:11:55.319 1120 7216 D AdaptCALTM: GetCustomParameters: No Nvram Content!
10-08 16:11:55.326 1120 16878 D AFAlgo : 4 70 0 :
10-08 16:11:55.333 1120 16834 I Hal3Av3 : [get] frmId(2002), IsConvert4MetaResult(2), ret(1), u1CaptureIntent(1), count(111, 35), AwbState(2) AeState(4) FlashState(2) AfState(2) Exp(30001000) ISO(9600) FrameDuration(33350000)
10-08 16:11:55.343 1120 16759 D AE_ALGO : [recfg_smooth_ctrl_v6_s] pline tale is null
10-08 16:11:55.344 1120 1628 E CamMidasService: [ERROR ] midasserviceintf.cpp:122 SetPowerFactor() m_pMIDASService is null
10-08 16:11:55.353 1120 7216 D AdaptCALTM: GetCustomParameters: No Nvram Content!
10-08 16:11:55.353 1120 7216 D AdaptCALTM: GetCustomParameters: No Nvram Content!
10-08 16:11:55.359 1120 16878 D AFAlgo : 4 70 0 :
10-08 16:11:55.367 1120 16834 I Hal3Av3 : [get] frmId(2003), IsConvert4MetaResult(2), ret(1), u1CaptureIntent(1), count(111, 35), AwbState(2) AeState(4) FlashState(2) AfState(2) Exp(30001000) ISO(9600) FrameDuration(33350000)
10-08 16:11:55.376 1120 16759 D AE_ALGO : [recfg_smooth_ctrl_v6_s] pline tale is null
10-08 16:11:55.378 1120 1628 E CamMidasService: [ERROR ] midasserviceintf.cpp:122 SetPowerFactor() m_pMIDASService is null
10-08 16:11:55.387 1120 7216 D AdaptCALTM: GetCustomParameters: No Nvram Content!
10-08 16:11:55.387 1120 7216 D AdaptCALTM: GetCustomParameters: No Nvram Content!
10-08 16:11:55.392 1120 16878 D AFAlgo : 4 70 0 :
10-08 16:11:55.401 1120 16834 I Hal3Av3 : [get] frmId(2004), IsConvert4MetaResult(2), ret(1), u1CaptureIntent(1), count(111, 35), AwbState(2) AeState(4) FlashState(2) AfState(2) Exp(30001000) ISO(9600) FrameDuration(33350000)
10-08 16:11:55.410 1120 16759 D AE_ALGO : [recfg_smooth_ctrl_v6_s] pline tale is null
10-08 16:11:55.411 1120 1628 E CamMidasService: [ERROR ] midasserviceintf.cpp:122 SetPowerFactor() m_pMIDASService is null
10-08 16:11:55.420 1120 7216 D AdaptCALTM: GetCustomParameters: No Nvram Content!
10-08 16:11:55.420 1120 7216 D AdaptCALTM: GetCustomParameters: No Nvram Content!
10-08 16:11:55.426 1120 16878 D AFAlgo : 4 70 0 :
10-08 16:11:55.434 1120 16834 I Hal3Av3 : [get] frmId(2005), IsConvert4MetaResult(2), ret(1), u1CaptureIntent(1), count(111, 35), AwbState(2) AeState(4) FlashState(2) AfState(2) Exp(30001000) ISO(9600) FrameDuration(33350000)
10-08 16:11:55.443 1120 16759 D AE_ALGO : [recfg_smooth_ctrl_v6_s] pline tale is null
10-08 16:11:55.444 1120 1628 E CamMidasService: [ERROR ] midasserviceintf.cpp:122 SetPowerFactor() m_pMIDASService is null
10-08 16:11:55.453 1120 7216 D AdaptCALTM: GetCustomParameters: No Nvram Content!
10-08 16:11:55.453 1120 7216 D AdaptCALTM: GetCustomParameters: No Nvram Content!
10-08 16:11:55.459 1120 16878 D AFAlgo : 4 70 0 :
10-08 16:11:55.467 1120 16834 I Hal3Av3 : [get] frmId(2006), IsConvert4MetaResult(2), ret(1), u1CaptureIntent(1), count(111, 35), AwbState(2) AeState(4) FlashState(2) AfState(2) Exp(30001000) ISO(9600) FrameDuration(33350000)
10-08 16:11:55.477 1120 16759 D AE_ALGO : [recfg_smooth_ctrl_v6_s] pline tale is null
10-08 16:11:55.478 1120 1628 E CamMidasService: [ERROR ] midasserviceintf.cpp:122 SetPowerFactor() m_pMIDASService is null
10-08 16:11:55.486 1120 7216 D AdaptCALTM: GetCustomParameters: No Nvram Content!
10-08 16:11:55.486 1120 7216 D AdaptCALTM: GetCustomParameters: No Nvram Content!
10-08 16:11:55.493 1120 16878 D AFAlgo : 4 70 0 :
10-08 16:11:55.501 1120 16834 I Hal3Av3 : [get] frmId(2007), IsConvert4MetaResult(2), ret(1), u1CaptureIntent(1), count(111, 35), AwbState(2) AeState(4) FlashState(2) AfState(2) Exp(30001000) ISO(9600) FrameDuration(33350000)
10-08 16:11:55.510 1120 16759 D AE_ALGO : [recfg_smooth_ctrl_v6_s] pline tale is null
10-08 16:11:55.512 1120 1628 E CamMidasService: [ERROR ] midasserviceintf.cpp:122 SetPowerFactor() m_pMIDASService is null
10-08 16:11:55.521 1120 7216 D AdaptCALTM: GetCustomParameters: No Nvram Content!
10-08 16:11:55.521 1120 7216 D AdaptCALTM: GetCustomParameters: No Nvram Content!
10-08 16:11:55.527 1120 16878 D AFAlgo : 4 70 0 :
10-08 16:11:55.534 1120 16876 I FlickerAlgo: [flk_SendCmd] CMD_DETECT
10-08 16:11:55.534 1120 16876 I FlickerAlgo: [DoCmdDetect] type(0) n_win_h(3) n_win_w(6) win_wd(666) win_ht(742) cur_freq(50)
10-08 16:11:55.535 1120 16876 I FlickerAlgo: Freq_out = 923962, 1069, 4739072, 7817725, 5244370, 6672746, 7889445, 239221, 916532
10-08 16:11:55.535 1551 2432 I ColorHansManager : stateRToFFreeze--imporant case: pkgName: io.appium.uiautomator2.server, reason: lastResumeProtect
10-08 16:11:55.535 1120 16834 I Hal3Av3 : [get] frmId(2008), IsConvert4MetaResult(2), ret(1), u1CaptureIntent(1), count(111, 35), AwbState(2) AeState(4) FlashState(2) AfState(2) Exp(30001000) ISO(9600) FrameDuration(33350000)
10-08 16:11:55.544 1120 16759 D AE_ALGO : [recfg_smooth_ctrl_v6_s] pline tale is null
10-08 16:11:55.545 1120 1628 E CamMidasService: [ERROR ] midasserviceintf.cpp:122 SetPowerFactor() m_pMIDASService is null
10-08 16:11:55.556 1120 7216 D AdaptCALTM: GetCustomParameters: No Nvram Content!
10-08 16:11:55.556 1120 7216 D AdaptCALTM: GetCustomParameters: No Nvram Content!
10-08 16:11:55.560 1120 16878 D AFAlgo : 4 70 0 :
10-08 16:11:55.568 1120 16834 I Hal3Av3 : [get] frmId(2009), IsConvert4MetaResult(2), ret(1), u1CaptureIntent(1), count(111, 35), AwbState(2) AeState(4) FlashState(2) AfState(2) Exp(30001000) ISO(9600) FrameDuration(33350000)
10-08 16:11:55.577 1120 16759 D AE_ALGO : [recfg_smooth_ctrl_v6_s] pline tale is null
10-08 16:11:55.578 1120 1628 E CamMidasService: [ERROR ] midasserviceintf.cpp:122 SetPowerFactor() m_pMIDASService is null
10-08 16:11:55.587 1120 7216 D AdaptCALTM: GetCustomParameters: No Nvram Content!
10-08 16:11:55.587 1120 7216 D AdaptCALTM: GetCustomParameters: No Nvram Content!
10-08 16:11:55.594 1120 16878 D AFAlgo : 4 70 0 :
10-08 16:11:55.602 1120 16834 I Hal3Av3 : [get] frmId(2010), IsConvert4MetaResult(2), ret(1), u1CaptureIntent(1), count(111, 35), AwbState(2) AeState(4) FlashState(2) AfState(2) Exp(30001000) ISO(9600) FrameDuration(33350000)
10-08 16:11:55.610 1120 16759 D AE_ALGO : [recfg_smooth_ctrl_v6_s] pline tale is null
10-08 16:11:55.612 1120 1628 E CamMidasService: [ERROR ] midasserviceintf.cpp:122 SetPowerFactor() m_pMIDASService is null
10-08 16:11:55.620 1120 7216 D AdaptCALTM: GetCustomParameters: No Nvram Content!
10-08 16:11:55.620 1120 7216 D AdaptCALTM: GetCustomParameters: No Nvram Content!
10-08 16:11:55.620 1048 1645 W ServiceManager: Permission failure: android.permission.SYSTEM_CAMERA from uid=10108 pid=14114
10-08 16:11:55.621 1048 1645 I chatty : uid=1047(cameraserver) Binder:1048_1 identical 1 line
10-08 16:11:55.621 1048 1645 W ServiceManager: Permission failure: android.permission.SYSTEM_CAMERA from uid=10108 pid=14114
10-08 16:11:55.627 1120 16878 D AFAlgo : 4 70 0 :
10-08 16:11:55.634 1120 16834 I Hal3Av3 : [get] frmId(2011), IsConvert4MetaResult(2), ret(1), u1CaptureIntent(1), count(111, 35), AwbState(2) AeState(4) FlashState(2) AfState(2) Exp(30001000) ISO(9600) FrameDuration(33350000)
10-08 16:11:55.643 1120 16759 D AE_ALGO : [recfg_smooth_ctrl_v6_s] pline tale is null
10-08 16:11:55.645 1120 1628 E CamMidasService: [ERROR ] midasserviceintf.cpp:122 SetPowerFactor() m_pMIDASService is null
10-08 16:11:55.652 1120 7216 D AdaptCALTM: GetCustomParameters: No Nvram Content!
10-08 16:11:55.653 1120 7216 D AdaptCALTM: GetCustomParameters: No Nvram Content!
10-08 16:11:55.660 1120 16878 D AFAlgo : 4 70 0 :
10-08 16:11:55.668 1120 16834 I Hal3Av3 : [get] frmId(2012), IsConvert4MetaResult(2), ret(1), u1CaptureIntent(1), count(111, 35), AwbState(2) AeState(4) FlashState(2) AfState(2) Exp(30001000) ISO(9600) FrameDuration(33350000)
10-08 16:11:55.677 1120 16759 D AE_ALGO : [recfg_smooth_ctrl_v6_s] pline tale is null
10-08 16:11:55.678 1120 1628 E CamMidasService: [ERROR ] midasserviceintf.cpp:122 SetPowerFactor() m_pMIDASService is null
10-08 16:11:55.687 1120 7216 D AdaptCALTM: GetCustomParameters: No Nvram Content!
10-08 16:11:55.687 1120 7216 D AdaptCALTM: GetCustomParameters: No Nvram Content!
10-08 16:11:55.693 1120 16878 D AFAlgo : 4 70 0 :
10-08 16:11:55.701 1120 16834 I Hal3Av3 : [get] frmId(2013), IsConvert4MetaResult(2), ret(1), u1CaptureIntent(1), count(111, 35), AwbState(2) AeState(4) FlashState(2) AfState(2) Exp(30001000) ISO(9600) FrameDuration(33350000)
10-08 16:11:55.711 1120 16759 D AE_ALGO : [recfg_smooth_ctrl_v6_s] pline tale is null
10-08 16:11:55.712 1120 7240 E CamMidasService: [ERROR ] midasserviceintf.cpp:122 SetPowerFactor() m_pMIDASService is null
10-08 16:11:55.720 1120 7216 D AdaptCALTM: GetCustomParameters: No Nvram Content!
10-08 16:11:55.720 1120 7216 D AdaptCALTM: GetCustomParameters: No Nvram Content!
10-08 16:11:55.727 1120 16878 D AFAlgo : 4 70 0 :
10-08 16:11:55.734 1120 16834 I Hal3Av3 : [get] frmId(2014), IsConvert4MetaResult(2), ret(1), u1CaptureIntent(1), count(111, 35), AwbState(2) AeState(4) FlashState(2) AfState(2) Exp(30001000) ISO(9600) FrameDuration(33350000)
10-08 16:11:55.744 1120 16759 D AE_ALGO : [recfg_smooth_ctrl_v6_s] pline tale is null
10-08 16:11:55.745 1120 7240 E CamMidasService: [ERROR ] midasserviceintf.cpp:122 SetPowerFactor() m_pMIDASService is null
10-08 16:11:55.753 1120 7216 D AdaptCALTM: GetCustomParameters: No Nvram Content!
10-08 16:11:55.753 1120 7216 D AdaptCALTM: GetCustomParameters: No Nvram Content!
10-08 16:11:55.760 1551 2432 I ColorHansManager : stateRToFFreeze--imporant case: pkgName: io.appium.uiautomator2.server, reason: lastResumeProtect
10-08 16:11:55.760 1120 16878 D AFAlgo : 4 70 0 :
10-08 16:11:55.768 1120 16834 I Hal3Av3 : [get] frmId(2015), IsConvert4MetaResult(2), ret(1), u1CaptureIntent(1), count(111, 35), AwbState(2) AeState(4) FlashState(2) AfState(2) Exp(30001000) ISO(9600) FrameDuration(33350000)
10-08 16:11:55.777 1120 16759 D AE_ALGO : [recfg_smooth_ctrl_v6_s] pline tale is null
10-08 16:11:55.778 1120 7240 E CamMidasService: [ERROR ] midasserviceintf.cpp:122 SetPowerFactor() m_pMIDASService is null
10-08 16:11:55.787 1120 7216 D AdaptCALTM: GetCustomParameters: No Nvram Content!
10-08 16:11:55.788 1120 7216 D AdaptCALTM: GetCustomParameters: No Nvram Content!
10-08 16:11:55.793 1120 16878 D AFAlgo : 4 70 0 :
10-08 16:11:55.802 1120 16834 I Hal3Av3 : [get] frmId(2016), IsConvert4MetaResult(2), ret(1), u1CaptureIntent(1), count(111, 35), AwbState(2) AeState(4) FlashState(2) AfState(2) Exp(30001000) ISO(9600) FrameDuration(33350000)
10-08 16:11:55.811 1120 16759 D AE_ALGO : [recfg_smooth_ctrl_v6_s] pline tale is null
10-08 16:11:55.812 1120 7240 E CamMidasService: [ERROR ] midasserviceintf.cpp:122 SetPowerFactor() m_pMIDASService is null
10-08 16:11:55.821 1120 7216 D AdaptCALTM: GetCustomParameters: No Nvram Content!
10-08 16:11:55.821 1120 7216 D AdaptCALTM: GetCustomParameters: No Nvram Content!
10-08 16:11:55.827 1120 16878 D AFAlgo : 4 70 0 :
10-08 16:11:55.835 1120 16834 I Hal3Av3 : [get] frmId(2017), IsConvert4MetaResult(2), ret(1), u1CaptureIntent(1), count(111, 35), AwbState(2) AeState(4) FlashState(2) AfState(2) Exp(30001000) ISO(9600) FrameDuration(33350000)
10-08 16:11:55.845 1120 16759 D AE_ALGO : [recfg_smooth_ctrl_v6_s] pline tale is null
10-08 16:11:55.846 1120 7240 E CamMidasService: [ERROR ] midasserviceintf.cpp:122 SetPowerFactor() m_pMIDASService is null
10-08 16:11:55.854 1120 7216 D AdaptCALTM: GetCustomParameters: No Nvram Content!
10-08 16:11:55.854 1120 7216 D AdaptCALTM: GetCustomParameters: No Nvram Content!
10-08 16:11:55.861 1120 16878 D AFAlgo : 4 70 0 :
10-08 16:11:55.868 1120 16876 I FlickerAlgo: [flk_SendCmd] CMD_DETECT
10-08 16:11:55.868 1120 16876 I FlickerAlgo: [DoCmdDetect] type(0) n_win_h(3) n_win_w(6) win_wd(666) win_ht(742) cur_freq(50)
10-08 16:11:55.869 1120 16876 I FlickerAlgo: Freq_out = 4356142, 2354106, 5162259, 3619477, 1125635, 1535715, 1005658, 270989, 1911331
10-08 16:11:55.869 1120 16834 I Hal3Av3 : [get] frmId(2018), IsConvert4MetaResult(2), ret(1), u1CaptureIntent(1), count(111, 35), AwbState(2) AeState(4) FlashState(2) AfState(2) Exp(30001000) ISO(9600) FrameDuration(33350000)
10-08 16:11:55.878 1120 16759 D AE_ALGO : [recfg_smooth_ctrl_v6_s] pline tale is null
10-08 16:11:55.880 1120 7240 E CamMidasService: [ERROR ] midasserviceintf.cpp:122 SetPowerFactor() m_pMIDASService is null
10-08 16:11:55.888 1120 7216 D AdaptCALTM: GetCustomParameters: No Nvram Content!
10-08 16:11:55.888 1120 7216 D AdaptCALTM: GetCustomParameters: No Nvram Content!
10-08 16:11:55.895 1120 16878 D AFAlgo : 4 70 0 :
10-08 16:11:55.895 1120 16878 D AFAlgo : [AFALGO_search_type] set type from 3 to 0, KeepLVDiff 0
10-08 16:11:55.902 1120 16834 I Hal3Av3 : [get] frmId(2019), IsConvert4MetaResult(2), ret(1), u1CaptureIntent(1), count(111, 35), AwbState(2) AeState(4) FlashState(2) AfState(2) Exp(30001000) ISO(9600) FrameDuration(33350000)
10-08 16:11:55.911 1120 16759 D AE_ALGO : [recfg_smooth_ctrl_v6_s] pline tale is null
10-08 16:11:55.913 1120 7240 E CamMidasService: [ERROR ] midasserviceintf.cpp:122 SetPowerFactor() m_pMIDASService is null
10-08 16:11:55.923 1120 7216 D AdaptCALTM: GetCustomParameters: No Nvram Content!
10-08 16:11:55.923 1120 7216 D AdaptCALTM: GetCustomParameters: No Nvram Content!
10-08 16:11:55.927 1120 16878 D AFAlgo : 4 70 0 :
10-08 16:11:55.935 1048 13291 W ServiceManager: Permission failure: android.permission.SYSTEM_CAMERA from uid=10108 pid=14114
10-08 16:11:55.937 1120 16834 I Hal3Av3 : [get] frmId(2020), IsConvert4MetaResult(2), ret(1), u1CaptureIntent(1), count(111, 35), AwbState(2) AeState(4) FlashState(2) AfState(2) Exp(30001000) ISO(9600) FrameDuration(33350000)
10-08 16:11:55.937 1048 13291 W ServiceManager: Permission failure: android.permission.SYSTEM_CAMERA from uid=10108 pid=14114
10-08 16:11:55.937 1048 13291 W ServiceManager: Permission failure: android.permission.SYSTEM_CAMERA from uid=10108 pid=14114
10-08 16:11:55.944 1120 16759 D AE_ALGO : [recfg_smooth_ctrl_v6_s] pline tale is null
10-08 16:11:55.946 1120 7240 E CamMidasService: [ERROR ] midasserviceintf.cpp:122 SetPowerFactor() m_pMIDASService is null
10-08 16:11:55.955 1120 7216 D AdaptCALTM: GetCustomParameters: No Nvram Content!
10-08 16:11:55.955 1120 7216 D AdaptCALTM: GetCustomParameters: No Nvram Content!
10-08 16:11:55.960 1120 16878 D AFAlgo : 4 70 0 :
10-08 16:11:55.969 1120 16834 I Hal3Av3 : [get] frmId(2021), IsConvert4MetaResult(2), ret(1), u1CaptureIntent(1), count(111, 35), AwbState(2) AeState(4) FlashState(2) AfState(2) Exp(30001000) ISO(9600) FrameDuration(33350000)
10-08 16:11:55.978 1120 16759 D AE_ALGO : [recfg_smooth_ctrl_v6_s] pline tale is null
10-08 16:11:55.979 1120 7240 E CamMidasService: [ERROR ] midasserviceintf.cpp:122 SetPowerFactor() m_pMIDASService is null
10-08 16:11:55.987 1120 7216 D AdaptCALTM: GetCustomParameters: No Nvram Content!
10-08 16:11:55.987 1120 7216 D AdaptCALTM: GetCustomParameters: No Nvram Content!
10-08 16:11:55.994 1120 16878 D AFAlgo : 4 70 0 :
10-08 16:11:55.996 1551 1822 D JobScheduler.Temperature: get temperature=32.906
10-08 16:11:56.002 1120 16834 I Hal3Av3 : [get] frmId(2022), IsConvert4MetaResult(2), ret(1), u1CaptureIntent(1), count(111, 35), AwbState(2) AeState(4) FlashState(2) AfState(2) Exp(30001000) ISO(9600) FrameDuration(33350000)
10-08 16:11:56.012 1120 16759 D AE_ALGO : [recfg_smooth_ctrl_v6_s] pline tale is null
10-08 16:11:56.013 1120 7240 E CamMidasService: [ERROR ] midasserviceintf.cpp:122 SetPowerFactor() m_pMIDASService is null
10-08 16:11:56.021 1120 7216 D AdaptCALTM: GetCustomParameters: No Nvram Content!
10-08 16:11:56.022 1120 7216 D AdaptCALTM: GetCustomParameters: No Nvram Content!
10-08 16:11:56.028 1120 16878 D AFAlgo : 4 70 0 :
10-08 16:11:56.036 1120 16834 I Hal3Av3 : [get] frmId(2023), IsConvert4MetaResult(2), ret(1), u1CaptureIntent(1), count(111, 35), AwbState(2) AeState(4) FlashState(2) AfState(2) Exp(30001000) ISO(9600) FrameDuration(33350000)
10-08 16:11:56.045 1120 16759 D AE_ALGO : [recfg_smooth_ctrl_v6_s] pline tale is null
10-08 16:11:56.047 1120 7240 E CamMidasService: [ERROR ] midasserviceintf.cpp:122 SetPowerFactor() m_pMIDASService is null
10-08 16:11:56.054 1120 7216 D AdaptCALTM: GetCustomParameters: No Nvram Content!
10-08 16:11:56.055 1120 7216 D AdaptCALTM: GetCustomParameters: No Nvram Content!
10-08 16:11:56.061 1120 16878 D AFAlgo : 4 70 0 :
10-08 16:11:56.069 1120 16834 I Hal3Av3 : [get] frmId(2024), IsConvert4MetaResult(2), ret(1), u1CaptureIntent(1), count(111, 35), AwbState(2) AeState(4) FlashState(2) AfState(2) Exp(30001000) ISO(9600) FrameDuration(33350000)
10-08 16:11:56.078 1120 16759 D AE_ALGO : [recfg_smooth_ctrl_v6_s] pline tale is null
10-08 16:11:56.079 1120 7240 E CamMidasService: [ERROR ] midasserviceintf.cpp:122 SetPowerFactor() m_pMIDASService is null
10-08 16:11:56.090 1120 7216 D AdaptCALTM: GetCustomParameters: No Nvram Content!
10-08 16:11:56.090 1120 7216 D AdaptCALTM: GetCustomParameters: No Nvram Content!
10-08 16:11:56.094 1120 16878 D AFAlgo : 4 70 0 :
10-08 16:11:56.103 1120 16834 I Hal3Av3 : [get] frmId(2025), IsConvert4MetaResult(2), ret(1), u1CaptureIntent(1), count(111, 35), AwbState(2) AeState(4) FlashState(2) AfState(2) Exp(30001000) ISO(9600) FrameDuration(33350000)
10-08 16:11:56.111 1120 16759 D AE_ALGO : [recfg_smooth_ctrl_v6_s] pline tale is null
10-08 16:11:56.112 1120 7240 E CamMidasService: [ERROR ] midasserviceintf.cpp:122 SetPowerFactor() m_pMIDASService is null
10-08 16:11:56.122 1120 7216 D AdaptCALTM: GetCustomParameters: No Nvram Content!
10-08 16:11:56.122 1120 7216 D AdaptCALTM: GetCustomParameters: No Nvram Content!
10-08 16:11:56.128 1120 16878 D AFAlgo : 4 70 0 :
10-08 16:11:56.136 1120 16834 I Hal3Av3 : [get] frmId(2026), IsConvert4MetaResult(2), ret(1), u1CaptureIntent(1), count(111, 35), AwbState(2) AeState(4) FlashState(2) AfState(2) Exp(30001000) ISO(9600) FrameDuration(33350000)
10-08 16:11:56.145 1120 16759 D AE_ALGO : [recfg_smooth_ctrl_v6_s] pline tale is null
10-08 16:11:56.147 1120 7240 E CamMidasService: [ERROR ] midasserviceintf.cpp:122 SetPowerFactor() m_pMIDASService is null
10-08 16:11:56.155 1120 7216 D AdaptCALTM: GetCustomParameters: No Nvram Content!
10-08 16:11:56.155 1120 7216 D AdaptCALTM: GetCustomParameters: No Nvram Content!
10-08 16:11:56.161 1120 16878 D AFAlgo : 4 70 0 :
10-08 16:11:56.170 1120 16834 I Hal3Av3 : [get] frmId(2027), IsConvert4MetaResult(2), ret(1), u1CaptureIntent(1), count(111, 35), AwbState(2) AeState(4) FlashState(2) AfState(2) Exp(30001000) ISO(9600) FrameDuration(33350000)
10-08 16:11:56.179 1120 16759 D AE_ALGO : [recfg_smooth_ctrl_v6_s] pline tale is null
10-08 16:11:56.180 1120 1628 E CamMidasService: [ERROR ] midasserviceintf.cpp:122 SetPowerFactor() m_pMIDASService is null
10-08 16:11:56.189 1120 7216 D AdaptCALTM: GetCustomParameters: No Nvram Content!
10-08 16:11:56.189 1120 7216 D AdaptCALTM: GetCustomParameters: No Nvram Content!
10-08 16:11:56.195 1120 16878 D AFAlgo : 4 70 0 :
10-08 16:11:56.202 1120 16876 I FlickerAlgo: [flk_SendCmd] CMD_DETECT
10-08 16:11:56.202 1120 16876 I FlickerAlgo: [DoCmdDetect] type(0) n_win_h(3) n_win_w(6) win_wd(666) win_ht(742) cur_freq(50)
10-08 16:11:56.204 1120 16834 I Hal3Av3 : [get] frmId(2028), IsConvert4MetaResult(2), ret(1), u1CaptureIntent(1), count(111, 35), AwbState(2) AeState(4) FlashState(2) AfState(2) Exp(30001000) ISO(9600) FrameDuration(33350000)
10-08 16:11:56.204 1120 16876 I FlickerAlgo: Freq_out = 4023794, 4507621, 1377097, 197864, 559540, 1511605, 615293, 3341090, 4603090
10-08 16:11:56.212 1120 16759 D AE_ALGO : [recfg_smooth_ctrl_v6_s] pline tale is null
10-08 16:11:56.214 1120 1628 E CamMidasService: [ERROR ] midasserviceintf.cpp:122 SetPowerFactor() m_pMIDASService is null
10-08 16:11:56.223 1120 7216 D AdaptCALTM: GetCustomParameters: No Nvram Content!
10-08 16:11:56.223 1120 7216 D AdaptCALTM: GetCustomParameters: No Nvram Content!
10-08 16:11:56.228 1120 16878 D AFAlgo : 4 70 0 :
10-08 16:11:56.236 1120 16834 I Hal3Av3 : [get] frmId(2029), IsConvert4MetaResult(2), ret(1), u1CaptureIntent(1), count(111, 35), AwbState(2) AeState(4) FlashState(2) AfState(2) Exp(30001000) ISO(9600) FrameDuration(33350000)
10-08 16:11:56.245 1120 16759 D AE_ALGO : [recfg_smooth_ctrl_v6_s] pline tale is null
10-08 16:11:56.247 1120 1628 E CamMidasService: [ERROR ] midasserviceintf.cpp:122 SetPowerFactor() m_pMIDASService is null
10-08 16:11:56.251 1120 1222 D ULogGuard: Monitoring: 6 threads, 6 requests, 1 time-bombs; 10 guards. ResetFlags = 0x7
10-08 16:11:56.254 1048 13291 W ServiceManager: Permission failure: android.permission.SYSTEM_CAMERA from uid=10108 pid=14114
10-08 16:11:56.254 1048 13291 I chatty : uid=1047(cameraserver) Binder:1048_8 identical 1 line
10-08 16:11:56.255 1048 13291 W ServiceManager: Permission failure: android.permission.SYSTEM_CAMERA from uid=10108 pid=14114
10-08 16:11:56.255 1120 7216 D AdaptCALTM: GetCustomParameters: No Nvram Content!
10-08 16:11:56.255 1120 7216 D AdaptCALTM: GetCustomParameters: No Nvram Content!
10-08 16:11:56.261 1120 16878 D AFAlgo : 4 70 0 :
10-08 16:11:56.269 1120 16834 I Hal3Av3 : [get] frmId(2030), IsConvert4MetaResult(2), ret(1), u1CaptureIntent(1), count(111, 35), AwbState(2) AeState(4) FlashState(2) AfState(2) Exp(30001000) ISO(9600) FrameDuration(33350000)
10-08 16:11:56.279 1120 16759 D AE_ALGO : [recfg_smooth_ctrl_v6_s] pline tale is null
10-08 16:11:56.280 1120 1628 E CamMidasService: [ERROR ] midasserviceintf.cpp:122 SetPowerFactor() m_pMIDASService is null
10-08 16:11:56.288 1120 7216 D AdaptCALTM: GetCustomParameters: No Nvram Content!
10-08 16:11:56.288 1120 7216 D AdaptCALTM: GetCustomParameters: No Nvram Content!
10-08 16:11:56.295 1120 16878 D AFAlgo : 4 70 0 :
10-08 16:11:56.303 1120 16834 I Hal3Av3 : [get] frmId(2031), IsConvert4MetaResult(2), ret(1), u1CaptureIntent(1), count(111, 35), AwbState(2) AeState(4) FlashState(2) AfState(2) Exp(30001000) ISO(9600) FrameDuration(33350000)
10-08 16:11:56.312 1120 16759 D AE_ALGO : [recfg_smooth_ctrl_v6_s] pline tale is null
10-08 16:11:56.314 1120 1628 E CamMidasService: [ERROR ] midasserviceintf.cpp:122 SetPowerFactor() m_pMIDASService is null
10-08 16:11:56.322 1120 7216 D AdaptCALTM: GetCustomParameters: No Nvram Content!
10-08 16:11:56.322 1120 7216 D AdaptCALTM: GetCustomParameters: No Nvram Content!
10-08 16:11:56.328 1120 16878 D AFAlgo : 4 70 0 :
10-08 16:11:56.337 1120 16834 I Hal3Av3 : [get] frmId(2032), IsConvert4MetaResult(2), ret(1), u1CaptureIntent(1), count(111, 35), AwbState(2) AeState(4) FlashState(2) AfState(2) Exp(30001000) ISO(9600) FrameDuration(33350000)
10-08 16:11:56.346 1120 16759 D AE_ALGO : [recfg_smooth_ctrl_v6_s] pline tale is null
10-08 16:11:56.347 1120 1628 E CamMidasService: [ERROR ] midasserviceintf.cpp:122 SetPowerFactor() m_pMIDASService is null
10-08 16:11:56.356 1120 7216 D AdaptCALTM: GetCustomParameters: No Nvram Content!
10-08 16:11:56.356 1120 7216 D AdaptCALTM: GetCustomParameters: No Nvram Content!
10-08 16:11:56.361 1120 16878 D AFAlgo : 4 70 0 :
10-08 16:11:56.370 1120 16834 I Hal3Av3 : [get] frmId(2033), IsConvert4MetaResult(2), ret(1), u1CaptureIntent(1), count(111, 35), AwbState(2) AeState(4) FlashState(2) AfState(2) Exp(30001000) ISO(9600) FrameDuration(33350000)
10-08 16:11:56.379 1120 16759 D AE_ALGO : [recfg_smooth_ctrl_v6_s] pline tale is null
10-08 16:11:56.380 1120 7240 E CamMidasService: [ERROR ] midasserviceintf.cpp:122 SetPowerFactor() m_pMIDASService is null
10-08 16:11:56.389 1120 7216 D AdaptCALTM: GetCustomParameters: No Nvram Content!
10-08 16:11:56.389 1120 7216 D AdaptCALTM: GetCustomParameters: No Nvram Content!
10-08 16:11:56.396 1120 16878 D AFAlgo : 4 70 0 :
10-08 16:11:56.403 1120 16834 I Hal3Av3 : [get] frmId(2034), IsConvert4MetaResult(2), ret(1), u1CaptureIntent(1), count(111, 35), AwbState(2) AeState(4) FlashState(2) AfState(2) Exp(30001000) ISO(9600) FrameDuration(33350000)
10-08 16:11:56.413 1120 16759 D AE_ALGO : [recfg_smooth_ctrl_v6_s] pline tale is null
10-08 16:11:56.414 1120 7240 E CamMidasService: [ERROR ] midasserviceintf.cpp:122 SetPowerFactor() m_pMIDASService is null
10-08 16:11:56.422 1120 7216 D AdaptCALTM: GetCustomParameters: No Nvram Content!
10-08 16:11:56.422 1120 7216 D AdaptCALTM: GetCustomParameters: No Nvram Content!
10-08 16:11:56.429 1120 16878 D AFAlgo : 4 70 0 :
10-08 16:11:56.437 1120 16834 I Hal3Av3 : [get] frmId(2035), IsConvert4MetaResult(2), ret(1), u1CaptureIntent(1), count(111, 35), AwbState(2) AeState(4) FlashState(2) AfState(2) Exp(30001000) ISO(9600) FrameDuration(33350000)
10-08 16:11:56.445 1120 16759 D AE_ALGO : [recfg_smooth_ctrl_v6_s] pline tale is null
10-08 16:11:56.446 1120 7240 E CamMidasService: [ERROR ] midasserviceintf.cpp:122 SetPowerFactor() m_pMIDASService is null
10-08 16:11:56.455 1120 7216 D AdaptCALTM: GetCustomParameters: No Nvram Content!
10-08 16:11:56.455 1120 7216 D AdaptCALTM: GetCustomParameters: No Nvram Content!
10-08 16:11:56.462 1120 16878 D AFAlgo : 4 70 0 :
10-08 16:11:56.470 1120 16834 I Hal3Av3 : [get] frmId(2036), IsConvert4MetaResult(2), ret(1), u1CaptureIntent(1), count(111, 35), AwbState(2) AeState(4) FlashState(2) AfState(2) Exp(30001000) ISO(9600) FrameDuration(33350000)
10-08 16:11:56.480 1120 16759 D AE_ALGO : [recfg_smooth_ctrl_v6_s] pline tale is null
10-08 16:11:56.481 1120 7240 E CamMidasService: [ERROR ] midasserviceintf.cpp:122 SetPowerFactor() m_pMIDASService is null
10-08 16:11:56.490 1120 7216 D AdaptCALTM: GetCustomParameters: No Nvram Content!
10-08 16:11:56.490 1120 7216 D AdaptCALTM: GetCustomParameters: No Nvram Content!
10-08 16:11:56.495 1120 16878 D AFAlgo : 4 70 0 :
10-08 16:11:56.504 1120 16834 I Hal3Av3 : [get] frmId(2037), IsConvert4MetaResult(2), ret(1), u1CaptureIntent(1), count(111, 35), AwbState(2) AeState(4) FlashState(2) AfState(2) Exp(30001000) ISO(9600) FrameDuration(33350000)
10-08 16:11:56.513 1120 16759 D AE_ALGO : [recfg_smooth_ctrl_v6_s] pline tale is null
10-08 16:11:56.515 1120 7240 E CamMidasService: [ERROR ] midasserviceintf.cpp:122 SetPowerFactor() m_pMIDASService is null
10-08 16:11:56.522 1120 7216 D AdaptCALTM: GetCustomParameters: No Nvram Content!
10-08 16:11:56.522 1120 7216 D AdaptCALTM: GetCustomParameters: No Nvram Content!
10-08 16:11:56.530 1120 16878 D AFAlgo : 4 70 0 :
10-08 16:11:56.536 1120 16876 I FlickerAlgo: [flk_SendCmd] CMD_DETECT
10-08 16:11:56.536 1120 16876 I FlickerAlgo: [DoCmdDetect] type(0) n_win_h(3) n_win_w(6) win_wd(666) win_ht(742) cur_freq(50)
10-08 16:11:56.537 1120 16834 I Hal3Av3 : [get] frmId(2038), IsConvert4MetaResult(2), ret(1), u1CaptureIntent(1), count(111, 35), AwbState(2) AeState(4) FlashState(2) AfState(2) Exp(30001000) ISO(9600) FrameDuration(33350000)
10-08 16:11:56.537 1120 16876 I FlickerAlgo: Freq_out = 2670895, 2280255, 828165, 5108641, 7125863, 671167, 169940, 1618009, 1410122
10-08 16:11:56.546 1120 16759 D AE_ALGO : [recfg_smooth_ctrl_v6_s] pline tale is null
10-08 16:11:56.547 1120 7240 E CamMidasService: [ERROR ] midasserviceintf.cpp:122 SetPowerFactor() m_pMIDASService is null
10-08 16:11:56.556 1120 7216 D AdaptCALTM: GetCustomParameters: No Nvram Content!
10-08 16:11:56.556 1120 7216 D AdaptCALTM: GetCustomParameters: No Nvram Content!
10-08 16:11:56.563 1120 16878 D AFAlgo : 4 70 0 :
10-08 16:11:56.565 1048 3380 W ServiceManager: Permission failure: android.permission.SYSTEM_CAMERA from uid=10108 pid=14114
10-08 16:11:56.565 1048 3380 I chatty : uid=1047(cameraserver) Binder:1048_5 identical 1 line
10-08 16:11:56.566 1048 3380 W ServiceManager: Permission failure: android.permission.SYSTEM_CAMERA from uid=10108 pid=14114
10-08 16:11:56.570 1120 16834 I Hal3Av3 : [get] frmId(2039), IsConvert4MetaResult(2), ret(1), u1CaptureIntent(1), count(111, 35), AwbState(2) AeState(4) FlashState(2) AfState(2) Exp(30001000) ISO(9600) FrameDuration(33350000)
10-08 16:11:56.579 1120 16759 D AE_ALGO : [recfg_smooth_ctrl_v6_s] pline tale is null
10-08 16:11:56.581 1120 7240 E CamMidasService: [ERROR ] midasserviceintf.cpp:122 SetPowerFactor() m_pMIDASService is null
10-08 16:11:56.589 1120 7216 D AdaptCALTM: GetCustomParameters: No Nvram Content!
10-08 16:11:56.589 1120 7216 D AdaptCALTM: GetCustomParameters: No Nvram Content!
10-08 16:11:56.596 1120 16878 D AFAlgo : 4 70 0 :
10-08 16:11:56.604 1120 16834 I Hal3Av3 : [get] frmId(2040), IsConvert4MetaResult(2), ret(1), u1CaptureIntent(1), count(111, 35), AwbState(2) AeState(4) FlashState(2) AfState(2) Exp(30001000) ISO(9600) FrameDuration(33350000)
10-08 16:11:56.613 1120 16759 D AE_ALGO : [recfg_smooth_ctrl_v6_s] pline tale is null
10-08 16:11:56.614 1120 7240 E CamMidasService: [ERROR ] midasserviceintf.cpp:122 SetPowerFactor() m_pMIDASService is null
10-08 16:11:56.623 1120 7216 D AdaptCALTM: GetCustomParameters: No Nvram Content!
10-08 16:11:56.626 1551 3109 D ColorAppListInterceptManager: shouldFilterTask
10-08 16:11:56.626 1551 3109 D ColorAppListInterceptManager: shouldFilterTask::packageName = com.finshell.wallet
10-08 16:11:56.626 1551 3109 D ColorAppListInterceptManager: shouldFilterTask
10-08 16:11:56.626 1551 3109 D ColorAppListInterceptManager: shouldFilterTask::packageName = com.heytap.browser
10-08 16:11:56.623 1120 7216 D AdaptCALTM: GetCustomParameters: No Nvram Content!
10-08 16:11:56.629 1120 16878 D AFAlgo : 4 70 0 :
10-08 16:11:56.637 1120 16834 I Hal3Av3 : [get] frmId(2041), IsConvert4MetaResult(2), ret(1), u1CaptureIntent(1), count(111, 35), AwbState(2) AeState(4) FlashState(2) AfState(2) Exp(30001000) ISO(9600) FrameDuration(33350000)
10-08 16:11:56.637 2793 2793 W GuardElfCpu: type=1400 audit(0.0:25979): avc: denied { search } for name="1120" dev="proc" ino=18236 scontext=u:r:system_app:s0 tcontext=u:r:mtk_hal_camera:s0 tclass=dir permissive=0
10-08 16:11:56.637 2793 2793 W GuardElfCpu: type=1400 audit(0.0:25980): avc: denied { search } for name="1048" dev="proc" ino=17902 scontext=u:r:system_app:s0 tcontext=u:r:cameraserver:s0 tclass=dir permissive=0
10-08 16:11:56.637 2793 2793 W GuardElfCpu: type=1400 audit(0.0:25981): avc: denied { search } for name="32639" dev="proc" ino=270820 scontext=u:r:system_app:s0 tcontext=u:r:adbd:s0 tclass=dir permissive=0
10-08 16:11:56.637 2793 2793 W GuardElfCpu: type=1400 audit(0.0:25982): avc: denied { read } for name="status" dev="proc" ino=373193 scontext=u:r:system_app:s0 tcontext=u:r:logd:s0 tclass=file permissive=0
10-08 16:11:56.641 2793 2793 W GuardElfCpu: type=1400 audit(0.0:25983): avc: denied { read } for name="status" dev="proc" ino=309139 scontext=u:r:system_app:s0 tcontext=u:r:kernel:s0 tclass=file permissive=0
10-08 16:11:56.641 2793 2793 W GuardElfCpu: type=1400 audit(0.0:25984): avc: denied { read } for name="status" dev="proc" ino=301540 scontext=u:r:system_app:s0 tcontext=u:r:kernel:s0 tclass=file permissive=0
10-08 16:11:56.641 2793 2793 W GuardElfCpu: type=1400 audit(0.0:25985): avc: denied { read } for name="status" dev="proc" ino=373194 scontext=u:r:system_app:s0 tcontext=u:r:kernel:s0 tclass=file permissive=0
10-08 16:11:56.641 2793 2793 W GuardElfCpu: type=1400 audit(0.0:25986): avc: denied { read } for name="status" dev="proc" ino=328159 scontext=u:r:system_app:s0 tcontext=u:r:kernel:s0 tclass=file permissive=0
10-08 16:11:56.646 1120 16759 D AE_ALGO : [recfg_smooth_ctrl_v6_s] pline tale is null
10-08 16:11:56.647 1120 7240 E CamMidasService: [ERROR ] midasserviceintf.cpp:122 SetPowerFactor() m_pMIDASService is null
10-08 16:11:56.657 1120 7216 D AdaptCALTM: GetCustomParameters: No Nvram Content!
10-08 16:11:56.657 1120 7216 D AdaptCALTM: GetCustomParameters: No Nvram Content!
10-08 16:11:56.662 1120 16878 D AFAlgo : 4 70 0 :
10-08 16:11:56.665 2793 16989 W ContextImpl: Calling a method in the system process without a qualified user: android.app.ContextImpl.startService:1701 android.content.ContextWrapper.startService:730 com.oppo.statistics.record.RecordHandler.addTask:79 com.oppo.statistics.agent.OnEventAgent.recordAppLog:149 com.oppo.statistics.agent.OnEventAgent.recordKVEvent:115
10-08 16:11:56.669 2530 2658 I [0]DCS-StrategyManager: isNeedUpload: true, type: 1003, appID: 20089, logTag: KVEvent, eventID: cpu_monitor_event
10-08 16:11:56.670 1120 16834 I Hal3Av3 : [get] frmId(2042), IsConvert4MetaResult(2), ret(1), u1CaptureIntent(1), count(111, 35), AwbState(2) AeState(4) FlashState(2) AfState(2) Exp(30001000) ISO(9600) FrameDuration(33350000)
10-08 16:11:56.680 1120 16759 D AE_ALGO : [recfg_smooth_ctrl_v6_s] pline tale is null
10-08 16:11:56.681 1120 7240 E CamMidasService: [ERROR ] midasserviceintf.cpp:122 SetPowerFactor() m_pMIDASService is null
10-08 16:11:56.688 1120 7216 D AdaptCALTM: GetCustomParameters: No Nvram Content!
10-08 16:11:56.688 1120 7216 D AdaptCALTM: GetCustomParameters: No Nvram Content!
10-08 16:11:56.695 828 911 I BufferQueueProducer: [StatusBar#0](this:0xb400007684b44058,id:7,api:1,p:2061,c:828) queueBuffer: fps=0.33 dur=3005.33 max=3005.33 min=3005.33
10-08 16:11:56.696 1120 16878 D AFAlgo : 4 70 0 :
10-08 16:11:56.698 1113 1141 W AString : ctor got NULL, using empty string instead
10-08 16:11:56.698 1113 1141 I SensorSavedChannel: [712,-1341,384,-36662,43564,3191]==>gyro_temp.json
10-08 16:11:56.698 1113 1141 W AString : ctor got NULL, using empty string instead
10-08 16:11:56.698 1113 1141 I SensorSavedChannel: [-1257,-211,1593]==>gyro_bias.json
10-08 16:11:56.704 1120 16834 I Hal3Av3 : [get] frmId(2043), IsConvert4MetaResult(2), ret(1), u1CaptureIntent(1), count(111, 35), AwbState(2) AeState(4) FlashState(2) AfState(2) Exp(30001000) ISO(9600) FrameDuration(33350000)
10-08 16:11:56.713 1120 16759 D AE_ALGO : [recfg_smooth_ctrl_v6_s] pline tale is null
10-08 16:11:56.714 1120 7240 E CamMidasService: [ERROR ] midasserviceintf.cpp:122 SetPowerFactor() m_pMIDASService is null
10-08 16:11:56.721 1120 7216 D AdaptCALTM: GetCustomParameters: No Nvram Content!
10-08 16:11:56.721 1120 7216 D AdaptCALTM: GetCustomParameters: No Nvram Content!
10-08 16:11:56.729 1120 16878 D AFAlgo : 4 70 0 :
10-08 16:11:56.737 1120 16834 I Hal3Av3 : [get] frmId(2044), IsConvert4MetaResult(2), ret(1), u1CaptureIntent(1), count(111, 35), AwbState(2) AeState(4) FlashState(2) AfState(2) Exp(30001000) ISO(9600) FrameDuration(33350000)
10-08 16:11:56.746 1120 16759 D AE_ALGO : [recfg_smooth_ctrl_v6_s] pline tale is null
10-08 16:11:56.747 1120 7240 E CamMidasService: [ERROR ] midasserviceintf.cpp:122 SetPowerFactor() m_pMIDASService is null
10-08 16:11:56.755 1120 7216 D AdaptCALTM: GetCustomParameters: No Nvram Content!
10-08 16:11:56.755 1120 7216 D AdaptCALTM: GetCustomParameters: No Nvram Content!
10-08 16:11:56.762 1120 16878 D AFAlgo : 4 70 0 :
10-08 16:11:56.770 1120 16834 I Hal3Av3 : [get] frmId(2045), IsConvert4MetaResult(2), ret(1), u1CaptureIntent(1), count(111, 35), AwbState(2) AeState(4) FlashState(2) AfState(2) Exp(30001000) ISO(9600) FrameDuration(33350000)
10-08 16:11:56.779 1120 16759 D AE_ALGO : [recfg_smooth_ctrl_v6_s] pline tale is null
10-08 16:11:56.781 1120 7240 E CamMidasService: [ERROR ] midasserviceintf.cpp:122 SetPowerFactor() m_pMIDASService is null
10-08 16:11:56.788 1120 7216 D AdaptCALTM: GetCustomParameters: No Nvram Content!
10-08 16:11:56.788 1120 7216 D AdaptCALTM: GetCustomParameters: No Nvram Content!
10-08 16:11:56.796 1120 16878 D AFAlgo : 4 70 0 :
10-08 16:11:56.804 1120 16834 I Hal3Av3 : [get] frmId(2046), IsConvert4MetaResult(2), ret(1), u1CaptureIntent(1), count(111, 35), AwbState(2) AeState(4) FlashState(2) AfState(2) Exp(30001000) ISO(9600) FrameDuration(33350000)
10-08 16:11:56.813 1120 16759 D AE_ALGO : [recfg_smooth_ctrl_v6_s] pline tale is null
10-08 16:11:56.814 1120 1630 E CamMidasService: [ERROR ] midasserviceintf.cpp:122 SetPowerFactor() m_pMIDASService is null
10-08 16:11:56.821 1120 7216 D AdaptCALTM: GetCustomParameters: No Nvram Content!
10-08 16:11:56.821 1120 7216 D AdaptCALTM: GetCustomParameters: No Nvram Content!
10-08 16:11:56.829 1120 16878 D AFAlgo : 4 70 0 :
10-08 16:11:56.837 828 828 I BufferQueueProducer: [FramebufferSurface](this:0xb400007684a32ed0,id:-1,api:1,p:828,c:828) queueBuffer: fps=0.33 dur=3030.68 max=3030.68 min=3030.68
10-08 16:11:56.838 1120 16834 I Hal3Av3 : [get] frmId(2047), IsConvert4MetaResult(2), ret(1), u1CaptureIntent(1), count(111, 35), AwbState(2) AeState(4) FlashState(2) AfState(2) Exp(30001000) ISO(9600) FrameDuration(33350000)
10-08 16:11:56.847 1120 16759 D AE_ALGO : [recfg_smooth_ctrl_v6_s] pline tale is null
10-08 16:11:56.849 1120 7240 E CamMidasService: [ERROR ] midasserviceintf.cpp:122 SetPowerFactor() m_pMIDASService is null
10-08 16:11:56.856 1120 7216 D AdaptCALTM: GetCustomParameters: No Nvram Content!
10-08 16:11:56.856 1120 7216 D AdaptCALTM: GetCustomParameters: No Nvram Content!
10-08 16:11:56.864 1120 16878 D AFAlgo : 4 70 0 :
10-08 16:11:56.870 1120 16876 I FlickerAlgo: [flk_SendCmd] CMD_DETECT
10-08 16:11:56.871 1120 16876 I FlickerAlgo: [DoCmdDetect] type(0) n_win_h(3) n_win_w(6) win_wd(666) win_ht(742) cur_freq(50)
10-08 16:11:56.871 1120 16834 I Hal3Av3 : [get] frmId(2048), IsConvert4MetaResult(2), ret(1), u1CaptureIntent(1), count(111, 35), AwbState(2) AeState(4) FlashState(2) AfState(2) Exp(30001000) ISO(9600) FrameDuration(33350000)
10-08 16:11:56.871 1120 16876 I FlickerAlgo: Freq_out = 214250, 204832, 2690741, 1072882, 82765, 1735812, 1043857, 201589, 1087274
10-08 16:11:56.880 1120 16759 D AE_ALGO : [recfg_smooth_ctrl_v6_s] pline tale is null
10-08 16:11:56.880 1048 3380 W ServiceManager: Permission failure: android.permission.SYSTEM_CAMERA from uid=10108 pid=14114
10-08 16:11:56.882 1120 7240 E CamMidasService: [ERROR ] midasserviceintf.cpp:122 SetPowerFactor() m_pMIDASService is null
10-08 16:11:56.884 1048 1645 W ServiceManager: Permission failure: android.permission.SYSTEM_CAMERA from uid=10108 pid=14114
10-08 16:11:56.885 1048 1645 W ServiceManager: Permission failure: android.permission.SYSTEM_CAMERA from uid=10108 pid=14114
10-08 16:11:56.891 1120 7216 D AdaptCALTM: GetCustomParameters: No Nvram Content!
10-08 16:11:56.891 1120 7216 D AdaptCALTM: GetCustomParameters: No Nvram Content!
10-08 16:11:56.897 1120 16878 D AFAlgo : 4 70 0 :
10-08 16:11:56.905 1120 16834 I Hal3Av3 : [get] frmId(2049), IsConvert4MetaResult(2), ret(1), u1CaptureIntent(1), count(111, 35), AwbState(2) AeState(4) FlashState(2) AfState(2) Exp(30001000) ISO(9600) FrameDuration(33350000)
10-08 16:11:56.914 1120 16759 D AE_ALGO : [recfg_smooth_ctrl_v6_s] pline tale is null
10-08 16:11:56.915 1120 7240 E CamMidasService: [ERROR ] midasserviceintf.cpp:122 SetPowerFactor() m_pMIDASService is null
10-08 16:11:56.919 1551 2432 I ColorHansManager : stateRToFFreeze--imporant case: pkgName: io.appium.uiautomator2.server, reason: lastResumeProtect
10-08 16:11:56.923 1120 7216 D AdaptCALTM: GetCustomParameters: No Nvram Content!
10-08 16:11:56.923 1120 7216 D AdaptCALTM: GetCustomParameters: No Nvram Content!
10-08 16:11:56.930 1120 16878 D AFAlgo : 4 70 0 :
10-08 16:11:56.938 1120 16834 I Hal3Av3 : [get] frmId(2050), IsConvert4MetaResult(2), ret(1), u1CaptureIntent(1), count(111, 35), AwbState(2) AeState(4) FlashState(2) AfState(2) Exp(30001000) ISO(9600) FrameDuration(33350000)
10-08 16:11:56.947 1120 16759 D AE_ALGO : [recfg_smooth_ctrl_v6_s] pline tale is null
10-08 16:11:56.948 1120 7240 E CamMidasService: [ERROR ] midasserviceintf.cpp:122 SetPowerFactor() m_pMIDASService is null
10-08 16:11:56.956 1120 7216 D AdaptCALTM: GetCustomParameters: No Nvram Content!
10-08 16:11:56.957 1120 7216 D AdaptCALTM: GetCustomParameters: No Nvram Content!
10-08 16:11:56.963 1120 16878 D AFAlgo : 4 70 0 :
10-08 16:11:56.971 1120 16834 I Hal3Av3 : [get] frmId(2051), IsConvert4MetaResult(2), ret(1), u1CaptureIntent(1), count(111, 35), AwbState(2) AeState(4) FlashState(2) AfState(2) Exp(30001000) ISO(9600) FrameDuration(33350000)
10-08 16:11:56.980 1120 16759 D AE_ALGO : [recfg_smooth_ctrl_v6_s] pline tale is null
10-08 16:11:56.982 1120 7240 E CamMidasService: [ERROR ] midasserviceintf.cpp:122 SetPowerFactor() m_pMIDASService is null
10-08 16:11:56.990 1120 7216 D AdaptCALTM: GetCustomParameters: No Nvram Content!
10-08 16:11:56.990 1120 7216 D AdaptCALTM: GetCustomParameters: No Nvram Content!
10-08 16:11:56.997 1120 16878 D AFAlgo : 4 70 0 :
10-08 16:11:57.005 1120 16834 I Hal3Av3 : [get] frmId(2052), IsConvert4MetaResult(2), ret(1), u1CaptureIntent(1), count(111, 35), AwbState(2) AeState(4) FlashState(2) AfState(2) Exp(30001000) ISO(9600) FrameDuration(33350000)
10-08 16:11:57.014 1120 16759 D AE_ALGO : [recfg_smooth_ctrl_v6_s] pline tale is null
10-08 16:11:57.015 1120 7240 E CamMidasService: [ERROR ] midasserviceintf.cpp:122 SetPowerFactor() m_pMIDASService is null
10-08 16:11:57.023 1120 7216 D AdaptCALTM: GetCustomParameters: No Nvram Content!
10-08 16:11:57.023 1120 7216 D AdaptCALTM: GetCustomParameters: No Nvram Content!
10-08 16:11:57.030 1120 16878 D AFAlgo : 4 70 0 :
10-08 16:11:57.038 1120 16834 I Hal3Av3 : [get] frmId(2053), IsConvert4MetaResult(2), ret(1), u1CaptureIntent(1), count(111, 35), AwbState(2) AeState(4) FlashState(2) AfState(2) Exp(30001000) ISO(9600) FrameDuration(33350000)
10-08 16:11:57.048 1120 16759 D AE_ALGO : [recfg_smooth_ctrl_v6_s] pline tale is null
10-08 16:11:57.049 1120 2106 E CamMidasService: [ERROR ] midasserviceintf.cpp:122 SetPowerFactor() m_pMIDASService is null
