10-08 16:13:15.768 1113 1141 I SensorSavedChannel: [865,-1445,384,-41911,47216,3170]==>gyro_temp.json
10-08 16:13:15.768 1113 1141 W AString : ctor got NULL, using empty string instead
10-08 16:13:15.768 1113 1141 I SensorSavedChannel: [-1745,367,1517]==>gyro_bias.json
10-08 16:13:16.072 1551 1822 D JobScheduler.Temperature: get temperature=30.947
10-08 16:13:17.342 1120 1222 D ULogGuard: Monitoring: 6 threads, 0 requests, 0 time-bombs; 1 guards. ResetFlags = 0x7
10-08 16:13:17.621 1551 1816 D BatteryLed: getLightInColorState, oppoLightMgr empty!
10-08 16:13:19.638 4008 4570 D HoraeHelper: getAllShellTemps tSize : 4
10-08 16:13:19.639 4008 4570 D HoraeHelper: getAllShellTemps tSize : 4
10-08 16:13:19.726 1551 2616 D OppoWifiClientModeImpl: Adjust rssi from -46 to -42
10-08 16:13:20.345 1120 1222 D ULogGuard: Monitoring: 6 threads, 0 requests, 0 time-bombs; 1 guards. ResetFlags = 0x7
10-08 16:13:22.314 1126 1126 I thermal_repeater: [recvMdThermalInfo] ret=32, strLen=127, 0, 32767, -127, 0, 32767, 10838
10-08 16:13:23.348 1120 1222 D ULogGuard: Monitoring: 6 threads, 0 requests, 0 time-bombs; 1 guards. ResetFlags = 0x7
10-08 16:13:24.347 4008 4435 D HoraeHelper: getAllShellTemps tSize : 4
10-08 16:13:24.348 4008 4435 D HoraeHelper: getAllShellTemps tSize : 4
10-08 16:13:24.348 4008 4435 D HoraeHelper: Thermal length:1
10-08 16:13:26.085 1551 1822 D JobScheduler.Temperature: get temperature=30.776
10-08 16:13:24.352 4008 4435 D HoraeHelper: Thermal length:1
10-08 16:13:26.352 1120 1222 D ULogGuard: Monitoring: 6 threads, 0 requests, 0 time-bombs; 1 guards. ResetFlags = 0x7
10-08 16:13:26.888 1551 4153 E AppOps : noteOperation
10-08 16:13:26.888 1551 4153 E AppOps : java.lang.SecurityException: Specified package com.android.phone under uid 10159 but it is really 1001
10-08 16:13:26.888 1551 4153 E AppOps : at com.android.server.appop.AppOpsService.verifyAndGetBypass(AppOpsService.java:3966)
10-08 16:13:26.888 1551 4153 E AppOps : at com.android.server.appop.AppOpsService.noteOperationUnchecked(AppOpsService.java:3106)
10-08 16:13:26.888 1551 4153 E AppOps : at com.android.server.appop.AppOpsService.noteOperationImpl(AppOpsService.java:3094)
10-08 16:13:26.888 1551 4153 E AppOps : at com.android.server.appop.AppOpsService.noteOperation(AppOpsService.java:3077)
10-08 16:13:26.888 1551 4153 E AppOps : at com.android.internal.app.IAppOpsService$Stub.onTransact(IAppOpsService.java:447)
10-08 16:13:26.888 1551 4153 E AppOps : at android.os.Binder.execTransactInternal(Binder.java:1166)
10-08 16:13:26.888 1551 4153 E AppOps : at android.os.Binder.execTransact(Binder.java:1130)
10-08 16:13:27.103 2481 2481 E OplusNecManagerHelper: com.oplus.nec.OplusNecManager.notifyOrigSignalStrengthChanged [class android.telephony.SignalStrength, int]
10-08 16:13:29.356 1120 1222 D ULogGuard: Monitoring: 6 threads, 0 requests, 0 time-bombs; 1 guards. ResetFlags = 0x7
10-08 16:13:29.638 4008 4475 D HoraeHelper: getAllShellTemps tSize : 4
10-08 16:13:29.658 1551 1816 D BatteryLed: getLightInColorState, oppoLightMgr empty!
10-08 16:13:29.639 4008 4475 D HoraeHelper: getAllShellTemps tSize : 4
10-08 16:13:29.779 1551 4162 D OppoWifiClientModeImpl: Adjust rssi from -46 to -42
10-08 16:13:30.310 1551 1577 D AES : AEEIOCTL_GET/SET_SF_STATE IOCTL,cmd= 1074294797, lParam=0.
10-08 16:13:30.310 1551 1577 D AES : AEEIOCTL_RT_MON_Kick IOCTL,cmd= 2147774474, lParam=300.
10-08 16:13:30.311 1551 1577 V OppoBaseWatchdog: @WatchDog_ error e: java.io.FileNotFoundException: /d/wakeup_sources: open failed: ENOENT (No such file or directory)
10-08 16:13:32.060 871 900 D ccci_mdinit: (1):monitor_time_update_thread round:545 ########
10-08 16:13:32.223 2481 2481 E OplusNecManagerHelper: com.oplus.nec.OplusNecManager.notifyOrigSignalStrengthChanged [class android.telephony.SignalStrength, int]
10-08 16:13:32.332 1126 1126 I thermal_repeater: [recvMdThermalInfo] ret=32, strLen=127, 0, 32767, -127, 0, 32767, 10838
10-08 16:13:32.357 1120 1222 D ULogGuard: Monitoring: 6 threads, 0 requests, 0 time-bombs; 1 guards. ResetFlags = 0x7
10-08 16:13:34.345 4008 4435 D HoraeHelper: getAllShellTemps tSize : 4
10-08 16:13:34.346 4008 4435 D HoraeHelper: getAllShellTemps tSize : 4
10-08 16:13:34.347 4008 4435 D HoraeHelper: Thermal length:1
10-08 16:13:34.354 4008 4435 D HoraeHelper: Thermal length:1
10-08 16:13:35.358 1120 1222 D ULogGuard: Monitoring: 6 threads, 0 requests, 0 time-bombs; 1 guards. ResetFlags = 0x7
10-08 16:13:35.745 1551 1816 D BatteryLed: getLightInColorState, oppoLightMgr empty!
10-08 16:13:36.092 1551 1822 D JobScheduler.Temperature: get temperature=30.776
10-08 16:13:36.281 1551 1675 D AlarmManager: NumDelayedAlarms:336 NextNonWakeupDeliveryTime:21689502/21545783
10-08 16:13:37.343 2481 2481 E OplusNecManagerHelper: com.oplus.nec.OplusNecManager.notifyOrigSignalStrengthChanged [class android.telephony.SignalStrength, int]
10-08 16:13:38.359 1120 1222 D ULogGuard: Monitoring: 6 threads, 0 requests, 0 time-bombs; 1 guards. ResetFlags = 0x7
10-08 16:13:39.638 4008 4435 D HoraeHelper: getAllShellTemps tSize : 4
10-08 16:13:39.639 4008 4435 D HoraeHelper: getAllShellTemps tSize : 4
10-08 16:13:39.820 1551 4162 D OppoWifiClientModeImpl: Adjust rssi from -46 to -42
10-08 16:13:41.360 1120 1222 D ULogGuard: Monitoring: 6 threads, 0 requests, 0 time-bombs; 1 guards. ResetFlags = 0x7
10-08 16:13:41.726 1551 1816 D BatteryLed: getLightInColorState, oppoLightMgr empty!
10-08 16:13:42.349 1126 1126 I thermal_repeater: [recvMdThermalInfo] ret=32, strLen=127, 0, 32767, -127, 0, 32767, 10838
10-08 16:13:42.463 2481 2481 E OplusNecManagerHelper: com.oplus.nec.OplusNecManager.notifyOrigSignalStrengthChanged [class android.telephony.SignalStrength, int]
10-08 16:13:44.347 4008 4570 D HoraeHelper: getAllShellTemps tSize : 4
10-08 16:13:44.348 4008 4570 D HoraeHelper: getAllShellTemps tSize : 4
10-08 16:13:44.349 4008 4570 D HoraeHelper: Thermal length:1
10-08 16:13:44.355 4008 4570 D HoraeHelper: Thermal length:1
10-08 16:13:44.361 1120 1222 D ULogGuard: Monitoring: 6 threads, 0 requests, 0 time-bombs; 1 guards. ResetFlags = 0x7
10-08 16:13:46.105 1551 1822 D JobScheduler.Temperature: get temperature=30.638
10-08 16:13:46.373 1113 1141 W AString : ctor got NULL, using empty string instead
10-08 16:13:46.373 1113 1141 I SensorSavedChannel: [865,-1445,384,-41911,47216,3170]==>gyro_temp.json
10-08 16:13:47.362 1120 1222 D ULogGuard: Monitoring: 6 threads, 0 requests, 0 time-bombs; 1 guards. ResetFlags = 0x7
10-08 16:13:47.569 1551 1816 D BatteryLed: getLightInColorState, oppoLightMgr empty!
10-08 16:13:47.586 2481 2481 E OplusNecManagerHelper: com.oplus.nec.OplusNecManager.notifyOrigSignalStrengthChanged [class android.telephony.SignalStrength, int]
10-08 16:13:49.638 4008 4475 D HoraeHelper: getAllShellTemps tSize : 4
10-08 16:13:49.639 4008 4475 D HoraeHelper: getAllShellTemps tSize : 4
10-08 16:13:49.682 1551 1675 I ColorHansManager : unfreeze uid: 10494 package: com.alibaba.android.rimet reason: Alarm scene: LcdOffScene
10-08 16:13:49.677 8822 8822 W CrashSDKBkgdHan: type=1400 audit(0.0:26275): avc: denied { read } for name="loadavg" dev="proc" ino=4026532352 scontext=u:r:untrusted_app_27:s0:c512,c768 tcontext=u:object_r:proc_loadavg:s0 tclass=file permissive=0 app=com.alibaba.android.rimet
10-08 16:13:49.692 8509 8910 I cr.sandbox: BrowserIOThread heartbeat, interval/index: 90/64, render/gpu: -1/1
10-08 16:13:49.695 3761 3761 I Athena : AthenaService: onStartCommand action: oppo.intent.action.REQUEST_SMART_CLEAR_DELAY
10-08 16:13:49.689 8509 8509 W CrashSDKBkgdHan: type=1400 audit(0.0:26276): avc: denied { read } for name="loadavg" dev="proc" ino=4026532352 scontext=u:r:untrusted_app_27:s0:c512,c768 tcontext=u:object_r:proc_loadavg:s0 tclass=file permissive=0 app=com.alibaba.android.rimet
10-08 16:13:49.697 12484 12484 I WeatherS_WeatherServiceVersionUtils: serviceVersionCode8003001
10-08 16:13:49.701 12484 12484 I chatty : uid=10089(com.coloros.alarmclock) identical 1 line
10-08 16:13:49.701 12484 12484 I WeatherS_WeatherServiceVersionUtils: serviceVersionCode8003001
10-08 16:13:49.703 2061 2061 D SingleClockView: updateTime, 24hfmt=true, h=16, m=13
10-08 16:13:49.706 1551 4162 E OplusCustomizeRestrictionManagerService: isBiometricDisabled start
10-08 16:13:49.707 1551 3657 E OplusCustomizeRestrictionManagerService: isBiometricDisabled start
10-08 16:13:49.709 3761 4948 D VersionUtils: Get OsVersion Exception : java.lang.NoSuchFieldException: OplusOS_11_3
10-08 16:13:49.714 1551 2616 D ColorAppListInterceptManager: shouldFilterTask
10-08 16:13:49.714 1551 2616 D ColorAppListInterceptManager: shouldFilterTask::packageName = com.finshell.wallet
10-08 16:13:49.714 1551 2616 D ColorAppListInterceptManager: shouldFilterTask
10-08 16:13:49.714 1551 2616 D ColorAppListInterceptManager: shouldFilterTask::packageName = com.heytap.browser
10-08 16:13:49.714 1551 2616 D ColorAppListInterceptManager: shouldFilterTask
10-08 16:13:49.714 1551 2616 D ColorAppListInterceptManager: shouldFilterTask::packageName = com.android.mms
10-08 16:13:49.714 1551 2616 D ColorAppListInterceptManager: shouldFilterTask
10-08 16:13:49.714 1551 2616 D ColorAppListInterceptManager: shouldFilterTask::packageName = com.jlpay.merch
10-08 16:13:49.714 1551 2616 D ColorAppListInterceptManager: shouldFilterTask
10-08 16:13:49.714 1551 2616 D ColorAppListInterceptManager: shouldFilterTask::packageName = com.android.contacts
10-08 16:13:49.714 1551 2616 D ColorAppListInterceptManager: shouldFilterTask
10-08 16:13:49.714 1551 2616 D ColorAppListInterceptManager: shouldFilterTask::packageName = com.jlpay.merch
10-08 16:13:49.713 3761 4948 I chatty : uid=1000(system) smart_clear_ht identical 4 lines
10-08 16:13:49.713 3761 4948 D VersionUtils: Get OsVersion Exception : java.lang.NoSuchFieldException: OplusOS_11_3
10-08 16:13:49.754 1551 3657 D AS.AudioService: getParameters() keyValuePairs:OPLUS_AUDIO_GET_FOCUS_STACK
10-08 16:13:49.764 3761 4948 D VersionUtils: Get OsVersion Exception : java.lang.NoSuchFieldException: OplusOS_11_3
10-08 16:13:49.769 3761 4948 I chatty : uid=1000(system) smart_clear_ht identical 2 lines
10-08 16:13:49.769 3761 4948 D VersionUtils: Get OsVersion Exception : java.lang.NoSuchFieldException: OplusOS_11_3
10-08 16:13:49.775 3761 4948 I Athena : OppoClearSystemService : F [11238][com.github.uiautomator], userId: 0, reason: 30
10-08 16:13:49.776 1551 2616 I ActivityManager: Force stopping com.github.uiautomator appid=11238 user=0: from pid 3761
10-08 16:13:49.776 1551 2616 W ContextImpl: Calling a method in the system process without a qualified user: android.app.ContextImpl.sendBroadcast:1143 com.android.server.am.OppoExtraActivityManagerService.setKeyLockModeNormal:51 com.android.server.am.ActivityManagerService.forceStopPackageLocked:5380 com.android.server.am.ActivityManagerService.forceStopPackageLocked:5220 com.android.server.am.ActivityManagerService.forceStopPackage:4969
10-08 16:13:49.779 1551 2616 I ActivityManager: Killing 13510:com.github.uiautomator/u0a1238 (adj 910): stop com.github.uiautomator due to from pid 3761
10-08 16:13:49.780 1551 2616 W ActivityTaskManager: Force removing ActivityRecord{c989e61 u0 com.github.uiautomator/.MainActivity t15101 f}}: app died, no saved state
10-08 16:13:49.781 808 870 I libPowerHal: [perfNotifyAppState] pack:com.github.uiautomator, pid:13510, STATE_DEAD
10-08 16:13:49.781 808 870 D RilUtility: notify_rild_crash_pid_set certPid:-1, crash:13510, scn:0x0
10-08 16:13:49.786 1551 2616 D WindowManager: removeChild,stack:Task{d432d86 #15101 visible=true type=standard mode=fullscreen translucent=true A=11238:com.github.uiautomator U=0 StackId=15101 sz=0}
10-08 16:13:49.786 1551 2616 D WindowManager: java.lang.Throwable
10-08 16:13:49.786 1551 2616 D WindowManager: at com.android.server.wm.TaskDisplayArea.removeChild(TaskDisplayArea.java:366)
10-08 16:13:49.786 1551 2616 D WindowManager: at com.android.server.wm.TaskDisplayArea.removeChild(TaskDisplayArea.java:102)
10-08 16:13:49.786 1551 2616 D WindowManager: at com.android.server.wm.WindowContainer.removeImmediately(WindowContainer.java:629)
10-08 16:13:49.786 1551 2616 D WindowManager: at com.android.server.wm.Task.removeImmediately(Task.java:2932)
10-08 16:13:49.786 1551 2616 D WindowManager: at com.android.server.wm.Task.removeIfPossible(Task.java:682)
10-08 16:13:49.786 1551 2616 D WindowManager: at com.android.server.wm.Task.removeChild(Task.java:1559)
10-08 16:13:49.786 1551 2616 D WindowManager: at com.android.server.wm.Task.removeChild(Task.java:1497)
10-08 16:13:49.786 1551 2616 D WindowManager: at com.android.server.wm.WindowContainer.removeImmediately(WindowContainer.java:629)
10-08 16:13:49.786 1551 2616 D WindowManager: at com.android.server.wm.WindowToken.removeImmediately(WindowToken.java:402)
10-08 16:13:49.786 1551 2616 D WindowManager: at com.android.server.wm.ActivityRecord.removeImmediately(ActivityRecord.java:3403)
10-08 16:13:49.786 1551 2616 D WindowManager: at com.android.server.wm.ActivityRecord.removeIfPossible(ActivityRecord.java:3410)
10-08 16:13:49.786 1551 2616 D WindowManager: at com.android.server.wm.ActivityRecord.onRemovedFromDisplay(ActivityRecord.java:3495)
10-08 16:13:49.786 1551 2616 D WindowManager: at com.android.server.wm.DisplayContent.removeAppToken(DisplayContent.java:1296)
10-08 16:13:49.786 1551 2616 D WindowManager: at com.android.server.wm.ActivityRecord.removeAppTokenFromDisplay(ActivityRecord.java:2167)
10-08 16:13:49.786 1551 2616 D WindowManager: at com.android.server.wm.ActivityRecord.removeFromHistory(ActivityRecord.java:3195)
10-08 16:13:49.786 1551 2616 D WindowManager: at com.android.server.wm.ActivityStack$RemoveHistoryRecordsForApp.processActivity(ActivityStack.java:578)
10-08 16:13:49.786 1551 2616 D WindowManager: at com.android.server.wm.ActivityStack$RemoveHistoryRecordsForApp.process(ActivityStack.java:488)
10-08 16:13:49.786 1551 2616 D WindowManager: at com.android.server.wm.ActivityStack.handleAppDied(ActivityStack.java:3153)
10-08 16:13:49.786 1551 2616 D WindowManager: at com.android.server.wm.RootWindowContainer.handleAppDied(RootWindowContainer.java:3353)
10-08 16:13:49.786 1551 2616 D WindowManager: at com.android.server.wm.ActivityTaskManagerService$LocalService.handleAppDied(ActivityTaskManagerService.java:7181)
10-08 16:13:49.786 1551 2616 D WindowManager: at com.android.server.am.ActivityManagerService.handleAppDiedLocked(ActivityManagerService.java:4140)
10-08 16:13:49.786 1551 2616 D WindowManager: at com.android.server.am.ProcessList.removeProcessLocked(ProcessList.java:3020)
10-08 16:13:49.786 1551 2616 D WindowManager: at com.android.server.am.ProcessList.killPackageProcessesLocked(ProcessList.java:2957)
10-08 16:13:49.786 1551 2616 D WindowManager: at com.android.server.am.ActivityManagerService.forceStopPackageLocked(ActivityManagerService.java:5385)
10-08 16:13:49.786 1551 2616 D WindowManager: at com.android.server.am.ActivityManagerService.forceStopPackageLocked(ActivityManagerService.java:5220)
10-08 16:13:49.786 1551 2616 D WindowManager: at com.android.server.am.ActivityManagerService.forceStopPackage(ActivityManagerService.java:4969)
10-08 16:13:49.786 1551 2616 D WindowManager: at android.app.ActivityManager.forceStopPackageAsUser(ActivityManager.java:4008)
10-08 16:13:49.786 1551 2616 D WindowManager: at com.coloros.exsystemservice.b.c.a(OppoKillerManagerService.java:353)
10-08 16:13:49.786 1551 2616 D WindowManager: at com.coloros.exsystemservice.b.c.a(OppoKillerManagerService.java:2278)
10-08 16:13:49.786 1551 2616 D WindowManager: at com.coloros.exsystemservice.b.c$a.onTransact(OppoKillerManagerService.java:439)
10-08 16:13:49.786 1551 2616 D WindowManager: at android.os.Binder.execTransactInternal(Binder.java:1161)
10-08 16:13:49.786 1551 2616 D WindowManager: at android.os.Binder.execTransact(Binder.java:1130)
10-08 16:13:49.792 828 828 D OppoExLayer: ~Layer() sequence=3320, name=Task=15101#0@0xb400007657b84000
10-08 16:13:49.793 828 828 D OppoExLayer: ~Layer() sequence=3321, name=ActivityRecord{c989e61 u0 com.github.uiautomator/.MainActivity#0@0xb400007657b87000
10-08 16:13:49.793 828 828 D OppoExLayer: ~Layer() sequence=3330, name=c0e4faa com.github.uiautomator/com.github.uiautomator.MainActivity#0@0xb4000076730ba000
10-08 16:13:49.805 1551 2616 E OppoKillerManagerService: force stop [0, com.github.uiautomator, reason: 30]
10-08 16:13:49.806 1551 1551 I OppoPhoneWindowManager: KeyLockModeReceiver KeyLockMode: 0 ProcessName: com.github.uiautomator
10-08 16:13:49.809 1551 1572 D OplusAppBwCore: onUidImportance: 11238, 1000
10-08 16:13:49.811 2481 2481 E PhoneInterfaceManager: [PhoneIntfMgr] getCarrierPackageNamesForIntentAndPhone: No UICC
10-08 16:13:49.812 2481 2481 D CarrierSvcBindHelper: No carrier app for: 0
10-08 16:13:49.812 1551 2616 D ColorAppListInterceptManager: shouldFilterTask
10-08 16:13:49.812 1551 2616 D ColorAppListInterceptManager: shouldFilterTask::packageName = com.finshell.wallet
10-08 16:13:49.812 2481 2481 E PhoneInterfaceManager: [PhoneIntfMgr] getCarrierPackageNamesForIntentAndPhone: No UICC
10-08 16:13:49.812 2481 2481 D CarrierSvcBindHelper: No carrier app for: 1
10-08 16:13:49.812 1551 2616 D ColorAppListInterceptManager: shouldFilterTask
10-08 16:13:49.812 1551 2616 D ColorAppListInterceptManager: shouldFilterTask::packageName = com.heytap.browser
10-08 16:13:49.813 1551 2616 D ColorAppListInterceptManager: shouldFilterTask
10-08 16:13:49.813 1551 2616 D ColorAppListInterceptManager: shouldFilterTask::packageName = com.android.mms
10-08 16:13:49.813 1551 2616 D ColorAppListInterceptManager: shouldFilterTask
10-08 16:13:49.813 1551 2616 D ColorAppListInterceptManager: shouldFilterTask::packageName = com.jlpay.merch
10-08 16:13:49.815 1551 2616 D ColorAppListInterceptManager: shouldFilterTask
10-08 16:13:49.815 1551 2616 D ColorAppListInterceptManager: shouldFilterTask::packageName = com.finshell.wallet
10-08 16:13:49.815 1551 2616 D ColorAppListInterceptManager: shouldFilterTask
10-08 16:13:49.815 1551 2616 D ColorAppListInterceptManager: shouldFilterTask::packageName = com.heytap.browser
10-08 16:13:49.816 1551 2616 D ColorAppListInterceptManager: shouldFilterTask
10-08 16:13:49.816 1551 2616 D ColorAppListInterceptManager: shouldFilterTask::packageName = com.android.mms
10-08 16:13:49.816 1551 2616 D ColorAppListInterceptManager: shouldFilterTask
10-08 16:13:49.816 1551 2616 D ColorAppListInterceptManager: shouldFilterTask::packageName = com.jlpay.merch
10-08 16:13:49.817 6166 14903 E RemoteGuardClient.DWB.ActivityMonitor: onProcessDied com.github.uiautomator pid = 13510 uid = 11238
10-08 16:13:49.866 1551 4153 D OppoWifiClientModeImpl: Adjust rssi from -46 to -42
10-08 16:13:49.893 1551 4161 D DisplayManagerService: Display listener for pid 13510 died.
10-08 16:13:49.893 1551 1574 W ActivityManager: setHasOverlayUi called on unknown pid: 13510
10-08 16:13:49.894 6632 6632 I InputTransport: Destroy ARC handle: 0xae886550
10-08 16:13:49.895 747 747 I Zygote : Process 13510 exited due to signal 9 (Killed)
10-08 16:13:49.912 1551 1591 I libprocessgroup: Successfully killed process cgroup uid 11238 pid 13510 in 131ms
10-08 16:13:50.154 5169 5171 E IHansComunication: HANS printMessageBody: RCVed message body: type = 4, port = 86870, caller_pid = -1, caller_uid = -1, target_pid = -1, target_uid = 10494, pkg_cmd = -1
10-08 16:13:50.158 1551 4162 D OppoWifiClientModeImpl: Adjust rssi from -46 to -42
10-08 16:13:50.363 1120 1222 D ULogGuard: Monitoring: 6 threads, 0 requests, 0 time-bombs; 1 guards. ResetFlags = 0x7
10-08 16:13:52.366 1126 1126 I thermal_repeater: [recvMdThermalInfo] ret=32, strLen=127, 0, 32767, -127, 0, 32767, 10838
10-08 16:13:52.415 1113 1141 W AString : ctor got NULL, using empty string instead
10-08 16:13:52.415 1113 1141 I SensorSavedChannel: [791,-1308,310,-39441,42591,5683]==>gyro_temp.json
10-08 16:13:52.416 1113 1141 W AString : ctor got NULL, using empty string instead
10-08 16:13:52.416 1113 1141 I SensorSavedChannel: [-1531,155,1516]==>gyro_bias.json
10-08 16:13:52.706 2481 2481 E OplusNecManagerHelper: com.oplus.nec.OplusNecManager.notifyOrigSignalStrengthChanged [class android.telephony.SignalStrength, int]
10-08 16:13:53.366 1120 1222 D ULogGuard: Monitoring: 6 threads, 0 requests, 0 time-bombs; 1 guards. ResetFlags = 0x7
10-08 16:13:54.345 4008 4570 D HoraeHelper: getAllShellTemps tSize : 4
10-08 16:13:54.346 4008 4570 D HoraeHelper: getAllShellTemps tSize : 4
10-08 16:13:54.347 4008 4570 D HoraeHelper: Thermal length:1
10-08 16:13:56.118 1551 1822 D JobScheduler.Temperature: get temperature=30.568
10-08 16:13:54.354 4008 4570 D HoraeHelper: Thermal length:1
10-08 16:13:56.368 1120 1222 D ULogGuard: Monitoring: 6 threads, 0 requests, 0 time-bombs; 1 guards. ResetFlags = 0x7
10-08 16:13:57.822 2481 2481 E OplusNecManagerHelper: com.oplus.nec.OplusNecManager.notifyOrigSignalStrengthChanged [class android.telephony.SignalStrength, int]
10-08 16:13:59.372 1120 1222 D ULogGuard: Monitoring: 6 threads, 0 requests, 0 time-bombs; 1 guards. ResetFlags = 0x7
10-08 16:13:59.601 1551 1816 D BatteryLed: getLightInColorState, oppoLightMgr empty!
10-08 16:13:59.637 4008 4570 D HoraeHelper: getAllShellTemps tSize : 4
10-08 16:13:59.637 4008 4570 D HoraeHelper: getAllShellTemps tSize : 4
10-08 16:13:59.917 1551 2929 D OppoWifiClientModeImpl: Adjust rssi from -46 to -42
10-08 16:14:00.001 1551 1675 D AlarmManager: NumDelayedAlarms:337 NextNonWakeupDeliveryTime:21749502/21569502
10-08 16:14:00.313 1551 1577 D AES : AEEIOCTL_GET/SET_SF_STATE IOCTL,cmd= 1074294797, lParam=0.
10-08 16:14:00.314 1551 1577 D AES : AEEIOCTL_RT_MON_Kick IOCTL,cmd= 2147774474, lParam=300.
10-08 16:14:00.315 1551 1577 V OppoBaseWatchdog: @WatchDog_ error e: java.io.FileNotFoundException: /d/wakeup_sources: open failed: ENOENT (No such file or directory)
10-08 16:14:01.392 1551 1675 D AlarmManager: NumDelayedAlarms:338 NextNonWakeupDeliveryTime:21749502/21570893
10-08 16:14:02.091 871 900 D ccci_mdinit: (1):monitor_time_update_thread round:546 ########
10-08 16:14:02.374 1120 1222 D ULogGuard: Monitoring: 6 threads, 0 requests, 0 time-bombs; 1 guards. ResetFlags = 0x7
10-08 16:14:02.383 1126 1126 I thermal_repeater: [recvMdThermalInfo] ret=32, strLen=127, 0, 32767, -127, 0, 32767, 10838
10-08 16:14:02.944 2481 2481 E OplusNecManagerHelper: com.oplus.nec.OplusNecManager.notifyOrigSignalStrengthChanged [class android.telephony.SignalStrength, int]
10-08 16:14:04.347 4008 4461 D HoraeHelper: getAllShellTemps tSize : 4
10-08 16:14:04.348 4008 4461 D HoraeHelper: getAllShellTemps tSize : 4
10-08 16:14:04.348 4008 4461 D HoraeHelper: Thermal length:1
10-08 16:14:04.355 4008 4461 D HoraeHelper: Thermal length:1
10-08 16:14:05.377 1120 1222 D ULogGuard: Monitoring: 6 threads, 0 requests, 0 time-bombs; 1 guards. ResetFlags = 0x7
10-08 16:14:06.128 1551 1822 D JobScheduler.Temperature: get temperature=30.568
10-08 16:14:06.316 1551 1675 D AlarmManager: NumDelayedAlarms:339 NextNonWakeupDeliveryTime:21749502/21575817
10-08 16:14:06.341 1551 2429 I ColorHansManager : freeze uid: 10494 package: com.alibaba.android.rimet reason: LcdOff scene: LcdOffScene
10-08 16:14:06.342 5169 8229 D IHansComunication: HANS sendMessageToKernel: threadId = 486184828096, netLinkSetup = 1, type = PKG, targetUid = 10494, pkgCmd = ADD_ONE_UID
10-08 16:14:06.969 1551 2929 E AppOps : noteOperation
10-08 16:14:06.969 1551 2929 E AppOps : java.lang.SecurityException: Specified package com.android.phone under uid 10159 but it is really 1001
10-08 16:14:06.969 1551 2929 E AppOps : at com.android.server.appop.AppOpsService.verifyAndGetBypass(AppOpsService.java:3966)
10-08 16:14:06.969 1551 2929 E AppOps : at com.android.server.appop.AppOpsService.noteOperationUnchecked(AppOpsService.java:3106)
10-08 16:14:06.969 1551 2929 E AppOps : at com.android.server.appop.AppOpsService.noteOperationImpl(AppOpsService.java:3094)
10-08 16:14:06.969 1551 2929 E AppOps : at com.android.server.appop.AppOpsService.noteOperation(AppOpsService.java:3077)
10-08 16:14:06.969 1551 2929 E AppOps : at com.android.internal.app.IAppOpsService$Stub.onTransact(IAppOpsService.java:447)
10-08 16:14:06.969 1551 2929 E AppOps : at android.os.Binder.execTransactInternal(Binder.java:1166)
10-08 16:14:06.969 1551 2929 E AppOps : at android.os.Binder.execTransact(Binder.java:1130)
10-08 16:14:08.063 2481 2481 E OplusNecManagerHelper: com.oplus.nec.OplusNecManager.notifyOrigSignalStrengthChanged [class android.telephony.SignalStrength, int]
10-08 16:14:08.346 5169 8229 D IHansComunication: HansComunication::configCheckedUid-- 10494, type = 0
10-08 16:14:08.346 5169 8229 D IHansComunication: HANS sendMessageToKernel: threadId = 486184828096, netLinkSetup = 1, type = FROZEN_TRANS, targetUid = 10494, pkgCmd = PKG_CMD_MAX
10-08 16:14:08.380 1120 1222 D ULogGuard: Monitoring: 6 threads, 0 requests, 0 time-bombs; 1 guards. ResetFlags = 0x7
10-08 16:14:09.637 4008 4461 D HoraeHelper: getAllShellTemps tSize : 4
10-08 16:14:09.638 4008 4461 D HoraeHelper: getAllShellTemps tSize : 4
10-08 16:14:09.972 1551 4153 D OppoWifiClientModeImpl: Adjust rssi from -46 to -42
10-08 16:14:10.456 1551 1675 D AlarmManager: NumDelayedAlarms:340 NextNonWakeupDeliveryTime:21749502/21579957
10-08 16:14:10.821 2530 2658 W [0]DCS-ServiceMsgHandler: handleMessage: RealtimeUploadTask.
10-08 16:14:10.839 2530 2699 I [0]DCS-NetHelper: isOppoCtaUpdateServiceOn val:true
10-08 16:14:10.854 2530 2699 E libc : Access denied finding property "vendor.gsm.serial"
10-08 16:14:10.849 2530 2530 W pool-2-thread-1: type=1400 audit(0.0:26277): avc: denied { read } for name="u:object_r:vendor_nw_exported_system_prop:s0" dev="tmpfs" ino=2534 scontext=u:r:priv_app:s0:c512,c768 tcontext=u:object_r:vendor_nw_exported_system_prop:s0 tclass=file permissive=0 app=com.nearme.statistics.rom
10-08 16:14:10.877 4305 4332 E OpenID : com.nearme.statistics.rom:DUID:ret:T
10-08 16:14:10.886 2622 4803 D OplusNotificationManager: getOpenid--pkg:com.nearme.statistics.rom,uid:10283,type:OUID
10-08 16:14:10.887 4305 4332 E OpenID : com.nearme.statistics.rom:OUID:ret:T
10-08 16:14:10.895 1551 4162 D OpenID : check auth getOpenId --> pkg = com.nearme.statistics.rom , uid = 10283 , only check pkg = true
10-08 16:14:10.900 2622 4803 D OplusNotificationManager: getOpenid--pkg:com.nearme.statistics.rom,uid:10283,type:GUID
10-08 16:14:10.901 4305 4332 E OpenID : com.nearme.statistics.rom:GUID:ret:T
10-08 16:14:10.906 4305 4332 E OpenID : com.nearme.statistics.rom:OUID_STATUS:ret:T
10-08 16:14:10.914 5043 5243 W OplusExSystemServiceHelper: checkOplusExSystemService intent getComponent is null
10-08 16:14:10.951 2530 2699 I System.out: [socket]:check permission begin!
10-08 16:14:11.256 2530 2699 I [0]DCS-UploadThread: upload data isSuccess=true eventType=common210000 count=5, isRealtime=true
10-08 16:14:11.268 2530 2699 E libc : Access denied finding property "vendor.gsm.serial"
10-08 16:14:11.265 2530 2530 W pool-2-thread-1: type=1400 audit(0.0:26278): avc: denied { read } for name="u:object_r:vendor_nw_exported_system_prop:s0" dev="tmpfs" ino=2534 scontext=u:r:priv_app:s0:c512,c768 tcontext=u:object_r:vendor_nw_exported_system_prop:s0 tclass=file permissive=0 app=com.nearme.statistics.rom
10-08 16:14:11.285 4305 4332 E OpenID : com.nearme.statistics.rom:DUID:ret:T
10-08 16:14:11.293 2622 4803 D OplusNotificationManager: getOpenid--pkg:com.nearme.statistics.rom,uid:10283,type:OUID
10-08 16:14:11.295 4305 4332 E OpenID : com.nearme.statistics.rom:OUID:ret:T
10-08 16:14:11.302 1551 2929 D OpenID : check auth getOpenId --> pkg = com.nearme.statistics.rom , uid = 10283 , only check pkg = true
10-08 16:14:11.308 2622 4803 D OplusNotificationManager: getOpenid--pkg:com.nearme.statistics.rom,uid:10283,type:GUID
10-08 16:14:11.309 4305 4332 E OpenID : com.nearme.statistics.rom:GUID:ret:T
10-08 16:14:11.313 4305 4332 E OpenID : com.nearme.statistics.rom:OUID_STATUS:ret:T
10-08 16:14:11.375 2530 2699 I [0]DCS-UploadThread: upload data isSuccess=true eventType=common200020 count=3, isRealtime=true
10-08 16:14:11.382 1120 1222 D ULogGuard: Monitoring: 6 threads, 0 requests, 0 time-bombs; 1 guards. ResetFlags = 0x7
10-08 16:14:11.582 1551 1816 D BatteryLed: getLightInColorState, oppoLightMgr empty!
10-08 16:14:12.401 1126 1126 I thermal_repeater: [recvMdThermalInfo] ret=32, strLen=127, 0, 32767, -127, 0, 32767, 10838
10-08 16:14:13.183 2481 2481 E OplusNecManagerHelper: com.oplus.nec.OplusNecManager.notifyOrigSignalStrengthChanged [class android.telephony.SignalStrength, int]
10-08 16:14:14.346 4008 4475 D HoraeHelper: getAllShellTemps tSize : 4
10-08 16:14:14.346 4008 4475 D HoraeHelper: getAllShellTemps tSize : 4
10-08 16:14:14.347 4008 4475 D HoraeHelper: Thermal length:1
10-08 16:14:14.354 4008 4475 D HoraeHelper: Thermal length:1
10-08 16:14:14.386 1120 1222 D ULogGuard: Monitoring: 6 threads, 0 requests, 0 time-bombs; 1 guards. ResetFlags = 0x7
10-08 16:14:16.141 1551 1822 D JobScheduler.Temperature: get temperature=30.467
10-08 16:14:17.724 1551 1551 D OppoBaseBatteryService: send broadcast : oppo.intent.action.BATTERY_DATA_UPDATE
10-08 16:14:17.724 1551 1816 D BatteryLed: getLightInColorState, oppoLightMgr empty!
10-08 16:14:17.725 1551 1551 W ContextImpl: Calling a method in the system process without a qualified user: android.app.ContextImpl.sendBroadcast:1158 com.android.server.OppoBaseBatteryService$2.run:280 android.os.Handler.handleCallback:938 android.os.Handler.dispatchMessage:99 android.os.Looper.loop:264
10-08 16:14:17.388 1120 1222 D ULogGuard: Monitoring: 6 threads, 0 requests, 0 time-bombs; 1 guards. ResetFlags = 0x7
10-08 16:14:18.170 30028 14171 W System : A resource failed to call response.body().close().
10-08 16:14:18.303 2481 2481 E OplusNecManagerHelper: com.oplus.nec.OplusNecManager.notifyOrigSignalStrengthChanged [class android.telephony.SignalStrength, int]
10-08 16:14:19.150 12484 12484 I WeatherS_WeatherServiceVersionUtils: serviceVersionCode8003001
10-08 16:14:19.151 12484 12484 I chatty : uid=10089(com.coloros.alarmclock) identical 1 line
10-08 16:14:19.151 12484 12484 I WeatherS_WeatherServiceVersionUtils: serviceVersionCode8003001
10-08 16:14:19.206 2061 2061 D SingleClockView: updateTime, 24hfmt=true, h=16, m=14
10-08 16:14:19.210 1551 4153 E OplusCustomizeRestrictionManagerService: isBiometricDisabled start
10-08 16:14:19.211 1551 4162 E OplusCustomizeRestrictionManagerService: isBiometricDisabled start
10-08 16:14:19.638 4008 4435 D HoraeHelper: getAllShellTemps tSize : 4
10-08 16:14:19.639 4008 4435 D HoraeHelper: getAllShellTemps tSize : 4
10-08 16:14:20.020 1551 4162 D OppoWifiClientModeImpl: Adjust rssi from -46 to -42
10-08 16:14:20.391 1120 1222 D ULogGuard: Monitoring: 6 threads, 0 requests, 0 time-bombs; 1 guards. ResetFlags = 0x7
10-08 16:14:21.574 3408 3426 E horae : 0: back:30280,frame:28704,front:29595, 3, +(220), 0 ,29000,30500,30600,30500
10-08 16:14:22.418 1126 1126 I thermal_repeater: [recvMdThermalInfo] ret=32, strLen=127, 0, 32767, -127, 0, 32767, 10838
10-08 16:14:23.394 1120 1222 D ULogGuard: Monitoring: 6 threads, 0 requests, 0 time-bombs; 1 guards. ResetFlags = 0x7
10-08 16:14:23.610 1551 1816 D BatteryLed: getLightInColorState, oppoLightMgr empty!
10-08 16:14:24.346 4008 4475 D HoraeHelper: getAllShellTemps tSize : 4
10-08 16:14:24.347 4008 4475 D HoraeHelper: getAllShellTemps tSize : 4
10-08 16:14:24.348 4008 4475 D HoraeHelper: Thermal length:1
10-08 16:14:26.152 1551 1822 D JobScheduler.Temperature: get temperature=30.28
10-08 16:14:24.355 4008 4475 D HoraeHelper: Thermal length:1
10-08 16:14:26.398 1120 1222 D ULogGuard: Monitoring: 6 threads, 0 requests, 0 time-bombs; 1 guards. ResetFlags = 0x7
10-08 16:14:28.543 2481 2481 E OplusNecManagerHelper: com.oplus.nec.OplusNecManager.notifyOrigSignalStrengthChanged [class android.telephony.SignalStrength, int]
10-08 16:14:29.400 1120 1222 D ULogGuard: Monitoring: 6 threads, 0 requests, 0 time-bombs; 1 guards. ResetFlags = 0x7
10-08 16:14:29.638 4008 4570 D HoraeHelper: getAllShellTemps tSize : 4
10-08 16:14:29.810 1551 1816 D BatteryLed: getLightInColorState, oppoLightMgr empty!
10-08 16:14:29.639 4008 4570 D HoraeHelper: getAllShellTemps tSize : 4
10-08 16:14:30.071 1551 2554 D OppoWifiClientModeImpl: Adjust rssi from -46 to -42
10-08 16:14:30.316 1551 1577 D AES : AEEIOCTL_GET/SET_SF_STATE IOCTL,cmd= 1074294797, lParam=0.
10-08 16:14:30.317 1551 1577 D AES : AEEIOCTL_RT_MON_Kick IOCTL,cmd= 2147774474, lParam=300.
10-08 16:14:30.318 1551 1577 V OppoBaseWatchdog: @WatchDog_ error e: java.io.FileNotFoundException: /d/wakeup_sources: open failed: ENOENT (No such file or directory)
10-08 16:14:31.120 1113 1141 W AString : ctor got NULL, using empty string instead
10-08 16:14:31.121 1113 1141 I SensorSavedChannel: [791,-1308,310,-39441,42591,5683]==>gyro_temp.json
10-08 16:14:32.107 871 900 D ccci_mdinit: (1):monitor_time_update_thread round:547 ########
10-08 16:14:32.184 1551 1686 E InputReader: POWER Key comes, notifyKey - eventTime=10181520324000, deviceId=2, source=0x101, policyFlags=0x0, action=0x0, flags=0x8, keyCode=0x1a, scanCode=0x74, metaState=0x0, downTime=10181520324000
10-08 16:14:32.185 1551 1686 D OppoPhoneWindowManager: interceptKeyBeforeQueueing:KeyEvent { action=ACTION_DOWN, keyCode=KEYCODE_POWER, scanCode=116, metaState=0, flags=0x8, repeatCount=0, eventTime=10181520, downTime=10181520, deviceId=2, source=0x101, displayId=-1 }mSosPowerKeyEnabled = falsemWalletPowerKeyEnabled = falsemWalletQuickLaunch = true
10-08 16:14:32.185 1551 1686 W ColorGameSpaceManager: mInterceptGamepadKey is false
10-08 16:14:32.185 1551 6596 D ColorScreenOffTorchHelper: handle with turnOffFlashlight,flashlight is not enable.need not turn off
10-08 16:14:32.190 1551 1686 I DefaultDialerCache: getSystemDialerApplication: mSystemDialerComponentName = ComponentInfo{com.android.incallui/com.android.incallui.OppoInCallServiceImpl}
10-08 16:14:32.191 1551 1686 D Assassin: [handleWakeUpReasonEarly] reason = android.policy:POWER
10-08 16:14:32.192 1551 1686 D OppoPowerManagerHelper: [notifyPowerKeyPressed] reason = android.policy:POWER
10-08 16:14:32.192 1551 1686 D OppoPowerManagerHelper: [isFaceAutoUnlockEnabled]
10-08 16:14:32.193 1551 1828 E ORMS_CORE: Unsupported sa config!!!
10-08 16:14:32.193 1551 1686 E OplusDisplayPowerControllerFeature: execute mBlockReasonList.clear
10-08 16:14:32.193 1551 1686 D OplusFeatureAOD: notifySfUnBlockScreenOn
10-08 16:14:32.194 1551 1686 D OppoPowerManagerHelper: [onWakeUp]
10-08 16:14:32.194 1551 1686 D OppoPowerManagerHelper: [requestKeyguard]
10-08 16:14:32.197 1551 1686 I PowerManagerService: Waking up from Asleep (uid=1000, reason=WAKE_REASON_POWER_BUTTON, details=android.policy:POWER)...
10-08 16:14:32.197 2061 2930 D KeyguardService: requestKeyguard android.policy:POWER
10-08 16:14:32.198 1551 2554 E OplusCustomizeRestrictionManagerService: isBiometricDisabled start
10-08 16:14:32.199 1551 1551 D ColorInputMethodManagerServiceEx: onHandleImeWindowVisibleStatus handledVis: 0, switcher visible: 0, switcher active: 0, needsToShowImeSwitcher: false
10-08 16:14:32.199 1551 4162 E OplusCustomizeRestrictionManagerService: isBiometricDisabled start
10-08 16:14:32.201 828 913 D OppoExGLESRenderEngine: enableVFXScreenEffect::VFX_SCREEN_POWER_ON -- aDegree 0, mScreenBrightnessChanged 0,
10-08 16:14:32.203 1551 1604 D OplusFeatureReduceBrightness: registerByNewImpl
10-08 16:14:32.205 1551 1604 I DisplayPowerController: Blocking screen on until initial contents have been drawn.
10-08 16:14:32.205 1551 1604 D DisplayPowerController: animateScreenBrightness = 390.0
10-08 16:14:32.205 2061 2930 D KeyguardViewMediator: notifyScreenOn
10-08 16:14:32.206 2061 2930 D KeyguardViewMediator: onScreenTurningOn
10-08 16:14:32.209 2061 2061 D KeyguardViewMediator: handleNotifyScreenTurningOn
10-08 16:14:32.209 808 831 I mtkpower@impl: [setMode] type:9, enabled:0
10-08 16:14:32.209 808 831 E mtkpower@impl: [setMode] unknown type
10-08 16:14:32.210 1551 1904 D DisplayManagerService: requestGlobalDisplayStateInterna l111(ON, brightness=-1.0)
10-08 16:14:32.210 1551 1904 D DisplayManagerService: requestGlobalDisplayState(ON, brightness=-1.0)
10-08 16:14:32.210 808 831 I mtkpower@impl: [setMode] type:7, enabled:1
10-08 16:14:32.210 828 828 D SurfaceFlinger: Setting power mode 2 on display 0
10-08 16:14:32.210 1551 1574 I DisplayManagerService: Display device changed state: "内置屏幕", ON
10-08 16:14:32.210 808 831 I mtkpower@impl: [setMode] Restore All
10-08 16:14:32.212 786 873 I hwcomposer: [HWCDisplay] Display(0) SetPowerMode(2)
10-08 16:14:32.212 828 17140 D SurfaceFlinger: notifyScreenChanged mode = 2
10-08 16:14:32.212 1551 4162 D SensorService: debug_oplusGeminiProximity sensorservice onScreenChanged mode : 2 begin
10-08 16:14:32.212 1551 4162 D SensorService: debug_oplusGeminiProximity sensorservice onScreenChanged mode : 2 end
10-08 16:14:32.212 808 870 I libPowerHal: [perfUserScnRestoreAll]
10-08 16:14:32.214 1551 1574 I InputManager-JNI: Viewport [0] to add: local:0, isActive: true
10-08 16:14:32.220 1551 1574 D DisplayManagerService: Delivering display event: displayId=0, event=2
10-08 16:14:32.221 1551 1604 D OppoPowerManagerHelper: onDisplayChanged:0
10-08 16:14:32.221 1551 1551 I OppoWallpaperManagerServiceHelper: onDisplayChanged. displayId = 0
10-08 16:14:32.221 1551 1662 D OplusDisplayStateMonitor: screenState: STATE_ON last screenState: STATE_OFF
10-08 16:14:32.223 1551 1686 I InputReader: Reconfiguring input devices, changes=DISPLAY_INFO |
10-08 16:14:32.223 1551 1686 I InputReader: Device reconfigured: id=4, name='touchpanel', size 1080x2400, orientation 0, mode 1, display id 0
10-08 16:14:32.223 1551 1604 D DisplayPowerController: animateScreenBrightness = 390.0
10-08 16:14:32.231 1551 1662 D OplusDisplayStateMonitor: Display doze summary : 0 / 146243 ratio:0.0
10-08 16:14:32.241 1551 2554 D OppoDisplayPolicy: com.android.systemui, change system app cutoutMode: color always
10-08 16:14:32.243 5169 5171 E IHansComunication: HANS printMessageBody: RCVed message body: type = 0, port = 86870, caller_pid = 1551, caller_uid = 1000, target_pid = 5201, target_uid = 10963, pkg_cmd = -1
10-08 16:14:32.250 1551 3658 I ColorHansManager : unfreeze uid: 10963 package: com.tencent.mm reason: AsyncBinder scene: LcdOffScene
10-08 16:14:32.253 5169 5171 E IHansComunication: HANS printMessageBody: RCVed message body: type = 0, port = 86870, caller_pid = 1551, caller_uid = 1000, target_pid = 6050, target_uid = 10963, pkg_cmd = -1
10-08 16:14:32.257 828 911 I BufferQueueProducer: [NavigationBar0#0](this:0xb400007705ef1458,id:5,api:1,p:2061,c:828) queueBuffer: fps=0.18 dur=212120.32 max=211510.75 min=2.64
10-08 16:14:32.263 5169 5171 E IHansComunication: HANS printMessageBody: RCVed message body: type = 0, port = 86870, caller_pid = 1551, caller_uid = 1000, target_pid = 7782, target_uid = 10907, pkg_cmd = -1
10-08 16:14:32.265 1551 3658 I ColorHansManager : unfreeze uid: 10907 package: com.tencent.mobileqq reason: AsyncBinder scene: LcdOffScene
10-08 16:14:32.266 5169 5171 E IHansComunication: HANS printMessageBody: RCVed message body: type = 0, port = 86870, caller_pid = 1551, caller_uid = 1000, target_pid = 8509, target_uid = 10494, pkg_cmd = -1
10-08 16:14:32.270 1551 3658 I ColorHansManager : unfreeze uid: 10494 package: com.alibaba.android.rimet reason: AsyncBinder scene: LcdOffScene
10-08 16:14:32.271 5169 5171 E IHansComunication: HANS printMessageBody: RCVed message body: type = 0, port = 86870, caller_pid = 1551, caller_uid = 1000, target_pid = 8822, target_uid = 10494, pkg_cmd = -1
10-08 16:14:32.272 7782 8038 D WorkerThreadMonitor: Kill MSF check result[ senderSize:0,sendInterval:10073684,receiveInterval=10073683,addCmdCount=0
10-08 16:14:32.274 5169 5171 E IHansComunication: HANS printMessageBody: RCVed message body: type = 0, port = 86870, caller_pid = 1551, caller_uid = 1000, target_pid = 9216, target_uid = 10494, pkg_cmd = -1
10-08 16:14:32.275 5169 5171 E IHansComunication: HANS printMessageBody: RCVed message body: type = 0, port = 86870, caller_pid = 1551, caller_uid = 1000, target_pid = 11406, target_uid = 10048, pkg_cmd = -1
10-08 16:14:32.277 5169 5171 E IHansComunication: HANS printMessageBody: RCVed message body: type = 0, port = 86870, caller_pid = 1551, caller_uid = 1000, target_pid = 14163, target_uid = 11180, pkg_cmd = -1
10-08 16:14:32.277 828 911 I BufferQueueProducer: [NotificationShade#0](this:0xb40000766612ea58,id:595,api:1,p:2061,c:828) queueBuffer: fps=0.01 dur=141398.90 max=141398.90 min=141398.90
10-08 16:14:32.279 619 624 E android.system.suspend@1.0-service: Error opening kernel wakelock stats for: wakeup24: Permission denied
10-08 16:14:32.273 619 619 W Binder:619_1: type=1400 audit(0.0:26279): avc: denied { read } for name="wakeup24" dev="sysfs" ino=46614 scontext=u:r:system_suspend:s0 tcontext=u:object_r:sysfs_battery_supply:s0 tclass=dir permissive=0
10-08 16:14:32.282 2061 2061 D SingleClockView: updateTime, 24hfmt=true, h=16, m=14
10-08 16:14:32.288 828 3248 I BufferQueueProducer: [ColorOSEdgeFloatBar#0](this:0xb4000076666e2658,id:143,api:1,p:3648,c:828) queueBuffer: fps=0.00 dur=265029.25 max=265029.25 min=265029.25
10-08 16:14:32.288 828 911 I BufferQueueProducer: [StatusBar#0](this:0xb400007684b44058,id:7,api:1,p:2061,c:828) queueBuffer: fps=0.01 dur=146509.96 max=146303.57 min=206.40
10-08 16:14:32.290 619 624 E android.system.suspend@1.0-service: Error opening kernel wakelock stats for: wakeup25: Permission denied
10-08 16:14:32.285 619 619 W Binder:619_1: type=1400 audit(0.0:26280): avc: denied { read } for name="wakeup25" dev="sysfs" ino=46695 scontext=u:r:system_suspend:s0 tcontext=u:object_r:sysfs_battery_supply:s0 tclass=dir permissive=0
10-08 16:14:32.292 619 624 E android.system.suspend@1.0-service: Error opening kernel wakelock stats for: wakeup23: Permission denied
10-08 16:14:32.289 619 619 W Binder:619_1: type=1400 audit(0.0:26281): avc: denied { read } for name="wakeup23" dev="sysfs" ino=46566 scontext=u:r:system_suspend:s0 tcontext=u:object_r:sysfs_battery_supply:s0 tclass=dir permissive=0
10-08 16:14:32.295 1551 1598 D KernelCpuUidUserSysTimeReader: Removing uids 99039-99039
10-08 16:14:32.300 1551 1572 D ColorZoomWindowManagerService: current size = 1080 x 2400, density = 3.0
10-08 16:14:32.301 1551 1574 V SensorManager: unRegisterListener by com.android.server.display.DisplayModeDirector$BrightnessObserver$LightSensorEventListener
10-08 16:14:32.301 5169 5171 E IHansComunication: HANS printMessageBody: RCVed message body: type = 0, port = 86870, caller_pid = 1551, caller_uid = 1000, target_pid = 14163, target_uid = 11180, pkg_cmd = -1
10-08 16:14:32.304 1551 1899 W ContextImpl: Calling a method in the system process without a qualified user: android.app.ContextImpl.sendBroadcast:1143 com.android.server.am.OplusAppStartupConfig.handleCountRestrictedList:967 com.android.server.am.ColorAppStartupManager.updateScreenStatus:4739 com.android.server.coloros.ColorSysStateManager$LocalService.onWakefulnessChanged:411 com.android.server.power.Notifier$1.run:481
10-08 16:14:32.308 1551 1572 D OplusAppBwCore: onUidImportance: 10079, 100
10-08 16:14:32.311 2061 23046 D KeyguardViewMediator: onStartedWakingUp, seq = 39
10-08 16:14:32.311 2061 23046 D KeyguardViewMediator: notifyStartedWakingUp
10-08 16:14:32.315 2061 2061 D KeyguardViewMediator: handleNotifyWakingUp
10-08 16:14:32.315 1551 2929 E OplusCustomizeRestrictionManagerService: isBiometricDisabled start
10-08 16:14:32.316 2061 2061 V KeyguardStatusView: Schedule setEnableMarquee: Enable
10-08 16:14:32.316 1551 2929 E OplusCustomizeRestrictionManagerService: isBiometricDisabled start
10-08 16:14:32.329 1551 1681 D WindowOrientationListener: WindowOrientationListener enabled clearCurrentRotation=true
10-08 16:14:32.329 1551 1681 V SensorManager: RegisterListener DEVICE_ORIENTATION type:27 delay:66667us by com.android.server.policy.WindowOrientationListener$OrientationSensorJudge
10-08 16:14:32.330 1551 1681 W SensorService: SensorEventConnection sensor handle=14, package = com.android.server.policy.WindowOrientationListener enable
10-08 16:14:32.330 1551 1681 D SensorService: OplusSensorServiceUtils, sensorType=27
10-08 16:14:32.330 1551 1681 D SensorService: Calling batch handle==14 flags=0rate=66667000 timeout== 0
10-08 16:14:32.330 1551 1681 D SensorService: SensorDevice::batch: ident=0xb400007c208e7900, handle=0x0000000e, flags=0, period_ns=66667000 timeout=0
10-08 16:14:32.330 1551 1681 D SensorService: >>> curr_period=9223372036854775807 min_period=66667000 curr_timeout=0 min_timeout=0
10-08 16:14:32.330 1551 1681 D SensorService: >>> actuating h/w BATCH 0x0000000e 66667000 0
10-08 16:14:32.330 1113 1113 I OriginChannel: batch: [27,66667000,0]
10-08 16:14:32.330 1551 1681 D SensorService: recordConnection in enable
10-08 16:14:32.330 1551 1681 D SensorService: Calling activate on 14
10-08 16:14:32.330 1551 1681 D SensorService: SensorDevice::activate: ident=0xb400007c208e7900, handle=0x0000000e, enabled=1, count=1
10-08 16:14:32.330 1551 1681 D SensorService: enable index=0
10-08 16:14:32.330 1551 1681 D SensorService: SensorDevice::checkForIdent info.numActiveClients()=1, ident=0xb400007c208e7900, handle=14, eanble=1, isFusion=0
10-08 16:14:32.330 1551 1681 D SensorService: >>> actuating h/w activate ident = 0xb400007c208e7900, handle=14 enabled=1
10-08 16:14:32.330 1551 1681 D SensorService: >>> actuating h/w activate handle=14 enabled=1
10-08 16:14:32.330 1113 1113 I OriginChannel: activate: [27,1]
10-08 16:14:32.332 1551 1681 D DisplayPowerController: ScreenOnUnblocker, onScreenOn
10-08 16:14:32.332 1551 4163 D OppoDisplayPolicy: com.android.systemui, change system app cutoutMode: color always
10-08 16:14:32.332 1551 1604 I DisplayPowerController: Unblocked screen on after 128 ms
10-08 16:14:32.333 1551 1604 D DisplayPowerController: animateScreenBrightness = 390.0
10-08 16:14:32.336 2061 2061 D StatusBar: disable disable2
10-08 16:14:32.336 2061 2061 D StatusBar: disable disable2
10-08 16:14:32.336 2061 2061 I VFXChargingFrameLayout: setChargingType: VFXChargingView is null
10-08 16:14:32.336 2061 2061 D VFXChargingFrameLayout: VFXCharging resumeToLoop: ChargingViewReleased mChargingForm0
10-08 16:14:32.336 2061 2061 D VFX : -----ChargeManager--created-----
10-08 16:14:32.336 2061 2061 D VFX : -----ChargeManager--set forceToLoopFlag: true-----
10-08 16:14:32.337 2061 2061 D VFXTextureView: VFX--------------------VFXTextureView Created by SystemUIApplication, currentVersion: VFXEngine-1.2.9
10-08 16:14:32.337 2061 2061 D VFXChargingView: -----VFXChargingView created. chargingEffects-1.4.10 Format:0
10-08 16:14:32.337 2061 2061 D VFXTextureView: setTouchEnable: false
10-08 16:14:32.337 2061 2061 D VFXTextureView: VFX--------------------setVFXRenderer-------------------- TName:ChargingRender VfxID:-1
10-08 16:14:32.337 2061 2061 D VFXChargingEngine: Created. mExitCallBackEnable:false chargingEngineControl=null
10-08 16:14:32.337 2061 2061 D VFXChargingEngine: ----addEngineControlListener exitCallBackEnable:false
10-08 16:14:32.337 2061 2061 D VFXTextureView: VFX-----------VFXTextureView-----------onAttachedToWindow vfxID:-1
10-08 16:14:32.337 2061 2061 D VFXTextureView: setUiFirstFlag: 1
10-08 16:14:32.349 12484 12484 I WeatherS_WeatherServiceVersionUtils: serviceVersionCode8003001
10-08 16:14:32.349 12484 12484 I chatty : uid=10089(com.coloros.alarmclock) identical 1 line
10-08 16:14:32.349 12484 12484 I WeatherS_WeatherServiceVersionUtils: serviceVersionCode8003001
10-08 16:14:32.357 1551 2432 I ColorHansManager : stateRToFFreeze--imporant case: pkgName: com.tencent.mobileqq, reason: lastResumeProtect
10-08 16:14:32.358 1551 2432 I ColorHansManager : stateRToFFreeze--imporant case: pkgName: com.sohu.inputmethod.sogou, reason: input
10-08 16:14:32.360 1551 2432 I ColorHansManager : stateRToFFreeze--imporant case: pkgName: com.tencent.mm, reason: lastResumeProtect
10-08 16:14:32.360 2061 2061 D TextureView: getHardwareLayer, createNewSurface:true
10-08 16:14:32.360 1551 2432 I ColorHansManager : stateRToFFreeze--imporant case: pkgName: com.alibaba.android.rimet, reason: lastResumeProtect
10-08 16:14:32.360 2061 2061 I BufferQueueConsumer: [](id:80d00000020,api:0,p:-1,c:2061) connect(): controlledByApp=true
10-08 16:14:32.361 2061 2061 D VFXChargingView: VFX onSurfaceTextureAvailable W/H: 1080/1818 rW:1080 rH:1818
10-08 16:14:32.362 2061 2061 D VFXEngine: VFX--------------------did not find VFX with tid is 2061, use _activeIndex: 0, , director: 0xb400007bb18ee400, _threadVFXMap.size(): 0
10-08 16:14:32.362 2061 2061 D VFXEngine: VFX--------------------> createVFX VFXID is 0, director addr is 0xb400007bb18ee400 _VFXMap size:1
10-08 16:14:32.362 2061 2061 D VFXEngine: -----nativeSet charging Scene-----
10-08 16:14:32.362 2061 2061 D VFXRenderer: VFX---------setVFXID vfxid:0
10-08 16:14:32.362 2061 2061 D VFXChargingView: nativeSetScene VfxID: 0
10-08 16:14:32.363 2061 2061 D VFXTextureView: VFX--------------------onSurfaceTextureAvailable GlThread.start W/H: 1080/1818 TName:ChargingRender VfxID:0
10-08 16:14:32.363 2061 17143 D VFXTextureView: ---------------RenderThread start run------ TName:ChargingRender VfxID:0
10-08 16:14:32.364 2061 17143 D VFXEngine: set uxThread success
10-08 16:14:32.364 2061 17143 D VFXTextureView: VFX-------initGL------vfxid:0 TName:ChargingRender VfxID:0
10-08 16:14:32.364 2061 17143 E libEGL : Invalid file path for libcolorx-loader.so
10-08 16:14:32.364 2061 17143 D libMEOW : applied 0 plugin for [com.android.systemui].
10-08 16:14:32.364 2061 17143 D VFXTextureView: ChooseConfig: 1
10-08 16:14:32.365 1551 1673 D AlarmWakeupCheck: ACTION_SCREEN_ON CntAlarmWakeup=3
10-08 16:14:32.368 1551 1686 E InputReader: POWER Key comes, notifyKey - eventTime=10181704255000, deviceId=2, source=0x101, policyFlags=0x0, action=0x1, flags=0x8, keyCode=0x1a, scanCode=0x74, metaState=0x0, downTime=10181520324000
