10-08 16:10:57.704 1551 1613 D PackageManager: notifyPackageXmlVerify done. result=true
10-08 16:10:59.196 1551 1604 D DisplayPowerController: animateScreenBrightness = 7.0
10-08 16:10:59.213 1551 1904 D DisplayManagerService: requestGlobalDisplayStateInterna l111(ON, brightness=370.0)
10-08 16:10:59.213 1551 1904 D DisplayManagerService: requestGlobalDisplayState(ON, brightness=370.0)
10-08 16:10:59.213 1551 1904 E LightsService: baseSetLightLocked(0, 370, 0, 0)
10-08 16:10:59.213 1551 1904 V LightsService: setLight #0: color=#172: brightnessMode=0
10-08 16:10:59.230 1551 1904 D DisplayManagerService: requestGlobalDisplayStateInterna l111(ON, brightness=350.0)
10-08 16:10:59.230 1551 1904 D DisplayManagerService: requestGlobalDisplayState(ON, brightness=350.0)
10-08 16:10:59.230 1551 1904 E LightsService: baseSetLightLocked(0, 350, 0, 0)
10-08 16:10:59.230 1551 1904 V LightsService: setLight #0: color=#15e: brightnessMode=0
10-08 16:10:59.246 1551 1904 D DisplayManagerService: requestGlobalDisplayStateInterna l111(ON, brightness=330.0)
10-08 16:10:59.246 1551 1904 D DisplayManagerService: requestGlobalDisplayState(ON, brightness=330.0)
10-08 16:10:59.246 1551 1904 E LightsService: baseSetLightLocked(0, 330, 0, 0)
10-08 16:10:59.246 1551 1904 V LightsService: setLight #0: color=#14a: brightnessMode=0
10-08 16:10:59.264 1551 1904 D DisplayManagerService: requestGlobalDisplayStateInterna l111(ON, brightness=310.0)
10-08 16:10:59.264 1551 1904 D DisplayManagerService: requestGlobalDisplayState(ON, brightness=310.0)
10-08 16:10:59.264 1551 1904 E LightsService: baseSetLightLocked(0, 310, 0, 0)
10-08 16:10:59.264 1551 1904 V LightsService: setLight #0: color=#136: brightnessMode=0
10-08 16:10:59.278 1551 1904 D DisplayManagerService: requestGlobalDisplayStateInterna l111(ON, brightness=290.0)
10-08 16:10:59.278 1551 1904 D DisplayManagerService: requestGlobalDisplayState(ON, brightness=290.0)
10-08 16:10:59.278 1551 1904 E LightsService: baseSetLightLocked(0, 290, 0, 0)
10-08 16:10:59.278 1551 1904 V LightsService: setLight #0: color=#122: brightnessMode=0
10-08 16:10:59.295 1551 1904 D DisplayManagerService: requestGlobalDisplayStateInterna l111(ON, brightness=270.0)
10-08 16:10:59.296 1551 1904 D DisplayManagerService: requestGlobalDisplayState(ON, brightness=270.0)
10-08 16:10:59.296 1551 1904 E LightsService: baseSetLightLocked(0, 270, 0, 0)
10-08 16:10:59.296 1551 1904 V LightsService: setLight #0: color=#10e: brightnessMode=0
10-08 16:10:59.311 1551 1904 D DisplayManagerService: requestGlobalDisplayStateInterna l111(ON, brightness=250.0)
10-08 16:10:59.311 1551 1904 D DisplayManagerService: requestGlobalDisplayState(ON, brightness=250.0)
10-08 16:10:59.311 1551 1904 E LightsService: baseSetLightLocked(0, 250, 0, 0)
10-08 16:10:59.311 1551 1904 V LightsService: setLight #0: color=#fa: brightnessMode=0
10-08 16:10:59.328 1551 1904 D DisplayManagerService: requestGlobalDisplayStateInterna l111(ON, brightness=230.0)
10-08 16:10:59.328 1551 1904 D DisplayManagerService: requestGlobalDisplayState(ON, brightness=230.0)
10-08 16:10:59.328 1551 1904 E LightsService: baseSetLightLocked(0, 230, 0, 0)
10-08 16:10:59.328 1551 1904 V LightsService: setLight #0: color=#e6: brightnessMode=0
10-08 16:10:59.344 1551 1904 D DisplayManagerService: requestGlobalDisplayStateInterna l111(ON, brightness=210.0)
10-08 16:10:59.344 1551 1904 D DisplayManagerService: requestGlobalDisplayState(ON, brightness=210.0)
10-08 16:10:59.344 1551 1904 E LightsService: baseSetLightLocked(0, 210, 0, 0)
10-08 16:10:59.344 1551 1904 V LightsService: setLight #0: color=#d2: brightnessMode=0
10-08 16:10:59.360 1551 1904 D DisplayManagerService: requestGlobalDisplayStateInterna l111(ON, brightness=190.0)
10-08 16:10:59.361 1551 1904 D DisplayManagerService: requestGlobalDisplayState(ON, brightness=190.0)
10-08 16:10:59.363 1551 1904 D ScreenMode: enter DC and low brightness mode:true
10-08 16:10:59.363 1551 1904 E LightsService: baseSetLightLocked(0, 190, 0, 0)
10-08 16:10:59.363 1551 1904 V LightsService: setLight #0: color=#be: brightnessMode=0
10-08 16:10:59.366 1551 1904 D OppoBaseLightsService: notifyFlingerLight color=190code=21005
10-08 16:10:59.377 1551 1904 D DisplayManagerService: requestGlobalDisplayStateInterna l111(ON, brightness=170.0)
10-08 16:10:59.377 1551 1904 D DisplayManagerService: requestGlobalDisplayState(ON, brightness=170.0)
10-08 16:10:59.377 1551 1904 E LightsService: baseSetLightLocked(0, 170, 0, 0)
10-08 16:10:59.377 1551 1904 V LightsService: setLight #0: color=#aa: brightnessMode=0
10-08 16:10:59.394 1551 1904 D DisplayManagerService: requestGlobalDisplayStateInterna l111(ON, brightness=150.0)
10-08 16:10:59.394 1551 1904 D DisplayManagerService: requestGlobalDisplayState(ON, brightness=150.0)
10-08 16:10:59.395 1551 1904 E LightsService: baseSetLightLocked(0, 150, 0, 0)
10-08 16:10:59.395 1551 1904 V LightsService: setLight #0: color=#96: brightnessMode=0
10-08 16:10:59.410 1551 1904 D DisplayManagerService: requestGlobalDisplayStateInterna l111(ON, brightness=130.0)
10-08 16:10:59.410 1551 1904 D DisplayManagerService: requestGlobalDisplayState(ON, brightness=130.0)
10-08 16:10:59.410 1551 1904 E LightsService: baseSetLightLocked(0, 130, 0, 0)
10-08 16:10:59.410 1551 1904 V LightsService: setLight #0: color=#82: brightnessMode=0
10-08 16:10:59.426 1551 1904 D DisplayManagerService: requestGlobalDisplayStateInterna l111(ON, brightness=110.0)
10-08 16:10:59.427 1551 1904 D DisplayManagerService: requestGlobalDisplayState(ON, brightness=110.0)
10-08 16:10:59.427 1551 1904 E LightsService: baseSetLightLocked(0, 110, 0, 0)
10-08 16:10:59.427 1551 1904 V LightsService: setLight #0: color=#6e: brightnessMode=0
10-08 16:10:59.429 1551 1904 D OplusFeatureDCBacklight: notifySfRepaintEverything begin mCurrentDCMode:-1
10-08 16:10:59.443 1551 1904 D DisplayManagerService: requestGlobalDisplayStateInterna l111(ON, brightness=90.0)
10-08 16:10:59.443 1551 1904 D DisplayManagerService: requestGlobalDisplayState(ON, brightness=90.0)
10-08 16:10:59.443 1551 1904 E LightsService: baseSetLightLocked(0, 90, 0, 0)
10-08 16:10:59.443 1551 1904 V LightsService: setLight #0: color=#5a: brightnessMode=0
10-08 16:10:59.444 1551 1904 D OplusFeatureDCBacklight: notifySfRepaintEverything begin mCurrentDCMode:-1
10-08 16:10:59.459 1551 1904 D DisplayManagerService: requestGlobalDisplayStateInterna l111(ON, brightness=70.0)
10-08 16:10:59.459 1551 1904 D DisplayManagerService: requestGlobalDisplayState(ON, brightness=70.0)
10-08 16:10:59.459 1551 1904 E LightsService: baseSetLightLocked(0, 70, 0, 0)
10-08 16:10:59.459 1551 1904 V LightsService: setLight #0: color=#46: brightnessMode=0
10-08 16:10:59.460 1551 1904 D OplusFeatureDCBacklight: notifySfRepaintEverything begin mCurrentDCMode:-1
10-08 16:10:59.475 1551 1904 D DisplayManagerService: requestGlobalDisplayStateInterna l111(ON, brightness=50.0)
10-08 16:10:59.475 1551 1904 D DisplayManagerService: requestGlobalDisplayState(ON, brightness=50.0)
10-08 16:10:59.475 1551 1904 E LightsService: baseSetLightLocked(0, 50, 0, 0)
10-08 16:10:59.475 1551 1904 V LightsService: setLight #0: color=#32: brightnessMode=0
10-08 16:10:59.476 1551 1904 D OplusFeatureDCBacklight: notifySfRepaintEverything begin mCurrentDCMode:-1
10-08 16:10:59.492 1551 1904 D DisplayManagerService: requestGlobalDisplayStateInterna l111(ON, brightness=30.0)
10-08 16:10:59.492 1551 1904 D DisplayManagerService: requestGlobalDisplayState(ON, brightness=30.0)
10-08 16:10:59.493 1551 1904 E LightsService: baseSetLightLocked(0, 30, 0, 0)
10-08 16:10:59.493 1551 1904 V LightsService: setLight #0: color=#1e: brightnessMode=0
10-08 16:10:59.493 1551 1904 D OplusFeatureDCBacklight: notifySfRepaintEverything begin mCurrentDCMode:-1
10-08 16:10:59.508 1551 1904 D DisplayManagerService: requestGlobalDisplayStateInterna l111(ON, brightness=10.0)
10-08 16:10:59.508 1551 1904 D DisplayManagerService: requestGlobalDisplayState(ON, brightness=10.0)
10-08 16:10:59.508 1551 1904 E LightsService: baseSetLightLocked(0, 10, 0, 0)
10-08 16:10:59.508 1551 1904 V LightsService: setLight #0: color=#a: brightnessMode=0
10-08 16:10:59.509 1551 1904 D OppoBaseLightsService: notifyFlingerLight color=10code=21005
10-08 16:10:59.510 1551 1904 D OplusFeatureDCBacklight: notifySfRepaintEverything begin mCurrentDCMode:-1
10-08 16:10:59.524 1551 1604 D DisplayPowerController: animateScreenBrightness = 7.0
10-08 16:10:59.525 1551 1904 D DisplayManagerService: requestGlobalDisplayStateInterna l111(ON, brightness=7.0)
10-08 16:10:59.525 1551 1904 D DisplayManagerService: requestGlobalDisplayState(ON, brightness=7.0)
10-08 16:10:59.525 1551 1904 E LightsService: baseSetLightLocked(0, 7, 0, 0)
10-08 16:10:59.525 1551 1904 V LightsService: setLight #0: color=#7: brightnessMode=0
10-08 16:10:59.528 1551 1904 D OppoBaseLightsService: notifyFlingerLight color=7code=21005
10-08 16:10:59.528 1551 1904 D OplusFeatureDCBacklight: notifySfRepaintEverything begin mCurrentDCMode:-1
10-08 16:10:59.635 1551 1551 D OppoBaseBatteryService: send broadcast : oppo.intent.action.BATTERY_DATA_UPDATE
10-08 16:10:59.635 1551 1551 W ContextImpl: Calling a method in the system process without a qualified user: android.app.ContextImpl.sendBroadcast:1158 com.android.server.OppoBaseBatteryService$2.run:280 android.os.Handler.handleCallback:938 android.os.Handler.dispatchMessage:99 android.os.Looper.loop:264
10-08 16:10:59.635 1551 1816 D BatteryLed: getLightInColorState, oppoLightMgr empty!
10-08 16:11:00.044 1551 1566 E OplusCustomizeRestrictionManagerService: isBiometricDisabled start
10-08 16:11:00.045 1551 4231 E OplusCustomizeRestrictionManagerService: isBiometricDisabled start
10-08 16:11:00.064 1551 1604 D DisplayPowerController: animateScreenBrightness = 390.0
10-08 16:11:00.068 1551 1904 D DisplayManagerService: requestGlobalDisplayStateInterna l111(ON, brightness=10.0)
10-08 16:11:00.068 1551 1904 D DisplayManagerService: requestGlobalDisplayState(ON, brightness=10.0)
10-08 16:11:00.068 1551 1904 E LightsService: baseSetLightLocked(0, 10, 0, 0)
10-08 16:11:00.068 1551 1904 V LightsService: setLight #0: color=#a: brightnessMode=0
10-08 16:11:00.072 1551 1904 D OppoBaseLightsService: notifyFlingerLight color=10code=21005
10-08 16:11:00.072 1551 1904 D OplusFeatureDCBacklight: notifySfRepaintEverything begin mCurrentDCMode:-1
10-08 16:11:00.078 1551 1566 I ColorZoomWindowRUSConfigManager: isEnabled mZoomSwitch = true
10-08 16:11:00.078 1551 4231 D ColorZoomWindowRUSConfigManager: isSupportZoomModeWithPolicyLocked: target = com.finshell.wallet/com.nearme.wallet.main.WalletIndexActivity
10-08 16:11:00.078 1551 4231 D ColorZoomWindowRUSConfigManager: targetPkg = com.finshell.wallet
10-08 16:11:00.078 1551 4231 I ColorZoomWindowRUSConfigManager: target pkg is unsupport zoom window mode
10-08 16:11:00.079 1551 4231 D ColorAppListInterceptManager: shouldFilterTask
10-08 16:11:00.079 1551 4231 D ColorAppListInterceptManager: shouldFilterTask::packageName = com.finshell.wallet
10-08 16:11:00.079 1551 4231 D ColorAppListInterceptManager: shouldFilterTask
10-08 16:11:00.079 1551 4231 D ColorAppListInterceptManager: shouldFilterTask::packageName = com.heytap.browser
10-08 16:11:00.079 1551 4231 D ColorAppListInterceptManager: shouldFilterTask
10-08 16:11:00.079 1551 4231 D ColorAppListInterceptManager: shouldFilterTask::packageName = com.android.mms
10-08 16:11:00.079 1551 4231 D ColorAppListInterceptManager: shouldFilterTask
10-08 16:11:00.079 1551 4231 D ColorAppListInterceptManager: shouldFilterTask::packageName = com.jlpay.merch
10-08 16:11:00.079 1551 4231 D ColorAppListInterceptManager: shouldFilterTask
10-08 16:11:00.079 1551 4231 D ColorAppListInterceptManager: shouldFilterTask::packageName = com.android.contacts
10-08 16:11:00.079 1551 4231 D ColorAppListInterceptManager: shouldFilterTask
10-08 16:11:00.079 1551 4231 D ColorAppListInterceptManager: shouldFilterTask::packageName = com.jlpay.merch
10-08 16:11:00.079 1551 4231 D ColorAppListInterceptManager: shouldFilterTask
10-08 16:11:00.079 1551 4231 D ColorAppListInterceptManager: shouldFilterTask::packageName = com.github.uiautomator
10-08 16:11:00.083 1551 1904 D DisplayManagerService: requestGlobalDisplayStateInterna l111(ON, brightness=36.0)
10-08 16:11:00.083 1551 1904 D DisplayManagerService: requestGlobalDisplayState(ON, brightness=36.0)
10-08 16:11:00.083 1551 1904 E LightsService: baseSetLightLocked(0, 36, 0, 0)
10-08 16:11:00.083 1551 1904 V LightsService: setLight #0: color=#24: brightnessMode=0
10-08 16:11:00.084 1551 1904 D OplusFeatureDCBacklight: notifySfRepaintEverything begin mCurrentDCMode:-1
10-08 16:11:00.090 1551 1566 V WindowManager: mIsWallpaper: setAlpha ok mShownAlpha = 0.98
10-08 16:11:00.095 1551 1828 E ORMS_CORE: Unsupported action!!!
10-08 16:11:00.099 1551 1904 D DisplayManagerService: requestGlobalDisplayStateInterna l111(ON, brightness=63.0)
10-08 16:11:00.099 1551 1904 D DisplayManagerService: requestGlobalDisplayState(ON, brightness=63.0)
10-08 16:11:00.099 1551 1904 E LightsService: baseSetLightLocked(0, 63, 0, 0)
10-08 16:11:00.099 1551 1904 V LightsService: setLight #0: color=#3f: brightnessMode=0
10-08 16:11:00.100 1551 1904 D OplusFeatureDCBacklight: notifySfRepaintEverything begin mCurrentDCMode:-1
10-08 16:11:00.101 1551 1551 D ColorInputMethodManagerServiceEx: onHandleImeWindowVisibleStatus handledVis: 0, switcher visible: 0, switcher active: 0, needsToShowImeSwitcher: false
10-08 16:11:00.116 1551 1904 D DisplayManagerService: requestGlobalDisplayStateInterna l111(ON, brightness=89.0)
10-08 16:11:00.116 1551 1904 D DisplayManagerService: requestGlobalDisplayState(ON, brightness=89.0)
10-08 16:11:00.116 1551 1904 E LightsService: baseSetLightLocked(0, 89, 0, 0)
10-08 16:11:00.116 1551 1904 V LightsService: setLight #0: color=#59: brightnessMode=0
10-08 16:11:00.117 1551 1904 D OplusFeatureDCBacklight: notifySfRepaintEverything begin mCurrentDCMode:-1
10-08 16:11:00.122 1551 1551 D ColorInputMethodManagerServiceEx: onHandleImeWindowVisibleStatus handledVis: 0, switcher visible: 0, switcher active: 0, needsToShowImeSwitcher: false
10-08 16:11:00.129 1551 2042 I WindowManager: Relayout Window{ca2495 u0 com.oppo.launcher/com.oppo.launcher.Launcher}: oldVis=8 newVis=0 focusMayChange = true
10-08 16:11:00.132 1551 1904 D DisplayManagerService: requestGlobalDisplayStateInterna l111(ON, brightness=115.0)
10-08 16:11:00.132 1551 1904 D DisplayManagerService: requestGlobalDisplayState(ON, brightness=115.0)
10-08 16:11:00.132 1551 1904 E LightsService: baseSetLightLocked(0, 115, 0, 0)
10-08 16:11:00.132 1551 1904 V LightsService: setLight #0: color=#73: brightnessMode=0
10-08 16:11:00.133 1551 1904 D OplusFeatureDCBacklight: notifySfRepaintEverything begin mCurrentDCMode:-1
10-08 16:11:00.134 1551 2042 W WindowManager: Changing focus fromWindow{27b0d1a u0 com.finshell.wallet/com.megvii.idcardlib.IDCardScanActivity} to null displayId=0 Callers=com.android.server.wm.RootWindowContainer.updateFocusedWindowLocked:509 com.android.server.wm.WindowManagerService.updateFocusedWindowLocked:6073 com.android.server.wm.WindowManagerService.relayoutWindow:2717 com.android.server.wm.Session.relayout:229
10-08 16:11:00.149 1551 1904 D DisplayManagerService: requestGlobalDisplayStateInterna l111(ON, brightness=142.0)
10-08 16:11:00.149 1551 1904 D DisplayManagerService: requestGlobalDisplayState(ON, brightness=142.0)
10-08 16:11:00.149 1551 1904 E LightsService: baseSetLightLocked(0, 142, 0, 0)
10-08 16:11:00.149 1551 1904 V LightsService: setLight #0: color=#8e: brightnessMode=0
10-08 16:11:00.166 1551 1904 D DisplayManagerService: requestGlobalDisplayStateInterna l111(ON, brightness=168.0)
10-08 16:11:00.166 1551 1904 D DisplayManagerService: requestGlobalDisplayState(ON, brightness=168.0)
10-08 16:11:00.166 1551 1904 E LightsService: baseSetLightLocked(0, 168, 0, 0)
10-08 16:11:00.166 1551 1904 V LightsService: setLight #0: color=#a8: brightnessMode=0
10-08 16:11:00.181 1551 1904 D DisplayManagerService: requestGlobalDisplayStateInterna l111(ON, brightness=195.0)
10-08 16:11:00.182 1551 1904 D DisplayManagerService: requestGlobalDisplayState(ON, brightness=195.0)
10-08 16:11:00.182 1551 1904 E LightsService: baseSetLightLocked(0, 195, 0, 0)
10-08 16:11:00.182 1551 1904 V LightsService: setLight #0: color=#c3: brightnessMode=0
10-08 16:11:00.199 1551 1904 D DisplayManagerService: requestGlobalDisplayStateInterna l111(ON, brightness=221.0)
10-08 16:11:00.200 1551 1904 D DisplayManagerService: requestGlobalDisplayState(ON, brightness=221.0)
10-08 16:11:00.201 1551 1904 D ScreenMode: enter DC and low brightness mode:false
10-08 16:11:00.201 1551 1904 E LightsService: baseSetLightLocked(0, 221, 0, 0)
10-08 16:11:00.201 1551 1904 V LightsService: setLight #0: color=#dd: brightnessMode=0
10-08 16:11:00.204 1551 1904 D OppoBaseLightsService: notifyFlingerLight color=221code=21005
10-08 16:11:00.215 1551 1904 D DisplayManagerService: requestGlobalDisplayStateInterna l111(ON, brightness=247.0)
10-08 16:11:00.215 1551 1904 D DisplayManagerService: requestGlobalDisplayState(ON, brightness=247.0)
10-08 16:11:00.215 1551 1904 E LightsService: baseSetLightLocked(0, 247, 0, 0)
10-08 16:11:00.215 1551 1904 V LightsService: setLight #0: color=#f7: brightnessMode=0
10-08 16:11:00.232 1551 1904 D DisplayManagerService: requestGlobalDisplayStateInterna l111(ON, brightness=274.0)
10-08 16:11:00.232 1551 1904 D DisplayManagerService: requestGlobalDisplayState(ON, brightness=274.0)
10-08 16:11:00.232 1551 1904 E LightsService: baseSetLightLocked(0, 274, 0, 0)
10-08 16:11:00.232 1551 1904 V LightsService: setLight #0: color=#112: brightnessMode=0
10-08 16:11:00.251 1551 1904 D DisplayManagerService: requestGlobalDisplayStateInterna l111(ON, brightness=300.0)
10-08 16:11:00.251 1551 1904 D DisplayManagerService: requestGlobalDisplayState(ON, brightness=300.0)
10-08 16:11:00.251 1551 1904 E LightsService: baseSetLightLocked(0, 300, 0, 0)
10-08 16:11:00.251 1551 1904 V LightsService: setLight #0: color=#12c: brightnessMode=0
10-08 16:11:00.265 1551 1904 D DisplayManagerService: requestGlobalDisplayStateInterna l111(ON, brightness=327.0)
10-08 16:11:00.265 1551 1904 D DisplayManagerService: requestGlobalDisplayState(ON, brightness=327.0)
10-08 16:11:00.265 1551 1904 E LightsService: baseSetLightLocked(0, 327, 0, 0)
10-08 16:11:00.265 1551 1904 V LightsService: setLight #0: color=#147: brightnessMode=0
10-08 16:11:00.280 1551 1904 D DisplayManagerService: requestGlobalDisplayStateInterna l111(ON, brightness=353.0)
10-08 16:11:00.280 1551 1904 D DisplayManagerService: requestGlobalDisplayState(ON, brightness=353.0)
10-08 16:11:00.281 1551 1904 E LightsService: baseSetLightLocked(0, 353, 0, 0)
10-08 16:11:00.281 1551 1904 V LightsService: setLight #0: color=#161: brightnessMode=0
10-08 16:11:00.297 1551 1577 V OppoBaseWatchdog: @WatchDog_ error e: java.io.FileNotFoundException: /d/wakeup_sources: open failed: ENOENT (No such file or directory)
10-08 16:11:00.299 1551 1904 D DisplayManagerService: requestGlobalDisplayStateInterna l111(ON, brightness=380.0)
10-08 16:11:00.299 1551 1904 D DisplayManagerService: requestGlobalDisplayState(ON, brightness=380.0)
10-08 16:11:00.299 1551 1904 E LightsService: baseSetLightLocked(0, 380, 0, 0)
10-08 16:11:00.299 1551 1904 V LightsService: setLight #0: color=#17c: brightnessMode=0
10-08 16:11:00.312 1551 1904 D DisplayManagerService: requestGlobalDisplayStateInterna l111(ON, brightness=390.0)
10-08 16:11:00.313 1551 1904 D DisplayManagerService: requestGlobalDisplayState(ON, brightness=390.0)
10-08 16:11:00.313 1551 1904 E LightsService: baseSetLightLocked(0, 390, 0, 0)
10-08 16:11:00.313 1551 1904 V LightsService: setLight #0: color=#186: brightnessMode=0
10-08 16:11:00.313 1551 1604 D DisplayPowerController: animateScreenBrightness = 390.0
10-08 16:11:00.749 1551 4159 W WindowManager: Changing focus fromnull to Window{ca2495 u0 com.oppo.launcher/com.oppo.launcher.Launcher} displayId=0 Callers=com.android.server.wm.RootWindowContainer.updateFocusedWindowLocked:509 com.android.server.wm.WindowManagerService.updateFocusedWindowLocked:6073 com.android.server.wm.DisplayContent.layoutAndAssignWindowLayersIfNeeded:3600 com.android.server.wm.ActivityStack.positionChildAtTop:3564
10-08 16:11:00.765 1551 4159 V ColorZoomWindowManagerService: onAnimationFinished: r = ActivityRecord{c3b4acf u0 com.finshell.wallet/com.nearme.wallet.web.LoadingWebActivity t15113}
10-08 16:11:00.765 1551 4159 I OplusMirageDisplayManagerService: onAnimationFinished:
10-08 16:11:00.765 1551 4159 V ColorZoomWindowManagerService: onAnimationFinished: r = ActivityRecord{ce4812a u0 com.finshell.wallet/com.nearme.livingauth.megvii.LivingActivity t15113}
10-08 16:11:00.765 1551 4159 I OplusMirageDisplayManagerService: onAnimationFinished:
10-08 16:11:00.765 1551 4159 V ColorZoomWindowManagerService: onAnimationFinished: r = ActivityRecord{d51b0ae u0 com.finshell.wallet/com.megvii.idcardlib.IDCardScanActivity t15113}
10-08 16:11:00.765 1551 4159 I OplusMirageDisplayManagerService: onAnimationFinished:
10-08 16:11:00.765 1551 4159 I ColorAppSwitchManagerService: handleAppVisible , r = ActivityRecord{f816897 u0 com.oppo.launcher/.Launcher t2}
10-08 16:11:00.771 1551 1574 E OppoThermalStats: Error getting package info: com.oppo.launcher
10-08 16:11:00.772 1551 4231 I ActivityTaskManager: perfNotifyAppState TopResumedActivityChanged ActivityRecord{f816897 u0 com.oppo.launcher/.Launcher t2}
10-08 16:11:00.782 1551 1566 I ActivityTaskManager: perfNotifyAppState STOP ActivityRecord{c3b4acf u0 com.finshell.wallet/com.nearme.wallet.web.LoadingWebActivity t15113}
10-08 16:11:00.783 1551 1566 I ActivityTaskManager: perfNotifyAppState STOP ActivityRecord{ce4812a u0 com.finshell.wallet/com.nearme.livingauth.megvii.LivingActivity t15113}
10-08 16:11:00.785 1551 1566 I ActivityTaskManager: perfNotifyAppState STOP ActivityRecord{d51b0ae u0 com.finshell.wallet/com.megvii.idcardlib.IDCardScanActivity t15113}
10-08 16:11:00.786 1551 1574 D OomAdjuster: TOP_APP is ProcessRecord{53c1baa 2509:com.oppo.launcher/u0a62} uid is 10062
10-08 16:11:00.801 1551 2429 D OppoBasePowerManagerService: do restore jobs
10-08 16:11:00.801 1551 2429 I chatty : uid=1000(system) HansManagerHand identical 4 lines
10-08 16:11:00.801 1551 2429 D OppoBasePowerManagerService: do restore jobs
10-08 16:11:00.801 1551 4231 D ColorInputMethodManagerServiceEx: onHandleImeWindowVisibleStatus handledVis: 0, switcher visible: 0, switcher active: 0, needsToShowImeSwitcher: false
10-08 16:11:00.802 1551 4231 I chatty : uid=1000(system) Binder:1551_20 identical 1 line
10-08 16:11:00.832 1551 4231 D ColorInputMethodManagerServiceEx: onHandleImeWindowVisibleStatus handledVis: 0, switcher visible: 0, switcher active: 0, needsToShowImeSwitcher: false
10-08 16:11:00.883 1551 4231 E ORMS_Platform : OplusResourceManagerPlatformUtils: readFile function exception:/d/ged/hal/gpu_utilization: open failed: ENOENT (No such file or directory)
10-08 16:11:00.890 1551 4169 D ColorAppListInterceptManager: shouldFilterTask
10-08 16:11:00.890 1551 4169 D ColorAppListInterceptManager: shouldFilterTask::packageName = com.finshell.wallet
10-08 16:11:00.890 1551 4169 D ColorAppListInterceptManager: shouldFilterTask
10-08 16:11:00.890 1551 4169 D ColorAppListInterceptManager: shouldFilterTask::packageName = com.heytap.browser
10-08 16:11:00.917 1551 4169 E ORMS_Platform : OplusResourceManagerPlatformUtils: readFile function exception:/d/ged/hal/gpu_utilization: open failed: ENOENT (No such file or directory)
10-08 16:11:01.618 1551 1814 W ActivityManager: Unable to start service Intent { cmp=com.android.mms/com.oppo.push.UpdateServiceNumberJobService (has extras) } U=0: not found
10-08 16:11:01.618 1551 1814 D JobScheduler: Error executing JobStatus{79ef9c1 #u0a61/110 com.android.mms/com.oppo.push.UpdateServiceNumberJobService u=0 s=10061 TIME=-5h56m18s514ms:-5h56m18s514ms PERIODIC PERSISTED READY}
10-08 16:11:01.618 1551 1814 W ActivityManager: Unable to start service Intent { cmp=com.coloros.deepthinker/com.coloros.proton.learn.schedule.TrainJobService (has extras) } U=0: not found
10-08 16:11:01.619 1551 1814 D JobScheduler: Error executing JobStatus{c2fdf84 #1000/648162385 com.coloros.deepthinker/com.coloros.proton.learn.schedule.TrainJobService u=0 s=1000 TIME=-5h56m18s514ms:-5h56m18s514ms PERSISTED READY}
10-08 16:11:02.774 1551 2570 I ColorGameSpaceManager: in handleApplicationSwitchInner ---- gamemode = 0 ----mModeStatus = 0
10-08 16:11:05.722 1551 1551 D OppoBaseBatteryService: send broadcast : oppo.intent.action.BATTERY_DATA_UPDATE
10-08 16:11:05.722 1551 1816 D BatteryLed: getLightInColorState, oppoLightMgr empty!
10-08 16:11:05.723 1551 1551 W ContextImpl: Calling a method in the system process without a qualified user: android.app.ContextImpl.sendBroadcast:1158 com.android.server.OppoBaseBatteryService$2.run:280 android.os.Handler.handleCallback:938 android.os.Handler.dispatchMessage:99 android.os.Looper.loop:264
10-08 16:11:05.956 1551 1822 D JobScheduler.Temperature: get temperature=32.012
10-08 16:11:06.226 1551 1814 W ActivityManager: Unable to start service Intent { cmp=com.android.mms/com.oppo.push.UpdateServiceNumberJobService (has extras) } U=0: not found
10-08 16:11:06.227 1551 1814 D JobScheduler: Error executing JobStatus{79ef9c1 #u0a61/110 com.android.mms/com.oppo.push.UpdateServiceNumberJobService u=0 s=10061 TIME=-5h56m23s123ms:-5h56m23s123ms PERIODIC PERSISTED READY}
10-08 16:11:06.228 1551 1814 W ActivityManager: Unable to start service Intent { cmp=com.coloros.deepthinker/com.coloros.proton.learn.schedule.TrainJobService (has extras) } U=0: not found
10-08 16:11:06.228 1551 1814 D JobScheduler: Error executing JobStatus{c2fdf84 #1000/648162385 com.coloros.deepthinker/com.coloros.proton.learn.schedule.TrainJobService u=0 s=1000 TIME=-5h56m23s124ms:-5h56m23s124ms PERSISTED READY}
10-08 16:11:08.225 1551 1814 W ActivityManager: Unable to start service Intent { cmp=com.android.mms/com.oppo.push.UpdateServiceNumberJobService (has extras) } U=0: not found
10-08 16:11:08.225 1551 1814 D JobScheduler: Error executing JobStatus{79ef9c1 #u0a61/110 com.android.mms/com.oppo.push.UpdateServiceNumberJobService u=0 s=10061 TIME=-5h56m25s121ms:-5h56m25s121ms PERIODIC PERSISTED READY}
10-08 16:11:08.225 1551 1814 W ActivityManager: Unable to start service Intent { cmp=com.coloros.deepthinker/com.coloros.proton.learn.schedule.TrainJobService (has extras) } U=0: not found
10-08 16:11:08.225 1551 1814 D JobScheduler: Error executing JobStatus{c2fdf84 #1000/648162385 com.coloros.deepthinker/com.coloros.proton.learn.schedule.TrainJobService u=0 s=1000 TIME=-5h56m25s121ms:-5h56m25s121ms PERSISTED READY}
10-08 16:11:10.117 1551 1814 W ActivityManager: Unable to start service Intent { cmp=com.android.mms/com.oppo.push.UpdateServiceNumberJobService (has extras) } U=0: not found
10-08 16:11:10.117 1551 1814 D JobScheduler: Error executing JobStatus{79ef9c1 #u0a61/110 com.android.mms/com.oppo.push.UpdateServiceNumberJobService u=0 s=10061 TIME=-5h56m27s14ms:-5h56m27s14ms PERIODIC PERSISTED READY}
10-08 16:11:10.118 1551 1814 W ActivityManager: Unable to start service Intent { cmp=com.coloros.deepthinker/com.coloros.proton.learn.schedule.TrainJobService (has extras) } U=0: not found
10-08 16:11:10.118 1551 1814 D JobScheduler: Error executing JobStatus{c2fdf84 #1000/648162385 com.coloros.deepthinker/com.coloros.proton.learn.schedule.TrainJobService u=0 s=1000 TIME=-5h56m27s14ms:-5h56m27s14ms PERSISTED READY}
10-08 16:11:11.263 1551 1821 W ContextImpl: Calling a method in the system process without a qualified user: android.app.ContextImpl.sendBroadcast:1143 com.android.server.job.controllers.OppoCpuController.notifyHighCpuEventForApp:400 com.android.server.job.controllers.OppoCpuController.handleCpuUpdate:346 com.android.server.job.controllers.OppoCpuController.access$1000:60 com.android.server.job.controllers.OppoCpuController$CpuTrackerHandler.handleMessage:270
10-08 16:11:11.610 1551 1816 D BatteryLed: getLightInColorState, oppoLightMgr empty!
10-08 16:11:11.818 1551 1598 D OppoThermalStats: REPORT_UPDATE_CPU -> phoneTemp:320 preHeatThreshold:400
10-08 16:11:12.169 1551 1604 D DisplayPowerController: animateScreenBrightness = 7.0
10-08 16:11:12.189 1551 1904 D DisplayManagerService: requestGlobalDisplayStateInterna l111(ON, brightness=370.0)
10-08 16:11:12.189 1551 1904 D DisplayManagerService: requestGlobalDisplayState(ON, brightness=370.0)
10-08 16:11:12.189 1551 1904 E LightsService: baseSetLightLocked(0, 370, 0, 0)
10-08 16:11:12.189 1551 1904 V LightsService: setLight #0: color=#172: brightnessMode=0
10-08 16:11:12.206 1551 1904 D DisplayManagerService: requestGlobalDisplayStateInterna l111(ON, brightness=350.0)
10-08 16:11:12.206 1551 1904 D DisplayManagerService: requestGlobalDisplayState(ON, brightness=350.0)
10-08 16:11:12.206 1551 1904 E LightsService: baseSetLightLocked(0, 350, 0, 0)
10-08 16:11:12.206 1551 1904 V LightsService: setLight #0: color=#15e: brightnessMode=0
10-08 16:11:12.232 1551 1904 D DisplayManagerService: requestGlobalDisplayStateInterna l111(ON, brightness=330.0)
10-08 16:11:12.232 1551 1904 D DisplayManagerService: requestGlobalDisplayState(ON, brightness=330.0)
10-08 16:11:12.232 1551 1904 E LightsService: baseSetLightLocked(0, 330, 0, 0)
10-08 16:11:12.232 1551 1904 V LightsService: setLight #0: color=#14a: brightnessMode=0
10-08 16:11:12.249 1551 1904 D DisplayManagerService: requestGlobalDisplayStateInterna l111(ON, brightness=310.0)
10-08 16:11:12.249 1551 1904 D DisplayManagerService: requestGlobalDisplayState(ON, brightness=310.0)
10-08 16:11:12.249 1551 1904 E LightsService: baseSetLightLocked(0, 310, 0, 0)
10-08 16:11:12.249 1551 1904 V LightsService: setLight #0: color=#136: brightnessMode=0
10-08 16:11:12.264 1551 1904 D DisplayManagerService: requestGlobalDisplayStateInterna l111(ON, brightness=290.0)
10-08 16:11:12.265 1551 1904 D DisplayManagerService: requestGlobalDisplayState(ON, brightness=290.0)
10-08 16:11:12.265 1551 1904 E LightsService: baseSetLightLocked(0, 290, 0, 0)
10-08 16:11:12.265 1551 1904 V LightsService: setLight #0: color=#122: brightnessMode=0
10-08 16:11:12.281 1551 1904 D DisplayManagerService: requestGlobalDisplayStateInterna l111(ON, brightness=270.0)
10-08 16:11:12.281 1551 1904 D DisplayManagerService: requestGlobalDisplayState(ON, brightness=270.0)
10-08 16:11:12.281 1551 1904 E LightsService: baseSetLightLocked(0, 270, 0, 0)
10-08 16:11:12.281 1551 1904 V LightsService: setLight #0: color=#10e: brightnessMode=0
10-08 16:11:12.297 1551 1904 D DisplayManagerService: requestGlobalDisplayStateInterna l111(ON, brightness=250.0)
10-08 16:11:12.297 1551 1904 D DisplayManagerService: requestGlobalDisplayState(ON, brightness=250.0)
10-08 16:11:12.297 1551 1904 E LightsService: baseSetLightLocked(0, 250, 0, 0)
10-08 16:11:12.298 1551 1904 V LightsService: setLight #0: color=#fa: brightnessMode=0
10-08 16:11:12.314 1551 1904 D DisplayManagerService: requestGlobalDisplayStateInterna l111(ON, brightness=230.0)
10-08 16:11:12.314 1551 1904 D DisplayManagerService: requestGlobalDisplayState(ON, brightness=230.0)
10-08 16:11:12.314 1551 1904 E LightsService: baseSetLightLocked(0, 230, 0, 0)
10-08 16:11:12.314 1551 1904 V LightsService: setLight #0: color=#e6: brightnessMode=0
10-08 16:11:12.330 1551 1904 D DisplayManagerService: requestGlobalDisplayStateInterna l111(ON, brightness=210.0)
10-08 16:11:12.330 1551 1904 D DisplayManagerService: requestGlobalDisplayState(ON, brightness=210.0)
10-08 16:11:12.330 1551 1904 E LightsService: baseSetLightLocked(0, 210, 0, 0)
10-08 16:11:12.330 1551 1904 V LightsService: setLight #0: color=#d2: brightnessMode=0
10-08 16:11:12.346 1551 1904 D DisplayManagerService: requestGlobalDisplayStateInterna l111(ON, brightness=190.0)
10-08 16:11:12.347 1551 1904 D DisplayManagerService: requestGlobalDisplayState(ON, brightness=190.0)
10-08 16:11:12.347 1551 1904 D ScreenMode: enter DC and low brightness mode:true
10-08 16:11:12.347 1551 1904 E LightsService: baseSetLightLocked(0, 190, 0, 0)
10-08 16:11:12.347 1551 1904 V LightsService: setLight #0: color=#be: brightnessMode=0
10-08 16:11:12.348 1551 1904 D OppoBaseLightsService: notifyFlingerLight color=190code=21005
10-08 16:11:12.363 1551 1904 D DisplayManagerService: requestGlobalDisplayStateInterna l111(ON, brightness=170.0)
10-08 16:11:12.363 1551 1904 D DisplayManagerService: requestGlobalDisplayState(ON, brightness=170.0)
10-08 16:11:12.363 1551 1904 E LightsService: baseSetLightLocked(0, 170, 0, 0)
10-08 16:11:12.363 1551 1904 V LightsService: setLight #0: color=#aa: brightnessMode=0
10-08 16:11:12.379 1551 1904 D DisplayManagerService: requestGlobalDisplayStateInterna l111(ON, brightness=150.0)
10-08 16:11:12.380 1551 1904 D DisplayManagerService: requestGlobalDisplayState(ON, brightness=150.0)
10-08 16:11:12.380 1551 1904 E LightsService: baseSetLightLocked(0, 150, 0, 0)
10-08 16:11:12.380 1551 1904 V LightsService: setLight #0: color=#96: brightnessMode=0
10-08 16:11:12.396 1551 1904 D DisplayManagerService: requestGlobalDisplayStateInterna l111(ON, brightness=130.0)
10-08 16:11:12.396 1551 1904 D DisplayManagerService: requestGlobalDisplayState(ON, brightness=130.0)
10-08 16:11:12.396 1551 1904 E LightsService: baseSetLightLocked(0, 130, 0, 0)
10-08 16:11:12.396 1551 1904 V LightsService: setLight #0: color=#82: brightnessMode=0
10-08 16:11:12.412 1551 1904 D DisplayManagerService: requestGlobalDisplayStateInterna l111(ON, brightness=110.0)
10-08 16:11:12.412 1551 1904 D DisplayManagerService: requestGlobalDisplayState(ON, brightness=110.0)
10-08 16:11:12.412 1551 1904 E LightsService: baseSetLightLocked(0, 110, 0, 0)
10-08 16:11:12.412 1551 1904 V LightsService: setLight #0: color=#6e: brightnessMode=0
10-08 16:11:12.413 1551 1904 D OplusFeatureDCBacklight: notifySfRepaintEverything begin mCurrentDCMode:-1
10-08 16:11:12.429 1551 1904 D DisplayManagerService: requestGlobalDisplayStateInterna l111(ON, brightness=90.0)
10-08 16:11:12.429 1551 1904 D DisplayManagerService: requestGlobalDisplayState(ON, brightness=90.0)
10-08 16:11:12.429 1551 1904 E LightsService: baseSetLightLocked(0, 90, 0, 0)
10-08 16:11:12.429 1551 1904 V LightsService: setLight #0: color=#5a: brightnessMode=0
10-08 16:11:12.431 1551 1904 D OplusFeatureDCBacklight: notifySfRepaintEverything begin mCurrentDCMode:-1
10-08 16:11:12.445 1551 1904 D DisplayManagerService: requestGlobalDisplayStateInterna l111(ON, brightness=70.0)
10-08 16:11:12.445 1551 1904 D DisplayManagerService: requestGlobalDisplayState(ON, brightness=70.0)
10-08 16:11:12.445 1551 1904 E LightsService: baseSetLightLocked(0, 70, 0, 0)
10-08 16:11:12.445 1551 1904 V LightsService: setLight #0: color=#46: brightnessMode=0
10-08 16:11:12.446 1551 1904 D OplusFeatureDCBacklight: notifySfRepaintEverything begin mCurrentDCMode:-1
10-08 16:11:12.462 1551 1904 D DisplayManagerService: requestGlobalDisplayStateInterna l111(ON, brightness=50.0)
10-08 16:11:12.462 1551 1904 D DisplayManagerService: requestGlobalDisplayState(ON, brightness=50.0)
10-08 16:11:12.462 1551 1904 E LightsService: baseSetLightLocked(0, 50, 0, 0)
10-08 16:11:12.462 1551 1904 V LightsService: setLight #0: color=#32: brightnessMode=0
10-08 16:11:12.463 1551 1904 D OplusFeatureDCBacklight: notifySfRepaintEverything begin mCurrentDCMode:-1
10-08 16:11:12.478 1551 1904 D DisplayManagerService: requestGlobalDisplayStateInterna l111(ON, brightness=30.0)
10-08 16:11:12.478 1551 1904 D DisplayManagerService: requestGlobalDisplayState(ON, brightness=30.0)
10-08 16:11:12.478 1551 1904 E LightsService: baseSetLightLocked(0, 30, 0, 0)
10-08 16:11:12.478 1551 1904 V LightsService: setLight #0: color=#1e: brightnessMode=0
10-08 16:11:12.479 1551 1904 D OplusFeatureDCBacklight: notifySfRepaintEverything begin mCurrentDCMode:-1
10-08 16:11:12.494 1551 1904 D DisplayManagerService: requestGlobalDisplayStateInterna l111(ON, brightness=10.0)
10-08 16:11:12.495 1551 1904 D DisplayManagerService: requestGlobalDisplayState(ON, brightness=10.0)
10-08 16:11:12.495 1551 1904 E LightsService: baseSetLightLocked(0, 10, 0, 0)
10-08 16:11:12.495 1551 1904 V LightsService: setLight #0: color=#a: brightnessMode=0
10-08 16:11:12.495 1551 1904 D OppoBaseLightsService: notifyFlingerLight color=10code=21005
10-08 16:11:12.496 1551 1904 D OplusFeatureDCBacklight: notifySfRepaintEverything begin mCurrentDCMode:-1
10-08 16:11:12.511 1551 1904 D DisplayManagerService: requestGlobalDisplayStateInterna l111(ON, brightness=7.0)
10-08 16:11:12.511 1551 1604 D DisplayPowerController: animateScreenBrightness = 7.0
10-08 16:11:12.511 1551 1904 D DisplayManagerService: requestGlobalDisplayState(ON, brightness=7.0)
10-08 16:11:12.511 1551 1904 E LightsService: baseSetLightLocked(0, 7, 0, 0)
10-08 16:11:12.511 1551 1904 V LightsService: setLight #0: color=#7: brightnessMode=0
10-08 16:11:12.512 1551 1904 D OppoBaseLightsService: notifyFlingerLight color=7code=21005
10-08 16:11:12.512 1551 1904 D OplusFeatureDCBacklight: notifySfRepaintEverything begin mCurrentDCMode:-1
10-08 16:11:15.539 1551 1922 D OppoNwPowerService: Close socket:[11253] succeeded
10-08 16:11:15.539 1551 1922 D OppoNwPowerService: Set initiative fin rst for uid:11253
10-08 16:11:15.539 1551 1921 D NwPowerNetworkMonitor: Rst[0] { stamp=1633680675539 uid=11253 package=com.jlp********}
10-08 16:11:15.964 1551 1822 D JobScheduler.Temperature: get temperature=32.301
10-08 16:11:16.248 1551 2569 W ContextImpl: Calling a method in the system process without a qualified user: android.app.ContextImpl.startService:1701 com.oplus.util.OplusStatisticsImpl.startService:216 com.oplus.util.OplusStatisticsImpl.sendDataToDCS:192 com.oplus.util.OplusStatisticsImpl.onCommonSync:84 com.oplus.util.OplusStatisticsImpl$1.run:124
10-08 16:11:16.441 1551 4159 D ColorAppListInterceptManager: shouldFilterTask
10-08 16:11:16.441 1551 4159 D ColorAppListInterceptManager: shouldFilterTask::packageName = com.finshell.wallet
10-08 16:11:16.441 1551 4159 D ColorAppListInterceptManager: shouldFilterTask
10-08 16:11:16.441 1551 4159 D ColorAppListInterceptManager: shouldFilterTask::packageName = com.heytap.browser
10-08 16:11:17.810 1551 1816 D BatteryLed: getLightInColorState, oppoLightMgr empty!
10-08 16:11:20.489 1551 1604 D DisplayPowerController: animateScreenBrightness = 390.0
10-08 16:11:20.489 2509 2509 D ViewRootImpl: enqueueInputEventMotionEvent { action=ACTION_DOWN, actionButton=0, id[0]=0, x[0]=1014.0, y[0]=150.0, toolType[0]=TOOL_TYPE_FINGER, buttonState=0, classification=NONE, metaState=0, flags=0x0, edgeFlags=0x0, pointerCount=1, historySize=0, eventTime=9989821, downTime=9989820, deviceId=4, source=0x1002, displayId=0 }
10-08 16:11:20.506 1551 1904 D DisplayManagerService: requestGlobalDisplayStateInterna l111(ON, brightness=33.0)
10-08 16:11:20.506 1551 1904 D DisplayManagerService: requestGlobalDisplayState(ON, brightness=33.0)
10-08 16:11:20.507 1551 1904 E LightsService: baseSetLightLocked(0, 33, 0, 0)
10-08 16:11:20.507 1551 1904 V LightsService: setLight #0: color=#21: brightnessMode=0
10-08 16:11:20.508 1551 1904 D OplusFeatureDCBacklight: notifySfRepaintEverything begin mCurrentDCMode:-1
10-08 16:11:20.522 1551 1904 D DisplayManagerService: requestGlobalDisplayStateInterna l111(ON, brightness=59.0)
10-08 16:11:20.522 1551 1904 D DisplayManagerService: requestGlobalDisplayState(ON, brightness=59.0)
10-08 16:11:20.522 1551 1904 E LightsService: baseSetLightLocked(0, 59, 0, 0)
10-08 16:11:20.522 1551 1904 V LightsService: setLight #0: color=#3b: brightnessMode=0
10-08 16:11:20.523 1551 1904 D OplusFeatureDCBacklight: notifySfRepaintEverything begin mCurrentDCMode:-1
10-08 16:11:20.539 1551 1904 D DisplayManagerService: requestGlobalDisplayStateInterna l111(ON, brightness=86.0)
10-08 16:11:20.539 1551 1904 D DisplayManagerService: requestGlobalDisplayState(ON, brightness=86.0)
10-08 16:11:20.539 1551 1904 E LightsService: baseSetLightLocked(0, 86, 0, 0)
10-08 16:11:20.539 1551 1904 V LightsService: setLight #0: color=#56: brightnessMode=0
10-08 16:11:20.539 1551 1904 D OplusFeatureDCBacklight: notifySfRepaintEverything begin mCurrentDCMode:-1
10-08 16:11:20.555 1551 1904 D DisplayManagerService: requestGlobalDisplayStateInterna l111(ON, brightness=112.0)
10-08 16:11:20.555 1551 1904 D DisplayManagerService: requestGlobalDisplayState(ON, brightness=112.0)
10-08 16:11:20.555 1551 1904 E LightsService: baseSetLightLocked(0, 112, 0, 0)
10-08 16:11:20.555 1551 1904 V LightsService: setLight #0: color=#70: brightnessMode=0
10-08 16:11:20.556 1551 1904 D OplusFeatureDCBacklight: notifySfRepaintEverything begin mCurrentDCMode:-1
10-08 16:11:20.571 1551 1904 D DisplayManagerService: requestGlobalDisplayStateInterna l111(ON, brightness=138.0)
10-08 16:11:20.572 1551 1904 D DisplayManagerService: requestGlobalDisplayState(ON, brightness=138.0)
10-08 16:11:20.572 1551 1904 E LightsService: baseSetLightLocked(0, 138, 0, 0)
10-08 16:11:20.572 1551 1904 V LightsService: setLight #0: color=#8a: brightnessMode=0
10-08 16:11:20.588 1551 1904 D DisplayManagerService: requestGlobalDisplayStateInterna l111(ON, brightness=165.0)
10-08 16:11:20.588 1551 1904 D DisplayManagerService: requestGlobalDisplayState(ON, brightness=165.0)
10-08 16:11:20.588 1551 1904 E LightsService: baseSetLightLocked(0, 165, 0, 0)
10-08 16:11:20.588 1551 1904 V LightsService: setLight #0: color=#a5: brightnessMode=0
10-08 16:11:20.604 1551 1904 D DisplayManagerService: requestGlobalDisplayStateInterna l111(ON, brightness=191.0)
10-08 16:11:20.604 1551 1904 D DisplayManagerService: requestGlobalDisplayState(ON, brightness=191.0)
10-08 16:11:20.604 1551 1904 E LightsService: baseSetLightLocked(0, 191, 0, 0)
10-08 16:11:20.604 1551 1904 V LightsService: setLight #0: color=#bf: brightnessMode=0
10-08 16:11:20.621 1551 1904 D DisplayManagerService: requestGlobalDisplayStateInterna l111(ON, brightness=218.0)
10-08 16:11:20.621 1551 1904 D DisplayManagerService: requestGlobalDisplayState(ON, brightness=218.0)
10-08 16:11:20.621 1551 1904 D ScreenMode: enter DC and low brightness mode:false
10-08 16:11:20.621 1551 1904 E LightsService: baseSetLightLocked(0, 218, 0, 0)
10-08 16:11:20.621 1551 1904 V LightsService: setLight #0: color=#da: brightnessMode=0
10-08 16:11:20.622 1551 1904 D OppoBaseLightsService: notifyFlingerLight color=218code=21005
10-08 16:11:20.637 1551 1904 D DisplayManagerService: requestGlobalDisplayStateInterna l111(ON, brightness=244.0)
10-08 16:11:20.637 1551 1904 D DisplayManagerService: requestGlobalDisplayState(ON, brightness=244.0)
10-08 16:11:20.637 1551 1904 E LightsService: baseSetLightLocked(0, 244, 0, 0)
10-08 16:11:20.637 1551 1904 V LightsService: setLight #0: color=#f4: brightnessMode=0
10-08 16:11:20.654 1551 1904 D DisplayManagerService: requestGlobalDisplayStateInterna l111(ON, brightness=270.0)
10-08 16:11:20.654 1551 1904 D DisplayManagerService: requestGlobalDisplayState(ON, brightness=270.0)
10-08 16:11:20.654 1551 1904 E LightsService: baseSetLightLocked(0, 270, 0, 0)
10-08 16:11:20.654 1551 1904 V LightsService: setLight #0: color=#10e: brightnessMode=0
10-08 16:11:20.670 1551 1904 D DisplayManagerService: requestGlobalDisplayStateInterna l111(ON, brightness=297.0)
10-08 16:11:20.670 1551 1904 D DisplayManagerService: requestGlobalDisplayState(ON, brightness=297.0)
10-08 16:11:20.670 1551 1904 E LightsService: baseSetLightLocked(0, 297, 0, 0)
10-08 16:11:20.670 1551 1904 V LightsService: setLight #0: color=#129: brightnessMode=0
10-08 16:11:20.687 1551 1904 D DisplayManagerService: requestGlobalDisplayStateInterna l111(ON, brightness=323.0)
10-08 16:11:20.687 1551 1904 D DisplayManagerService: requestGlobalDisplayState(ON, brightness=323.0)
10-08 16:11:20.687 1551 1904 E LightsService: baseSetLightLocked(0, 323, 0, 0)
10-08 16:11:20.687 1551 1904 V LightsService: setLight #0: color=#143: brightnessMode=0
10-08 16:11:20.703 1551 1904 D DisplayManagerService: requestGlobalDisplayStateInterna l111(ON, brightness=350.0)
10-08 16:11:20.703 1551 1904 D DisplayManagerService: requestGlobalDisplayState(ON, brightness=350.0)
10-08 16:11:20.703 1551 1904 E LightsService: baseSetLightLocked(0, 350, 0, 0)
10-08 16:11:20.703 1551 1904 V LightsService: setLight #0: color=#15e: brightnessMode=0
10-08 16:11:20.720 1551 1904 D DisplayManagerService: requestGlobalDisplayStateInterna l111(ON, brightness=376.0)
10-08 16:11:20.720 1551 1904 D DisplayManagerService: requestGlobalDisplayState(ON, brightness=376.0)
10-08 16:11:20.720 1551 1904 E LightsService: baseSetLightLocked(0, 376, 0, 0)
10-08 16:11:20.720 1551 1904 V LightsService: setLight #0: color=#178: brightnessMode=0
10-08 16:11:20.736 1551 1904 D DisplayManagerService: requestGlobalDisplayStateInterna l111(ON, brightness=390.0)
10-08 16:11:20.736 1551 1604 D DisplayPowerController: animateScreenBrightness = 390.0
10-08 16:11:20.736 1551 1904 D DisplayManagerService: requestGlobalDisplayState(ON, brightness=390.0)
10-08 16:11:20.736 1551 1904 E LightsService: baseSetLightLocked(0, 390, 0, 0)
10-08 16:11:20.736 1551 1904 V LightsService: setLight #0: color=#186: brightnessMode=0
10-08 16:11:23.644 1551 1816 D BatteryLed: getLightInColorState, oppoLightMgr empty!
10-08 16:11:25.972 1551 1822 D JobScheduler.Temperature: get temperature=32.405
10-08 16:11:26.641 1551 3109 E AppOps : noteOperation
10-08 16:11:26.641 1551 3109 E AppOps : java.lang.SecurityException: Specified package com.android.phone under uid 10159 but it is really 1001
10-08 16:11:26.641 1551 3109 E AppOps : at com.android.server.appop.AppOpsService.verifyAndGetBypass(AppOpsService.java:3966)
10-08 16:11:26.641 1551 3109 E AppOps : at com.android.server.appop.AppOpsService.noteOperationUnchecked(AppOpsService.java:3106)
10-08 16:11:26.641 1551 3109 E AppOps : at com.android.server.appop.AppOpsService.noteOperationImpl(AppOpsService.java:3094)
10-08 16:11:26.641 1551 3109 E AppOps : at com.android.server.appop.AppOpsService.noteOperation(AppOpsService.java:3077)
10-08 16:11:26.641 1551 3109 E AppOps : at com.android.internal.app.IAppOpsService$Stub.onTransact(IAppOpsService.java:447)
10-08 16:11:26.641 1551 3109 E AppOps : at android.os.Binder.execTransactInternal(Binder.java:1166)
10-08 16:11:26.641 1551 3109 E AppOps : at android.os.Binder.execTransact(Binder.java:1130)
10-08 16:11:29.598 1551 1816 D BatteryLed: getLightInColorState, oppoLightMgr empty!
10-08 16:11:30.300 1551 1577 V OppoBaseWatchdog: @WatchDog_ error e: java.io.FileNotFoundException: /d/wakeup_sources: open failed: ENOENT (No such file or directory)
10-08 16:11:32.488 1551 1604 D DisplayPowerController: animateScreenBrightness = 7.0
10-08 16:11:32.491 1551 1904 D DisplayManagerService: requestGlobalDisplayStateInterna l111(ON, brightness=370.0)
10-08 16:11:32.492 1551 1904 D DisplayManagerService: requestGlobalDisplayState(ON, brightness=370.0)
10-08 16:11:32.492 1551 1904 E LightsService: baseSetLightLocked(0, 370, 0, 0)
10-08 16:11:32.492 1551 1904 V LightsService: setLight #0: color=#172: brightnessMode=0
10-08 16:11:32.508 1551 1904 D DisplayManagerService: requestGlobalDisplayStateInterna l111(ON, brightness=350.0)
10-08 16:11:32.508 1551 1904 D DisplayManagerService: requestGlobalDisplayState(ON, brightness=350.0)
10-08 16:11:32.508 1551 1904 E LightsService: baseSetLightLocked(0, 350, 0, 0)
10-08 16:11:32.508 1551 1904 V LightsService: setLight #0: color=#15e: brightnessMode=0
10-08 16:11:32.524 1551 1904 D DisplayManagerService: requestGlobalDisplayStateInterna l111(ON, brightness=330.0)
10-08 16:11:32.524 1551 1904 D DisplayManagerService: requestGlobalDisplayState(ON, brightness=330.0)
10-08 16:11:32.524 1551 1904 E LightsService: baseSetLightLocked(0, 330, 0, 0)
10-08 16:11:32.524 1551 1904 V LightsService: setLight #0: color=#14a: brightnessMode=0
10-08 16:11:32.540 1551 1904 D DisplayManagerService: requestGlobalDisplayStateInterna l111(ON, brightness=310.0)
10-08 16:11:32.540 1551 1904 D DisplayManagerService: requestGlobalDisplayState(ON, brightness=310.0)
10-08 16:11:32.540 1551 1904 E LightsService: baseSetLightLocked(0, 310, 0, 0)
10-08 16:11:32.540 1551 1904 V LightsService: setLight #0: color=#136: brightnessMode=0
10-08 16:11:32.556 1551 1904 D DisplayManagerService: requestGlobalDisplayStateInterna l111(ON, brightness=290.0)
10-08 16:11:32.556 1551 1904 D DisplayManagerService: requestGlobalDisplayState(ON, brightness=290.0)
10-08 16:11:32.557 1551 1904 E LightsService: baseSetLightLocked(0, 290, 0, 0)
10-08 16:11:32.557 1551 1904 V LightsService: setLight #0: color=#122: brightnessMode=0
10-08 16:11:32.573 1551 1904 D DisplayManagerService: requestGlobalDisplayStateInterna l111(ON, brightness=270.0)
10-08 16:11:32.573 1551 1904 D DisplayManagerService: requestGlobalDisplayState(ON, brightness=270.0)
10-08 16:11:32.573 1551 1904 E LightsService: baseSetLightLocked(0, 270, 0, 0)
10-08 16:11:32.573 1551 1904 V LightsService: setLight #0: color=#10e: brightnessMode=0
10-08 16:11:32.589 1551 1904 D DisplayManagerService: requestGlobalDisplayStateInterna l111(ON, brightness=250.0)
10-08 16:11:32.589 1551 1904 D DisplayManagerService: requestGlobalDisplayState(ON, brightness=250.0)
10-08 16:11:32.589 1551 1904 E LightsService: baseSetLightLocked(0, 250, 0, 0)
10-08 16:11:32.589 1551 1904 V LightsService: setLight #0: color=#fa: brightnessMode=0
10-08 16:11:32.606 1551 1904 D DisplayManagerService: requestGlobalDisplayStateInterna l111(ON, brightness=230.0)
10-08 16:11:32.606 1551 1904 D DisplayManagerService: requestGlobalDisplayState(ON, brightness=230.0)
10-08 16:11:32.606 1551 1904 E LightsService: baseSetLightLocked(0, 230, 0, 0)
10-08 16:11:32.606 1551 1904 V LightsService: setLight #0: color=#e6: brightnessMode=0
10-08 16:11:32.622 1551 1904 D DisplayManagerService: requestGlobalDisplayStateInterna l111(ON, brightness=210.0)
10-08 16:11:32.622 1551 1904 D DisplayManagerService: requestGlobalDisplayState(ON, brightness=210.0)
10-08 16:11:32.622 1551 1904 E LightsService: baseSetLightLocked(0, 210, 0, 0)
