10-08 16:14:33.847 808 870 I libPowerHal: [perfNotifyAppState] foreground:com.jlpay.merch, pid:17304, uid:11253
10-08 16:14:33.847 808 870 E UxUtility: notifyAppState error = NULL
10-08 16:14:33.847 808 870 I TouchUtility: notifyAppState error = NULL
10-08 16:14:33.847 808 870 I libPowerHal: [perfNotifyAppState] [activity updated] pack:com.jlpay.merch, act:com.jlpay.merch.ui.start.SplashActivity
10-08 16:14:33.847 808 870 I libPowerHal: Act_Match:0, Common_index:-1
10-08 16:14:33.847 808 830 I mtkpower@impl: [notifyAppState] pc:1, com.oppo.launcher => com.jlpay.merch
10-08 16:14:33.847 1551 2633 I ColorResourcePreloadManager: resume pkg: com.jlpay.merch, uid:11253, prev pkg: com.oppo.launcher, prev uid: 10062
10-08 16:14:33.848 808 870 I libPowerHal: [perfLockRel] hdl:2656, idx:0
10-08 16:14:33.848 808 870 I libPowerHal: [PD] scn:0 hdl:2656 lock_user:system_server pid:1551 tid:1828 dur:0
10-08 16:14:33.848 808 870 I libPowerHal: [PD] system_server update cmd:1410000 param:0
10-08 16:14:33.848 808 870 I libPowerHal: [PD] system_server update cmd:1c3c000, param:1
10-08 16:14:33.848 808 870 I libPowerHal: [PD] system_server update cmd:10000100 param:2
10-08 16:14:33.849 1551 1828 I mtkpower_client: ret_hdl:2657
10-08 16:14:33.850 3137 3163 D ZoomAppController: ignore onAppEnter: Invalid cvActionFlag = 0
10-08 16:14:33.850 808 870 I libPowerHal: [perfLockAcq] idx:0 hdl:2657 hint:-1 pid:1551 duration:0 => ret_hdl:2657
10-08 16:14:33.850 808 870 I libPowerHal: [PE] scn:0 hdl:2657 lock_user:system_server pid:1551 tid:1828 dur:0
10-08 16:14:33.850 808 870 I libPowerHal: [PE] system_server update cmd:1c3c000, param:0
10-08 16:14:33.849 2793 6416 W OppoGuardElf: ThermalControlUtils: mForegroundPkg=com.jlpay.merch
10-08 16:14:33.850 808 870 I libPowerHal: [PE] system_server update cmd:10000100, param:2
10-08 16:14:33.850 1551 2551 I InputDispatcher: Window went away: Splash Screen com.jlpay.merch#0
10-08 16:14:33.851 1551 2932 D ColorDefaultAppPolicyManager: check , currentMode = false mUd = 0
10-08 16:14:33.851 1551 2932 I OplusPackageManager: filterBlackList, skip for intent package=com.jlpay.merch
10-08 16:14:33.851 828 1304 D DispPerfService: get hint proc=Surface(name=Task=15114), idx=0 none
10-08 16:14:33.851 5169 5171 E IHansComunication: HANS printMessageBody: RCVed message body: type = 0, port = 86870, caller_pid = 1551, caller_uid = 1000, target_pid = 6050, target_uid = 10963, pkg_cmd = -1
10-08 16:14:33.852 5169 5171 E IHansComunication: HANS printMessageBody: RCVed message body: type = 0, port = 86870, caller_pid = 1551, caller_uid = 1000, target_pid = 7782, target_uid = 10907, pkg_cmd = -1
10-08 16:14:33.853 828 3248 D DispPerfService: get hint proc=Surface(name=Task=2), idx=0 none
10-08 16:14:33.854 5169 5171 E IHansComunication: HANS printMessageBody: RCVed message body: type = 0, port = 86870, caller_pid = 1551, caller_uid = 1000, target_pid = 8509, target_uid = 10494, pkg_cmd = -1
10-08 16:14:33.854 828 3248 D DispPerfService: get hint proc=Surface(name=WallpaperWindowToken{fde944f token=android.os.Binder@83aeae}), idx=0 none
10-08 16:14:33.855 5169 5171 E IHansComunication: HANS printMessageBody: RCVed message body: type = 0, port = 86870, caller_pid = 1551, caller_uid = 1000, target_pid = 8822, target_uid = 10494, pkg_cmd = -1
10-08 16:14:33.856 828 3248 D DispPerfService: get hint proc=Surface(name=45bc124 StatusBar), idx=0 none
10-08 16:14:33.857 5169 5171 E IHansComunication: HANS printMessageBody: RCVed message body: type = 0, port = 86870, caller_pid = 1551, caller_uid = 1000, target_pid = 9216, target_uid = 10494, pkg_cmd = -1
10-08 16:14:33.857 828 3248 D DispPerfService: get hint proc=Surface(name=6fe9210 NavigationBar0), idx=0 none
10-08 16:14:33.858 5169 5171 E IHansComunication: HANS printMessageBody: RCVed message body: type = 0, port = 86870, caller_pid = 1551, caller_uid = 1000, target_pid = 11406, target_uid = 10048, pkg_cmd = -1
10-08 16:14:33.858 2530 2658 I [0]DCS-BackgroundAppData: sendAppBgEvent: has no pkgName=com.jlpay.merch
10-08 16:14:33.859 5169 5171 E IHansComunication: HANS printMessageBody: RCVed message body: type = 0, port = 86870, caller_pid = 1551, caller_uid = 1000, target_pid = 14163, target_uid = 11180, pkg_cmd = -1
10-08 16:14:33.860 5169 5171 E IHansComunication: HANS printMessageBody: RCVed message body: type = 0, port = 86870, caller_pid = 1551, caller_uid = 1000, target_pid = 14649, target_uid = 10185, pkg_cmd = -1
10-08 16:14:33.860 1551 3484 E OppoThermalStats: Error getting package info: com.jlpay.merch
10-08 16:14:33.861 5169 5171 E IHansComunication: HANS printMessageBody: RCVed message body: type = 0, port = 86870, caller_pid = 1551, caller_uid = 1000, target_pid = 18402, target_uid = 10175, pkg_cmd = -1
10-08 16:14:33.861 2509 2509 E SimulationInteractor: tryGetAnimationPainterInstance error:com.coloros.painteranimationpanel.api.AnimPainterInstance
10-08 16:14:33.861 1551 1572 D ColorZoomWindowManagerService: current size = 1080 x 2400, density = 3.0
10-08 16:14:33.861 5169 5171 E IHansComunication: HANS printMessageBody: RCVed message body: type = 0, port = 86870, caller_pid = 1551, caller_uid = 1000, target_pid = 24998, target_uid = 10095, pkg_cmd = -1
10-08 16:14:33.861 2509 2509 D IconConfigParser: parseConfig::icon config =: IconConfig = [ isForeign : false,theme : 2,iconSize : 5000,iconShape : 0,foregroundSize : 5000,artPlusOn : 0,iconRadius :36,darkModeIcon:0 ]
10-08 16:14:33.863 5169 5171 E IHansComunication: HANS printMessageBody: RCVed message body: type = 0, port = 86870, caller_pid = 1551, caller_uid = 1000, target_pid = 31429, target_uid = 10071, pkg_cmd = -1
10-08 16:14:33.863 2509 2509 D IconConfigParser: parseConfig::icon config =: IconConfig = [ isForeign : false,theme : 2,iconSize : 5000,iconShape : 0,foregroundSize : 5000,artPlusOn : 0,iconRadius :36,darkModeIcon:0 ]
10-08 16:14:33.863 828 3248 E SurfaceFlinger: Permission Denial: can't access SurfaceFlinger pid=0, uid=10062
10-08 16:14:33.864 828 3248 I surfaceflinger: oneway function results will be dropped but finished with status PERMISSION_DENIED and parcel size 0
10-08 16:14:33.864 1551 1828 E ORMS_CORE: Unsupported action!!!
10-08 16:14:33.865 6632 6632 V PhoneWindow: DecorView setVisiblity: visibility = 8, Parent = android.view.ViewRootImpl@e11845d, this = DecorView@b7e1d2[InputMethod]
10-08 16:14:33.865 17304 17304 I oplus.android.OplusFrameworkFactoryImpl: get feature:IOplusScreenModeFeature
10-08 16:14:33.865 17304 17304 I oplus.android.OplusFrameworkFactoryImpl: getOplusScreenModeFeature
10-08 16:14:33.866 828 828 D OppoExLayer: ~Layer() sequence=3784, name=Surface(name=45bc124 StatusBar)/@0xd60b6f9 - animation-leash#1@0xb400007657a37000
10-08 16:14:33.866 828 828 D OppoExLayer: ~Layer() sequence=3785, name=Surface(name=6fe9210 NavigationBar0)/@0x783f63e - animation-leash#0@0xb400007657b59000
10-08 16:14:33.867 1551 2929 D OomAdjuster: TOP_APP is ProcessRecord{5edbbd1 17304:com.jlpay.merch/u0a1253} uid is 11253
10-08 16:14:33.867 2509 2509 E Launcher.ColorBubbleTextView: mForceHideDot is true
10-08 16:14:33.867 1551 2932 D AS.AudioService: getParameters() keyValuePairs:OPLUS_AUDIO_GET_FOCUS_STACK
10-08 16:14:33.869 2793 6416 W OppoGuardElf: ThermalControllHandler: tempLevel=3,userMode=3,gameUserMode=-1,appType=30,envTempType=0,appStates=[]
10-08 16:14:33.870 6166 14903 I RemoteGuardClient.DWB.ActivityMonitor: onForegroundActivitiesChanged 17304,11253,foreground true pkg= com.jlpay.merch
10-08 16:14:33.871 1551 1572 D OplusAppBwCore: onUidImportance: 11253, 100
10-08 16:14:33.872 2793 6416 W OppoGuardElf: ThermalControllerCenter: mSafetyState=10000
10-08 16:14:33.873 2793 6416 W OppoGuardElf: ThermalControllHandler: tempGear=3,configItemName=common_config
10-08 16:14:33.873 2793 4968 W OppoGuardElf: ThermalControllHandler: MSG_THERMAL_CONTROL_CATEGORY_CHANGED
10-08 16:14:33.876 17304 17304 W ActivityThread: Application com.jlpay.merch can be debugged on port 8100...
10-08 16:14:33.878 3415 3432 E oiface : packageSwitch pkg com.jlpay.merch, enter
10-08 16:14:33.878 3415 3432 E oiface : current package is com.jlpay.merch and pid is 17304
10-08 16:14:33.880 17304 17304 I com.jlpay.merc: The ClassLoaderContext is a special shared library.
10-08 16:14:33.882 6166 6231 I RemoteGuardClient.DWB.ActivityMonitor: start game monitor packgeName = com.jlpay.merch
10-08 16:14:33.883 6166 6231 E RemoteGuardClient.DWB.ActivityMonitor: startGameAppMonitor failed! Failed resolution of: Lcom/oplus/remoteguardservice/GameIndulgeMonitorManager;
10-08 16:14:33.884 6166 6231 I RemoteGuardClient.DWB.ActivityMonitor: topActivities = [com.jlpay.merch]
10-08 16:14:33.885 828 828 I BufferQueueProducer: [FramebufferSurface](this:0xb400007684a32ed0,id:-1,api:1,p:828,c:828) queueBuffer: fps=20.82 dur=1488.96 max=1230.51 min=5.12
10-08 16:14:33.890 3415 3431 E oiface : Average freq 795633 for 212s.
10-08 16:14:33.890 3415 3431 E oiface : Average freq 965698 for 212s.
10-08 16:14:33.890 1551 1906 E ORMS_Platform : OplusResourceManagerPlatformUtils: readFile function exception:/d/ged/hal/gpu_utilization: open failed: ENOENT (No such file or directory)
10-08 16:14:33.891 3415 3431 E oiface : get gpu freq table failed
10-08 16:14:33.892 3415 3431 E oiface : client not found, skipped
10-08 16:14:33.892 3415 3431 D oiface : forground package is com.jlpay.merch
10-08 16:14:33.893 1551 2929 D ColorAppListInterceptManager: shouldFilterTask
10-08 16:14:33.893 1551 2929 D ColorAppListInterceptManager: shouldFilterTask::packageName = com.jlpay.merch
10-08 16:14:33.893 1551 2929 D ColorAppListInterceptManager: shouldFilterTask
10-08 16:14:33.893 1551 2929 D ColorAppListInterceptManager: shouldFilterTask::packageName = com.finshell.wallet
10-08 16:14:33.895 1551 2929 D skia : SkJpegCodec::onGetPixels +
10-08 16:14:33.897 17304 17304 D NetworkSecurityConfig: Using Network Security Config from resource network_security_config debugBuild: true
10-08 16:14:33.898 17304 17304 D NetworkSecurityConfig: Using Network Security Config from resource network_security_config debugBuild: true
10-08 16:14:33.900 17304 17304 D Tinker.TinkerLoader: tryLoad test test
10-08 16:14:33.902 17304 17304 W Tinker.TinkerLoader: tryLoadPatchFiles:patch dir not exist:/data/user/0/com.jlpay.merch/tinker
10-08 16:14:33.904 1551 2929 D skia : SkJpegCodec::onGetPixels -
10-08 16:14:33.904 17304 17304 D Tinker.DefaultAppLike: onBaseContextAttached:
10-08 16:14:33.904 17304 17304 I MultiDex: VM with version 2.1.0 has multidex support
10-08 16:14:33.904 17304 17304 I MultiDex: Installing application
10-08 16:14:33.904 17304 17304 I MultiDex: VM has multidex support, MultiDex support library is disabled.
10-08 16:14:33.904 1551 1906 E ORMS_Platform : OplusResourceManagerPlatformUtils: readFile function exception:/d/ged/hal/gpu_utilization: open failed: ENOENT (No such file or directory)
10-08 16:14:33.904 3415 3431 E oiface : get gpu freq table failed
10-08 16:14:33.905 1551 6775 E libEGL : Invalid file path for libcolorx-loader.so
10-08 16:14:33.913 17304 17304 I Tinker.TinkerPatchListener: application maxMemory:384
10-08 16:14:33.915 17304 17304 W Tinker.Tinker: tinker patch directory: /data/user/0/com.jlpay.merch/tinker
10-08 16:14:33.915 17304 17304 I Tinker.Tinker: try to install tinker, isEnable: true, version: 1.9.14.7
10-08 16:14:33.915 17304 17304 I Tinker.TinkerLoadResult: parseTinkerResult loadCode:-2, process name:com.jlpay.merch, main process:true, systemOTA:false, fingerPrint:OPPO/PDKM00/OP4ABB:11/RP1A.200720.011/1629909164040:user/release-keys, oatDir:null, useInterpretMode:false
10-08 16:14:33.916 17304 17304 W Tinker.TinkerLoadResult: can't find patch file, is ok, just return
10-08 16:14:33.916 17304 17304 I Tinker.DefaultLoadReporter: patch loadReporter onLoadResult: patch load result, path:/data/user/0/com.jlpay.merch/tinker, code: -2, cost: 2ms
10-08 16:14:33.916 17304 17304 W Tinker.Tinker: tinker load fail!
10-08 16:14:33.928 17304 17304 W HMSSDK_PushPreferences: get new sharedPreferences failed,start to get from context.
10-08 16:14:33.932 17304 17304 E MLInitializerProvider: MLInitializerProvider Done
10-08 16:14:33.935 828 1304 I BufferQueueProducer: [com.oppo.launcher/com.oppo.launcher.Launcher#0](this:0xb400007666719258,id:596,api:1,p:2509,c:828) queueBuffer: fps=7.89 dur=1014.33 max=670.44 min=6.66
10-08 16:14:33.951 17304 17332 E HMSSDK_HMSPackageManager: Failed to find HMS apk
10-08 16:14:33.959 17304 17304 I AGConnectProvider: AGConnectInitializeProvider#onCreate
10-08 16:14:33.959 17304 17304 I AGConnectInstance: AGConnectInstance#initialize
10-08 16:14:33.959 17304 17304 I ServiceRegistrarParser: getServices
10-08 16:14:33.960 17304 17304 I ServiceRegistrarParser: services:0
10-08 16:14:33.970 2793 31753 W CursorWindow: Window is full: requested allocation 72 bytes, free space 20 bytes, window size 2097152 bytes
10-08 16:14:33.970 17304 17304 W com.jlpay.merc: Accessing hidden method Landroid/view/WindowManagerGlobal;->getInstance()Landroid/view/WindowManagerGlobal; (greylist, reflection, allowed)
10-08 16:14:33.970 17304 17304 W com.jlpay.merc: Accessing hidden field Landroid/view/WindowManagerGlobal;->mViews:Ljava/util/ArrayList; (greylist, reflection, allowed)
10-08 16:14:33.971 17304 17304 W com.jlpay.merc: Accessing hidden field Landroid/app/ActivityThread;->mH:Landroid/app/ActivityThread$H; (greylist, reflection, allowed)
10-08 16:14:33.971 17304 17304 W com.jlpay.merc: Accessing hidden method Landroid/app/ActivityThread;->currentActivityThread()Landroid/app/ActivityThread; (greylist, reflection, allowed)
10-08 16:14:33.971 17304 17304 W com.jlpay.merc: Accessing hidden field Landroid/os/Handler;->mCallback:Landroid/os/Handler$Callback; (greylist, reflection, allowed)
10-08 16:14:33.971 17304 17304 W com.jlpay.merc: Accessing hidden field Landroid/util/Singleton;->mInstance:Ljava/lang/Object; (greylist, reflection, allowed)
10-08 16:14:33.971 17304 17304 W com.jlpay.merc: Accessing hidden method Landroid/util/Singleton;->get()Ljava/lang/Object; (greylist, reflection, allowed)
10-08 16:14:33.971 17304 17304 W com.jlpay.merc: Accessing hidden field Landroid/app/ActivityManager;->IActivityManagerSingleton:Landroid/util/Singleton; (greylist, reflection, allowed)
10-08 16:14:33.980 17304 17304 D Tinker.DefaultAppLike: onCreate
10-08 16:14:33.988 3604 3857 E MediaProvider: Creating a non-default top level directory or deleting an existing one is not allowed!
10-08 16:14:33.990 3604 3864 E MediaProvider: Creating a non-default top level directory or deleting an existing one is not allowed!
10-08 16:14:33.994 3604 3855 E MediaProvider: Creating a non-default top level directory or deleting an existing one is not allowed!
10-08 16:14:33.995 3604 23014 E MediaProvider: Creating a non-default top level directory or deleting an existing one is not allowed!
10-08 16:14:34.006 17304 17304 I MMKV : current API level = 30
10-08 16:14:34.006 17304 17304 I MMKV : version v1.2.5 page size:4096
10-08 16:14:34.006 17304 17304 I MMKV : root dir: /data/user/0/com.jlpay.merch/files/mmkv
10-08 16:14:34.006 17304 17304 I PRETTY_LOGGER: ┌────────────────────────────────────────────────────────────────────────────────────────────────────────────────
10-08 16:14:34.007 17304 17304 I PRETTY_LOGGER: │ LogUtils.i (LogUtils.java:27)
10-08 16:14:34.007 17304 17304 I PRETTY_LOGGER: │ LogUtils.i (LogUtils.java:21)
10-08 16:14:34.007 17304 17304 I PRETTY_LOGGER: ├┄┄┄┄┄┄┄┄┄┄┄┄┄┄┄┄┄┄┄┄┄┄┄┄┄┄┄┄┄┄┄┄┄┄┄┄┄┄┄┄┄┄┄┄┄┄┄┄┄┄┄┄┄┄┄┄┄┄┄┄┄┄┄┄┄┄┄┄┄┄┄┄┄┄┄┄┄┄┄┄┄┄┄┄┄┄┄┄┄┄┄┄┄┄┄┄┄┄┄┄┄┄┄┄┄┄┄┄┄┄┄┄
10-08 16:14:34.007 17304 17304 I PRETTY_LOGGER: │ app ==> JLPayApplication onCreate
10-08 16:14:34.007 17304 17304 I PRETTY_LOGGER: └────────────────────────────────────────────────────────────────────────────────────────────────────────────────
10-08 16:14:34.007 17304 17304 W tlog : tlog isn't init,please call init() ,or initSync(bool) method !
10-08 16:14:34.011 1551 1828 I mtkpower_client: perf_lock_rel, hdl:2657, tid:1828
10-08 16:14:34.011 1551 1828 I mtkpower_client: perf_lock_acq, hdl:2657, dur:0, num:10, tid:1828
10-08 16:14:34.011 808 870 I libPowerHal: [perfLockRel] hdl:2657, idx:0
10-08 16:14:34.012 808 870 I libPowerHal: [PD] scn:0 hdl:2657 lock_user:system_server pid:1551 tid:1828 dur:0
10-08 16:14:34.012 808 870 I libPowerHal: [PD] system_server update cmd:1c3c000, param:1
10-08 16:14:34.012 808 870 I libPowerHal: [PD] system_server update cmd:10000100 param:2
10-08 16:14:34.012 1551 1828 I mtkpower_client: ret_hdl:2658
10-08 16:14:34.012 808 870 I libPowerHal: [perfLockAcq] idx:0 hdl:2658 hint:-1 pid:1551 duration:0 => ret_hdl:2658
10-08 16:14:34.012 808 870 I libPowerHal: [PE] scn:0 hdl:2658 lock_user:system_server pid:1551 tid:1828 dur:0
10-08 16:14:34.012 808 870 I libPowerHal: [PE] system_server update cmd:1c3c000, param:0
10-08 16:14:34.012 808 870 I libPowerHal: [PE] system_server update cmd:10000100, param:2
10-08 16:14:34.017 17304 17337 E libEGL : Invalid file path for libcolorx-loader.so
10-08 16:14:34.018 17304 17337 D libMEOW : meow reload base cfg path: na
10-08 16:14:34.018 17304 17337 D libMEOW : meow reload overlay cfg path: /vendor/etc/meow.cfg
10-08 16:14:34.018 17304 17337 D libMEOW : applied 0 plugin for [com.jlpay.merch].
10-08 16:14:34.029 17304 17304 I oplus.android.OplusFrameworkFactoryImpl: getOplusRedPacketManager
10-08 16:14:34.037 17304 17304 I PRETTY_LOGGER: ┌────────────────────────────────────────────────────────────────────────────────────────────────────────────────
10-08 16:14:34.037 17304 17304 I PRETTY_LOGGER: │ LogUtils.i (LogUtils.java:27)
10-08 16:14:34.037 17304 17304 I PRETTY_LOGGER: │ LogUtils.i (LogUtils.java:21)
10-08 16:14:34.037 17304 17304 I PRETTY_LOGGER: ├┄┄┄┄┄┄┄┄┄┄┄┄┄┄┄┄┄┄┄┄┄┄┄┄┄┄┄┄┄┄┄┄┄┄┄┄┄┄┄┄┄┄┄┄┄┄┄┄┄┄┄┄┄┄┄┄┄┄┄┄┄┄┄┄┄┄┄┄┄┄┄┄┄┄┄┄┄┄┄┄┄┄┄┄┄┄┄┄┄┄┄┄┄┄┄┄┄┄┄┄┄┄┄┄┄┄┄┄┄┄┄┄
10-08 16:14:34.037 17304 17304 I PRETTY_LOGGER: │ activity ==> ======================================================SplashActivity
10-08 16:14:34.037 17304 17304 I PRETTY_LOGGER: └────────────────────────────────────────────────────────────────────────────────────────────────────────────────
10-08 16:14:34.037 17304 17304 W tlog : tlog isn't init,please call init() ,or initSync(bool) method !
10-08 16:14:34.053 17304 17304 W com.jlpay.merc: Accessing hidden method Lcom/android/internal/R$dimen;->()V (greylist-max-q, reflection, denied)
10-08 16:14:34.053 17304 17304 W System.err: java.lang.InstantiationException: java.lang.Class has no zero argument constructor
10-08 16:14:34.053 17304 17304 W System.err: at java.lang.Class.newInstance(Native Method)
10-08 16:14:34.053 17304 17304 W System.err: at com.gyf.barlibrary.BarConfig.getInternalDimensionSize(BarConfig.java:113)
10-08 16:14:34.053 17304 17304 W System.err: at com.gyf.barlibrary.BarConfig.(BarConfig.java:39)
10-08 16:14:34.053 17304 17304 W System.err: at com.gyf.barlibrary.ImmersionBar.initParams(ImmersionBar.java:140)
10-08 16:14:34.053 17304 17304 W System.err: at com.gyf.barlibrary.ImmersionBar.(ImmersionBar.java:76)
10-08 16:14:34.053 17304 17304 W System.err: at com.gyf.barlibrary.ImmersionBar.with(ImmersionBar.java:169)
10-08 16:14:34.053 17304 17304 W System.err: at com.jlpay.merch.ui.base.BaseActivity.onCreate(BaseActivity.java:46)
10-08 16:14:34.053 17304 17304 W System.err: at com.jlpay.merch.ui.base.BaseMvpActivity.onCreate(BaseMvpActivity.java:25)
10-08 16:14:34.053 17304 17304 W System.err: at android.app.Activity.performCreate(Activity.java:8151)
10-08 16:14:34.053 17304 17304 W System.err: at android.app.Activity.performCreate(Activity.java:8135)
10-08 16:14:34.053 17304 17304 W System.err: at android.app.Instrumentation.callActivityOnCreate(Instrumentation.java:1309)
10-08 16:14:34.053 17304 17304 W System.err: at android.app.ActivityThread.performLaunchActivity(ActivityThread.java:3716)
10-08 16:14:34.053 17304 17304 W System.err: at android.app.ActivityThread.handleLaunchActivity(ActivityThread.java:3915)
10-08 16:14:34.054 17304 17304 W System.err: at android.app.servertransaction.LaunchActivityItem.execute(LaunchActivityItem.java:85)
10-08 16:14:34.054 17304 17304 W System.err: at android.app.servertransaction.TransactionExecutor.executeCallbacks(TransactionExecutor.java:135)
10-08 16:14:34.054 17304 17304 W System.err: at android.app.servertransaction.TransactionExecutor.execute(TransactionExecutor.java:95)
10-08 16:14:34.054 17304 17304 W System.err: at android.app.ActivityThread$H.handleMessage(ActivityThread.java:2334)
10-08 16:14:34.054 17304 17304 W System.err: at android.os.Handler.dispatchMessage(Handler.java:106)
10-08 16:14:34.054 17304 17304 W System.err: at android.os.Looper.loop(Looper.java:264)
10-08 16:14:34.054 17304 17304 W System.err: at android.app.ActivityThread.main(ActivityThread.java:8262)
10-08 16:14:34.054 17304 17304 W System.err: at java.lang.reflect.Method.invoke(Native Method)
10-08 16:14:34.054 17304 17304 W System.err: at com.android.internal.os.RuntimeInit$MethodAndArgsCaller.run(RuntimeInit.java:632)
10-08 16:14:34.054 17304 17304 W System.err: at com.android.internal.os.ZygoteInit.main(ZygoteInit.java:1049)
10-08 16:14:34.054 17304 17304 W com.jlpay.merc: Accessing hidden method Lcom/android/internal/R$dimen;->()V (greylist-max-q, reflection, denied)
10-08 16:14:34.054 17304 17304 W System.err: java.lang.InstantiationException: java.lang.Class has no zero argument constructor
10-08 16:14:34.055 17304 17304 W System.err: at java.lang.Class.newInstance(Native Method)
10-08 16:14:34.055 17304 17304 W System.err: at com.gyf.barlibrary.BarConfig.getInternalDimensionSize(BarConfig.java:113)
10-08 16:14:34.055 17304 17304 W System.err: at com.gyf.barlibrary.BarConfig.getNavigationBarHeight(BarConfig.java:69)
10-08 16:14:34.055 17304 17304 W System.err: at com.gyf.barlibrary.BarConfig.(BarConfig.java:41)
10-08 16:14:34.055 17304 17304 W System.err: at com.gyf.barlibrary.ImmersionBar.initParams(ImmersionBar.java:140)
10-08 16:14:34.055 17304 17304 W System.err: at com.gyf.barlibrary.ImmersionBar.(ImmersionBar.java:76)
10-08 16:14:34.055 17304 17304 W System.err: at com.gyf.barlibrary.ImmersionBar.with(ImmersionBar.java:169)
10-08 16:14:34.055 17304 17304 W System.err: at com.jlpay.merch.ui.base.BaseActivity.onCreate(BaseActivity.java:46)
10-08 16:14:34.055 17304 17304 W System.err: at com.jlpay.merch.ui.base.BaseMvpActivity.onCreate(BaseMvpActivity.java:25)
10-08 16:14:34.055 17304 17304 W System.err: at android.app.Activity.performCreate(Activity.java:8151)
10-08 16:14:34.055 17304 17304 W System.err: at android.app.Activity.performCreate(Activity.java:8135)
10-08 16:14:34.055 17304 17304 W System.err: at android.app.Instrumentation.callActivityOnCreate(Instrumentation.java:1309)
10-08 16:14:34.055 17304 17304 W System.err: at android.app.ActivityThread.performLaunchActivity(ActivityThread.java:3716)
10-08 16:14:34.055 17304 17304 W System.err: at android.app.ActivityThread.handleLaunchActivity(ActivityThread.java:3915)
10-08 16:14:34.055 17304 17304 W System.err: at android.app.servertransaction.LaunchActivityItem.execute(LaunchActivityItem.java:85)
10-08 16:14:34.055 17304 17304 W System.err: at android.app.servertransaction.TransactionExecutor.executeCallbacks(TransactionExecutor.java:135)
10-08 16:14:34.055 17304 17304 W System.err: at android.app.servertransaction.TransactionExecutor.execute(TransactionExecutor.java:95)
10-08 16:14:34.055 17304 17304 W System.err: at android.app.ActivityThread$H.handleMessage(ActivityThread.java:2334)
10-08 16:14:34.056 17304 17304 W System.err: at android.os.Handler.dispatchMessage(Handler.java:106)
10-08 16:14:34.056 17304 17304 W System.err: at android.os.Looper.loop(Looper.java:264)
10-08 16:14:34.056 17304 17304 W System.err: at android.app.ActivityThread.main(ActivityThread.java:8262)
10-08 16:14:34.056 17304 17304 W System.err: at java.lang.reflect.Method.invoke(Native Method)
10-08 16:14:34.056 17304 17304 W System.err: at com.android.internal.os.RuntimeInit$MethodAndArgsCaller.run(RuntimeInit.java:632)
10-08 16:14:34.056 17304 17304 W System.err: at com.android.internal.os.ZygoteInit.main(ZygoteInit.java:1049)
10-08 16:14:34.056 17304 17304 W com.jlpay.merc: Accessing hidden method Lcom/android/internal/R$dimen;->()V (greylist-max-q, reflection, denied)
10-08 16:14:34.056 17304 17304 W System.err: java.lang.InstantiationException: java.lang.Class has no zero argument constructor
10-08 16:14:34.056 17304 17304 W System.err: at java.lang.Class.newInstance(Native Method)
10-08 16:14:34.056 17304 17304 W System.err: at com.gyf.barlibrary.BarConfig.getInternalDimensionSize(BarConfig.java:113)
10-08 16:14:34.056 17304 17304 W System.err: at com.gyf.barlibrary.BarConfig.getNavigationBarWidth(BarConfig.java:81)
10-08 16:14:34.056 17304 17304 W System.err: at com.gyf.barlibrary.BarConfig.(BarConfig.java:42)
10-08 16:14:34.056 17304 17304 W System.err: at com.gyf.barlibrary.ImmersionBar.initParams(ImmersionBar.java:140)
10-08 16:14:34.056 17304 17304 W System.err: at com.gyf.barlibrary.ImmersionBar.(ImmersionBar.java:76)
10-08 16:14:34.057 17304 17304 W System.err: at com.gyf.barlibrary.ImmersionBar.with(ImmersionBar.java:169)
10-08 16:14:34.057 17304 17304 W System.err: at com.jlpay.merch.ui.base.BaseActivity.onCreate(BaseActivity.java:46)
10-08 16:14:34.057 17304 17304 W System.err: at com.jlpay.merch.ui.base.BaseMvpActivity.onCreate(BaseMvpActivity.java:25)
10-08 16:14:34.057 17304 17304 W System.err: at android.app.Activity.performCreate(Activity.java:8151)
10-08 16:14:34.057 17304 17304 W System.err: at android.app.Activity.performCreate(Activity.java:8135)
10-08 16:14:34.057 17304 17304 W System.err: at android.app.Instrumentation.callActivityOnCreate(Instrumentation.java:1309)
10-08 16:14:34.057 17304 17304 W System.err: at android.app.ActivityThread.performLaunchActivity(ActivityThread.java:3716)
10-08 16:14:34.057 17304 17304 W System.err: at android.app.ActivityThread.handleLaunchActivity(ActivityThread.java:3915)
10-08 16:14:34.057 17304 17304 W System.err: at android.app.servertransaction.LaunchActivityItem.execute(LaunchActivityItem.java:85)
10-08 16:14:34.057 17304 17304 W System.err: at android.app.servertransaction.TransactionExecutor.executeCallbacks(TransactionExecutor.java:135)
10-08 16:14:34.057 17304 17304 W System.err: at android.app.servertransaction.TransactionExecutor.execute(TransactionExecutor.java:95)
10-08 16:14:34.057 17304 17304 W System.err: at android.app.ActivityThread$H.handleMessage(ActivityThread.java:2334)
10-08 16:14:34.057 17304 17304 W System.err: at android.os.Handler.dispatchMessage(Handler.java:106)
10-08 16:14:34.057 17304 17304 W System.err: at android.os.Looper.loop(Looper.java:264)
10-08 16:14:34.057 17304 17304 W System.err: at android.app.ActivityThread.main(ActivityThread.java:8262)
10-08 16:14:34.057 17304 17304 W System.err: at java.lang.reflect.Method.invoke(Native Method)
10-08 16:14:34.057 17304 17304 W System.err: at com.android.internal.os.RuntimeInit$MethodAndArgsCaller.run(RuntimeInit.java:632)
10-08 16:14:34.057 17304 17304 W System.err: at com.android.internal.os.ZygoteInit.main(ZygoteInit.java:1049)
10-08 16:14:34.061 17304 17304 W com.jlpay.merc: Accessing hidden method Lcom/android/internal/R$dimen;->()V (greylist-max-q, reflection, denied)
10-08 16:14:34.061 17304 17304 W System.err: java.lang.InstantiationException: java.lang.Class has no zero argument constructor
10-08 16:14:34.061 17304 17304 W System.err: at java.lang.Class.newInstance(Native Method)
10-08 16:14:34.061 17304 17304 W System.err: at com.gyf.barlibrary.BarConfig.getInternalDimensionSize(BarConfig.java:113)
10-08 16:14:34.061 17304 17304 W System.err: at com.gyf.barlibrary.BarConfig.(BarConfig.java:39)
10-08 16:14:34.061 17304 17304 W System.err: at com.gyf.barlibrary.KeyboardPatch.(KeyboardPatch.java:75)
10-08 16:14:34.061 17304 17304 W System.err: at com.gyf.barlibrary.KeyboardPatch.patch(KeyboardPatch.java:100)
10-08 16:14:34.061 17304 17304 W System.err: at com.gyf.barlibrary.ImmersionBar.keyboardEnable(ImmersionBar.java:1862)
10-08 16:14:34.061 17304 17304 W System.err: at com.gyf.barlibrary.ImmersionBar.init(ImmersionBar.java:1384)
10-08 16:14:34.061 17304 17304 W System.err: at com.jlpay.merch.ui.base.BaseActivity.onCreate(BaseActivity.java:49)
10-08 16:14:34.061 17304 17304 W System.err: at com.jlpay.merch.ui.base.BaseMvpActivity.onCreate(BaseMvpActivity.java:25)
10-08 16:14:34.061 17304 17304 W System.err: at android.app.Activity.performCreate(Activity.java:8151)
10-08 16:14:34.061 17304 17304 W System.err: at android.app.Activity.performCreate(Activity.java:8135)
10-08 16:14:34.061 17304 17304 W System.err: at android.app.Instrumentation.callActivityOnCreate(Instrumentation.java:1309)
10-08 16:14:34.061 17304 17304 W System.err: at android.app.ActivityThread.performLaunchActivity(ActivityThread.java:3716)
10-08 16:14:34.061 17304 17304 W System.err: at android.app.ActivityThread.handleLaunchActivity(ActivityThread.java:3915)
10-08 16:14:34.062 17304 17304 W System.err: at android.app.servertransaction.LaunchActivityItem.execute(LaunchActivityItem.java:85)
10-08 16:14:34.062 17304 17304 W System.err: at android.app.servertransaction.TransactionExecutor.executeCallbacks(TransactionExecutor.java:135)
10-08 16:14:34.062 17304 17304 W System.err: at android.app.servertransaction.TransactionExecutor.execute(TransactionExecutor.java:95)
10-08 16:14:34.062 17304 17304 W System.err: at android.app.ActivityThread$H.handleMessage(ActivityThread.java:2334)
10-08 16:14:34.062 17304 17304 W System.err: at android.os.Handler.dispatchMessage(Handler.java:106)
10-08 16:14:34.062 17304 17304 W System.err: at android.os.Looper.loop(Looper.java:264)
10-08 16:14:34.062 17304 17304 W System.err: at android.app.ActivityThread.main(ActivityThread.java:8262)
10-08 16:14:34.062 17304 17304 W System.err: at java.lang.reflect.Method.invoke(Native Method)
10-08 16:14:34.062 17304 17304 W System.err: at com.android.internal.os.RuntimeInit$MethodAndArgsCaller.run(RuntimeInit.java:632)
10-08 16:14:34.062 17304 17304 W System.err: at com.android.internal.os.ZygoteInit.main(ZygoteInit.java:1049)
10-08 16:14:34.062 17304 17304 W com.jlpay.merc: Accessing hidden method Lcom/android/internal/R$dimen;->()V (greylist-max-q, reflection, denied)
10-08 16:14:34.062 17304 17304 W System.err: java.lang.InstantiationException: java.lang.Class has no zero argument constructor
10-08 16:14:34.062 17304 17304 W System.err: at java.lang.Class.newInstance(Native Method)
10-08 16:14:34.062 17304 17304 W System.err: at com.gyf.barlibrary.BarConfig.getInternalDimensionSize(BarConfig.java:113)
10-08 16:14:34.062 17304 17304 W System.err: at com.gyf.barlibrary.BarConfig.getNavigationBarHeight(BarConfig.java:69)
10-08 16:14:34.063 17304 17304 W System.err: at com.gyf.barlibrary.BarConfig.(BarConfig.java:41)
10-08 16:14:34.063 17304 17304 W System.err: at com.gyf.barlibrary.KeyboardPatch.(KeyboardPatch.java:75)
10-08 16:14:34.063 17304 17304 W System.err: at com.gyf.barlibrary.KeyboardPatch.patch(KeyboardPatch.java:100)
10-08 16:14:34.063 17304 17304 W System.err: at com.gyf.barlibrary.ImmersionBar.keyboardEnable(ImmersionBar.java:1862)
10-08 16:14:34.063 17304 17304 W System.err: at com.gyf.barlibrary.ImmersionBar.init(ImmersionBar.java:1384)
10-08 16:14:34.063 17304 17304 W System.err: at com.jlpay.merch.ui.base.BaseActivity.onCreate(BaseActivity.java:49)
10-08 16:14:34.063 17304 17304 W System.err: at com.jlpay.merch.ui.base.BaseMvpActivity.onCreate(BaseMvpActivity.java:25)
10-08 16:14:34.063 17304 17304 W System.err: at android.app.Activity.performCreate(Activity.java:8151)
10-08 16:14:34.063 17304 17304 W System.err: at android.app.Activity.performCreate(Activity.java:8135)
10-08 16:14:34.063 17304 17304 W System.err: at android.app.Instrumentation.callActivityOnCreate(Instrumentation.java:1309)
10-08 16:14:34.063 17304 17304 W System.err: at android.app.ActivityThread.performLaunchActivity(ActivityThread.java:3716)
10-08 16:14:34.063 17304 17304 W System.err: at android.app.ActivityThread.handleLaunchActivity(ActivityThread.java:3915)
10-08 16:14:34.063 17304 17304 W System.err: at android.app.servertransaction.LaunchActivityItem.execute(LaunchActivityItem.java:85)
10-08 16:14:34.063 17304 17304 W System.err: at android.app.servertransaction.TransactionExecutor.executeCallbacks(TransactionExecutor.java:135)
10-08 16:14:34.063 17304 17304 W System.err: at android.app.servertransaction.TransactionExecutor.execute(TransactionExecutor.java:95)
10-08 16:14:34.063 17304 17304 W System.err: at android.app.ActivityThread$H.handleMessage(ActivityThread.java:2334)
10-08 16:14:34.063 17304 17304 W System.err: at android.os.Handler.dispatchMessage(Handler.java:106)
10-08 16:14:34.063 17304 17304 W System.err: at android.os.Looper.loop(Looper.java:264)
10-08 16:14:34.063 17304 17304 W System.err: at android.app.ActivityThread.main(ActivityThread.java:8262)
10-08 16:14:34.063 17304 17304 W System.err: at java.lang.reflect.Method.invoke(Native Method)
10-08 16:14:34.063 17304 17304 W System.err: at com.android.internal.os.RuntimeInit$MethodAndArgsCaller.run(RuntimeInit.java:632)
10-08 16:14:34.063 17304 17304 W System.err: at com.android.internal.os.ZygoteInit.main(ZygoteInit.java:1049)
10-08 16:14:34.064 17304 17304 W com.jlpay.merc: Accessing hidden method Lcom/android/internal/R$dimen;->()V (greylist-max-q, reflection, denied)
10-08 16:14:34.064 17304 17304 W System.err: java.lang.InstantiationException: java.lang.Class has no zero argument constructor
10-08 16:14:34.064 17304 17304 W System.err: at java.lang.Class.newInstance(Native Method)
10-08 16:14:34.064 17304 17304 W System.err: at com.gyf.barlibrary.BarConfig.getInternalDimensionSize(BarConfig.java:113)
10-08 16:14:34.064 17304 17304 W System.err: at com.gyf.barlibrary.BarConfig.getNavigationBarWidth(BarConfig.java:81)
10-08 16:14:34.064 17304 17304 W System.err: at com.gyf.barlibrary.BarConfig.(BarConfig.java:42)
10-08 16:14:34.064 17304 17304 W System.err: at com.gyf.barlibrary.KeyboardPatch.(KeyboardPatch.java:75)
10-08 16:14:34.064 17304 17304 W System.err: at com.gyf.barlibrary.KeyboardPatch.patch(KeyboardPatch.java:100)
10-08 16:14:34.064 17304 17304 W System.err: at com.gyf.barlibrary.ImmersionBar.keyboardEnable(ImmersionBar.java:1862)
10-08 16:14:34.064 17304 17304 W System.err: at com.gyf.barlibrary.ImmersionBar.init(ImmersionBar.java:1384)
10-08 16:14:34.064 17304 17304 W System.err: at com.jlpay.merch.ui.base.BaseActivity.onCreate(BaseActivity.java:49)
10-08 16:14:34.064 17304 17304 W System.err: at com.jlpay.merch.ui.base.BaseMvpActivity.onCreate(BaseMvpActivity.java:25)
10-08 16:14:34.064 17304 17304 W System.err: at android.app.Activity.performCreate(Activity.java:8151)
10-08 16:14:34.064 17304 17304 W System.err: at android.app.Activity.performCreate(Activity.java:8135)
10-08 16:14:34.064 17304 17304 W System.err: at android.app.Instrumentation.callActivityOnCreate(Instrumentation.java:1309)
10-08 16:14:34.064 17304 17304 W System.err: at android.app.ActivityThread.performLaunchActivity(ActivityThread.java:3716)
10-08 16:14:34.065 17304 17304 W System.err: at android.app.ActivityThread.handleLaunchActivity(ActivityThread.java:3915)
10-08 16:14:34.065 17304 17304 W System.err: at android.app.servertransaction.LaunchActivityItem.execute(LaunchActivityItem.java:85)
10-08 16:14:34.065 17304 17304 W System.err: at android.app.servertransaction.TransactionExecutor.executeCallbacks(TransactionExecutor.java:135)
10-08 16:14:34.065 17304 17304 W System.err: at android.app.servertransaction.TransactionExecutor.execute(TransactionExecutor.java:95)
10-08 16:14:34.065 17304 17304 W System.err: at android.app.ActivityThread$H.handleMessage(ActivityThread.java:2334)
10-08 16:14:34.065 17304 17304 W System.err: at android.os.Handler.dispatchMessage(Handler.java:106)
10-08 16:14:34.065 17304 17304 W System.err: at android.os.Looper.loop(Looper.java:264)
10-08 16:14:34.065 17304 17304 W System.err: at android.app.ActivityThread.main(ActivityThread.java:8262)
10-08 16:14:34.065 17304 17304 W System.err: at java.lang.reflect.Method.invoke(Native Method)
10-08 16:14:34.065 17304 17304 W System.err: at com.android.internal.os.RuntimeInit$MethodAndArgsCaller.run(RuntimeInit.java:632)
10-08 16:14:34.065 17304 17304 W System.err: at com.android.internal.os.ZygoteInit.main(ZygoteInit.java:1049)
10-08 16:14:34.066 17304 17304 W com.jlpay.merc: Accessing hidden method Lcom/android/internal/R$dimen;->()V (greylist-max-q, reflection, denied)
10-08 16:14:34.066 17304 17304 W System.err: java.lang.InstantiationException: java.lang.Class has no zero argument constructor
10-08 16:14:34.066 17304 17304 W System.err: at java.lang.Class.newInstance(Native Method)
10-08 16:14:34.066 17304 17304 W System.err: at com.gyf.barlibrary.BarConfig.getInternalDimensionSize(BarConfig.java:113)
10-08 16:14:34.066 17304 17304 W System.err: at com.gyf.barlibrary.BarConfig.(BarConfig.java:39)
10-08 16:14:34.066 17304 17304 W System.err: at com.gyf.barlibrary.ImmersionBar.initParams(ImmersionBar.java:140)
10-08 16:14:34.066 17304 17304 W System.err: at com.gyf.barlibrary.ImmersionBar.(ImmersionBar.java:76)
10-08 16:14:34.066 17304 17304 W System.err: at com.gyf.barlibrary.ImmersionBar.with(ImmersionBar.java:169)
10-08 16:14:34.066 17304 17304 W System.err: at com.jlpay.merch.ui.base.BaseActivity.onCreate(BaseActivity.java:50)
10-08 16:14:34.067 17304 17304 W System.err: at com.jlpay.merch.ui.base.BaseMvpActivity.onCreate(BaseMvpActivity.java:25)
10-08 16:14:34.067 17304 17304 W System.err: at android.app.Activity.performCreate(Activity.java:8151)
10-08 16:14:34.067 17304 17304 W System.err: at android.app.Activity.performCreate(Activity.java:8135)
10-08 16:14:34.067 17304 17304 W System.err: at android.app.Instrumentation.callActivityOnCreate(Instrumentation.java:1309)
10-08 16:14:34.067 17304 17304 W System.err: at android.app.ActivityThread.performLaunchActivity(ActivityThread.java:3716)
10-08 16:14:34.067 17304 17304 W System.err: at android.app.ActivityThread.handleLaunchActivity(ActivityThread.java:3915)
10-08 16:14:34.067 17304 17304 W System.err: at android.app.servertransaction.LaunchActivityItem.execute(LaunchActivityItem.java:85)
10-08 16:14:34.067 17304 17304 W System.err: at android.app.servertransaction.TransactionExecutor.executeCallbacks(TransactionExecutor.java:135)
10-08 16:14:34.067 17304 17304 W System.err: at android.app.servertransaction.TransactionExecutor.execute(TransactionExecutor.java:95)
10-08 16:14:34.067 17304 17304 W System.err: at android.app.ActivityThread$H.handleMessage(ActivityThread.java:2334)
10-08 16:14:34.067 17304 17304 W System.err: at android.os.Handler.dispatchMessage(Handler.java:106)
10-08 16:14:34.067 17304 17304 W System.err: at android.os.Looper.loop(Looper.java:264)
10-08 16:14:34.067 17304 17304 W System.err: at android.app.ActivityThread.main(ActivityThread.java:8262)
10-08 16:14:34.067 17304 17304 W System.err: at java.lang.reflect.Method.invoke(Native Method)
10-08 16:14:34.067 17304 17304 W System.err: at com.android.internal.os.RuntimeInit$MethodAndArgsCaller.run(RuntimeInit.java:632)
10-08 16:14:34.067 17304 17304 W System.err: at com.android.internal.os.ZygoteInit.main(ZygoteInit.java:1049)
10-08 16:14:34.067 17304 17304 W com.jlpay.merc: Accessing hidden method Lcom/android/internal/R$dimen;->()V (greylist-max-q, reflection, denied)
10-08 16:14:34.068 17304 17304 W System.err: java.lang.InstantiationException: java.lang.Class has no zero argument constructor
10-08 16:14:34.068 17304 17304 W System.err: at java.lang.Class.newInstance(Native Method)
10-08 16:14:34.068 17304 17304 W System.err: at com.gyf.barlibrary.BarConfig.getInternalDimensionSize(BarConfig.java:113)
10-08 16:14:34.068 17304 17304 W System.err: at com.gyf.barlibrary.BarConfig.getNavigationBarHeight(BarConfig.java:69)
10-08 16:14:34.068 17304 17304 W System.err: at com.gyf.barlibrary.BarConfig.(BarConfig.java:41)
10-08 16:14:34.068 17304 17304 W System.err: at com.gyf.barlibrary.ImmersionBar.initParams(ImmersionBar.java:140)
10-08 16:14:34.068 17304 17304 W System.err: at com.gyf.barlibrary.ImmersionBar.(ImmersionBar.java:76)
10-08 16:14:34.068 17304 17304 W System.err: at com.gyf.barlibrary.ImmersionBar.with(ImmersionBar.java:169)
10-08 16:14:34.068 17304 17304 W System.err: at com.jlpay.merch.ui.base.BaseActivity.onCreate(BaseActivity.java:50)
10-08 16:14:34.068 17304 17304 W System.err: at com.jlpay.merch.ui.base.BaseMvpActivity.onCreate(BaseMvpActivity.java:25)
10-08 16:14:34.068 17304 17304 W System.err: at android.app.Activity.performCreate(Activity.java:8151)
10-08 16:14:34.068 17304 17304 W System.err: at android.app.Activity.performCreate(Activity.java:8135)
10-08 16:14:34.068 17304 17304 W System.err: at android.app.Instrumentation.callActivityOnCreate(Instrumentation.java:1309)
10-08 16:14:34.068 17304 17304 W System.err: at android.app.ActivityThread.performLaunchActivity(ActivityThread.java:3716)
10-08 16:14:34.068 17304 17304 W System.err: at android.app.ActivityThread.handleLaunchActivity(ActivityThread.java:3915)
10-08 16:14:34.068 17304 17304 W System.err: at android.app.servertransaction.LaunchActivityItem.execute(LaunchActivityItem.java:85)
10-08 16:14:34.068 17304 17304 W System.err: at android.app.servertransaction.TransactionExecutor.executeCallbacks(TransactionExecutor.java:135)
10-08 16:14:34.068 17304 17304 W System.err: at android.app.servertransaction.TransactionExecutor.execute(TransactionExecutor.java:95)
10-08 16:14:34.068 17304 17304 W System.err: at android.app.ActivityThread$H.handleMessage(ActivityThread.java:2334)
10-08 16:14:34.068 17304 17304 W System.err: at android.os.Handler.dispatchMessage(Handler.java:106)
10-08 16:14:34.068 17304 17304 W System.err: at android.os.Looper.loop(Looper.java:264)
10-08 16:14:34.069 17304 17304 W System.err: at android.app.ActivityThread.main(ActivityThread.java:8262)
10-08 16:14:34.069 17304 17304 W System.err: at java.lang.reflect.Method.invoke(Native Method)
10-08 16:14:34.069 17304 17304 W System.err: at com.android.internal.os.RuntimeInit$MethodAndArgsCaller.run(RuntimeInit.java:632)
10-08 16:14:34.069 17304 17304 W System.err: at com.android.internal.os.ZygoteInit.main(ZygoteInit.java:1049)
10-08 16:14:34.069 17304 17304 W com.jlpay.merc: Accessing hidden method Lcom/android/internal/R$dimen;->()V (greylist-max-q, reflection, denied)
10-08 16:14:34.069 17304 17304 W System.err: java.lang.InstantiationException: java.lang.Class has no zero argument constructor
10-08 16:14:34.069 17304 17304 W System.err: at java.lang.Class.newInstance(Native Method)
10-08 16:14:34.069 17304 17304 W System.err: at com.gyf.barlibrary.BarConfig.getInternalDimensionSize(BarConfig.java:113)
10-08 16:14:34.069 17304 17304 W System.err: at com.gyf.barlibrary.BarConfig.getNavigationBarWidth(BarConfig.java:81)
10-08 16:14:34.069 17304 17304 W System.err: at com.gyf.barlibrary.BarConfig.(BarConfig.java:42)
10-08 16:14:34.069 17304 17304 W System.err: at com.gyf.barlibrary.ImmersionBar.initParams(ImmersionBar.java:140)
10-08 16:14:34.069 17304 17304 W System.err: at com.gyf.barlibrary.ImmersionBar.(ImmersionBar.java:76)
10-08 16:14:34.069 17304 17304 W System.err: at com.gyf.barlibrary.ImmersionBar.with(ImmersionBar.java:169)
10-08 16:14:34.069 17304 17304 W System.err: at com.jlpay.merch.ui.base.BaseActivity.onCreate(BaseActivity.java:50)
10-08 16:14:34.069 17304 17304 W System.err: at com.jlpay.merch.ui.base.BaseMvpActivity.onCreate(BaseMvpActivity.java:25)
10-08 16:14:34.069 17304 17304 W System.err: at android.app.Activity.performCreate(Activity.java:8151)
10-08 16:14:34.069 17304 17304 W System.err: at android.app.Activity.performCreate(Activity.java:8135)
10-08 16:14:34.069 17304 17304 W System.err: at android.app.Instrumentation.callActivityOnCreate(Instrumentation.java:1309)
10-08 16:14:34.070 17304 17304 W System.err: at android.app.ActivityThread.performLaunchActivity(ActivityThread.java:3716)
10-08 16:14:34.070 17304 17304 W System.err: at android.app.ActivityThread.handleLaunchActivity(ActivityThread.java:3915)
10-08 16:14:34.070 17304 17304 W System.err: at android.app.servertransaction.LaunchActivityItem.execute(LaunchActivityItem.java:85)
10-08 16:14:34.070 17304 17304 W System.err: at android.app.servertransaction.TransactionExecutor.executeCallbacks(TransactionExecutor.java:135)
10-08 16:14:34.070 17304 17304 W System.err: at android.app.servertransaction.TransactionExecutor.execute(TransactionExecutor.java:95)
10-08 16:14:34.070 17304 17304 W System.err: at android.app.ActivityThread$H.handleMessage(ActivityThread.java:2334)
10-08 16:14:34.070 17304 17304 W System.err: at android.os.Handler.dispatchMessage(Handler.java:106)
10-08 16:14:34.070 17304 17304 W System.err: at android.os.Looper.loop(Looper.java:264)
10-08 16:14:34.070 17304 17304 W System.err: at android.app.ActivityThread.main(ActivityThread.java:8262)
10-08 16:14:34.070 17304 17304 W System.err: at java.lang.reflect.Method.invoke(Native Method)
10-08 16:14:34.070 17304 17304 W System.err: at com.android.internal.os.RuntimeInit$MethodAndArgsCaller.run(RuntimeInit.java:632)
10-08 16:14:34.070 17304 17304 W System.err: at com.android.internal.os.ZygoteInit.main(ZygoteInit.java:1049)
10-08 16:14:34.077 17304 17304 W com.jlpay.merc: Accessing hidden method Landroid/view/View;->computeFitSystemWindows(Landroid/graphics/Rect;Landroid/graphics/Rect;)Z (greylist, reflection, allowed)
10-08 16:14:34.077 17304 17304 W com.jlpay.merc: Accessing hidden method Landroid/view/ViewGroup;->makeOptionalFitsSystemWindows()V (greylist, reflection, allowed)
10-08 16:14:34.104 17304 17340 W com.jlpay.merc: Accessing hidden method Ldalvik/system/CloseGuard;->get()Ldalvik/system/CloseGuard; (greylist,core-platform-api, reflection, allowed)
10-08 16:14:34.104 17304 17340 W com.jlpay.merc: Accessing hidden method Ldalvik/system/CloseGuard;->open(Ljava/lang/String;)V (greylist,core-platform-api, reflection, allowed)
10-08 16:14:34.104 17304 17340 W com.jlpay.merc: Accessing hidden method Ldalvik/system/CloseGuard;->warnIfOpen()V (greylist,core-platform-api, reflection, allowed)
10-08 16:14:34.107 17304 17340 W com.jlpay.merc: Class okhttp3.RealCall failed lock verification and will run slower.
10-08 16:14:34.107 17304 17340 W com.jlpay.merc: Common causes for lock verification issues are non-optimized dex code
10-08 16:14:34.107 17304 17340 W com.jlpay.merc: and incorrect proguard optimizations.
10-08 16:14:34.113 2509 2509 E Launcher.ColorBubbleTextView: mForceHideDot is false
10-08 16:14:34.113 1551 2616 V ColorZoomWindowManagerService: onAnimationFinished: r = ActivityRecord{f816897 u0 com.oppo.launcher/.Launcher t2}
10-08 16:14:34.113 1551 2616 I OplusMirageDisplayManagerService: onAnimationFinished:
10-08 16:14:34.114 1551 2616 V ColorZoomWindowManagerService: onAnimationFinished: r = ActivityRecord{a06f861 u0 com.jlpay.merch/.ui.start.SplashActivity t15114}
10-08 16:14:34.114 1551 2616 I ColorAppSwitchManagerService: handleAppVisible , r = ActivityRecord{a06f861 u0 com.jlpay.merch/.ui.start.SplashActivity t15114}
10-08 16:14:34.114 1551 2616 I OplusMirageDisplayManagerService: onAnimationFinished:
10-08 16:14:34.114 17304 17304 I TetheringManager: registerTetheringEventCallback:com.jlpay.merch
10-08 16:14:34.124 17304 17304 D OplusInputMethodUtil: init DEBUG to false, update DEBUG_IME to false
10-08 16:14:34.126 17304 17304 I SurfaceFactory: [static] sSurfaceFactory = com.mediatek.view.impl.SurfaceFactoryImpl@cbc7f11
10-08 16:14:34.126 828 913 I SurfaceFlinger: [SF client] NEW(0xb400007705e83c40) for (17304:com.jlpay.merch)
10-08 16:14:34.128 828 828 E Layer : [Surface(name=Task=2)/@0xf55252b - animation-leash#0] No local sync point found
10-08 16:14:34.128 828 828 E Layer : [Surface(name=Task=15114)/@0xf50282b - animation-leash#0] No local sync point found
10-08 16:14:34.129 17304 17304 D ColorViewRootUtil: initSwipState, isDisplayCompatApp false
10-08 16:14:34.129 17304 17304 D ColorViewRootUtil: mScreenHeight 2400, mScreenWidth 1080
10-08 16:14:34.132 17304 17304 W com.jlpay.merc: Accessing hidden field Lcom/android/internal/policy/DecorView;->mWindow:Lcom/android/internal/policy/PhoneWindow; (greylist, reflection, allowed)
10-08 16:14:34.132 828 913 I BufferQueueProducer: [com.oppo.launcher/com.oppo.launcher.Launcher#0](id:33c00000254,api:1,p:2509,c:828) disconnect(): api=1
10-08 16:14:34.138 6632 6632 V PhoneWindow: DecorView setVisiblity: visibility = 8, Parent = android.view.ViewRootImpl@e11845d, this = DecorView@b7e1d2[InputMethod]
10-08 16:14:34.139 17304 17304 D ViewRootImpl[SplashActivity]: hardware acceleration = true , fakeHwAccelerated = false, sRendererDisabled = false, forceHwAccelerated = false, sSystemRendererDisabled = false
10-08 16:14:34.140 1551 2616 D OppoDisplayPolicy: com.jlpay.merch, no change cutoutMode: 0
10-08 16:14:34.141 828 913 I SurfaceFlinger: [SF client] NEW(0xb400007705e83f40) for (1551:system_server)
10-08 16:14:34.142 828 913 D DispPerfService: get hint proc=47ee99e com.jlpay.merch, idx=0 none
10-08 16:14:34.143 17304 17304 E libEGL : Invalid file path for libcolorx-loader.so
10-08 16:14:34.144 17304 17304 D libMEOW : applied 0 plugin for [com.jlpay.merch].
10-08 16:14:34.144 17304 17304 E libEGL : Invalid file path for libcolorx-loader.so
10-08 16:14:34.144 17304 17304 I chatty : uid=11253(com.jlpay.merch) identical 3 lines
10-08 16:14:34.144 17304 17304 E libEGL : Invalid file path for libcolorx-loader.so
10-08 16:14:34.144 17304 17304 I InputTransport: Create ARC handle: 0xca5ffcf0
10-08 16:14:34.145 17304 17304 V PhoneWindow: DecorView setVisiblity: visibility = 0, Parent = android.view.ViewRootImpl@5f9204e, this = DecorView@d3eb56f[SplashActivity]
10-08 16:14:34.147 17304 17345 W SQLiteLog: (28) double-quoted string literal: "UjftmJwNeB//pVBx7mhtEdINuNXpowQvCmcPICKckhiW/YRp6LcWUTQG9hY5Okh88r0s9sN1LHhk
10-08 16:14:34.147 17304 17345 W SQLiteLog: tGXeDQwBPA==
10-08 16:14:34.147 17304 17345 W SQLiteLog: "
