10-08 16:10:07.638 14826 15298 E ActivityThread: Failed to find provider info for com.nearme.browser.webview.fileprovider
10-08 16:10:07.640 14826 15298 E ActivityThread: Failed to find provider info for com.heytap.heymediatool.webview.fileprovider
10-08 16:10:07.640 14826 15298 E ActivityThread: Failed to find provider info for com.heytap.heymediatool.browser.webview.fileprovider
10-08 16:10:07.749 1551 2569 W ContextImpl: Calling a method in the system process without a qualified user: android.app.ContextImpl.startService:1701 com.oplus.util.OplusStatisticsImpl.startService:216 com.oplus.util.OplusStatisticsImpl.sendDataToDCS:192 com.oplus.util.OplusStatisticsImpl.onCommonSync:84 com.oplus.util.OplusStatisticsImpl$1.run:124
10-08 16:10:07.780 6816 18192 W ContextImpl: Calling a method in the system process without a qualified user: android.app.ContextImpl.startService:1701 android.content.ContextWrapper.startService:730 com.oppo.d.c.a.a:140 com.oppo.d.b.run:1039 java.util.concurrent.ThreadPoolExecutor.runWorker:1167
10-08 16:10:08.133 1551 1906 D DisplayManagerService: Display listener for pid 15176 died.
10-08 16:10:08.133 1551 3656 V ActivityManager: Death received in com.android.server.am.ActivityManagerService$AppDeathRecipient@6b31afa for thread android.os.BinderProxy@3d6d8ab
10-08 16:10:08.133 1551 3656 I ActivityManager: Process com.heytap.browser:remote (pid 15176) has died: cch+5 CEM
10-08 16:10:08.133 1551 3656 W ContextImpl: Calling a method in the system process without a qualified user: android.app.ContextImpl.sendBroadcast:1143 com.android.server.am.OppoExtraActivityManagerService.setKeyLockModeNormal:51 com.android.server.am.ActivityManagerService.appDiedLocked:4305 com.android.server.am.ActivityManagerService$AppDeathRecipient.binderDied:1765 android.os.IBinder$DeathRecipient.binderDied:305
10-08 16:10:08.228 1551 4159 D CompatibilityChangeReporter: Compat change id reported: 135634846; UID 10054; state: DISABLED
10-08 16:10:08.229 1551 1589 D CompatibilityChangeReporter: Compat change id reported: 143937733; UID 10054; state: ENABLED
10-08 16:10:08.258 1551 1589 I ActivityManager: Start proc 15445:com.heytap.browser:swan0/u0a54 for service {com.heytap.browser/com.baidu.swan.apps.process.messaging.client.SwanAppLocalService}
10-08 16:10:08.289 1551 3656 V ActivityManager: New death recipient com.android.server.am.ActivityManagerService$AppDeathRecipient@87fc558 for thread android.os.BinderProxy@69806b1
10-08 16:10:08.292 1551 3656 D CompatibilityChangeReporter: Compat change id reported: 136274596; UID 10054; state: ENABLED
10-08 16:10:08.307 1551 1596 W BroadcastQueue: Background execution not allowed: receiving Intent { act=android.intent.action.DROPBOX_ENTRY_ADDED flg=0x10 (has extras) } to com.google.android.gms/.stats.service.DropBoxEntryAddedReceiver
10-08 16:10:08.307 1551 1596 W BroadcastQueue: Background execution not allowed: receiving Intent { act=android.intent.action.DROPBOX_ENTRY_ADDED flg=0x10 (has extras) } to com.google.android.gms/.chimera.GmsIntentOperationService$PersistentTrustedReceiver
10-08 16:10:08.567 15445 15445 E OplusCustomizeRestrictionManager: sInstance is null, start a new sInstance
10-08 16:10:08.642 1551 3656 D CompatibilityChangeReporter: Compat change id reported: 135634846; UID 10054; state: DISABLED
10-08 16:10:08.642 1551 1589 D CompatibilityChangeReporter: Compat change id reported: 143937733; UID 10054; state: ENABLED
10-08 16:10:08.685 1551 1589 I ActivityManager: Start proc 15506:com.heytap.browser:remote/u0a54 for service {com.heytap.browser/com.baidu.location.f}
10-08 16:10:08.755 1551 3109 V ActivityManager: New death recipient com.android.server.am.ActivityManagerService$AppDeathRecipient@5efc42a for thread android.os.BinderProxy@757821b
10-08 16:10:08.757 1551 3109 D CompatibilityChangeReporter: Compat change id reported: 136274596; UID 10054; state: ENABLED
10-08 16:10:08.778 1551 1834 D CompatibilityChangeReporter: Compat change id reported: 135634846; UID 10054; state: DISABLED
10-08 16:10:08.779 1551 1589 D CompatibilityChangeReporter: Compat change id reported: 143937733; UID 10054; state: ENABLED
10-08 16:10:08.791 1551 1589 I ActivityManager: Start proc 15537:com.google.android.webview:sandboxed_process0:org.chromium.content.app.SandboxedProcessService0:0/u0i40 for {com.heytap.browser/org.chromium.content.app.SandboxedProcessService0:0}
10-08 16:10:08.823 1551 1834 V ActivityManager: New death recipient com.android.server.am.ActivityManagerService$AppDeathRecipient@3edbc32 for thread android.os.BinderProxy@c3c8d83
10-08 16:10:08.825 1551 1834 D CompatibilityChangeReporter: Compat change id reported: 136274596; UID 10054; state: ENABLED
10-08 16:10:08.934 15445 15445 D OplusInputMethodUtil: init DEBUG to false, update DEBUG_IME to false
10-08 16:10:09.402 1551 4159 I ActivityTaskManager: START u0 {act=android.intent.action.VIEW cat=[android.intent.category.BROWSABLE] dat=wallet://fintech/main/index?tabType=LOAN&qs=&e_channel=eduanxin_right&from=701_006 flg=0x10000000 cmp=com.finshell.wallet/com.nearme.common.router.RouterActivity (has extras) mCallingUid=10054} from uid 10054 and from pid 14826
10-08 16:10:09.404 1551 4159 E ColorZoomWindowManagerService: onConfigurationChanged rotation not changed - prevRotation: 0
10-08 16:10:09.406 1551 4159 E ColorZoomWindowManagerService: onConfigurationChanged rotation not changed - prevRotation: 0
10-08 16:10:09.409 1551 4159 D ColorZoomWindowRUSConfigManager: isSupportZoomModeWithPolicyLocked: target = com.finshell.wallet/com.nearme.common.router.RouterActivity
10-08 16:10:09.409 1551 4159 D ColorZoomWindowRUSConfigManager: targetPkg = com.finshell.wallet
10-08 16:10:09.409 1551 4159 I ColorZoomWindowRUSConfigManager: target pkg is unsupport zoom window mode
10-08 16:10:09.409 1551 4159 V ColorZoomWindowManagerService: unSupportZoom: true ,callingPid: 14826 ,sourceStack: Task{fb51b4c #15111 visible=true type=standard mode=fullscreen translucent=false A=10054:android.task.browser U=0 StackId=15111 sz=1}
10-08 16:10:09.409 1551 4159 I ColorZoomWindowDebugConfig: disableDebugLifeCycle before: DEBUG_LIFE_CYCLE = false
10-08 16:10:09.409 1551 4159 I ColorZoomWindowDebugConfig: disableDebugLifeCycle after: DEBUG_LIFE_CYCLE = false
10-08 16:10:09.409 1551 4159 D ColorZoomWindowManagerService: setWindowType, type = 0
10-08 16:10:09.411 1551 4159 W ColorAccessControlManagerService: notifyZoomWindowExit: stack=Task{fb51b4c #15111 visible=true type=standard mode=fullscreen translucent=false A=10054:android.task.browser U=0 StackId=15111 sz=1} windowMode=1 topActivity=ActivityRecord{e7818a7 u0 com.heytap.browser/com.android.browser.BrowserActivity t15111} toFullScreen = true
10-08 16:10:09.411 1551 4159 V ColorZoomWindowManagerService: notifyZoomWindowHide:
10-08 16:10:09.411 1551 4159 I chatty : uid=1000(system) Binder:1551_18 identical 1 line
10-08 16:10:09.411 1551 4159 V ColorZoomWindowManagerService: notifyZoomWindowHide:
10-08 16:10:09.435 1551 3109 W ActivityTaskManager: Tried to set launchTime (0) < mLastActivityLaunchTime (9868308)
10-08 16:10:09.443 1551 3109 I ActivityTaskManager: perfNotifyAppState TopResumedActivityChanged ActivityRecord{b53eaf2 u0 com.finshell.wallet/com.nearme.common.router.RouterActivity t15112}
10-08 16:10:09.444 1551 3109 W WindowManager: Changing focus fromWindow{6794b15 u0 com.heytap.browser/com.android.browser.BrowserActivity} to null displayId=0 Callers=com.android.server.wm.RootWindowContainer.updateFocusedWindowLocked:509 com.android.server.wm.WindowManagerService.updateFocusedWindowLocked:6073 com.android.server.wm.DisplayContent.setFocusedApp:5895 com.android.server.wm.ActivityTaskManagerService.setResumedActivityUncheckLocked:5860
10-08 16:10:09.451 1551 3109 I ActivityTaskManager: perfNotifyAppState PAUSED ActivityRecord{e7818a7 u0 com.heytap.browser/com.android.browser.BrowserActivity t15111}
10-08 16:10:09.454 1551 1574 E OppoThermalStats: Error getting package info: com.finshell.wallet
10-08 16:10:09.455 1551 1574 D OomAdjuster: TOP_APP is ProcessRecord{ca48631 14114:com.finshell.wallet/u0a108} uid is 10108
10-08 16:10:09.487 1551 3656 W WindowManager: Changing focus fromnull to Window{6794b15 u0 com.heytap.browser/com.android.browser.BrowserActivity} displayId=0 Callers=com.android.server.wm.RootWindowContainer.updateFocusedWindowLocked:509 com.android.server.wm.WindowManagerService.updateFocusedWindowLocked:6073 com.android.server.wm.DisplayContent.layoutAndAssignWindowLayersIfNeeded:3600 com.android.server.wm.TaskDisplayArea.positionStackAt:864
10-08 16:10:09.489 1551 3656 V ColorZoomWindowManagerService: prepareZoomTransition: curStack=Task{534084 #15112 visible=false type=standard mode=fullscreen translucent=true A=10108:com.finshell.wallet U=0 StackId=15112 sz=1} nextStackTask{fb51b4c #15111 visible=true type=standard mode=fullscreen translucent=false A=10054:android.task.browser U=0 StackId=15111 sz=1}
10-08 16:10:09.492 1551 4176 E OppoThermalStats: Error getting package info: com.heytap.browser
10-08 16:10:09.493 1551 4176 D OomAdjuster: TOP_APP is ProcessRecord{b26fd4d 14826:com.heytap.browser/u0a54} uid is 10054
10-08 16:10:09.498 1551 3656 I ActivityTaskManager: perfNotifyAppState TopResumedActivityChanged ActivityRecord{e7818a7 u0 com.heytap.browser/com.android.browser.BrowserActivity t15111}
10-08 16:10:09.503 1551 3656 I ColorAppSwitchManagerService: handleAppVisible , r = ActivityRecord{e7818a7 u0 com.heytap.browser/com.android.browser.BrowserActivity t15111}
10-08 16:10:09.505 1551 3656 I ActivityTaskManager: perfNotifyAppState PAUSED ActivityRecord{b53eaf2 u0 com.finshell.wallet/com.nearme.common.router.RouterActivity t15112 f}}
10-08 16:10:09.509 1551 2042 I ActivityTaskManager: START u0 {flg=0x14008000 cmp=com.finshell.wallet/com.nearme.wallet.main.WalletIndexActivity (has extras) mCallingUid=10108} from uid 10108 and from pid 14114
10-08 16:10:09.515 1551 2042 E ColorZoomWindowManagerService: onConfigurationChanged rotation not changed - prevRotation: 0
10-08 16:10:09.516 1551 2042 E ColorZoomWindowManagerService: onConfigurationChanged rotation not changed - prevRotation: 0
10-08 16:10:09.519 1551 2042 D ColorZoomWindowRUSConfigManager: isSupportZoomModeWithPolicyLocked: target = com.finshell.wallet/com.nearme.wallet.main.WalletIndexActivity
10-08 16:10:09.519 1551 2042 D ColorZoomWindowRUSConfigManager: targetPkg = com.finshell.wallet
10-08 16:10:09.519 1551 2042 I ColorZoomWindowRUSConfigManager: target pkg is unsupport zoom window mode
10-08 16:10:09.519 1551 2042 V ColorZoomWindowManagerService: unSupportZoom: true ,callingPid: 14114 ,sourceStack: Task{534084 #15112 visible=false type=standard mode=fullscreen translucent=true A=10108:com.finshell.wallet U=0 StackId=15112 sz=1}
10-08 16:10:09.519 1551 2042 I ColorZoomWindowDebugConfig: disableDebugLifeCycle before: DEBUG_LIFE_CYCLE = false
10-08 16:10:09.519 1551 2042 I ColorZoomWindowDebugConfig: disableDebugLifeCycle after: DEBUG_LIFE_CYCLE = false
10-08 16:10:09.519 1551 2042 D ColorZoomWindowManagerService: setWindowType, type = 0
10-08 16:10:09.519 1551 2042 W ColorAccessControlManagerService: notifyZoomWindowExit: stack=Task{534084 #15112 visible=false type=standard mode=fullscreen translucent=true A=10108:com.finshell.wallet U=0 StackId=15112 sz=1} windowMode=1 topActivity=null toFullScreen = true
10-08 16:10:09.519 1551 2042 V ColorZoomWindowManagerService: notifyZoomWindowHide:
10-08 16:10:09.520 1551 2042 I chatty : uid=1000(system) Binder:1551_5 identical 1 line
10-08 16:10:09.520 1551 2042 V ColorZoomWindowManagerService: notifyZoomWindowHide:
10-08 16:10:09.525 1551 1906 D WindowManager: removeChild,stack:Task{534084 #15112 visible=false type=standard mode=fullscreen translucent=true A=10108:com.finshell.wallet U=0 StackId=15112 sz=0}
10-08 16:10:09.525 1551 1906 D WindowManager: java.lang.Throwable
10-08 16:10:09.525 1551 1906 D WindowManager: at com.android.server.wm.TaskDisplayArea.removeChild(TaskDisplayArea.java:366)
10-08 16:10:09.525 1551 1906 D WindowManager: at com.android.server.wm.TaskDisplayArea.removeChild(TaskDisplayArea.java:102)
10-08 16:10:09.525 1551 1906 D WindowManager: at com.android.server.wm.WindowContainer.removeImmediately(WindowContainer.java:629)
10-08 16:10:09.525 1551 1906 D WindowManager: at com.android.server.wm.Task.removeImmediately(Task.java:2932)
10-08 16:10:09.525 1551 1906 D WindowManager: at com.android.server.wm.Task.removeIfPossible(Task.java:682)
10-08 16:10:09.525 1551 1906 D WindowManager: at com.android.server.wm.Task.removeChild(Task.java:1559)
10-08 16:10:09.525 1551 1906 D WindowManager: at com.android.server.wm.Task.removeChild(Task.java:1497)
10-08 16:10:09.525 1551 1906 D WindowManager: at com.android.server.wm.WindowContainer.removeImmediately(WindowContainer.java:629)
10-08 16:10:09.525 1551 1906 D WindowManager: at com.android.server.wm.WindowToken.removeImmediately(WindowToken.java:402)
10-08 16:10:09.525 1551 1906 D WindowManager: at com.android.server.wm.ActivityRecord.removeImmediately(ActivityRecord.java:3403)
10-08 16:10:09.525 1551 1906 D WindowManager: at com.android.server.wm.ActivityRecord.removeIfPossible(ActivityRecord.java:3410)
10-08 16:10:09.525 1551 1906 D WindowManager: at com.android.server.wm.ActivityRecord.onRemovedFromDisplay(ActivityRecord.java:3495)
10-08 16:10:09.525 1551 1906 D WindowManager: at com.android.server.wm.DisplayContent.removeAppToken(DisplayContent.java:1296)
10-08 16:10:09.525 1551 1906 D WindowManager: at com.android.server.wm.ActivityRecord.removeAppTokenFromDisplay(ActivityRecord.java:2167)
10-08 16:10:09.525 1551 1906 D WindowManager: at com.android.server.wm.ActivityRecord.removeFromHistory(ActivityRecord.java:3195)
10-08 16:10:09.525 1551 1906 D WindowManager: at com.android.server.wm.ActivityRecord.destroyed(ActivityRecord.java:3238)
10-08 16:10:09.525 1551 1906 D WindowManager: at com.android.server.wm.ActivityTaskManagerService.activityDestroyed(ActivityTaskManagerService.java:2090)
10-08 16:10:09.525 1551 1906 D WindowManager: at android.app.IActivityTaskManager$Stub.onTransact(IActivityTaskManager.java:1995)
10-08 16:10:09.525 1551 1906 D WindowManager: at com.android.server.wm.OppoActivityTaskManagerService.onTransact(OppoActivityTaskManagerService.java:174)
10-08 16:10:09.525 1551 1906 D WindowManager: at android.os.Binder.execTransactInternal(Binder.java:1166)
10-08 16:10:09.525 1551 1906 D WindowManager: at android.os.Binder.execTransact(Binder.java:1130)
10-08 16:10:09.535 14826 14869 E ActivityThread: Failed to find provider info for com.coloros.datamonitorprovider.OppoDataMonitorProvider
10-08 16:10:09.564 1551 4231 D ColorAppListInterceptManager: shouldFilterTask
10-08 16:10:09.564 1551 4231 D ColorAppListInterceptManager: shouldFilterTask::packageName = com.finshell.wallet
10-08 16:10:09.564 1551 4231 D ColorAppListInterceptManager: shouldFilterTask
10-08 16:10:09.564 1551 4231 D ColorAppListInterceptManager: shouldFilterTask::packageName = com.heytap.browser
10-08 16:10:09.564 1551 4231 D ColorAppListInterceptManager: shouldFilterTask
10-08 16:10:09.564 1551 4231 D ColorAppListInterceptManager: shouldFilterTask::packageName = com.android.mms
10-08 16:10:09.564 1551 4231 D ColorAppListInterceptManager: shouldFilterTask
10-08 16:10:09.564 1551 4231 D ColorAppListInterceptManager: shouldFilterTask::packageName = com.jlpay.merch
10-08 16:10:09.566 1551 3656 D ColorAppListInterceptManager: shouldFilterTask
10-08 16:10:09.566 1551 3656 D ColorAppListInterceptManager: shouldFilterTask::packageName = com.finshell.wallet
10-08 16:10:09.566 1551 3656 D ColorAppListInterceptManager: shouldFilterTask
10-08 16:10:09.566 1551 3656 D ColorAppListInterceptManager: shouldFilterTask::packageName = com.heytap.browser
10-08 16:10:09.566 1551 3656 D ColorAppListInterceptManager: shouldFilterTask
10-08 16:10:09.566 1551 3656 D ColorAppListInterceptManager: shouldFilterTask::packageName = com.android.mms
10-08 16:10:09.566 1551 3656 D ColorAppListInterceptManager: shouldFilterTask
10-08 16:10:09.566 1551 3656 D ColorAppListInterceptManager: shouldFilterTask::packageName = com.jlpay.merch
10-08 16:10:09.573 6816 18192 W ContextImpl: Calling a method in the system process without a qualified user: android.app.ContextImpl.startService:1701 android.content.ContextWrapper.startService:730 com.oppo.d.c.a.a:140 com.oppo.d.b.run:1039 java.util.concurrent.ThreadPoolExecutor.runWorker:1167
10-08 16:10:09.585 1551 4159 W ActivityTaskManager: Tried to set launchTime (0) < mLastActivityLaunchTime (9918773)
10-08 16:10:09.591 1551 4159 I ActivityTaskManager: perfNotifyAppState TopResumedActivityChanged ActivityRecord{75422d u0 com.finshell.wallet/com.nearme.wallet.main.WalletIndexActivity t15113}
10-08 16:10:09.592 1551 4159 W WindowManager: Changing focus fromWindow{6794b15 u0 com.heytap.browser/com.android.browser.BrowserActivity} to null displayId=0 Callers=com.android.server.wm.RootWindowContainer.updateFocusedWindowLocked:509 com.android.server.wm.WindowManagerService.updateFocusedWindowLocked:6073 com.android.server.wm.DisplayContent.setFocusedApp:5895 com.android.server.wm.ActivityTaskManagerService.setResumedActivityUncheckLocked:5860
10-08 16:10:09.597 1551 4159 I ActivityTaskManager: perfNotifyAppState PAUSED ActivityRecord{e7818a7 u0 com.heytap.browser/com.android.browser.BrowserActivity t15111}
10-08 16:10:09.598 1551 3109 E OppoThermalStats: Error getting package info: com.finshell.wallet
10-08 16:10:09.605 1551 1574 D OomAdjuster: TOP_APP is ProcessRecord{ca48631 14114:com.finshell.wallet/u0a108} uid is 10108
10-08 16:10:09.628 1551 3109 E ORMS_Platform : OplusResourceManagerPlatformUtils: readFile function exception:/d/ged/hal/gpu_utilization: open failed: ENOENT (No such file or directory)
10-08 16:10:09.680 14114 14114 D ColorViewRootUtil: initSwipState, isDisplayCompatApp false
10-08 16:10:09.680 14114 14114 D ColorViewRootUtil: mScreenHeight 2400, mScreenWidth 1080
10-08 16:10:09.689 1551 4169 E ORMS_Platform : OplusResourceManagerPlatformUtils: readFile function exception:/d/ged/hal/gpu_utilization: open failed: ENOENT (No such file or directory)
10-08 16:10:09.715 1551 4159 I WindowManager: Relayout Window{9527d65 u0 com.finshell.wallet/com.nearme.wallet.main.WalletIndexActivity}: oldVis=4 newVis=0 focusMayChange = true
10-08 16:10:09.718 1551 4159 W WindowManager: Changing focus fromnull to Window{9527d65 u0 com.finshell.wallet/com.nearme.wallet.main.WalletIndexActivity} displayId=0 Callers=com.android.server.wm.RootWindowContainer.updateFocusedWindowLocked:509 com.android.server.wm.WindowManagerService.updateFocusedWindowLocked:6073 com.android.server.wm.WindowManagerService.relayoutWindow:2717 com.android.server.wm.Session.relayout:229
10-08 16:10:09.723 1551 2932 D CompatibilityChangeReporter: Compat change id reported: 135634846; UID 10108; state: DISABLED
10-08 16:10:09.723 1551 1589 D CompatibilityChangeReporter: Compat change id reported: 143937733; UID 10108; state: ENABLED
10-08 16:10:09.723 14114 14114 V OplusZoomWindowDecorViewHelper: setLastReportedMergedConfiguration mZoomDisplayHeight: 2400 getDecorView.DecorView@6256bfd[WalletIndexActivity]
10-08 16:10:09.776 1551 1589 W ActivityManager: Slow operation: 53ms so far, now at startProcess: returned from zygote!
10-08 16:10:09.776 1551 1589 W ActivityManager: Slow operation: 54ms so far, now at startProcess: done updating battery stats
10-08 16:10:09.777 1551 1589 W ActivityManager: Slow operation: 54ms so far, now at startProcess: building log message
10-08 16:10:09.777 1551 1589 I ActivityManager: Start proc 15663:com.google.android.webview:sandboxed_process0:org.chromium.content.app.SandboxedProcessService0:1/u0i41 for {com.finshell.wallet/org.chromium.content.app.SandboxedProcessService0:1}
10-08 16:10:09.777 1551 1589 W ActivityManager: Slow operation: 54ms so far, now at startProcess: starting to update pids map
10-08 16:10:09.780 1551 1589 W ActivityManager: Slow operation: 58ms so far, now at startProcess: done updating pids map
10-08 16:10:09.826 1551 1566 V ActivityManager: New death recipient com.android.server.am.ActivityManagerService$AppDeathRecipient@2e1a1d8 for thread android.os.BinderProxy@e71e931
10-08 16:10:09.843 1551 4231 D ColorAppListInterceptManager: shouldFilterTask
10-08 16:10:09.843 1551 4231 D ColorAppListInterceptManager: shouldFilterTask::packageName = com.finshell.wallet
10-08 16:10:09.843 1551 4231 D ColorAppListInterceptManager: shouldFilterTask
10-08 16:10:09.843 1551 4231 D ColorAppListInterceptManager: shouldFilterTask::packageName = com.heytap.browser
10-08 16:10:09.843 1551 4231 D ColorAppListInterceptManager: shouldFilterTask
10-08 16:10:09.843 1551 4231 D ColorAppListInterceptManager: shouldFilterTask::packageName = com.android.mms
10-08 16:10:09.843 1551 4231 D ColorAppListInterceptManager: shouldFilterTask
10-08 16:10:09.843 1551 4231 D ColorAppListInterceptManager: shouldFilterTask::packageName = com.jlpay.merch
10-08 16:10:09.844 1551 1566 D CompatibilityChangeReporter: Compat change id reported: 136274596; UID 10108; state: ENABLED
10-08 16:10:09.848 1551 4169 D ColorInputMethodManagerServiceEx: onHandleImeWindowVisibleStatus handledVis: 0, switcher visible: 0, switcher active: 0, needsToShowImeSwitcher: false
10-08 16:10:09.849 1551 4169 I chatty : uid=1000(system) Binder:1551_1C identical 1 line
10-08 16:10:09.869 1551 4169 D ColorInputMethodManagerServiceEx: onHandleImeWindowVisibleStatus handledVis: 0, switcher visible: 0, switcher active: 0, needsToShowImeSwitcher: false
10-08 16:10:10.093 1551 1575 V ColorZoomWindowManagerService: onAnimationFinished: r = ActivityRecord{75422d u0 com.finshell.wallet/com.nearme.wallet.main.WalletIndexActivity t15113}
10-08 16:10:10.093 1551 1575 I ColorAppSwitchManagerService: handleAppVisible , r = ActivityRecord{75422d u0 com.finshell.wallet/com.nearme.wallet.main.WalletIndexActivity t15113}
10-08 16:10:10.093 1551 1575 I OplusMirageDisplayManagerService: onAnimationFinished:
10-08 16:10:10.094 1551 1575 V ColorZoomWindowManagerService: onAnimationFinished: r = ActivityRecord{e7818a7 u0 com.heytap.browser/com.android.browser.BrowserActivity t15111}
10-08 16:10:10.094 1551 1575 I OplusMirageDisplayManagerService: onAnimationFinished:
10-08 16:10:10.102 1551 1574 I ActivityTaskManager: perfNotifyAppState STOP ActivityRecord{e7818a7 u0 com.heytap.browser/com.android.browser.BrowserActivity t15111}
10-08 16:10:10.119 1551 2429 D OppoBasePowerManagerService: do restore jobs
10-08 16:10:10.119 1551 2429 I chatty : uid=1000(system) HansManagerHand identical 4 lines
10-08 16:10:10.119 1551 2429 D OppoBasePowerManagerService: do restore jobs
10-08 16:10:10.260 1551 1566 D CompatibilityChangeReporter: Compat change id reported: 135634846; UID 10054; state: DISABLED
10-08 16:10:10.260 1551 1589 D CompatibilityChangeReporter: Compat change id reported: 143937733; UID 10054; state: ENABLED
10-08 16:10:10.270 1551 1589 I ActivityManager: Start proc 15712:com.heytap.browser:media/u0a54 for service {com.heytap.browser/com.heytap.heymedia.player.remote.HeymediaPlayerService}
10-08 16:10:10.288 1551 1566 V ActivityManager: New death recipient com.android.server.am.ActivityManagerService$AppDeathRecipient@288be14 for thread android.os.BinderProxy@59b36bd
10-08 16:10:10.450 1551 1566 E OplusCustomizeRestrictionManagerService: isBiometricDisabled start
10-08 16:10:10.676 1551 4159 E PackageDexUsage: Unsupported context?
10-08 16:10:11.396 1551 1566 W ActivityManager: Receiver with filter android.content.IntentFilter@f25d55 already registered for pid 14826, callerPackage is com.heytap.browser
10-08 16:10:11.443 1551 2570 I ColorGameSpaceManager: in handleApplicationSwitchInner ---- gamemode = 0 ----mModeStatus = 0
10-08 16:10:11.498 1551 2570 I chatty : uid=1000(system) gameSpaceThread identical 1 line
10-08 16:10:11.592 1551 2570 I ColorGameSpaceManager: in handleApplicationSwitchInner ---- gamemode = 0 ----mModeStatus = 0
10-08 16:10:11.601 14826 15856 W PackageParser: Unknown element under : queries at /data/app/~~Y_XLb9DuSzTck53kBhyenA==/com.heytap.browser-8MsDaVbVH3Tpb2NrSjdQZw==/base.apk Binary XML file line #132
10-08 16:10:11.623 14826 15856 W PackageParser: No actions in intent filter at /data/app/~~Y_XLb9DuSzTck53kBhyenA==/com.heytap.browser-8MsDaVbVH3Tpb2NrSjdQZw==/base.apk Binary XML file line #2073
10-08 16:10:11.630 14826 15856 W PackageParser: No actions in intent filter at /data/app/~~Y_XLb9DuSzTck53kBhyenA==/com.heytap.browser-8MsDaVbVH3Tpb2NrSjdQZw==/base.apk Binary XML file line #3265
10-08 16:10:11.700 1551 1816 D BatteryLed: getLightInColorState, oppoLightMgr empty!
10-08 16:10:11.700 1551 1598 D OppoThermalStats: REPORT_UPDATE_CPU -> phoneTemp:300 preHeatThreshold:400
10-08 16:10:12.687 1551 1604 D DisplayPowerController: animateScreenBrightness = 7.0
10-08 16:10:12.702 1551 1904 D DisplayManagerService: requestGlobalDisplayStateInterna l111(ON, brightness=370.0)
10-08 16:10:12.702 1551 1904 D DisplayManagerService: requestGlobalDisplayState(ON, brightness=370.0)
10-08 16:10:12.702 1551 1904 E LightsService: baseSetLightLocked(0, 370, 0, 0)
10-08 16:10:12.702 1551 1904 V LightsService: setLight #0: color=#172: brightnessMode=0
10-08 16:10:12.718 1551 1904 D DisplayManagerService: requestGlobalDisplayStateInterna l111(ON, brightness=350.0)
10-08 16:10:12.718 1551 1904 D DisplayManagerService: requestGlobalDisplayState(ON, brightness=350.0)
10-08 16:10:12.718 1551 1904 E LightsService: baseSetLightLocked(0, 350, 0, 0)
10-08 16:10:12.718 1551 1904 V LightsService: setLight #0: color=#15e: brightnessMode=0
10-08 16:10:12.735 1551 1904 D DisplayManagerService: requestGlobalDisplayStateInterna l111(ON, brightness=330.0)
10-08 16:10:12.735 1551 1904 D DisplayManagerService: requestGlobalDisplayState(ON, brightness=330.0)
10-08 16:10:12.735 1551 1904 E LightsService: baseSetLightLocked(0, 330, 0, 0)
10-08 16:10:12.735 1551 1904 V LightsService: setLight #0: color=#14a: brightnessMode=0
10-08 16:10:12.751 1551 1904 D DisplayManagerService: requestGlobalDisplayStateInterna l111(ON, brightness=310.0)
10-08 16:10:12.751 1551 1904 D DisplayManagerService: requestGlobalDisplayState(ON, brightness=310.0)
10-08 16:10:12.751 1551 1904 E LightsService: baseSetLightLocked(0, 310, 0, 0)
10-08 16:10:12.751 1551 1904 V LightsService: setLight #0: color=#136: brightnessMode=0
10-08 16:10:12.767 1551 1904 D DisplayManagerService: requestGlobalDisplayStateInterna l111(ON, brightness=290.0)
10-08 16:10:12.767 1551 1904 D DisplayManagerService: requestGlobalDisplayState(ON, brightness=290.0)
10-08 16:10:12.768 1551 1904 E LightsService: baseSetLightLocked(0, 290, 0, 0)
10-08 16:10:12.768 1551 1904 V LightsService: setLight #0: color=#122: brightnessMode=0
10-08 16:10:12.784 1551 1904 D DisplayManagerService: requestGlobalDisplayStateInterna l111(ON, brightness=270.0)
10-08 16:10:12.784 1551 1904 D DisplayManagerService: requestGlobalDisplayState(ON, brightness=270.0)
10-08 16:10:12.784 1551 1904 E LightsService: baseSetLightLocked(0, 270, 0, 0)
10-08 16:10:12.784 1551 1904 V LightsService: setLight #0: color=#10e: brightnessMode=0
10-08 16:10:12.801 1551 1904 D DisplayManagerService: requestGlobalDisplayStateInterna l111(ON, brightness=250.0)
10-08 16:10:12.801 1551 1904 D DisplayManagerService: requestGlobalDisplayState(ON, brightness=250.0)
10-08 16:10:12.801 1551 1904 E LightsService: baseSetLightLocked(0, 250, 0, 0)
10-08 16:10:12.801 1551 1904 V LightsService: setLight #0: color=#fa: brightnessMode=0
10-08 16:10:12.817 1551 1904 D DisplayManagerService: requestGlobalDisplayStateInterna l111(ON, brightness=230.0)
10-08 16:10:12.817 1551 1904 D DisplayManagerService: requestGlobalDisplayState(ON, brightness=230.0)
10-08 16:10:12.817 1551 1904 E LightsService: baseSetLightLocked(0, 230, 0, 0)
10-08 16:10:12.817 1551 1904 V LightsService: setLight #0: color=#e6: brightnessMode=0
10-08 16:10:12.834 1551 1904 D DisplayManagerService: requestGlobalDisplayStateInterna l111(ON, brightness=210.0)
10-08 16:10:12.834 1551 1904 D DisplayManagerService: requestGlobalDisplayState(ON, brightness=210.0)
10-08 16:10:12.834 1551 1904 E LightsService: baseSetLightLocked(0, 210, 0, 0)
10-08 16:10:12.834 1551 1904 V LightsService: setLight #0: color=#d2: brightnessMode=0
10-08 16:10:12.849 1551 1904 D DisplayManagerService: requestGlobalDisplayStateInterna l111(ON, brightness=190.0)
10-08 16:10:12.849 1551 1904 D DisplayManagerService: requestGlobalDisplayState(ON, brightness=190.0)
10-08 16:10:12.850 1551 1904 D ScreenMode: enter DC and low brightness mode:true
10-08 16:10:12.850 1551 1904 E LightsService: baseSetLightLocked(0, 190, 0, 0)
10-08 16:10:12.850 1551 1904 V LightsService: setLight #0: color=#be: brightnessMode=0
10-08 16:10:12.851 1551 1904 D OppoBaseLightsService: notifyFlingerLight color=190code=21005
10-08 16:10:12.866 1551 1904 D DisplayManagerService: requestGlobalDisplayStateInterna l111(ON, brightness=170.0)
10-08 16:10:12.866 1551 1904 D DisplayManagerService: requestGlobalDisplayState(ON, brightness=170.0)
10-08 16:10:12.866 1551 1904 E LightsService: baseSetLightLocked(0, 170, 0, 0)
10-08 16:10:12.866 1551 1904 V LightsService: setLight #0: color=#aa: brightnessMode=0
10-08 16:10:12.882 1551 1904 D DisplayManagerService: requestGlobalDisplayStateInterna l111(ON, brightness=150.0)
10-08 16:10:12.882 1551 1904 D DisplayManagerService: requestGlobalDisplayState(ON, brightness=150.0)
10-08 16:10:12.882 1551 1904 E LightsService: baseSetLightLocked(0, 150, 0, 0)
10-08 16:10:12.882 1551 1904 V LightsService: setLight #0: color=#96: brightnessMode=0
10-08 16:10:12.899 1551 1904 D DisplayManagerService: requestGlobalDisplayStateInterna l111(ON, brightness=130.0)
10-08 16:10:12.899 1551 1904 D DisplayManagerService: requestGlobalDisplayState(ON, brightness=130.0)
10-08 16:10:12.899 1551 1904 E LightsService: baseSetLightLocked(0, 130, 0, 0)
10-08 16:10:12.899 1551 1904 V LightsService: setLight #0: color=#82: brightnessMode=0
10-08 16:10:12.915 1551 1904 D DisplayManagerService: requestGlobalDisplayStateInterna l111(ON, brightness=110.0)
10-08 16:10:12.915 1551 1904 D DisplayManagerService: requestGlobalDisplayState(ON, brightness=110.0)
10-08 16:10:12.915 1551 1904 E LightsService: baseSetLightLocked(0, 110, 0, 0)
10-08 16:10:12.915 1551 1904 V LightsService: setLight #0: color=#6e: brightnessMode=0
10-08 16:10:12.916 1551 1904 D OplusFeatureDCBacklight: notifySfRepaintEverything begin mCurrentDCMode:-1
10-08 16:10:12.934 1551 1904 D DisplayManagerService: requestGlobalDisplayStateInterna l111(ON, brightness=90.0)
10-08 16:10:12.934 1551 1904 D DisplayManagerService: requestGlobalDisplayState(ON, brightness=90.0)
10-08 16:10:12.934 1551 1904 E LightsService: baseSetLightLocked(0, 90, 0, 0)
10-08 16:10:12.934 1551 1904 V LightsService: setLight #0: color=#5a: brightnessMode=0
10-08 16:10:12.935 1551 1904 D OplusFeatureDCBacklight: notifySfRepaintEverything begin mCurrentDCMode:-1
10-08 16:10:12.948 1551 1904 D DisplayManagerService: requestGlobalDisplayStateInterna l111(ON, brightness=70.0)
10-08 16:10:12.948 1551 1904 D DisplayManagerService: requestGlobalDisplayState(ON, brightness=70.0)
10-08 16:10:12.949 1551 1904 E LightsService: baseSetLightLocked(0, 70, 0, 0)
10-08 16:10:12.949 1551 1904 V LightsService: setLight #0: color=#46: brightnessMode=0
10-08 16:10:12.950 1551 1904 D OplusFeatureDCBacklight: notifySfRepaintEverything begin mCurrentDCMode:-1
10-08 16:10:12.964 1551 1904 D DisplayManagerService: requestGlobalDisplayStateInterna l111(ON, brightness=50.0)
10-08 16:10:12.964 1551 1904 D DisplayManagerService: requestGlobalDisplayState(ON, brightness=50.0)
10-08 16:10:12.964 1551 1904 E LightsService: baseSetLightLocked(0, 50, 0, 0)
10-08 16:10:12.964 1551 1904 V LightsService: setLight #0: color=#32: brightnessMode=0
10-08 16:10:12.965 1551 1904 D OplusFeatureDCBacklight: notifySfRepaintEverything begin mCurrentDCMode:-1
10-08 16:10:12.981 1551 1904 D DisplayManagerService: requestGlobalDisplayStateInterna l111(ON, brightness=30.0)
10-08 16:10:12.981 1551 1904 D DisplayManagerService: requestGlobalDisplayState(ON, brightness=30.0)
10-08 16:10:12.981 1551 1904 E LightsService: baseSetLightLocked(0, 30, 0, 0)
10-08 16:10:12.981 1551 1904 V LightsService: setLight #0: color=#1e: brightnessMode=0
10-08 16:10:12.982 1551 1904 D OplusFeatureDCBacklight: notifySfRepaintEverything begin mCurrentDCMode:-1
10-08 16:10:12.997 1551 1904 D DisplayManagerService: requestGlobalDisplayStateInterna l111(ON, brightness=10.0)
10-08 16:10:12.997 1551 1904 D DisplayManagerService: requestGlobalDisplayState(ON, brightness=10.0)
10-08 16:10:12.999 1551 1904 E LightsService: baseSetLightLocked(0, 10, 0, 0)
10-08 16:10:12.999 1551 1904 V LightsService: setLight #0: color=#a: brightnessMode=0
10-08 16:10:12.999 1551 1904 D OppoBaseLightsService: notifyFlingerLight color=10code=21005
10-08 16:10:12.999 1551 1904 D OplusFeatureDCBacklight: notifySfRepaintEverything begin mCurrentDCMode:-1
10-08 16:10:13.014 1551 1604 D DisplayPowerController: animateScreenBrightness = 7.0
10-08 16:10:13.014 1551 1904 D DisplayManagerService: requestGlobalDisplayStateInterna l111(ON, brightness=7.0)
10-08 16:10:13.014 1551 1904 D DisplayManagerService: requestGlobalDisplayState(ON, brightness=7.0)
10-08 16:10:13.014 1551 1904 E LightsService: baseSetLightLocked(0, 7, 0, 0)
10-08 16:10:13.014 1551 1904 V LightsService: setLight #0: color=#7: brightnessMode=0
10-08 16:10:13.014 1551 1904 D OppoBaseLightsService: notifyFlingerLight color=7code=21005
10-08 16:10:13.014 1551 1904 D OplusFeatureDCBacklight: notifySfRepaintEverything begin mCurrentDCMode:-1
10-08 16:10:15.916 1551 1822 D JobScheduler.Temperature: get temperature=30.845
10-08 16:10:17.644 1551 1816 D BatteryLed: getLightInColorState, oppoLightMgr empty!
10-08 16:10:23.748 1551 1816 D BatteryLed: getLightInColorState, oppoLightMgr empty!
10-08 16:10:24.659 1551 4159 W OppoPackageManagerService: uid 10108 pid 14114 call setComponentEnabledSetting(ComponentInfo{com.finshell.wallet/androidx.work.impl.background.systemalarm.RescheduleReceiver}, 1, 0x1, 0)
10-08 16:10:25.924 1551 1822 D JobScheduler.Temperature: get temperature=31.155
10-08 16:10:27.868 14114 14114 D ViewRootImpl: enqueueInputEventMotionEvent { action=ACTION_DOWN, actionButton=0, id[0]=0, x[0]=814.0, y[0]=582.0, toolType[0]=TOOL_TYPE_FINGER, buttonState=0, classification=NONE, metaState=0, flags=0x0, edgeFlags=0x0, pointerCount=1, historySize=0, eventTime=9937188, downTime=9937187, deviceId=-1, source=0x1002, displayId=0 }
10-08 16:10:27.873 1551 1604 D DisplayPowerController: animateScreenBrightness = 390.0
10-08 16:10:27.888 1551 1904 D DisplayManagerService: requestGlobalDisplayStateInterna l111(ON, brightness=29.0)
10-08 16:10:27.888 1551 1904 D DisplayManagerService: requestGlobalDisplayState(ON, brightness=29.0)
10-08 16:10:27.888 1551 1904 E LightsService: baseSetLightLocked(0, 29, 0, 0)
10-08 16:10:27.888 1551 1904 V LightsService: setLight #0: color=#1d: brightnessMode=0
10-08 16:10:27.890 1551 1904 D OplusFeatureDCBacklight: notifySfRepaintEverything begin mCurrentDCMode:-1
10-08 16:10:27.905 1551 1904 D DisplayManagerService: requestGlobalDisplayStateInterna l111(ON, brightness=55.0)
10-08 16:10:27.905 1551 1904 D DisplayManagerService: requestGlobalDisplayState(ON, brightness=55.0)
10-08 16:10:27.906 1551 1904 E LightsService: baseSetLightLocked(0, 55, 0, 0)
10-08 16:10:27.906 1551 1904 V LightsService: setLight #0: color=#37: brightnessMode=0
10-08 16:10:27.906 1551 1904 D OplusFeatureDCBacklight: notifySfRepaintEverything begin mCurrentDCMode:-1
10-08 16:10:27.912 1551 3109 D ColorInputMethodManagerServiceEx: onHandleImeWindowVisibleStatus handledVis: 0, switcher visible: 0, switcher active: 0, needsToShowImeSwitcher: false
10-08 16:10:27.915 1551 3109 E OplusCustomizeRestrictionManagerService: isBiometricDisabled start
10-08 16:10:27.921 1551 1904 D DisplayManagerService: requestGlobalDisplayStateInterna l111(ON, brightness=81.0)
10-08 16:10:27.921 1551 1904 D DisplayManagerService: requestGlobalDisplayState(ON, brightness=81.0)
10-08 16:10:27.921 1551 1904 E LightsService: baseSetLightLocked(0, 81, 0, 0)
10-08 16:10:27.921 1551 1904 V LightsService: setLight #0: color=#51: brightnessMode=0
10-08 16:10:27.922 1551 1904 D OplusFeatureDCBacklight: notifySfRepaintEverything begin mCurrentDCMode:-1
10-08 16:10:27.937 1551 1904 D DisplayManagerService: requestGlobalDisplayStateInterna l111(ON, brightness=108.0)
10-08 16:10:27.937 1551 1904 D DisplayManagerService: requestGlobalDisplayState(ON, brightness=108.0)
10-08 16:10:27.937 1551 1904 E LightsService: baseSetLightLocked(0, 108, 0, 0)
10-08 16:10:27.937 1551 1904 V LightsService: setLight #0: color=#6c: brightnessMode=0
10-08 16:10:27.937 1551 1904 D OplusFeatureDCBacklight: notifySfRepaintEverything begin mCurrentDCMode:-1
10-08 16:10:27.955 1551 1904 D DisplayManagerService: requestGlobalDisplayStateInterna l111(ON, brightness=134.0)
10-08 16:10:27.955 1551 1904 D DisplayManagerService: requestGlobalDisplayState(ON, brightness=134.0)
10-08 16:10:27.955 1551 1904 E LightsService: baseSetLightLocked(0, 134, 0, 0)
10-08 16:10:27.955 1551 1904 V LightsService: setLight #0: color=#86: brightnessMode=0
10-08 16:10:27.962 1551 4159 I ActivityTaskManager: START u0 {cmp=com.finshell.wallet/com.nearme.common.lib.permissions.PermissionActivity (has extras) mCallingUid=10108} from uid 10108 and from pid 14114
10-08 16:10:27.964 1551 4159 D ColorZoomWindowRUSConfigManager: isSupportZoomModeWithPolicyLocked: target = com.finshell.wallet/com.nearme.common.lib.permissions.PermissionActivity
10-08 16:10:27.964 1551 4159 D ColorZoomWindowRUSConfigManager: targetPkg = com.finshell.wallet
10-08 16:10:27.964 1551 4159 I ColorZoomWindowRUSConfigManager: target pkg is unsupport zoom window mode
10-08 16:10:27.964 1551 4159 V ColorZoomWindowManagerService: unSupportZoom: true ,callingPid: 14114 ,sourceStack: Task{802a4b3 #15113 visible=true type=standard mode=fullscreen translucent=false A=10108:com.finshell.wallet U=0 StackId=15113 sz=1}
10-08 16:10:27.964 1551 4159 I ColorZoomWindowDebugConfig: disableDebugLifeCycle before: DEBUG_LIFE_CYCLE = false
10-08 16:10:27.964 1551 4159 I ColorZoomWindowDebugConfig: disableDebugLifeCycle after: DEBUG_LIFE_CYCLE = false
10-08 16:10:27.965 1551 4159 D ColorZoomWindowManagerService: setWindowType, type = 0
10-08 16:10:27.965 1551 4159 W ColorAccessControlManagerService: notifyZoomWindowExit: stack=Task{802a4b3 #15113 visible=true type=standard mode=fullscreen translucent=false A=10108:com.finshell.wallet U=0 StackId=15113 sz=1} windowMode=1 topActivity=ActivityRecord{75422d u0 com.finshell.wallet/com.nearme.wallet.main.WalletIndexActivity t15113} toFullScreen = true
10-08 16:10:27.965 1551 4159 V ColorZoomWindowManagerService: notifyZoomWindowHide:
10-08 16:10:27.965 1551 4159 I chatty : uid=1000(system) Binder:1551_18 identical 1 line
10-08 16:10:27.965 1551 4159 V ColorZoomWindowManagerService: notifyZoomWindowHide:
10-08 16:10:27.967 1551 4159 D ColorZoomWindowRUSConfigManager: isSupportZoomModeWithPolicyLocked: target = com.finshell.wallet/com.nearme.common.lib.permissions.PermissionActivity
10-08 16:10:27.967 1551 4159 D ColorZoomWindowRUSConfigManager: targetPkg = com.finshell.wallet
10-08 16:10:27.967 1551 4159 I ColorZoomWindowRUSConfigManager: target pkg is unsupport zoom window mode
10-08 16:10:27.967 1551 4159 V ColorZoomWindowManagerService: unSupportZoom: true ,callingPid: 14114 ,sourceStack: Task{802a4b3 #15113 visible=true type=standard mode=fullscreen translucent=false A=10108:com.finshell.wallet U=0 StackId=15113 sz=2}
10-08 16:10:27.967 1551 4159 I ColorZoomWindowDebugConfig: disableDebugLifeCycle before: DEBUG_LIFE_CYCLE = false
10-08 16:10:27.967 1551 4159 I ColorZoomWindowDebugConfig: disableDebugLifeCycle after: DEBUG_LIFE_CYCLE = false
10-08 16:10:27.967 1551 4159 D ColorZoomWindowManagerService: setWindowType, type = 0
10-08 16:10:27.968 1551 4159 W ColorAccessControlManagerService: notifyZoomWindowExit: stack=Task{802a4b3 #15113 visible=true type=standard mode=fullscreen translucent=false A=10108:com.finshell.wallet U=0 StackId=15113 sz=2} windowMode=1 topActivity=ActivityRecord{a416465 u0 com.finshell.wallet/com.nearme.common.lib.permissions.PermissionActivity t15113} toFullScreen = true
10-08 16:10:27.968 1551 4159 V ColorZoomWindowManagerService: notifyZoomWindowHide:
10-08 16:10:27.968 1551 4159 I chatty : uid=1000(system) Binder:1551_18 identical 1 line
10-08 16:10:27.968 1551 4159 V ColorZoomWindowManagerService: notifyZoomWindowHide:
10-08 16:10:27.969 1551 1904 D DisplayManagerService: requestGlobalDisplayStateInterna l111(ON, brightness=160.0)
10-08 16:10:27.969 1551 1904 D DisplayManagerService: requestGlobalDisplayState(ON, brightness=160.0)
10-08 16:10:27.970 1551 1904 E LightsService: baseSetLightLocked(0, 160, 0, 0)
10-08 16:10:27.970 1551 1904 V LightsService: setLight #0: color=#a0: brightnessMode=0
10-08 16:10:27.976 1551 1566 I OppoBaseActivityStack: notifyAppSwitch the same packageName!
10-08 16:10:27.976 1551 1566 W ActivityTaskManager: Tried to set launchTime (0) < mLastActivityLaunchTime (9918922)
10-08 16:10:27.981 1551 1566 I ActivityTaskManager: perfNotifyAppState TopResumedActivityChanged ActivityRecord{a416465 u0 com.finshell.wallet/com.nearme.common.lib.permissions.PermissionActivity t15113}
10-08 16:10:27.982 1551 1566 W WindowManager: Changing focus fromWindow{9527d65 u0 com.finshell.wallet/com.nearme.wallet.main.WalletIndexActivity} to null displayId=0 Callers=com.android.server.wm.RootWindowContainer.updateFocusedWindowLocked:509 com.android.server.wm.WindowManagerService.updateFocusedWindowLocked:6073 com.android.server.wm.DisplayContent.setFocusedApp:5895 com.android.server.wm.ActivityTaskManagerService.setResumedActivityUncheckLocked:5860
10-08 16:10:27.985 1551 1566 I ActivityTaskManager: perfNotifyAppState PAUSED ActivityRecord{75422d u0 com.finshell.wallet/com.nearme.wallet.main.WalletIndexActivity t15113}
10-08 16:10:27.986 1551 1904 D DisplayManagerService: requestGlobalDisplayStateInterna l111(ON, brightness=187.0)
10-08 16:10:27.986 1551 1904 D DisplayManagerService: requestGlobalDisplayState(ON, brightness=187.0)
10-08 16:10:27.986 1551 1904 E LightsService: baseSetLightLocked(0, 187, 0, 0)
10-08 16:10:27.986 1551 1904 V LightsService: setLight #0: color=#bb: brightnessMode=0
10-08 16:10:28.003 1551 1904 D DisplayManagerService: requestGlobalDisplayStateInterna l111(ON, brightness=213.0)
10-08 16:10:28.003 1551 1904 D DisplayManagerService: requestGlobalDisplayState(ON, brightness=213.0)
10-08 16:10:28.004 1551 1904 D ScreenMode: enter DC and low brightness mode:false
10-08 16:10:28.004 1551 1904 E LightsService: baseSetLightLocked(0, 213, 0, 0)
10-08 16:10:28.004 1551 1904 V LightsService: setLight #0: color=#d5: brightnessMode=0
10-08 16:10:28.004 1551 1904 D OppoBaseLightsService: notifyFlingerLight color=213code=21005
10-08 16:10:28.005 1551 3109 I ActivityTaskManager: START u0 {act=android.content.pm.action.REQUEST_PERMISSIONS pkg=com.android.permissioncontroller cmp=com.android.permissioncontroller/.permission.ui.GrantPermissionsActivity (has extras) mCallingUid=10108} from uid 10108 and from pid 14114
10-08 16:10:28.009 1551 3109 D ColorZoomWindowRUSConfigManager: isSupportZoomModeWithPolicyLocked: target = com.android.permissioncontroller/.permission.ui.GrantPermissionsActivity
10-08 16:10:28.009 1551 3109 D ColorZoomWindowRUSConfigManager: targetPkg = com.android.permissioncontroller
10-08 16:10:28.009 1551 3109 V ColorZoomWindowManagerService: unSupportZoom: false ,callingPid: 14114 ,sourceStack: Task{802a4b3 #15113 visible=true type=standard mode=fullscreen translucent=false A=10108:com.finshell.wallet U=0 StackId=15113 sz=2}
10-08 16:10:28.011 1551 3109 D ColorZoomWindowRUSConfigManager: isSupportZoomModeWithPolicyLocked: target = com.android.permissioncontroller/.permission.ui.GrantPermissionsActivity
10-08 16:10:28.011 1551 3109 D ColorZoomWindowRUSConfigManager: targetPkg = com.android.permissioncontroller
10-08 16:10:28.011 1551 3109 V ColorZoomWindowManagerService: unSupportZoom: false ,callingPid: 14114 ,sourceStack: Task{802a4b3 #15113 visible=true type=standard mode=fullscreen translucent=false A=10108:com.finshell.wallet U=0 StackId=15113 sz=3}
10-08 16:10:28.020 14114 14114 D ColorViewRootUtil: initSwipState, isDisplayCompatApp false
10-08 16:10:28.020 14114 14114 D ColorViewRootUtil: mScreenHeight 2400, mScreenWidth 1080
10-08 16:10:28.020 1551 1904 D DisplayManagerService: requestGlobalDisplayStateInterna l111(ON, brightness=240.0)
10-08 16:10:28.020 1551 1904 D DisplayManagerService: requestGlobalDisplayState(ON, brightness=240.0)
10-08 16:10:28.020 1551 1904 E LightsService: baseSetLightLocked(0, 240, 0, 0)
10-08 16:10:28.020 1551 1904 V LightsService: setLight #0: color=#f0: brightnessMode=0
10-08 16:10:28.028 1551 1566 I WindowManager: Relayout Window{a83cf53 u0 com.finshell.wallet/com.nearme.common.lib.permissions.PermissionActivity}: oldVis=4 newVis=0 focusMayChange = true
10-08 16:10:28.031 1551 1566 W WindowManager: Changing focus fromnull to Window{a83cf53 u0 com.finshell.wallet/com.nearme.common.lib.permissions.PermissionActivity} displayId=0 Callers=com.android.server.wm.RootWindowContainer.updateFocusedWindowLocked:509 com.android.server.wm.WindowManagerService.updateFocusedWindowLocked:6073 com.android.server.wm.WindowManagerService.relayoutWindow:2717 com.android.server.wm.Session.relayout:229
10-08 16:10:28.035 14114 14114 V OplusZoomWindowDecorViewHelper: setLastReportedMergedConfiguration mZoomDisplayHeight: 2400 getDecorView.DecorView@76b95e6[PermissionActivity]
10-08 16:10:28.035 1551 1904 D DisplayManagerService: requestGlobalDisplayStateInterna l111(ON, brightness=266.0)
10-08 16:10:28.035 1551 1904 D DisplayManagerService: requestGlobalDisplayState(ON, brightness=266.0)
10-08 16:10:28.035 1551 1904 E LightsService: baseSetLightLocked(0, 266, 0, 0)
10-08 16:10:28.035 1551 1904 V LightsService: setLight #0: color=#10a: brightnessMode=0
10-08 16:10:28.052 1551 1904 D DisplayManagerService: requestGlobalDisplayStateInterna l111(ON, brightness=292.0)
10-08 16:10:28.052 1551 1904 D DisplayManagerService: requestGlobalDisplayState(ON, brightness=292.0)
10-08 16:10:28.052 1551 1904 E LightsService: baseSetLightLocked(0, 292, 0, 0)
10-08 16:10:28.052 1551 1904 V LightsService: setLight #0: color=#124: brightnessMode=0
10-08 16:10:28.059 1551 3109 W ActivityTaskManager: Tried to set launchTime (0) < mLastActivityLaunchTime (9787669)
10-08 16:10:28.062 1551 3109 I ActivityTaskManager: perfNotifyAppState TopResumedActivityChanged ActivityRecord{2f7feb7 u0 com.android.permissioncontroller/.permission.ui.GrantPermissionsActivity t15113}
10-08 16:10:28.063 1551 3109 W WindowManager: Changing focus fromWindow{a83cf53 u0 com.finshell.wallet/com.nearme.common.lib.permissions.PermissionActivity} to null displayId=0 Callers=com.android.server.wm.RootWindowContainer.updateFocusedWindowLocked:509 com.android.server.wm.WindowManagerService.updateFocusedWindowLocked:6073 com.android.server.wm.DisplayContent.setFocusedApp:5895 com.android.server.wm.ActivityTaskManagerService.setResumedActivityUncheckLocked:5860
10-08 16:10:28.068 1551 1904 D DisplayManagerService: requestGlobalDisplayStateInterna l111(ON, brightness=319.0)
10-08 16:10:28.068 1551 1904 D DisplayManagerService: requestGlobalDisplayState(ON, brightness=319.0)
10-08 16:10:28.068 1551 1904 E LightsService: baseSetLightLocked(0, 319, 0, 0)
10-08 16:10:28.068 1551 1904 V LightsService: setLight #0: color=#13f: brightnessMode=0
10-08 16:10:28.073 1551 3109 I ActivityTaskManager: perfNotifyAppState PAUSED ActivityRecord{a416465 u0 com.finshell.wallet/com.nearme.common.lib.permissions.PermissionActivity t15113}
10-08 16:10:28.075 1551 1574 E OppoThermalStats: Error getting package info: com.android.permissioncontroller
10-08 16:10:28.076 1551 1574 D OomAdjuster: TOP_APP is ProcessRecord{98cdae2 11148:com.android.permissioncontroller/u0a64} uid is 10064
10-08 16:10:28.085 1551 1904 D DisplayManagerService: requestGlobalDisplayStateInterna l111(ON, brightness=345.0)
10-08 16:10:28.085 1551 1904 D DisplayManagerService: requestGlobalDisplayState(ON, brightness=345.0)
10-08 16:10:28.085 1551 1904 E LightsService: baseSetLightLocked(0, 345, 0, 0)
10-08 16:10:28.085 1551 1904 V LightsService: setLight #0: color=#159: brightnessMode=0
10-08 16:10:28.101 1551 1904 D DisplayManagerService: requestGlobalDisplayStateInterna l111(ON, brightness=372.0)
10-08 16:10:28.101 1551 1904 D DisplayManagerService: requestGlobalDisplayState(ON, brightness=372.0)
10-08 16:10:28.101 1551 1904 E LightsService: baseSetLightLocked(0, 372, 0, 0)
10-08 16:10:28.101 1551 1904 V LightsService: setLight #0: color=#174: brightnessMode=0
10-08 16:10:28.117 1551 1904 D DisplayManagerService: requestGlobalDisplayStateInterna l111(ON, brightness=390.0)
10-08 16:10:28.117 1551 1604 D DisplayPowerController: animateScreenBrightness = 390.0
10-08 16:10:28.117 1551 1904 D DisplayManagerService: requestGlobalDisplayState(ON, brightness=390.0)
10-08 16:10:28.117 1551 1904 E LightsService: baseSetLightLocked(0, 390, 0, 0)
10-08 16:10:28.117 1551 1904 V LightsService: setLight #0: color=#186: brightnessMode=0
10-08 16:10:28.145 11148 11148 D OplusInputMethodUtil: init DEBUG to false, update DEBUG_IME to false
10-08 16:10:28.147 11148 11148 D ColorViewRootUtil: initSwipState, isDisplayCompatApp false
10-08 16:10:28.147 11148 11148 D ColorViewRootUtil: mScreenHeight 2400, mScreenWidth 1080
10-08 16:10:28.173 1551 1566 I WindowManager: Relayout Window{ac86187 u0 com.android.permissioncontroller/com.android.permissioncontroller.permission.ui.GrantPermissionsActivity}: oldVis=4 newVis=0 focusMayChange = true
