10-08 16:14:49.772 1120 17626 E ISPProfileMapping: [mappingProfile] No match profile, isProprietary:1/FID=0x0/SenComb=1/Scenario=1/Stage=11 (mappingProfile){#253:vendor/mediatek/proprietary/hardware/mtkcam3/feature/common/utils/ISPProfileMapper.cpp}
10-08 16:14:49.772 1120 17626 W MSNRCore: (17626)[getMsnrMode] Failed to get ISP Profile, use EIspProfile_Capture_Before_Blend as default
10-08 16:14:49.772 1120 17626 I MtkCam/CapturePipe/P2ANode: [checkHasYUVOutput]request has yuv output. type:19, buf:8
10-08 16:14:49.772 1120 17626 I MtkCam/CapturePipe/P2ANode: [onRequestProcess](4) +, R/F/S Num: 1/1/1
10-08 16:14:49.772 1120 17626 W MtkCam/CapturePipe/Request: [acquireBuffer]Output:jpeg already acquired
10-08 16:14:49.772 1120 17626 W MtkCam/CapturePipe/Request: [acquireBuffer]Output:jpeg already acquired
10-08 16:14:49.772 1120 17626 W MtkCam/CapturePipe/Request: [acquireBuffer]Output:thumbnail already acquired
10-08 16:14:49.772 1120 17626 W MtkCam/CapturePipe/P2ANode: [setP2ISP]pBufLCE2CALTM is NULL, hasFeature(DRE): 0, mLCE2CALTM_Size: 52
10-08 16:14:49.772 1120 17626 E paramctrl_validate: DCESO too old, use default setting, u4id(3) DcsFrmId(-1) (validatePerFrameP2){#332:vendor/mediatek/proprietary/hardware/mtkcam/aaa/source/isp_6s/isp_tuning/paramctrl/paramctrl_validate.cpp}
10-08 16:14:49.773 1120 17626 W PDTblGen: [getTbl] dev(2) scenario(0) device is not started, no tables can be output. Please module should be started before getting table
10-08 16:14:49.773 1120 17626 I MtkCam/CapturePipe/P2ANode: [onRequestProcess](4) -, R/F/S Num: 1/1/1
10-08 16:14:49.774 1120 7216 D AdaptCALTM: GetCustomParameters: No Nvram Content!
10-08 16:14:49.785 1120 17621 I MtkCam/CapturePipe/P2ANode: [onP2SuccessCallback](4) R/F/S Num: 1/1/1, task:4, timeconsuming: 11ms
10-08 16:14:49.785 1120 17641 I MtkCam/CapturePipe/P2ANode: [onRequestFinish](4), R/F/S Num: 1/1/1
10-08 16:14:49.785 1120 17641 I MtkCam/CapturePipe/Request: [decNodeReference][R/F Num: 1/1] decNodeReference nodeId(p2a)
10-08 16:14:49.785 1120 17641 I MtkCam/P2/CaptureProcessor: [notifyRelease] P2C cam 1: notify release, R/F Num:1/1
10-08 16:14:49.785 1120 17641 I MtkCam/CapturePipe/Pipe: [onData]R/F Num: 1/1 - dataid=deque, Finished Abort(0)/Fail(0)
10-08 16:14:49.785 1120 17641 I MtkCam/JpegNode: [queue] FrameNo : 1, RequestNo : 1
10-08 16:14:49.785 1120 17641 I MtkCam/P2/CaptureProcessor: [onCompleted] P2C cam 1 MWFrame:#1 MWReq:#1, frame 1-0 : (0xb4000075cc172440) erased a completed request, request count:0, R/F Num:1/1
10-08 16:14:49.785 1120 17616 I MtkCam/JpegNode: [extractRequestLoop] mbRequestDrainedCond wait +
10-08 16:14:49.785 1120 17616 I MtkCam/JpegNode: [extractRequestLoop] mbRequestDrainedCond wait -
10-08 16:14:49.785 1120 17616 I MtkCam/JpegNode: [processJpeg] mReqWaitDoneQueueStillFreeCond wait +
10-08 16:14:49.785 1120 17616 I MtkCam/JpegNode: [processJpeg] mReqWaitDoneQueueStillFreeCond wait -
10-08 16:14:49.785 1120 17616 I mtkcam/exif: [StdExif] property: AppPackageName(com.oppo.attention)
10-08 16:14:49.787 1120 17617 I MtkCam/JpegNode: [waitJpegEncodeReqDone] mReqNewTriggerEncodeCond wait -
10-08 16:14:49.787 1120 17644 W MtkCam/JpegNode: [getJpegParams] no tag: MTK_VSDOF_FEATURE_REFOCUS_CAPTURE_FLOW
10-08 16:14:49.787 1120 17644 E MtkCam/JpegNode: [updateOffsetTimeOrig] offsetDateTime(801200bb) Entry is Empty (updateOffsetTimeOrig){#41:vendor/mediatek/proprietary/hardware/mtkcam3/pipeline/hwnode/p1/../../../oplus/pipeline/hwnode/JpegNode/v2.0/OplusJpegNodeImp.h}
10-08 16:14:49.787 1120 17644 E MtkCam/JpegNode: [updateOffsetTimeOrig] offsetDateTime(801200bb) is +8:00 (updateOffsetTimeOrig){#60:vendor/mediatek/proprietary/hardware/mtkcam3/pipeline/hwnode/p1/../../../oplus/pipeline/hwnode/JpegNode/v2.0/OplusJpegNodeImp.h}
10-08 16:14:49.787 1120 17644 I mtkcam/exif: [init] mpExifParam(0xb4000075cc289768) ImageSize(480x640) FNumber(2000/1000) FocalLegth(3410/1000) AWBMode(0) Strobe(0) AEMeterMode(2) Brightness(81) AEExpBias(0)
10-08 16:14:49.787 1120 17644 I mtkcam/exif: [init] CapExposureTime(20001) AEISOSpeed(448) LightSource(255) ExpProgram(0) SceneCapType(0) Orientation(22) ZoomRatio(100) Facing(1) ICC(0)
10-08 16:14:49.787 1120 17644 I mtkcam/exif: [init] GPS(0), Altitude(0), Latitude(), Longitude(), TimeStamp(), ProcessingMethod()
10-08 16:14:49.787 1120 17644 I mtkcam/exif: [init] FlashFiringStatus(0), FlashReturnDetect(0), FlashMode(2), FlashFunction(0), FlashRedEye(0)
10-08 16:14:49.787 1120 17644 E MEXIF : [ifdExifIFDValInit] Unsupport tag!(0x8831) (ifdExifIFDValInit){#483:vendor/mediatek/proprietary/hardware/mtkcam/utils/exif/common/exif_ifdinit.cpp}
10-08 16:14:49.787 1120 17644 E MEXIF : [exifErrPrint] Error in ifdExifIFDValInit() call, Unsupport tag!, err = fffff4fe
10-08 16:14:49.787 1120 17644 E MEXIF : (exifErrPrint){#365:vendor/mediatek/proprietary/hardware/mtkcam/utils/exif/common/exif_misc.cpp}
10-08 16:14:49.787 1120 17644 E MEXIF : [ifdExifIFDValInit] Unsupport tag!(0x8833) (ifdExifIFDValInit){#483:vendor/mediatek/proprietary/hardware/mtkcam/utils/exif/common/exif_ifdinit.cpp}
10-08 16:14:49.787 1120 17644 E MEXIF : [exifErrPrint] Error in ifdExifIFDValInit() call, Unsupport tag!, err = fffff4fe
10-08 16:14:49.787 1120 17644 E MEXIF : (exifErrPrint){#365:vendor/mediatek/proprietary/hardware/mtkcam/utils/exif/common/exif_misc.cpp}
10-08 16:14:49.781 1120 1120 W Cam@Jpeg: type=1400 audit(0.0:26317): avc: denied { read } for name="u:object_r:default_prop:s0" dev="tmpfs" ino=2141 scontext=u:r:mtk_hal_camera:s0 tcontext=u:object_r:default_prop:s0 tclass=file permissive=0
10-08 16:14:49.787 1120 17644 I MEXIF : [exifApp1SizeGet] app1 size(1664)
10-08 16:14:49.787 1120 17644 E libc : Access denied finding property "jpeg.exif.icc.profile"
10-08 16:14:49.789 1120 17644 D JpgEncHal: ::LevelLock type 2, islock 0, L:195!!
10-08 16:14:49.789 1120 17644 W JpgEncv4l2: [Info] device_open sem_wait + 1
10-08 16:14:49.789 1120 17645 W MtkCam/JpegCodec: (17645)[encode] [encode] Ori (width, height) = (176, 132), Aligned (width, height) = (128, 176) u4Transform(7)
10-08 16:14:49.789 1120 17644 W JpgEncv4l2: open path /dev/video3
10-08 16:14:49.789 1120 17644 D JpgEncHal: JpgEncHal::LevelLock enc_type 0, L:222!!
10-08 16:14:49.789 1120 17644 D JpgEncHal: Src Addr:0x765e4e2000, 0x765e4a8000, srcFD 320 321, width/height:[480, 640], format:3
10-08 16:14:49.789 1120 17644 D JpgEncHal: Src Size:0x4b000, 0x25800, Stride 1e0 1e0!!
10-08 16:14:49.789 1120 17644 D JpgEncHal: Dst Addr:0x75bf63c500, dstFD 324, Quality:100, Buffer Size:660800, Need add SOI:0, memType 3!!
10-08 16:14:49.789 1120 17644 E JpgEncv4l2: jpegEncStart devcie_open retrun 329
10-08 16:14:49.789 1120 17644 W JpgEncv4l2: v4l2_set_fmt width 480 height 640 dstFormat 3
10-08 16:14:49.789 1120 17644 W JpgEncv4l2: v4l2_set_fmt bytesperline1 480 sizeimage 307200 dstFormat 3
10-08 16:14:49.789 1120 17644 W JpgEncv4l2: v4l2_set_fmt width 480 height 640 dstFormat 3
10-08 16:14:49.789 1120 17644 W JpgEncv4l2: v4l2_set_control restart interval 0
10-08 16:14:49.789 1120 17644 W JpgEncv4l2: v4l2_set_control quality 100
10-08 16:14:49.789 1120 17644 W JpgEncv4l2: v4l2_set_control enableExif 1
10-08 16:14:49.789 1120 17644 W JpgEncv4l2: v4l2_set_control dst offset 0xa500
10-08 16:14:49.789 1120 17644 W JpgEncv4l2: v4l2_set_selection crop width 480 height 640
10-08 16:14:49.789 1120 17644 W JpgEncv4l2: index: 0, type: 10, memory: 4, length: 2, sequence: 0, ts: 0.000000, byteused: 0, flag: 0x4000, reserved2: [0,0], planes_bytesused:[0,0], planes_length:[307200,153600], planes_data_offset:[0,0], planes_m_fd[0,0]
10-08 16:14:49.789 1120 17644 W JpgEncv4l2: index: 1, type: 10, memory: 4, length: 2, sequence: 0, ts: 0.000000, byteused: 0, flag: 0x4000, reserved2: [0,0], planes_bytesused:[0,0], planes_length:[307200,153600], planes_data_offset:[0,0], planes_m_fd[0,0]
10-08 16:14:49.789 1120 17644 W JpgEncv4l2: index: 2, type: 10, memory: 4, length: 2, sequence: 0, ts: 0.000000, byteused: 0, flag: 0x4000, reserved2: [0,0], planes_bytesused:[0,0], planes_length:[307200,153600], planes_data_offset:[0,0], planes_m_fd[0,0]
10-08 16:14:49.789 1120 17644 W JpgEncv4l2: index: 3, type: 10, memory: 4, length: 2, sequence: 0, ts: 0.000000, byteused: 0, flag: 0x4000, reserved2: [0,0], planes_bytesused:[0,0], planes_length:[307200,153600], planes_data_offset:[0,0], planes_m_fd[0,0]
10-08 16:14:49.789 1120 17644 W JpgEncv4l2: index: 4, type: 10, memory: 4, length: 2, sequence: 0, ts: 0.000000, byteused: 0, flag: 0x4000, reserved2: [0,0], planes_bytesused:[0,0], planes_length:[307200,153600], planes_data_offset:[0,0], planes_m_fd[0,0]
10-08 16:14:49.789 1120 17644 W JpgEncv4l2: index: 0, type: 9, memory: 4, length: 1, sequence: 0, ts: 0.000000, byteused: 0, flag: 0x4000, reserved2: [0,0], planes_bytesused:[0], planes_length:[660864], planes_data_offset:[0], planes_m_fd[0]
10-08 16:14:49.789 1120 17644 W JpgEncv4l2: index: 1, type: 9, memory: 4, length: 1, sequence: 0, ts: 0.000000, byteused: 0, flag: 0x4000, reserved2: [0,0], planes_bytesused:[0], planes_length:[660864], planes_data_offset:[0], planes_m_fd[0]
10-08 16:14:49.789 1120 17644 W JpgEncv4l2: index: 2, type: 9, memory: 4, length: 1, sequence: 0, ts: 0.000000, byteused: 0, flag: 0x4000, reserved2: [0,0], planes_bytesused:[0], planes_length:[660864], planes_data_offset:[0], planes_m_fd[0]
10-08 16:14:49.789 1120 17644 W JpgEncv4l2: index: 3, type: 9, memory: 4, length: 1, sequence: 0, ts: 0.000000, byteused: 0, flag: 0x4000, reserved2: [0,0], planes_bytesused:[0], planes_length:[660864], planes_data_offset:[0], planes_m_fd[0]
10-08 16:14:49.789 1120 17644 W JpgEncv4l2: index: 4, type: 9, memory: 4, length: 1, sequence: 0, ts: 0.000000, byteused: 0, flag: 0x4000, reserved2: [0,0], planes_bytesused:[0], planes_length:[660864], planes_data_offset:[0], planes_m_fd[0]
10-08 16:14:49.789 1120 17644 W JpgEncv4l2: v4l2_set_dma_in_memory plane 0 fd 320 length 307200 bytesused 307200
10-08 16:14:49.789 1120 17644 W JpgEncv4l2: v4l2_set_dma_in_memory plane 1 fd 321 length 153600 bytesused 153600
10-08 16:14:49.789 1120 17644 W JpgEncv4l2: v4l2_set_dma_out_memory fd 324 length 660864 bytesused 0
10-08 16:14:49.789 1120 17644 W JpgEncv4l2: v4l2_poll before poll (10)wait_event 0x4 pfd.events 0xc
10-08 16:14:49.790 1120 17644 W JpgEncv4l2: v4l2_poll after poll (10)wait_event 0x4 pfd.events 0xc 404
10-08 16:14:49.790 1120 17644 W JpgEncv4l2: (10)UNKNOWN
10-08 16:14:49.790 1120 17644 W JpgEncv4l2: poll(10) meet event 0x4 pfd.revents 0x4
10-08 16:14:49.790 1120 17644 W JpgEncv4l2:
10-08 16:14:49.790 1120 17644 W JpgEncv4l2: v4l2_poll before poll (9)wait_event 0x1 pfd.events 0x9
10-08 16:14:49.790 1120 17644 W JpgEncv4l2: v4l2_poll after poll (9)wait_event 0x1 pfd.events 0xb 1
10-08 16:14:49.790 1120 17644 W JpgEncv4l2: (9)UNKNOWN
10-08 16:14:49.790 1120 17644 W JpgEncv4l2: poll(9) meet event 0x1 pfd.revents 0x1
10-08 16:14:49.790 1120 17644 W JpgEncv4l2:
10-08 16:14:49.790 1120 17644 W JpgEncv4l2: v4l2_dq_out_buf VIDIOC_DQBUF out buffer out buf bytesused 69888
10-08 16:14:49.790 1120 17644 D JpgEncHal: JpgEncHal:before ion cache invalidate
10-08 16:14:49.790 1120 17644 D JpgEncHal: JpgEncHal:before ion cache invalidate 2
10-08 16:14:49.790 1120 17644 D imgMmu : ::[ION_SYNC] imgIon_syncDone ionFD 348, handle 0x1, va 0xbf63c500 size 660800 L:500!!
10-08 16:14:49.790 1120 17644 D JpgEncHal: result:0, size:69817
10-08 16:14:49.790 1120 17644 W JpgEncv4l2: device_close close fd 329
10-08 16:14:49.790 1120 17644 W JpgEncv4l2: [Info] device_close sem_post -1
10-08 16:14:49.790 1120 17644 D JpgEncHal: call free_ion fDstIonHdle 1
10-08 16:14:49.790 1120 7216 D AdaptCALTM: GetCustomParameters: No Nvram Content!
10-08 16:14:49.790 1120 7216 W MDP : DpMmuHandler::flushMemory flush all not support
10-08 16:14:49.790 1120 7216 W MDP : DpMmuHandler::flushMemory flush all not support
10-08 16:14:49.790 1120 17645 W MDP : DpMmuHandler::flushMemory flush all not support
10-08 16:14:49.791 1120 17645 D JpgEncHal: ::LevelLock type 1, islock 0, L:195!!
10-08 16:14:49.791 1120 17645 D JpgEncHal: JpgEncHal::LevelLock enc_type 1, L:222!!
10-08 16:14:49.791 1120 17645 D JpgEncHal: Src Addr:0x765e904000, 0x0, srcFD 346 -1, width/height:[128, 176], format:0
10-08 16:14:49.791 1120 17645 D JpgEncHal: Src Size:0xb000, 0x0, Stride 100 0!!
10-08 16:14:49.791 1120 17645 D JpgEncHal: Dst Addr:0x75bf632680, dstFD 324, Quality:100, Buffer Size:40576, Need add SOI:1, memType 3!!
10-08 16:14:49.791 1120 17645 D JpgEncHal: SW Encode Start!!!
10-08 16:14:49.791 1120 17645 D JpgEncHal: SW Encode Done!!!
10-08 16:14:49.792 1120 17644 I mtkcam/exif: [make] out buffer(0x75bf632000)
10-08 16:14:49.792 1120 17644 I mtkcam/exif: [updateStdExif] strDateTime(2021:10:08 16:14:49), strSubSecTime(78)
10-08 16:14:49.792 1120 17644 I mtkcam/exif: [updateStdExif] property: make(OPPO), model(PDKM00)
10-08 16:14:49.792 1120 17644 E mtkcam/exif: [make] not support ICC profile 0 (make){#681:vendor/mediatek/proprietary/hardware/mtkcam/utils/exif/v3/StdExif.cpp}
10-08 16:14:49.792 1120 17617 W mtkcam-PreReleaseRequest: [notifyCaptureCompleted] mImgReaderID is -1
10-08 16:14:49.793 1120 17617 I MtkCam/JpegNode: [waitJpegEncodeReqDone] mReqNewTriggerEncodeCond wait +
10-08 16:14:49.794 32713 32733 W gralloc4: Could not find component description for FourCC value 0
10-08 16:14:49.795 32713 32733 D skia : SkJpegCodec::onGetPixels +
10-08 16:14:49.798 32713 32733 D skia : SkJpegCodec::onGetPixels -
10-08 16:14:49.798 32713 32733 D GazeDetect: mobileOrientation: MOBILE_ORIENTATION_UP
10-08 16:14:49.799 32713 32733 D PROCESS : backBitmap Rect(0, 0 - 640, 640) frontBitmap Rect(0, 0 - 480, 640)
10-08 16:14:49.811 1039 10277 I ANNPreparedModel_V1_3: executeSynchronously()
10-08 16:14:49.812 1039 10277 I NeuroEaraMgr: [notifyExecutionBegin] => tid:32713, mid:12970367455080845320 (MTag_12970367455080847232)
10-08 16:14:49.812 1039 10277 I NeuroEaraMgr: [updateBoostValue] step0 @UNKNOWN, minExecTime: 779, suggestExecTime: 0, boostValue: 100 (MTag_12970367455080847232)
10-08 16:14:49.812 1039 10277 I NeuroEaraMgr: [updateBoostValue] step1 @MDLA, minExecTime: 6002, suggestExecTime: 0, boostValue: 100 (MTag_12970367455080847232)
10-08 16:14:49.812 1039 10277 I NeuroEaraMgr: [updateBoostValue] step2 @UNKNOWN, minExecTime: 15499904, suggestExecTime: 0, boostValue: 100 (MTag_12970367455080847232)
10-08 16:14:49.812 1039 10277 I ANNQoS : User priority: 10, EARA priority: 0
10-08 16:14:49.812 1039 10277 I ANNQoS : Use voted job priority: 0
10-08 16:14:49.812 1039 10277 I mtkpower_client: perf_lock_acq, hdl:2710, dur:2000, num:22, tid:10277
10-08 16:14:49.809 1039 1039 W HwBinder:1039_3: type=1400 audit(0.0:26318): avc: denied { read } for name="boot_mode" dev="sysfs" ino=8007 scontext=u:r:mtk_hal_neuralnetworks:s0 tcontext=u:object_r:sysfs_boot_mode:s0 tclass=file permissive=0
10-08 16:14:49.812 1039 10277 I mtkpower_client: ret_hdl:2710
10-08 16:14:49.812 1039 10277 I ANNExecutor: ANNExecutor::run()
10-08 16:14:49.812 808 870 I libPowerHal: [perfLockAcq] idx:1 hdl:2710 hint:-1 pid:1039 duration:2000 => ret_hdl:2710
10-08 16:14:49.815 828 828 I BufferQueueProducer: [FramebufferSurface](this:0xb400007684a32ed0,id:-1,api:1,p:828,c:828) queueBuffer: fps=0.19 dur=5166.67 max=5166.67 min=5166.67
10-08 16:14:49.825 1039 10277 I ANNExecutor: Completed run normally
10-08 16:14:49.825 1039 10277 I ANNPreparedModelBase: executor.run returned 0
10-08 16:14:49.825 1039 10277 I NeuroEaraMgr: [notifyExecutionEnd] step0 @UNKNOWN, execTime:537, minExecTime:658 (MTag_12970367455080847232)
10-08 16:14:49.825 1039 10277 I NeuroEaraMgr: [notifyExecutionEnd] step1 @MDLA, execTime:4836, minExecTime:5419 (MTag_12970367455080847232)
10-08 16:14:49.825 1039 10277 I NeuroEaraMgr: [notifyExecutionEnd] step2 @UNKNOWN, execTime:13084160, minExecTime:14292032 (MTag_12970367455080847232)
10-08 16:14:49.825 1039 10277 I NeuroEaraMgr: [notifyEaraJobEnd] <= priority: 0, tid:32713, mid:12970367455080845320 (MTag_12970367455080847232)#
10-08 16:14:49.825 32713 32733 D retina : faces number:0
10-08 16:14:49.825 32713 32733 D GazeDetect: RGBImage, size height: 640 width: 480
10-08 16:14:49.825 32713 32733 D GazeDetect: FaceDetect, total 0 faces
10-08 16:14:49.848 1120 17594 E idx_cache: [query] [IdxCache::query] pModExpend info missing (query){#297:vendor/mediatek/proprietary/hardware/mtkcam/utils/mapping_mgr/idx_cache/idx_cache.cpp}
10-08 16:14:49.848 1120 17594 D AE_ALGO : [recfg_smooth_ctrl_v6_s] pline tale is null
10-08 16:14:49.848 1120 7240 I MtkCam3/HwUtils: [boostCPUFreq] already boosting, mLastBoostFrameNo : 4, frameNo : 5
10-08 16:14:49.848 1120 17594 D camerahalserver: [transBinSum_s5k3p9spmipiraw()] + u4Eposuretime:20001 u4AfeGain:4160 u4IspGain:4124 u4ISO:408
10-08 16:14:49.849 1120 7240 E CamMidasService: [ERROR ] midasserviceintf.cpp:122 SetPowerFactor() m_pMIDASService is null
10-08 16:14:49.849 1120 7240 I mtkcam-FeatureSettingPolicy: [evaluateCaptureSetting] (0xb40000759d3cac20) capture req#:6
10-08 16:14:49.849 1120 7240 I mtkcam-customer_scenario_mgr: [customer_get_features_table_by_scenario] find features for scenario(5 : MTK_CAMERA_SCENARIO_CAPTURE_CSHOT) in logical map
10-08 16:14:49.849 1120 7240 I mtkcam-FeatureSettingPolicy: [evaluateCaptureSetting] trigger feature:NO_FEATURE_NORMAL(0), feature combination:MTK_FEATURE_COMBINATION_CSHOT(0x10040) for req#6
10-08 16:14:49.849 1120 7240 D isp_tuning_custom_oplus: [OPLUS ISP Profile]cannot get OPPO_APS_FEATURE_TYPE!
10-08 16:14:49.849 1120 7240 D isp_tuning_custom_oplus: [OPLUS ISP Profile]Current apsFeature is -1
10-08 16:14:49.849 1120 7240 D isp_tuning_custom_oplus: [OPLUS ISP Profile]Current APS Feature is -1, do not set custom profile.
10-08 16:14:49.850 1120 17594 E awb_mgr_oplus: AWB: Write oppo awb debug info success! (getCustomDebugInfo){#806:vendor/mediatek/proprietary/hardware/mtkcam/aaa/source/isp_6s/awb_mgr/../../../../oplus/aaa/isp_6s/awb_mgr/Oplus_awb_mgr.cpp}
10-08 16:14:49.850 1120 17594 D AFAlgo : Working buffer not created. skip all af_Process. dev 0
10-08 16:14:49.852 1120 17594 E HalIspImp: [setP1Params] No ISP Profile: CaptureIntent: 1, Default Profile: 0 (setP1Params){#658:vendor/mediatek/proprietary/hardware/mtkcam/aaa/source/isp_6s/isp_hal/HalIspImp.cpp}
10-08 16:14:49.870 1120 17611 I Hal3Av3 : [get] frmId(4), IsConvert4MetaResult(0), ret(1), u1CaptureIntent(1), count(112, 38), AwbState(2) AeState(1) FlashState(0) AfState(0) Exp(20001000) ISO(437) FrameDuration(100050000)
10-08 16:14:49.871 1120 17612 I MtkCam/P2/CaptureNode: [queue] P2C cam 1: (0xb4000075c8c11e80) R/F Num: 2/2
10-08 16:14:49.872 1120 17629 I MtkCam/P2/CaptureProcessor: [onEnque] P2C cam 1 MWFrame:#2 MWReq:#2, frame 2 : Index/Count:-1/0 Feature:0x10040
10-08 16:14:49.873 1120 17629 I MtkCam/P2/CaptureProcessor: [onEnque] P2C cam 1 MWFrame:#2 MWReq:#2, frame 2 : Index/Count:-1/0 isEarlyNotificationTrigger:-1, isCshot:1, feature:cz/hfg
10-08 16:14:49.873 1120 17629 I MtkCam/P2/CaptureProcessor: [onEnque] P2C cam 1 MWFrame:#2 MWReq:#2, frame 2 : enqued request to captureFeaturePipe, R/F Num:2/2
10-08 16:14:49.873 1120 17629 I MtkCam/CapturePipe/Request: [addNodeIO][R/F Num: 2/2] In, nodeId(4)(p2a), typeId(0)(man_full_raw), bufferId(0), reference(1)
10-08 16:14:49.873 1120 17629 I MtkCam/CapturePipe/Request: [addNodeIO][R/F Num: 2/2] In, nodeId(4)(p2a), typeId(1)(man_rsz_raw), bufferId(1), reference(1)
10-08 16:14:49.873 1120 17629 I MtkCam/CapturePipe/Request: [addNodeIO][R/F Num: 2/2] In, nodeId(4)(p2a), typeId(23)(man_lcs), bufferId(2), reference(1)
10-08 16:14:49.873 1120 17629 I MtkCam/CapturePipe/Request: [addNodeIO][R/F Num: 2/2] In, nodeId(4)(p2a), typeId(24)(man_lcesho), bufferId(3), reference(1)
10-08 16:14:49.873 1120 17629 I MtkCam/CapturePipe/Request: [addNodeIO][R/F Num: 2/2] Out nodeId(4)(p2a), typeId(19)(jpeg), bufferId(8), reference(1)
10-08 16:14:49.873 1120 17629 I MtkCam/CapturePipe/Request: [addNodeIO][R/F Num: 2/2] Out nodeId(4)(p2a), typeId(20)(thumbnail), bufferId(10), reference(1)
10-08 16:14:49.873 1120 17629 I MtkCam/CapturePipe/Request: [addNodeIO][R/F Num: 2/2] nodeId(4)(p2a), metaId(0), reference(1)
10-08 16:14:49.873 1120 17629 I MtkCam/CapturePipe/Request: [addNodeIO][R/F Num: 2/2] nodeId(4)(p2a), metaId(1), reference(1)
10-08 16:14:49.873 1120 17629 I MtkCam/CapturePipe/Request: [addNodeIO][R/F Num: 2/2] nodeId(4)(p2a), metaId(2), reference(1)
10-08 16:14:49.873 1120 17629 I MtkCam/CapturePipe/Request: [addNodeIO][R/F Num: 2/2] nodeId(4)(p2a), metaId(3), reference(1)
10-08 16:14:49.873 1120 17629 I MtkCam/CapturePipe/Request: [addNodeIO][R/F Num: 2/2] nodeId(4)(p2a), metaId(4), reference(1)
10-08 16:14:49.873 1120 17629 I MtkCam/CapturePipe/Inference: [evaluate]R/F Num: 2/2, timeconsuming: 0 ms
10-08 16:14:49.873 1120 17629 W MtkCam/CapturePipe/RootNode: get MTK_FEATURE_MULTIFRAMENODE_BYPASSED failed, set to 0
10-08 16:14:49.873 1120 17629 I MtkCam/P2/CaptureProcessor: [notifyRelease] P2C cam 1: notify release, R/F Num:2/2
10-08 16:14:49.873 1120 17626 E ISPProfileMapping: [mappingProfile] No match profile, isProprietary:1/FID=0x0/SenComb=1/Scenario=1/Stage=11 (mappingProfile){#253:vendor/mediatek/proprietary/hardware/mtkcam3/feature/common/utils/ISPProfileMapper.cpp}
10-08 16:14:49.873 1120 17626 W MSNRCore: (17626)[getMsnrMode] Failed to get ISP Profile, use EIspProfile_Capture_Before_Blend as default
10-08 16:14:49.873 1120 17626 I MtkCam/CapturePipe/P2ANode: [checkHasYUVOutput]request has yuv output. type:19, buf:8
10-08 16:14:49.873 1120 17626 I MtkCam/CapturePipe/P2ANode: [onRequestProcess](4) +, R/F/S Num: 2/2/1
10-08 16:14:49.873 1120 17626 W MtkCam/CapturePipe/Request: [acquireBuffer]Output:jpeg already acquired
10-08 16:14:49.873 1120 17626 W MtkCam/CapturePipe/Request: [acquireBuffer]Output:jpeg already acquired
10-08 16:14:49.873 1120 17626 W MtkCam/CapturePipe/Request: [acquireBuffer]Output:thumbnail already acquired
10-08 16:14:49.873 1120 17626 W MtkCam/CapturePipe/P2ANode: [setP2ISP]pBufLCE2CALTM is NULL, hasFeature(DRE): 0, mLCE2CALTM_Size: 52
10-08 16:14:49.873 1120 17626 E paramctrl_validate: DCESO too old, use default setting, u4id(4) DcsFrmId(-1) (validatePerFrameP2){#332:vendor/mediatek/proprietary/hardware/mtkcam/aaa/source/isp_6s/isp_tuning/paramctrl/paramctrl_validate.cpp}
10-08 16:14:49.873 1120 17626 W PDTblGen: [getTbl] dev(2) scenario(0) device is not started, no tables can be output. Please module should be started before getting table
10-08 16:14:49.874 1120 17626 I MtkCam/CapturePipe/P2ANode: [onRequestProcess](4) -, R/F/S Num: 2/2/1
10-08 16:14:49.875 1120 7216 D AdaptCALTM: GetCustomParameters: No Nvram Content!
10-08 16:14:49.885 1120 17621 I MtkCam/CapturePipe/P2ANode: [onP2SuccessCallback](4) R/F/S Num: 2/2/1, task:4, timeconsuming: 10ms
10-08 16:14:49.885 1120 17641 I MtkCam/CapturePipe/P2ANode: [onRequestFinish](4), R/F/S Num: 2/2/1
10-08 16:14:49.885 1120 17641 I MtkCam/CapturePipe/Request: [decNodeReference][R/F Num: 2/2] decNodeReference nodeId(p2a)
10-08 16:14:49.885 1120 17641 I MtkCam/P2/CaptureProcessor: [notifyRelease] P2C cam 1: notify release, R/F Num:2/2
10-08 16:14:49.885 1120 17641 I MtkCam/CapturePipe/Pipe: [onData]R/F Num: 2/2 - dataid=deque, Finished Abort(0)/Fail(0)
10-08 16:14:49.885 1120 17641 I MtkCam/JpegNode: [queue] FrameNo : 2, RequestNo : 2
10-08 16:14:49.885 1120 17641 I MtkCam/P2/CaptureProcessor: [onCompleted] P2C cam 1 MWFrame:#2 MWReq:#2, frame 2-0 : (0xb4000075cc172440) erased a completed request, request count:0, R/F Num:2/2
10-08 16:14:49.885 1120 17616 I MtkCam/JpegNode: [extractRequestLoop] mbRequestDrainedCond wait +
10-08 16:14:49.885 1120 17616 I MtkCam/JpegNode: [extractRequestLoop] mbRequestDrainedCond wait -
10-08 16:14:49.885 1120 17616 I MtkCam/JpegNode: [processJpeg] mReqWaitDoneQueueStillFreeCond wait +
10-08 16:14:49.885 1120 17616 I MtkCam/JpegNode: [processJpeg] mReqWaitDoneQueueStillFreeCond wait -
10-08 16:14:49.885 1120 17616 I mtkcam/exif: [StdExif] property: AppPackageName(com.oppo.attention)
10-08 16:14:49.886 1120 17617 I MtkCam/JpegNode: [waitJpegEncodeReqDone] mReqNewTriggerEncodeCond wait -
10-08 16:14:49.886 1120 17646 W MtkCam/JpegNode: [getJpegParams] no tag: MTK_VSDOF_FEATURE_REFOCUS_CAPTURE_FLOW
10-08 16:14:49.886 1120 17646 E MtkCam/JpegNode: [updateOffsetTimeOrig] offsetDateTime(801200bb) Entry is Empty (updateOffsetTimeOrig){#41:vendor/mediatek/proprietary/hardware/mtkcam3/pipeline/hwnode/p1/../../../oplus/pipeline/hwnode/JpegNode/v2.0/OplusJpegNodeImp.h}
10-08 16:14:49.886 1120 17646 E MtkCam/JpegNode: [updateOffsetTimeOrig] offsetDateTime(801200bb) is +8:00 (updateOffsetTimeOrig){#60:vendor/mediatek/proprietary/hardware/mtkcam3/pipeline/hwnode/p1/../../../oplus/pipeline/hwnode/JpegNode/v2.0/OplusJpegNodeImp.h}
10-08 16:14:49.886 1120 17646 I mtkcam/exif: [init] mpExifParam(0xb4000075cc289e68) ImageSize(480x640) FNumber(2000/1000) FocalLegth(3410/1000) AWBMode(0) Strobe(0) AEMeterMode(2) Brightness(81) AEExpBias(0)
10-08 16:14:49.886 1120 17646 I mtkcam/exif: [init] CapExposureTime(20001) AEISOSpeed(437) LightSource(255) ExpProgram(0) SceneCapType(0) Orientation(22) ZoomRatio(100) Facing(1) ICC(0)
10-08 16:14:49.886 1120 17646 I mtkcam/exif: [init] GPS(0), Altitude(0), Latitude(), Longitude(), TimeStamp(), ProcessingMethod()
10-08 16:14:49.886 1120 17646 I mtkcam/exif: [init] FlashFiringStatus(0), FlashReturnDetect(0), FlashMode(2), FlashFunction(0), FlashRedEye(0)
10-08 16:14:49.886 1120 17646 E MEXIF : [ifdExifIFDValInit] Unsupport tag!(0x8831) (ifdExifIFDValInit){#483:vendor/mediatek/proprietary/hardware/mtkcam/utils/exif/common/exif_ifdinit.cpp}
10-08 16:14:49.886 1120 17646 E MEXIF : [exifErrPrint] Error in ifdExifIFDValInit() call, Unsupport tag!, err = fffff4fe
10-08 16:14:49.886 1120 17646 E MEXIF : (exifErrPrint){#365:vendor/mediatek/proprietary/hardware/mtkcam/utils/exif/common/exif_misc.cpp}
10-08 16:14:49.886 1120 17646 E MEXIF : [ifdExifIFDValInit] Unsupport tag!(0x8833) (ifdExifIFDValInit){#483:vendor/mediatek/proprietary/hardware/mtkcam/utils/exif/common/exif_ifdinit.cpp}
10-08 16:14:49.886 1120 17646 E MEXIF : [exifErrPrint] Error in ifdExifIFDValInit() call, Unsupport tag!, err = fffff4fe
10-08 16:14:49.886 1120 17646 E MEXIF : (exifErrPrint){#365:vendor/mediatek/proprietary/hardware/mtkcam/utils/exif/common/exif_misc.cpp}
10-08 16:14:49.886 1120 17646 I MEXIF : [exifApp1SizeGet] app1 size(1664)
10-08 16:14:49.881 1120 1120 W Cam@Jpeg: type=1400 audit(0.0:26319): avc: denied { read } for name="u:object_r:default_prop:s0" dev="tmpfs" ino=2141 scontext=u:r:mtk_hal_camera:s0 tcontext=u:object_r:default_prop:s0 tclass=file permissive=0
10-08 16:14:49.886 1120 17646 E libc : Access denied finding property "jpeg.exif.icc.profile"
10-08 16:14:49.888 1120 17646 D JpgEncHal: ::LevelLock type 2, islock 0, L:195!!
10-08 16:14:49.888 1120 17647 W MtkCam/JpegCodec: (17647)[encode] [encode] Ori (width, height) = (176, 132), Aligned (width, height) = (128, 176) u4Transform(7)
10-08 16:14:49.888 1120 17646 W JpgEncv4l2: [Info] device_open sem_wait + 1
10-08 16:14:49.888 1120 17646 W JpgEncv4l2: open path /dev/video3
10-08 16:14:49.888 1120 17646 D JpgEncHal: JpgEncHal::LevelLock enc_type 0, L:222!!
10-08 16:14:49.888 1120 17646 D JpgEncHal: Src Addr:0x765e4e2000, 0x765e4a8000, srcFD 322 329, width/height:[480, 640], format:3
10-08 16:14:49.888 1120 17646 D JpgEncHal: Src Size:0x4b000, 0x25800, Stride 1e0 1e0!!
10-08 16:14:49.888 1120 17646 D JpgEncHal: Dst Addr:0x75bf3ee500, dstFD 327, Quality:100, Buffer Size:660800, Need add SOI:0, memType 3!!
10-08 16:14:49.888 1120 17646 E JpgEncv4l2: jpegEncStart devcie_open retrun 334
10-08 16:14:49.888 1120 17646 W JpgEncv4l2: v4l2_set_fmt width 480 height 640 dstFormat 3
10-08 16:14:49.888 1120 17646 W JpgEncv4l2: v4l2_set_fmt bytesperline1 480 sizeimage 307200 dstFormat 3
10-08 16:14:49.888 1120 17646 W JpgEncv4l2: v4l2_set_fmt width 480 height 640 dstFormat 3
10-08 16:14:49.888 1120 17646 W JpgEncv4l2: v4l2_set_control restart interval 0
10-08 16:14:49.888 1120 17646 W JpgEncv4l2: v4l2_set_control quality 100
10-08 16:14:49.888 1120 17646 W JpgEncv4l2: v4l2_set_control enableExif 1
10-08 16:14:49.888 1120 17646 W JpgEncv4l2: v4l2_set_control dst offset 0xa500
10-08 16:14:49.888 1120 17646 W JpgEncv4l2: v4l2_set_selection crop width 480 height 640
10-08 16:14:49.888 1120 17646 W JpgEncv4l2: index: 0, type: 10, memory: 4, length: 2, sequence: 0, ts: 0.000000, byteused: 0, flag: 0x4000, reserved2: [0,0], planes_bytesused:[0,0], planes_length:[307200,153600], planes_data_offset:[0,0], planes_m_fd[0,0]
10-08 16:14:49.888 1120 17646 W JpgEncv4l2: index: 1, type: 10, memory: 4, length: 2, sequence: 0, ts: 0.000000, byteused: 0, flag: 0x4000, reserved2: [0,0], planes_bytesused:[0,0], planes_length:[307200,153600], planes_data_offset:[0,0], planes_m_fd[0,0]
10-08 16:14:49.888 1120 17646 W JpgEncv4l2: index: 2, type: 10, memory: 4, length: 2, sequence: 0, ts: 0.000000, byteused: 0, flag: 0x4000, reserved2: [0,0], planes_bytesused:[0,0], planes_length:[307200,153600], planes_data_offset:[0,0], planes_m_fd[0,0]
10-08 16:14:49.888 1120 17646 W JpgEncv4l2: index: 3, type: 10, memory: 4, length: 2, sequence: 0, ts: 0.000000, byteused: 0, flag: 0x4000, reserved2: [0,0], planes_bytesused:[0,0], planes_length:[307200,153600], planes_data_offset:[0,0], planes_m_fd[0,0]
10-08 16:14:49.888 1120 17646 W JpgEncv4l2: index: 4, type: 10, memory: 4, length: 2, sequence: 0, ts: 0.000000, byteused: 0, flag: 0x4000, reserved2: [0,0], planes_bytesused:[0,0], planes_length:[307200,153600], planes_data_offset:[0,0], planes_m_fd[0,0]
10-08 16:14:49.888 1120 17646 W JpgEncv4l2: index: 0, type: 9, memory: 4, length: 1, sequence: 0, ts: 0.000000, byteused: 0, flag: 0x4000, reserved2: [0,0], planes_bytesused:[0], planes_length:[660864], planes_data_offset:[0], planes_m_fd[0]
10-08 16:14:49.888 1120 17646 W JpgEncv4l2: index: 1, type: 9, memory: 4, length: 1, sequence: 0, ts: 0.000000, byteused: 0, flag: 0x4000, reserved2: [0,0], planes_bytesused:[0], planes_length:[660864], planes_data_offset:[0], planes_m_fd[0]
10-08 16:14:49.888 1120 17646 W JpgEncv4l2: index: 2, type: 9, memory: 4, length: 1, sequence: 0, ts: 0.000000, byteused: 0, flag: 0x4000, reserved2: [0,0], planes_bytesused:[0], planes_length:[660864], planes_data_offset:[0], planes_m_fd[0]
10-08 16:14:49.888 1120 17646 W JpgEncv4l2: index: 3, type: 9, memory: 4, length: 1, sequence: 0, ts: 0.000000, byteused: 0, flag: 0x4000, reserved2: [0,0], planes_bytesused:[0], planes_length:[660864], planes_data_offset:[0], planes_m_fd[0]
10-08 16:14:49.888 1120 17646 W JpgEncv4l2: index: 4, type: 9, memory: 4, length: 1, sequence: 0, ts: 0.000000, byteused: 0, flag: 0x4000, reserved2: [0,0], planes_bytesused:[0], planes_length:[660864], planes_data_offset:[0], planes_m_fd[0]
10-08 16:14:49.888 1120 17646 W JpgEncv4l2: v4l2_set_dma_in_memory plane 0 fd 322 length 307200 bytesused 307200
10-08 16:14:49.888 1120 17646 W JpgEncv4l2: v4l2_set_dma_in_memory plane 1 fd 329 length 153600 bytesused 153600
10-08 16:14:49.888 1120 17646 W JpgEncv4l2: v4l2_set_dma_out_memory fd 327 length 660864 bytesused 0
10-08 16:14:49.888 1120 17646 W JpgEncv4l2: v4l2_poll before poll (10)wait_event 0x4 pfd.events 0xc
10-08 16:14:49.889 1120 17646 W JpgEncv4l2: v4l2_poll after poll (10)wait_event 0x4 pfd.events 0xc 409
10-08 16:14:49.889 1120 17646 W JpgEncv4l2: (10)UNKNOWN
10-08 16:14:49.889 1120 17646 W JpgEncv4l2: poll(10) meet event 0x4 pfd.revents 0x4
10-08 16:14:49.889 1120 17646 W JpgEncv4l2:
10-08 16:14:49.889 1120 17646 W JpgEncv4l2: v4l2_poll before poll (9)wait_event 0x1 pfd.events 0x9
10-08 16:14:49.889 1120 17646 W JpgEncv4l2: v4l2_poll after poll (9)wait_event 0x1 pfd.events 0xb 2
10-08 16:14:49.889 1120 17646 W JpgEncv4l2: (9)UNKNOWN
10-08 16:14:49.889 1120 17646 W JpgEncv4l2: poll(9) meet event 0x1 pfd.revents 0x1
10-08 16:14:49.889 1120 17646 W JpgEncv4l2:
10-08 16:14:49.889 1120 17646 W JpgEncv4l2: v4l2_dq_out_buf VIDIOC_DQBUF out buffer out buf bytesused 71680
10-08 16:14:49.889 1120 17646 D JpgEncHal: JpgEncHal:before ion cache invalidate
10-08 16:14:49.889 1120 17646 D JpgEncHal: JpgEncHal:before ion cache invalidate 2
10-08 16:14:49.889 1120 17646 D imgMmu : ::[ION_SYNC] imgIon_syncDone ionFD 348, handle 0x1, va 0xbf3ee500 size 660800 L:500!!
10-08 16:14:49.889 1120 17646 D JpgEncHal: result:0, size:71574
10-08 16:14:49.889 1120 17646 W JpgEncv4l2: device_close close fd 334
10-08 16:14:49.889 1120 17646 W JpgEncv4l2: [Info] device_close sem_post -1
10-08 16:14:49.889 1120 17646 D JpgEncHal: call free_ion fDstIonHdle 1
10-08 16:14:49.889 1120 7216 D AdaptCALTM: GetCustomParameters: No Nvram Content!
10-08 16:14:49.889 1120 7216 W MDP : DpMmuHandler::flushMemory flush all not support
10-08 16:14:49.889 1120 7216 W MDP : DpMmuHandler::flushMemory flush all not support
10-08 16:14:49.889 1120 17647 W MDP : DpMmuHandler::flushMemory flush all not support
10-08 16:14:49.890 1120 17647 D JpgEncHal: ::LevelLock type 1, islock 0, L:195!!
10-08 16:14:49.890 1120 17647 D JpgEncHal: JpgEncHal::LevelLock enc_type 1, L:222!!
10-08 16:14:49.890 1120 17647 D JpgEncHal: Src Addr:0x765e904000, 0x0, srcFD 346 -1, width/height:[128, 176], format:0
10-08 16:14:49.890 1120 17647 D JpgEncHal: Src Size:0xb000, 0x0, Stride 100 0!!
10-08 16:14:49.890 1120 17647 D JpgEncHal: Dst Addr:0x75bf3e4680, dstFD 327, Quality:100, Buffer Size:40576, Need add SOI:1, memType 3!!
10-08 16:14:49.890 1120 17647 D JpgEncHal: SW Encode Start!!!
10-08 16:14:49.890 1120 17647 D JpgEncHal: SW Encode Done!!!
10-08 16:14:49.891 1120 17646 I mtkcam/exif: [make] out buffer(0x75bf3e4000)
10-08 16:14:49.891 1120 17646 I mtkcam/exif: [updateStdExif] strDateTime(2021:10:08 16:14:49), strSubSecTime(88)
10-08 16:14:49.891 1120 17646 I mtkcam/exif: [updateStdExif] property: make(OPPO), model(PDKM00)
10-08 16:14:49.891 1120 17646 E mtkcam/exif: [make] not support ICC profile 0 (make){#681:vendor/mediatek/proprietary/hardware/mtkcam/utils/exif/v3/StdExif.cpp}
10-08 16:14:49.891 1120 17617 W mtkcam-PreReleaseRequest: [notifyCaptureCompleted] mImgReaderID is -1
10-08 16:14:49.892 1120 17617 I MtkCam/JpegNode: [waitJpegEncodeReqDone] mReqNewTriggerEncodeCond wait +
10-08 16:14:49.893 32713 32733 W gralloc4: Could not find component description for FourCC value 0
10-08 16:14:49.895 32713 32733 D skia : SkJpegCodec::onGetPixels +
10-08 16:14:49.898 32713 32733 D skia : SkJpegCodec::onGetPixels -
10-08 16:14:49.898 32713 32733 D GazeDetect: mobileOrientation: MOBILE_ORIENTATION_UP
10-08 16:14:49.899 32713 32733 D PROCESS : backBitmap Rect(0, 0 - 640, 640) frontBitmap Rect(0, 0 - 480, 640)
10-08 16:14:49.911 1039 10277 I ANNPreparedModel_V1_3: executeSynchronously()
10-08 16:14:49.911 1039 10277 I NeuroEaraMgr: [notifyExecutionBegin] => tid:32713, mid:12970367455080845320 (MTag_12970367455080847232)
10-08 16:14:49.911 1039 10277 I NeuroEaraMgr: [updateBoostValue] step0 @UNKNOWN, minExecTime: 658, suggestExecTime: 0, boostValue: 100 (MTag_12970367455080847232)
10-08 16:14:49.911 1039 10277 I NeuroEaraMgr: [updateBoostValue] step1 @MDLA, minExecTime: 5419, suggestExecTime: 0, boostValue: 100 (MTag_12970367455080847232)
10-08 16:14:49.911 1039 10277 I NeuroEaraMgr: [updateBoostValue] step2 @UNKNOWN, minExecTime: 14292032, suggestExecTime: 0, boostValue: 100 (MTag_12970367455080847232)
10-08 16:14:49.911 1039 10277 I ANNQoS : User priority: 10, EARA priority: 0
10-08 16:14:49.911 1039 10277 I ANNQoS : Use voted job priority: 0
10-08 16:14:49.911 1039 10277 I mtkpower_client: perf_lock_acq, hdl:2710, dur:2000, num:22, tid:10277
10-08 16:14:49.911 1039 10277 I mtkpower_client: ret_hdl:2710
10-08 16:14:49.905 1039 1039 W HwBinder:1039_3: type=1400 audit(0.0:26320): avc: denied { read } for name="boot_mode" dev="sysfs" ino=8007 scontext=u:r:mtk_hal_neuralnetworks:s0 tcontext=u:object_r:sysfs_boot_mode:s0 tclass=file permissive=0
10-08 16:14:49.911 1039 10277 I ANNExecutor: ANNExecutor::run()
10-08 16:14:49.911 808 870 I libPowerHal: [perfLockAcq] idx:1 hdl:2710 hint:-1 pid:1039 duration:2000 => ret_hdl:2710
10-08 16:14:49.923 1039 10277 I ANNExecutor: Completed run normally
10-08 16:14:49.923 1039 10277 I ANNPreparedModelBase: executor.run returned 0
10-08 16:14:49.923 1039 10277 I NeuroEaraMgr: [notifyExecutionEnd] step0 @UNKNOWN, execTime:514, minExecTime:586 (MTag_12970367455080847232)
10-08 16:14:49.923 1039 10277 I NeuroEaraMgr: [notifyExecutionEnd] step1 @MDLA, execTime:4726, minExecTime:5072 (MTag_12970367455080847232)
10-08 16:14:49.923 1039 10277 I NeuroEaraMgr: [notifyExecutionEnd] step2 @UNKNOWN, execTime:12635136, minExecTime:13463584 (MTag_12970367455080847232)
10-08 16:14:49.923 1039 10277 I NeuroEaraMgr: [notifyEaraJobEnd] <= priority: 0, tid:32713, mid:12970367455080845320 (MTag_12970367455080847232)#
10-08 16:14:49.924 32713 32733 D retina : faces number:0
10-08 16:14:49.924 32713 32733 D GazeDetect: RGBImage, size height: 640 width: 480
10-08 16:14:49.924 32713 32733 D GazeDetect: FaceDetect, total 0 faces
10-08 16:14:49.948 1120 17594 E idx_cache: [query] [IdxCache::query] pModExpend info missing (query){#297:vendor/mediatek/proprietary/hardware/mtkcam/utils/mapping_mgr/idx_cache/idx_cache.cpp}
10-08 16:14:49.948 1120 17594 D AE_ALGO : [recfg_smooth_ctrl_v6_s] pline tale is null
10-08 16:14:49.948 1120 7240 I MtkCam3/HwUtils: [boostCPUFreq] already boosting, mLastBoostFrameNo : 5, frameNo : 6
10-08 16:14:49.948 1120 17594 D camerahalserver: [transBinSum_s5k3p9spmipiraw()] + u4Eposuretime:20002 u4AfeGain:4096 u4IspGain:4164 u4ISO:406
10-08 16:14:49.949 1120 7240 E CamMidasService: [ERROR ] midasserviceintf.cpp:122 SetPowerFactor() m_pMIDASService is null
10-08 16:14:49.949 1120 7240 I mtkcam-FeatureSettingPolicy: [evaluateCaptureSetting] (0xb40000759d3cac20) capture req#:7
10-08 16:14:49.949 1120 7240 I mtkcam-customer_scenario_mgr: [customer_get_features_table_by_scenario] find features for scenario(5 : MTK_CAMERA_SCENARIO_CAPTURE_CSHOT) in logical map
10-08 16:14:49.949 1120 7240 I mtkcam-FeatureSettingPolicy: [evaluateCaptureSetting] trigger feature:NO_FEATURE_NORMAL(0), feature combination:MTK_FEATURE_COMBINATION_CSHOT(0x10040) for req#7
10-08 16:14:49.949 1120 7240 D isp_tuning_custom_oplus: [OPLUS ISP Profile]cannot get OPPO_APS_FEATURE_TYPE!
10-08 16:14:49.949 1120 7240 D isp_tuning_custom_oplus: [OPLUS ISP Profile]Current apsFeature is -1
10-08 16:14:49.949 1120 7240 D isp_tuning_custom_oplus: [OPLUS ISP Profile]Current APS Feature is -1, do not set custom profile.
10-08 16:14:49.950 1120 17594 E awb_mgr_oplus: AWB: Write oppo awb debug info success! (getCustomDebugInfo){#806:vendor/mediatek/proprietary/hardware/mtkcam/aaa/source/isp_6s/awb_mgr/../../../../oplus/aaa/isp_6s/awb_mgr/Oplus_awb_mgr.cpp}
10-08 16:14:49.950 1120 17594 D AFAlgo : Working buffer not created. skip all af_Process. dev 0
10-08 16:14:49.951 1120 17594 E HalIspImp: [setP1Params] No ISP Profile: CaptureIntent: 1, Default Profile: 0 (setP1Params){#658:vendor/mediatek/proprietary/hardware/mtkcam/aaa/source/isp_6s/isp_hal/HalIspImp.cpp}
10-08 16:14:49.971 1120 17611 I Hal3Av3 : [get] frmId(5), IsConvert4MetaResult(0), ret(1), u1CaptureIntent(1), count(112, 38), AwbState(2) AeState(1) FlashState(0) AfState(0) Exp(20001000) ISO(428) FrameDuration(100050000)
10-08 16:14:49.971 1120 17612 I MtkCam/P2/CaptureNode: [queue] P2C cam 1: (0xb4000075c8c11e80) R/F Num: 3/3
10-08 16:14:49.972 1120 17629 I MtkCam/P2/CaptureProcessor: [onEnque] P2C cam 1 MWFrame:#3 MWReq:#3, frame 3 : Index/Count:-1/0 Feature:0x10040
10-08 16:14:49.972 1120 17629 I MtkCam/P2/CaptureProcessor: [onEnque] P2C cam 1 MWFrame:#3 MWReq:#3, frame 3 : Index/Count:-1/0 isEarlyNotificationTrigger:-1, isCshot:1, feature:cz/hfg
10-08 16:14:49.972 1120 17629 I MtkCam/P2/CaptureProcessor: [onEnque] P2C cam 1 MWFrame:#3 MWReq:#3, frame 3 : enqued request to captureFeaturePipe, R/F Num:3/3
10-08 16:14:49.972 1120 17629 I MtkCam/CapturePipe/Request: [addNodeIO][R/F Num: 3/3] In, nodeId(4)(p2a), typeId(0)(man_full_raw), bufferId(0), reference(1)
10-08 16:14:49.972 1120 17629 I MtkCam/CapturePipe/Request: [addNodeIO][R/F Num: 3/3] In, nodeId(4)(p2a), typeId(1)(man_rsz_raw), bufferId(1), reference(1)
10-08 16:14:49.972 1120 17629 I MtkCam/CapturePipe/Request: [addNodeIO][R/F Num: 3/3] In, nodeId(4)(p2a), typeId(23)(man_lcs), bufferId(2), reference(1)
10-08 16:14:49.973 1120 17629 I MtkCam/CapturePipe/Request: [addNodeIO][R/F Num: 3/3] In, nodeId(4)(p2a), typeId(24)(man_lcesho), bufferId(3), reference(1)
10-08 16:14:49.973 1120 17629 I MtkCam/CapturePipe/Request: [addNodeIO][R/F Num: 3/3] Out nodeId(4)(p2a), typeId(19)(jpeg), bufferId(8), reference(1)
10-08 16:14:49.973 1120 17629 I MtkCam/CapturePipe/Request: [addNodeIO][R/F Num: 3/3] Out nodeId(4)(p2a), typeId(20)(thumbnail), bufferId(10), reference(1)
10-08 16:14:49.973 1120 17629 I MtkCam/CapturePipe/Request: [addNodeIO][R/F Num: 3/3] nodeId(4)(p2a), metaId(0), reference(1)
10-08 16:14:49.973 1120 17629 I MtkCam/CapturePipe/Request: [addNodeIO][R/F Num: 3/3] nodeId(4)(p2a), metaId(1), reference(1)
10-08 16:14:49.973 1120 17629 I MtkCam/CapturePipe/Request: [addNodeIO][R/F Num: 3/3] nodeId(4)(p2a), metaId(2), reference(1)
10-08 16:14:49.973 1120 17629 I MtkCam/CapturePipe/Request: [addNodeIO][R/F Num: 3/3] nodeId(4)(p2a), metaId(3), reference(1)
10-08 16:14:49.973 1120 17629 I MtkCam/CapturePipe/Request: [addNodeIO][R/F Num: 3/3] nodeId(4)(p2a), metaId(4), reference(1)
10-08 16:14:49.973 1120 17629 I MtkCam/CapturePipe/Inference: [evaluate]R/F Num: 3/3, timeconsuming: 0 ms
10-08 16:14:49.973 1120 17629 W MtkCam/CapturePipe/RootNode: get MTK_FEATURE_MULTIFRAMENODE_BYPASSED failed, set to 0
10-08 16:14:49.973 1120 17629 I MtkCam/P2/CaptureProcessor: [notifyRelease] P2C cam 1: notify release, R/F Num:3/3
10-08 16:14:49.973 1120 17626 E ISPProfileMapping: [mappingProfile] No match profile, isProprietary:1/FID=0x0/SenComb=1/Scenario=1/Stage=11 (mappingProfile){#253:vendor/mediatek/proprietary/hardware/mtkcam3/feature/common/utils/ISPProfileMapper.cpp}
10-08 16:14:49.973 1120 17626 W MSNRCore: (17626)[getMsnrMode] Failed to get ISP Profile, use EIspProfile_Capture_Before_Blend as default
10-08 16:14:49.973 1120 17626 I MtkCam/CapturePipe/P2ANode: [checkHasYUVOutput]request has yuv output. type:19, buf:8
10-08 16:14:49.973 1120 17626 I MtkCam/CapturePipe/P2ANode: [onRequestProcess](4) +, R/F/S Num: 3/3/1
10-08 16:14:49.973 1120 17626 W MtkCam/CapturePipe/Request: [acquireBuffer]Output:jpeg already acquired
10-08 16:14:49.973 1120 17626 W MtkCam/CapturePipe/Request: [acquireBuffer]Output:jpeg already acquired
10-08 16:14:49.973 1120 17626 W MtkCam/CapturePipe/Request: [acquireBuffer]Output:thumbnail already acquired
10-08 16:14:49.973 1120 17626 W MtkCam/CapturePipe/P2ANode: [setP2ISP]pBufLCE2CALTM is NULL, hasFeature(DRE): 0, mLCE2CALTM_Size: 52
10-08 16:14:49.973 1120 17626 E paramctrl_validate: DCESO too old, use default setting, u4id(5) DcsFrmId(-1) (validatePerFrameP2){#332:vendor/mediatek/proprietary/hardware/mtkcam/aaa/source/isp_6s/isp_tuning/paramctrl/paramctrl_validate.cpp}
10-08 16:14:49.973 1120 17626 W PDTblGen: [getTbl] dev(2) scenario(0) device is not started, no tables can be output. Please module should be started before getting table
10-08 16:14:49.974 1120 17626 I MtkCam/CapturePipe/P2ANode: [onRequestProcess](4) -, R/F/S Num: 3/3/1
10-08 16:14:49.975 1120 7216 D AdaptCALTM: GetCustomParameters: No Nvram Content!
10-08 16:14:49.985 1120 17621 I MtkCam/CapturePipe/P2ANode: [onP2SuccessCallback](4) R/F/S Num: 3/3/1, task:4, timeconsuming: 10ms
10-08 16:14:49.985 1120 17641 I MtkCam/CapturePipe/P2ANode: [onRequestFinish](4), R/F/S Num: 3/3/1
10-08 16:14:49.985 1120 17641 I MtkCam/CapturePipe/Request: [decNodeReference][R/F Num: 3/3] decNodeReference nodeId(p2a)
10-08 16:14:49.985 1120 17641 I MtkCam/P2/CaptureProcessor: [notifyRelease] P2C cam 1: notify release, R/F Num:3/3
10-08 16:14:49.985 1120 17641 I MtkCam/CapturePipe/Pipe: [onData]R/F Num: 3/3 - dataid=deque, Finished Abort(0)/Fail(0)
10-08 16:14:49.985 1120 17641 I MtkCam/JpegNode: [queue] FrameNo : 3, RequestNo : 3
10-08 16:14:49.985 1120 17616 I MtkCam/JpegNode: [extractRequestLoop] mbRequestDrainedCond wait +
10-08 16:14:49.985 1120 17641 I MtkCam/P2/CaptureProcessor: [onCompleted] P2C cam 1 MWFrame:#3 MWReq:#3, frame 3-0 : (0xb4000075cc172440) erased a completed request, request count:0, R/F Num:3/3
10-08 16:14:49.985 1120 17616 I MtkCam/JpegNode: [extractRequestLoop] mbRequestDrainedCond wait -
10-08 16:14:49.985 1120 17616 I MtkCam/JpegNode: [processJpeg] mReqWaitDoneQueueStillFreeCond wait +
10-08 16:14:49.985 1120 17616 I MtkCam/JpegNode: [processJpeg] mReqWaitDoneQueueStillFreeCond wait -
10-08 16:14:49.985 1120 17616 I mtkcam/exif: [StdExif] property: AppPackageName(com.oppo.attention)
10-08 16:14:49.986 1120 17648 W MtkCam/JpegNode: [getJpegParams] no tag: MTK_VSDOF_FEATURE_REFOCUS_CAPTURE_FLOW
10-08 16:14:49.986 1120 17617 I MtkCam/JpegNode: [waitJpegEncodeReqDone] mReqNewTriggerEncodeCond wait -
10-08 16:14:49.986 1120 17648 E MtkCam/JpegNode: [updateOffsetTimeOrig] offsetDateTime(801200bb) Entry is Empty (updateOffsetTimeOrig){#41:vendor/mediatek/proprietary/hardware/mtkcam3/pipeline/hwnode/p1/../../../oplus/pipeline/hwnode/JpegNode/v2.0/OplusJpegNodeImp.h}
10-08 16:14:49.986 1120 17648 E MtkCam/JpegNode: [updateOffsetTimeOrig] offsetDateTime(801200bb) is +8:00 (updateOffsetTimeOrig){#60:vendor/mediatek/proprietary/hardware/mtkcam3/pipeline/hwnode/p1/../../../oplus/pipeline/hwnode/JpegNode/v2.0/OplusJpegNodeImp.h}
10-08 16:14:49.986 1120 17648 I mtkcam/exif: [init] mpExifParam(0xb4000075cc28a568) ImageSize(480x640) FNumber(2000/1000) FocalLegth(3410/1000) AWBMode(0) Strobe(0) AEMeterMode(2) Brightness(81) AEExpBias(0)
10-08 16:14:49.986 1120 17648 I mtkcam/exif: [init] CapExposureTime(20001) AEISOSpeed(428) LightSource(255) ExpProgram(0) SceneCapType(0) Orientation(22) ZoomRatio(100) Facing(1) ICC(0)
10-08 16:14:49.986 1120 17648 I mtkcam/exif: [init] GPS(0), Altitude(0), Latitude(), Longitude(), TimeStamp(), ProcessingMethod()
10-08 16:14:49.986 1120 17648 I mtkcam/exif: [init] FlashFiringStatus(0), FlashReturnDetect(0), FlashMode(2), FlashFunction(0), FlashRedEye(0)
10-08 16:14:49.986 1120 17648 E MEXIF : [ifdExifIFDValInit] Unsupport tag!(0x8831) (ifdExifIFDValInit){#483:vendor/mediatek/proprietary/hardware/mtkcam/utils/exif/common/exif_ifdinit.cpp}
10-08 16:14:49.986 1120 17648 E MEXIF : [exifErrPrint] Error in ifdExifIFDValInit() call, Unsupport tag!, err = fffff4fe
10-08 16:14:49.986 1120 17648 E MEXIF : (exifErrPrint){#365:vendor/mediatek/proprietary/hardware/mtkcam/utils/exif/common/exif_misc.cpp}
10-08 16:14:49.986 1120 17648 E MEXIF : [ifdExifIFDValInit] Unsupport tag!(0x8833) (ifdExifIFDValInit){#483:vendor/mediatek/proprietary/hardware/mtkcam/utils/exif/common/exif_ifdinit.cpp}
10-08 16:14:49.986 1120 17648 E MEXIF : [exifErrPrint] Error in ifdExifIFDValInit() call, Unsupport tag!, err = fffff4fe
10-08 16:14:49.986 1120 17648 E MEXIF : (exifErrPrint){#365:vendor/mediatek/proprietary/hardware/mtkcam/utils/exif/common/exif_misc.cpp}
10-08 16:14:49.986 1120 17648 I MEXIF : [exifApp1SizeGet] app1 size(1664)
10-08 16:14:49.986 1120 17648 E libc : Access denied finding property "jpeg.exif.icc.profile"
10-08 16:14:49.981 1120 1120 W Cam@Jpeg: type=1400 audit(0.0:26321): avc: denied { read } for name="u:object_r:default_prop:s0" dev="tmpfs" ino=2141 scontext=u:r:mtk_hal_camera:s0 tcontext=u:object_r:default_prop:s0 tclass=file permissive=0
10-08 16:14:49.988 1120 17648 D JpgEncHal: ::LevelLock type 2, islock 0, L:195!!
10-08 16:14:49.988 1120 17648 W JpgEncv4l2: [Info] device_open sem_wait + 1
10-08 16:14:49.988 1120 17649 W MtkCam/JpegCodec: (17649)[encode] [encode] Ori (width, height) = (176, 132), Aligned (width, height) = (128, 176) u4Transform(7)
10-08 16:14:49.988 1120 17648 W JpgEncv4l2: open path /dev/video3
10-08 16:14:49.988 1120 17648 D JpgEncHal: JpgEncHal::LevelLock enc_type 0, L:222!!
10-08 16:14:49.988 1120 17648 D JpgEncHal: Src Addr:0x765e4e2000, 0x765e4a8000, srcFD 330 334, width/height:[480, 640], format:3
10-08 16:14:49.988 1120 17648 D JpgEncHal: Src Size:0x4b000, 0x25800, Stride 1e0 1e0!!
10-08 16:14:49.988 1120 17648 D JpgEncHal: Dst Addr:0x75b544f500, dstFD 332, Quality:100, Buffer Size:660800, Need add SOI:0, memType 3!!
10-08 16:14:49.988 1120 17648 E JpgEncv4l2: jpegEncStart devcie_open retrun 251
10-08 16:14:49.988 1120 17648 W JpgEncv4l2: v4l2_set_fmt width 480 height 640 dstFormat 3
10-08 16:14:49.988 1120 17648 W JpgEncv4l2: v4l2_set_fmt bytesperline1 480 sizeimage 307200 dstFormat 3
10-08 16:14:49.988 1120 17648 W JpgEncv4l2: v4l2_set_fmt width 480 height 640 dstFormat 3
10-08 16:14:49.988 1120 17648 W JpgEncv4l2: v4l2_set_control restart interval 0
10-08 16:14:49.988 1120 17648 W JpgEncv4l2: v4l2_set_control quality 100
10-08 16:14:49.988 1120 17648 W JpgEncv4l2: v4l2_set_control enableExif 1
10-08 16:14:49.988 1120 17648 W JpgEncv4l2: v4l2_set_control dst offset 0xa500
10-08 16:14:49.988 1120 17648 W JpgEncv4l2: v4l2_set_selection crop width 480 height 640
10-08 16:14:49.988 1120 17648 W JpgEncv4l2: index: 0, type: 10, memory: 4, length: 2, sequence: 0, ts: 0.000000, byteused: 0, flag: 0x4000, reserved2: [0,0], planes_bytesused:[0,0], planes_length:[307200,153600], planes_data_offset:[0,0], planes_m_fd[0,0]
10-08 16:14:49.988 1120 17648 W JpgEncv4l2: index: 1, type: 10, memory: 4, length: 2, sequence: 0, ts: 0.000000, byteused: 0, flag: 0x4000, reserved2: [0,0], planes_bytesused:[0,0], planes_length:[307200,153600], planes_data_offset:[0,0], planes_m_fd[0,0]
10-08 16:14:49.988 1120 17648 W JpgEncv4l2: index: 2, type: 10, memory: 4, length: 2, sequence: 0, ts: 0.000000, byteused: 0, flag: 0x4000, reserved2: [0,0], planes_bytesused:[0,0], planes_length:[307200,153600], planes_data_offset:[0,0], planes_m_fd[0,0]
