10-08 16:14:53.642 567 567 I servicemanager: Since 'apexservice' could not be found, trying to start it as a lazy AIDL service
10-08 16:14:53.642 1113 1142 I HfLooper: distance = 5.000000, count = 76
10-08 16:14:53.689 567 567 I BpBinder: onLastStrongRef automatically unlinking death recipients:
10-08 16:14:53.689 567 567 I servicemanager: Tried to unregister apexservice, but there is about to be a client.
10-08 16:14:53.755 1551 1904 D DisplayManagerService: requestGlobalDisplayStateInterna l111(ON, brightness=-1.0)
10-08 16:14:53.756 1551 1604 I DisplayPowerController: Blocking screen off
10-08 16:14:53.756 1551 1904 D DisplayManagerService: requestGlobalDisplayState(ON, brightness=-1.0)
10-08 16:14:53.756 1551 1904 E LightsService: baseSetLightLocked(0, 0, 0, 0)
10-08 16:14:53.756 1551 1904 V LightsService: setLight #0: color=#0: brightnessMode=0
10-08 16:14:53.756 1551 1604 I DisplayPowerController: Unblocked screen off after 1 ms
10-08 16:14:53.757 1551 1604 D OplusFeatureReduceBrightness: unregisterByNewImpl
10-08 16:14:53.758 803 803 D android.hardware.lights-service.mediatek: write 0 to /sys/class/leds/lcd-backlight/brightness, result: 0
10-08 16:14:53.759 1551 1604 D ActivityTaskManager: Top Process State changed to PROCESS_STATE_TOP_SLEEPING
10-08 16:14:53.759 1140 1225 D PQ : ccorr table index=0
10-08 16:14:53.759 1551 1904 D OplusFeatureDCBacklight: notifySfRepaintEverything begin mCurrentDCMode:-1
10-08 16:14:53.759 1140 1225 D PQ : [PQ_SERVICE] setPQParamWithFilter configFlag: 1
10-08 16:14:53.762 1044 1695 E flp : mnld_screen_monitor_thread: Screen off
10-08 16:14:53.763 1044 1693 D MNLD : main_event_hdlr: SCREEN2MAIN_EVENT_SCREEN = 0
10-08 16:14:53.772 1140 1226 D AAL : onBacklightChanged: 7/1023 -> 0/1023(phy:0/4095)
10-08 16:14:53.772 1140 1226 D AAL : onBacklightChanged: change screen state 3(On) -> 0(Off)
10-08 16:14:53.772 1140 1226 D AALLightSensor: AALLightSensor setEnabled 0-->0
10-08 16:14:53.772 1140 1226 D AAL : LABC: LABC after setTarget isSmoothBacklight=0
10-08 16:14:53.789 619 624 E android.system.suspend@1.0-service: Error opening kernel wakelock stats for: wakeup24: Permission denied
10-08 16:14:53.785 619 619 W Binder:619_1: type=1400 audit(0.0:26335): avc: denied { read } for name="wakeup24" dev="sysfs" ino=46614 scontext=u:r:system_suspend:s0 tcontext=u:object_r:sysfs_battery_supply:s0 tclass=dir permissive=0
10-08 16:14:53.801 619 619 W Binder:619_1: type=1400 audit(0.0:26336): avc: denied { read } for name="wakeup25" dev="sysfs" ino=46695 scontext=u:r:system_suspend:s0 tcontext=u:object_r:sysfs_battery_supply:s0 tclass=dir permissive=0
10-08 16:14:53.805 619 624 E android.system.suspend@1.0-service: Error opening kernel wakelock stats for: wakeup25: Permission denied
10-08 16:14:53.801 619 619 W Binder:619_1: type=1400 audit(0.0:26337): avc: denied { read } for name="wakeup23" dev="sysfs" ino=46566 scontext=u:r:system_suspend:s0 tcontext=u:object_r:sysfs_battery_supply:s0 tclass=dir permissive=0
10-08 16:14:53.807 619 624 E android.system.suspend@1.0-service: Error opening kernel wakelock stats for: wakeup23: Permission denied
10-08 16:14:53.813 1551 1604 D WindowOrientationListener: WindowOrientationListener disabled
10-08 16:14:53.813 1551 1604 V SensorManager: unRegisterListener by com.android.server.policy.WindowOrientationListener$OrientationSensorJudge
10-08 16:14:53.813 1551 1604 W SensorService: SensorEventConnection sensor handle=14, package = com.android.server.policy.WindowOrientationListener disable
10-08 16:14:53.813 1551 1604 D SensorService: disable Autolock Start SensorEventConnection = com.android.server.policy.WindowOrientationListener ,handle = 14
10-08 16:14:53.813 1551 1604 D SensorService: disable Autolock SensorEventConnection = com.android.server.policy.WindowOrientationListener ,handle = 14
10-08 16:14:53.813 1551 1604 D SensorService: recordConnection in disable
10-08 16:14:53.813 1551 1604 D SensorService: SensorDevice::activate: ident=0xb400007c208e7900, handle=0x0000000e, enabled=0, count=1
10-08 16:14:53.813 1551 1604 D SensorService: disable index=0
10-08 16:14:53.813 1551 1604 D SensorService: SensorDevice::checkForIdent info.numActiveClients()=1, ident=0xb400007c208e7900, handle=14, eanble=0, isFusion=0
10-08 16:14:53.813 1551 1604 D SensorService: SensorDevice::checkForIdent, ident=0xb400007c208e7900 info.mIdentCount=1
10-08 16:14:53.813 1551 1604 D SensorService: >>> actuating h/w activate ident = 0xb400007c208e7900, handle=14 enabled=0
10-08 16:14:53.813 1551 1604 D SensorService: >>> actuating h/w activate handle=14 enabled=0
10-08 16:14:53.813 2061 13063 D KeyguardViewMediator: notifyScreenTurnedOff
10-08 16:14:53.814 1113 1113 I OriginChannel: activate: [27,0]
10-08 16:14:53.815 1551 1604 D SensorService: reset the mRecentEvent handle = 14
10-08 16:14:53.815 1551 1604 D SensorService: disable reset the lastEvent handle = 14 in disable
10-08 16:14:53.815 1551 1604 D SensorService: ~SensorEventConnection(0xb400007c208e7900)
10-08 16:14:53.815 1551 1604 D SensorService: 4 active sensors
10-08 16:14:53.815 1551 1604 D SensorService: removing connection 0xb400007c208e7900 for sensor[0].handle=0x00000001
10-08 16:14:53.815 1551 1604 D SensorService: removing connection 0xb400007c208e7900 for sensor[1].handle=0x00000005
10-08 16:14:53.815 1551 1604 D SensorService: removing connection 0xb400007c208e7900 for sensor[2].handle=0x0000000b
10-08 16:14:53.815 1551 1604 D SensorService: removing connection 0xb400007c208e7900 for sensor[3].handle=0x00000017
10-08 16:14:53.815 2061 2061 D KeyguardViewMediator: handleNotifyScreenTurnedOff
10-08 16:14:53.817 1551 2391 I ActivityTaskManager: perfNotifyAppState PAUSED ActivityRecord{f816897 u0 com.oppo.launcher/.Launcher t2}
10-08 16:14:53.817 1551 17701 W ContextImpl: Calling a method in the system process without a qualified user: android.app.ContextImpl.sendBroadcast:1158 com.android.server.policy.OppoPhoneWindowManager$8.run:1666 java.lang.Thread.run:923
10-08 16:14:53.819 808 870 I libPowerHal: [perfNotifyAppState][PD] ,
10-08 16:14:53.821 828 1311 I BufferQueueProducer: [ColorFade#0](id:33c0000025a,api:1,p:1551,c:828) disconnect(): api=1
10-08 16:14:53.826 1551 1572 D OplusAppBwCore: onUidImportance: 10062, 125
10-08 16:14:53.827 1551 1574 I ActivityTaskManager: perfNotifyAppState STOP ActivityRecord{f816897 u0 com.oppo.launcher/.Launcher t2}
10-08 16:14:53.828 1551 1574 W WindowManager: Changing focus fromWindow{ca2495 u0 com.oppo.launcher/com.oppo.launcher.Launcher} to null displayId=0 Callers=com.android.server.wm.RootWindowContainer.updateFocusedWindowLocked:509 com.android.server.wm.WindowManagerService.updateFocusedWindowLocked:6073 com.android.server.wm.ActivityRecord.commitVisibility:4595 com.android.server.wm.ActivityRecord.setVisibility:4531
10-08 16:14:53.828 1551 1904 D DisplayManagerService: requestGlobalDisplayStateInterna l111(OFF, brightness=-1.0)
10-08 16:14:53.828 1551 1904 D DisplayManagerService: requestGlobalDisplayState(OFF, brightness=-1.0)
10-08 16:14:53.830 828 828 D SurfaceFlinger: Setting power mode 0 on display 0
10-08 16:14:53.831 1551 2554 I OplusCustomizeService: pkg:com.android.systemui isPlatformSigned, return true drectly
10-08 16:14:53.833 786 873 I hwcomposer: [HWCDisplay] Display(0) SetPowerMode(0)
10-08 16:14:53.833 2509 2509 V PhoneWindow: DecorView setVisiblity: visibility = 4, Parent = android.view.ViewRootImpl@86d348a, this = DecorView@93d9afb[Launcher]
10-08 16:14:53.837 1551 1574 V ColorZoomWindowManagerService: onAnimationFinished: r = ActivityRecord{f816897 u0 com.oppo.launcher/.Launcher t2}
10-08 16:14:53.837 1551 1574 I OplusMirageDisplayManagerService: onAnimationFinished:
10-08 16:14:53.838 1551 4176 I OplusCustomizeService: pkg:com.android.systemui isPlatformSigned, return true drectly
10-08 16:14:53.838 1551 4176 E OplusCustomizeRestrictionManagerService: getMobileDataMode error :s == null
10-08 16:14:53.839 1551 4176 I OplusCustomizeService: pkg:com.android.systemui isPlatformSigned, return true drectly
10-08 16:14:53.839 1551 4176 D OplusCustomizeConnectivityManagerService: getBluetoothPolicies 2
10-08 16:14:53.846 1551 1574 I DisplayManagerService: Display device changed state: "内置屏幕", OFF
10-08 16:14:53.846 1551 4176 I OplusCustomizeService: pkg:com.android.systemui isPlatformSigned, return true drectly
10-08 16:14:53.849 1551 3110 I OplusCustomizeService: pkg:com.android.systemui isPlatformSigned, return true drectly
10-08 16:14:53.854 1551 1574 I InputManager-JNI: Viewport [0] to add: local:0, isActive: false
10-08 16:14:53.855 1551 1574 D DisplayManagerService: Delivering display event: displayId=0, event=2
10-08 16:14:53.855 1551 1604 D OppoPowerManagerHelper: onDisplayChanged:0
10-08 16:14:53.855 1551 1686 I InputReader: Reconfiguring input devices, changes=DISPLAY_INFO |
10-08 16:14:53.855 1551 1686 I InputReader: Device reconfigured: id=4, name='touchpanel', size 1080x2400, orientation 0, mode 1, display id 0
10-08 16:14:53.855 1551 1572 D ColorZoomWindowManagerService: current size = 1080 x 2400, density = 3.0
10-08 16:14:53.856 828 911 I BufferQueueProducer: [com.oppo.launcher/com.oppo.launcher.Launcher#0](id:33c00000259,api:1,p:2509,c:828) disconnect(): api=1
10-08 16:14:53.856 1551 1551 I OppoWallpaperManagerServiceHelper: onDisplayChanged. displayId = 0
10-08 16:14:53.859 5169 5171 E IHansComunication: HANS printMessageBody: RCVed message body: type = 0, port = 86870, caller_pid = 1551, caller_uid = 1000, target_pid = 11406, target_uid = 10048, pkg_cmd = -1
10-08 16:14:53.863 1551 1574 V SensorManager: unRegisterListener by com.android.server.display.DisplayModeDirector$BrightnessObserver$LightSensorEventListener
10-08 16:14:53.863 1551 1662 D OplusDisplayStateMonitor: screenState: STATE_OFF last screenState: STATE_ON
10-08 16:14:53.863 1551 1662 D OplusDisplayStateMonitor: start stats due to screen off
10-08 16:14:53.864 5169 5171 E IHansComunication: HANS printMessageBody: RCVed message body: type = 0, port = 86870, caller_pid = 1551, caller_uid = 1000, target_pid = 14163, target_uid = 11180, pkg_cmd = -1
10-08 16:14:53.865 6632 6632 V PhoneWindow: DecorView setVisiblity: visibility = 8, Parent = android.view.ViewRootImpl@e11845d, this = DecorView@b7e1d2[InputMethod]
10-08 16:14:53.872 5169 5171 E IHansComunication: HANS printMessageBody: RCVed message body: type = 0, port = 86870, caller_pid = 1551, caller_uid = 1000, target_pid = 17430, target_uid = 11253, pkg_cmd = -1
10-08 16:14:53.873 5169 5171 E IHansComunication: HANS printMessageBody: RCVed message body: type = 0, port = 86870, caller_pid = 1551, caller_uid = 1000, target_pid = 14163, target_uid = 11180, pkg_cmd = -1
10-08 16:14:53.875 828 911 I BufferQueueProducer: [StatusBar#0](this:0xb400007684b44058,id:7,api:1,p:2061,c:828) queueBuffer: fps=0.11 dur=9369.69 max=9369.69 min=9369.69
10-08 16:14:53.877 1551 1834 D OppoDisplayPolicy: com.android.systemui, change system app cutoutMode: color always
10-08 16:14:53.890 567 567 I servicemanager: Notifying apexservice they have clients: 1
10-08 16:14:53.902 1551 4176 D OppoDisplayPolicy: com.android.systemui, change system app cutoutMode: color always
10-08 16:14:53.911 6632 6632 V PhoneWindow: DecorView setVisiblity: visibility = 8, Parent = android.view.ViewRootImpl@e11845d, this = DecorView@b7e1d2[InputMethod]
10-08 16:14:53.957 828 828 D SurfaceFlinger: Finished setting power mode 0 on display 0
10-08 16:14:53.957 828 828 D OppoExGLESRenderEngine: resetVFXScreenEffectConfig -- disable animation
10-08 16:14:53.957 828 17709 D SurfaceFlinger: notifyScreenChanged mode = 0
10-08 16:14:53.957 1551 1904 D SurfaceControl: Excessive delay in setPowerMode()
10-08 16:14:53.957 1551 4176 D SensorService: debug_oplusGeminiProximity sensorservice onScreenChanged mode : 0 begin
10-08 16:14:53.957 1551 4176 D SensorService: debug_oplusGeminiProximity sensorservice onScreenChanged mode : 0 end
10-08 16:14:53.958 1551 2554 I InputDispatcher: Focus left window: Window{ca2495 u0 com.oppo.launcher/com.oppo.launcher.Launcher} in display 0
10-08 16:14:53.958 1551 1904 D ColorSilentRebootManager: silence flags file value is :0
10-08 16:14:53.958 1551 2554 I InputDispatcher: Window went away: Window{ca2495 u0 com.oppo.launcher/com.oppo.launcher.Launcher}
10-08 16:14:53.959 808 831 I mtkpower@impl: [setMode] type:9, enabled:1
10-08 16:14:53.959 808 831 E mtkpower@impl: [setMode] unknown type
10-08 16:14:53.959 808 831 I mtkpower@impl: [setMode] type:7, enabled:0
10-08 16:14:53.959 808 870 I libPowerHal: [perfUserScnDisableAll]
10-08 16:14:53.960 808 831 I mtkpower@impl: [setMode] Disable All
10-08 16:14:53.961 1551 1828 I mtkpower_client: perf_lock_rel, hdl:2720, tid:1828
10-08 16:14:53.961 1551 1899 D OppoPowerManagerHelper: [onGoToSleepFinish] why:3
10-08 16:14:53.961 1551 1828 I mtkpower_client: perf_lock_acq, hdl:2720, dur:0, num:6, tid:1828
10-08 16:14:53.962 808 830 I mtkpower@impl: [check_work_req] i:0, msg:1 hdl:2720, wait
10-08 16:14:53.962 1242 1242 I [GF_HAL][gf_hal]: [gf_hal_set_finger_screen] enter
10-08 16:14:53.963 2061 2077 D KeyguardViewMediator: onFinishedGoingToSleep(3)
10-08 16:14:53.964 2061 2077 D KeyguardViewMediator: notifyFinishedGoingToSleep
10-08 16:14:53.965 2061 2061 D KeyguardViewMediator: handleNotifyFinishedGoingToSleep
10-08 16:14:53.966 2061 2061 V KeyguardStatusView: Schedule setEnableMarquee: Disable
10-08 16:14:53.966 2061 2061 V KeyguardStatusView: Disable transport text marquee
10-08 16:14:53.968 808 870 I libPowerHal: [perfLockRel] hdl:2720, idx:0
10-08 16:14:53.968 808 870 I libPowerHal: [PD] scn:0 hdl:2720 lock_user:system_server pid:1551 tid:1828 dur:0
10-08 16:14:53.968 808 870 I libPowerHal: [PD] system_server update cmd:10000100 param:2
10-08 16:14:53.969 1551 1828 I mtkpower_client: ret_hdl:2721
10-08 16:14:53.970 808 870 I libPowerHal: [perfLockAcq] idx:0 hdl:2721 hint:-1 pid:1551 duration:0 => ret_hdl:2721
10-08 16:14:53.970 808 870 I libPowerHal: [PE] scn:0 hdl:2721 lock_user:system_server pid:1551 tid:1828 dur:0
10-08 16:14:53.971 3648 5783 D EventBus: post()
10-08 16:14:53.971 2509 2509 D Launcher: Screenoff: mFinishBind: false, state=Normal, mPendingRequestArgs NULL=true
10-08 16:14:53.971 808 870 I libPowerHal: system_server: cpu_ctrl set cpu freq: -1 -1 -1 1548000
10-08 16:14:53.971 808 870 I libPowerHal: [PE] system_server update cmd:10000100, param:2
10-08 16:14:53.974 6166 14903 I RemoteGuardClient.DWB.ActivityMonitor: onForegroundActivitiesChanged 2509,10062,foreground false pkg= oppo.uid.launcher:10062
10-08 16:14:53.975 3648 3648 I FloatBarHandler: updateVisibility() visible = true, mTarget == null ? false
10-08 16:14:53.975 2061 2061 D BaseKeyguardViewMediator: Add TemporaryFocusWindow
10-08 16:14:53.976 828 1311 I SurfaceFlinger: [SF client] NEW(0xb400007705e83c40) for (2061:com.android.systemui)
10-08 16:14:53.979 6166 6231 I RemoteGuardClient.DWB.ActivityMonitor: topActivities = []
10-08 16:14:53.981 2061 2061 D ColorViewRootUtil: initSwipState, isDisplayCompatApp false
10-08 16:14:53.981 2061 2061 D ColorViewRootUtil: mScreenHeight 2400, mScreenWidth 1080
10-08 16:14:53.986 1551 1834 I OplusCustomizeService: pkg:com.android.systemui isPlatformSigned, return true drectly
10-08 16:14:53.987 2061 2061 D ViewRootImpl[TemporaryFocusWindow]: hardware acceleration = true , fakeHwAccelerated = false, sRendererDisabled = false, forceHwAccelerated = false, sSystemRendererDisabled = false
10-08 16:14:53.992 828 1304 D DispPerfService: get hint proc=, idx=0 none
10-08 16:14:53.994 1551 1834 D OppoDisplayPolicy: com.android.systemui, change system app cutoutMode: color always
10-08 16:14:53.996 828 1304 D DispPerfService: get hint proc=, idx=0 none
10-08 16:14:53.998 1551 1834 W WindowManager: Changing focus fromnull to Window{78eae3f u0 TemporaryFocusWindow} displayId=0 Callers=com.android.server.wm.RootWindowContainer.updateFocusedWindowLocked:509 com.android.server.wm.WindowManagerService.updateFocusedWindowLocked:6073 com.android.server.wm.WindowManagerService.addWindow:1941 com.android.server.wm.Session.addToDisplayAsUser:184
10-08 16:14:53.998 1551 4176 I OplusCustomizeService: pkg:com.android.systemui isPlatformSigned, return true drectly
10-08 16:14:53.998 1551 4176 E OplusCustomizeRestrictionManagerService: getMobileDataMode error :s == null
10-08 16:14:54.000 828 1304 D DispPerfService: get hint proc=Surface(name=45bc124 StatusBar), idx=0 none
10-08 16:14:54.001 828 1304 D DispPerfService: get hint proc=Surface(name=6fe9210 NavigationBar0), idx=0 none
10-08 16:14:54.002 1551 4176 I OplusCustomizeService: pkg:com.android.systemui isPlatformSigned, return true drectly
10-08 16:14:54.002 1551 4176 D OplusCustomizeConnectivityManagerService: getBluetoothPolicies 2
10-08 16:14:54.003 1551 1834 D Theia.NoFocusWindow: FocusWindowErrorScene cancelCheckFreezeScreen
10-08 16:14:54.005 2061 2061 E libEGL : Invalid file path for libcolorx-loader.so
10-08 16:14:54.005 2061 2061 I chatty : uid=10079(com.android.systemui) identical 4 lines
10-08 16:14:54.005 2061 2061 E libEGL : Invalid file path for libcolorx-loader.so
10-08 16:14:54.005 2061 2061 I InputTransport: Create ARC handle: 0xb400007bb18ef520
10-08 16:14:54.008 6632 6632 V PhoneWindow: DecorView setVisiblity: visibility = 8, Parent = android.view.ViewRootImpl@e11845d, this = DecorView@b7e1d2[InputMethod]
10-08 16:14:54.008 6166 14903 I RemoteGuardClient.DWB.ActivityMonitor: onForegroundActivitiesChanged 2509,10062,foreground true pkg= oppo.uid.launcher:10062
10-08 16:14:54.009 1551 4176 D OppoDisplayPolicy: com.android.systemui, change system app cutoutMode: color always
10-08 16:14:54.011 1551 2550 I OplusCustomizeService: pkg:com.android.systemui isPlatformSigned, return true drectly
10-08 16:14:54.014 1551 4176 I OplusCustomizeService: pkg:com.android.systemui isPlatformSigned, return true drectly
10-08 16:14:54.016 1551 2550 D OppoDisplayPolicy: com.android.systemui, change system app cutoutMode: color always
10-08 16:14:54.016 6166 6231 I RemoteGuardClient.DWB.ActivityMonitor: topActivities = []
10-08 16:14:54.021 828 1304 D DispPerfService: get hint proc=, idx=0 none
10-08 16:14:54.021 828 1304 I BufferQueueConsumer: [](id:33c0000025b,api:0,p:-1,c:828) connect(): controlledByApp=false
10-08 16:14:54.021 828 1304 I BufferQueue: [unnamed-828-603](this:0xb40000766612dc58,id:603,api:0,p:-1,c:-1) BufferQueue core=(828:/system/bin/surfaceflinger)
10-08 16:14:54.040 1551 1551 D OppoPowerMonitor: resetWakeupEventRecords
10-08 16:14:54.042 828 1304 I BufferQueueProducer: [TemporaryFocusWindow#0](id:33c0000025b,api:1,p:2061,c:828) connect(): api=1 producerControlledByApp=false
10-08 16:14:54.044 1551 2554 I InputDispatcher: Window went away: TemporaryFocusWindow#0
10-08 16:14:54.062 828 1311 D DispPerfService: onframeavailable pid=2061, slot=0, seq=3830, name=com.android.systemui:TemporaryFocusWindow#0
10-08 16:14:54.062 1551 2429 W AlarmManager: Unrecognized alarm listener com.android.server.am.HansLcdOffScene$1@a34fd5d
10-08 16:14:54.065 3361 6162 W ContextImpl: Calling a method in the system process without a qualified user: android.app.ContextImpl.startService:1701 android.content.ContextWrapper.startService:730 com.oplus.statistics.dcs.c.b.a:216 com.oplus.statistics.dcs.c.b.a:143 com.oplus.statistics.dcs.a.c.a:14
10-08 16:14:54.077 1551 2554 I InputDispatcher: Focus entered window: Window{78eae3f u0 TemporaryFocusWindow} in display 0
10-08 16:14:54.088 2530 2658 I [0]DCS-StrategyManager: isNeedUpload: true, type: 2006, appID: 20185, logTag: data_cloud, eventID: data_collect
10-08 16:14:54.091 1551 1551 D ColorInputMethodManagerServiceEx: onHandleImeWindowVisibleStatus handledVis: 0, switcher visible: 0, switcher active: 0, needsToShowImeSwitcher: false
10-08 16:14:54.096 1551 1711 W OppoStorageManagerFeature: turn screenOff, maintPrepared:false
10-08 16:14:54.094 2530 2658 I chatty : uid=10283(com.nearme.statistics.rom) Dcs-work-thread identical 4 lines
10-08 16:14:54.097 2530 2658 I [0]DCS-StrategyManager: isNeedUpload: true, type: 2006, appID: 20185, logTag: data_cloud, eventID: data_collect
10-08 16:14:54.104 1551 1753 I OplusWifiSarManager: Received action: android.intent.action.SCREEN_OFF
10-08 16:14:54.105 1551 1753 D OplusWifiSarManager: wifiBand mWifi2gState:false mWifi5gState: true mWifi5gBand:WIFI_5G_BAND2
10-08 16:14:54.105 1551 1753 I OplusWifiSarManager: project: 19131, country: CN
10-08 16:14:54.105 1551 1753 I OplusWifiSarManager: sensor state: earpiece: 0, sensor: FAR, isScreenOn: false
10-08 16:14:54.105 1551 1753 I OplusWifiSarManager: modem state: mCellOn: false mDataOn: false mData5gOn: false
10-08 16:14:54.105 1551 1753 I OplusWifiSarManager: wifi state: mWifiConnected: true mWifiSapEnabled: false mWifiP2pConnected: false mWifi2gState: false mWifi5gState: true mWifi5gBand: WIFI_5G_BAND2
10-08 16:14:54.105 1551 1753 I OplusWifiSarManager: wifisar engineerMode state: enable: false, Regdomain: , modemWorkType(2:4G, 3:5G): -1, sensorWorkType: -1, wifiChannel2.4G: -1, wifiChannel5G: -1
10-08 16:14:54.105 1551 1753 I OplusWifiSarManager: no change: 0
10-08 16:14:54.108 1551 1711 D StorageManagerService: handleMessage:62, handled and finished by oppo storage feature.
10-08 16:14:54.110 1551 1551 D OplusSilenceRecovery: actionandroid.intent.action.SCREEN_OFF
10-08 16:14:54.113 1551 1744 E OplusQpowerManager: setQpowerMode, getOppoPowerSaveMockable fail, oppoPowerSave = null !
10-08 16:14:54.114 1551 1551 D OplusSlaManager: Received broadcast:android.intent.action.SCREEN_OFF
10-08 16:14:54.114 1551 1769 D OplusSlaManager: MSG_SCREEN_STATE_CHANGE
10-08 16:14:54.115 1551 1769 D OplusSlaManager: After sendScreenStateToKernel:result=true screenState=0
10-08 16:14:54.115 1912 1912 I wpa_supplicant: wpa_driver_nl80211_driver_cmd: wlan0 recv cmd SETSUSPENDMODE 1
10-08 16:14:54.116 1551 4176 D OppoDisplayPolicy: com.android.systemui, change system app cutoutMode: color always
10-08 16:14:54.119 1912 1912 I wpa_supplicant: wpa_driver_nl80211_driver_cmd: ret = 0 used = 2 total = 512 buf =
10-08 16:14:54.120 1551 1776 E OplusClientModeImpl2: getWifiLinkLayerStats called without an interface
10-08 16:14:54.124 1551 1551 D OplusDualHeadPhoneEx: GetOplusDualHeadPhoneEx return exist one.
10-08 16:14:54.124 1551 1551 D AudioSystem: +setParameters(): screen_state=off
10-08 16:14:54.125 1242 17712 D android.hardware.biometrics.fingerprint@2.1-service: DcsInfo enter into FINGERPRINT_AUTHENTICATED CommonDcsmsg
10-08 16:14:54.125 766 834 D AudioALSAHardware: +setParameters(): screen_state=off
10-08 16:14:54.125 766 834 D AudioALSAStreamOut: +setScreenState(), flag 2, mode 0
10-08 16:14:54.125 766 834 D AudioALSAStreamOut: +setScreenState(), flag 8, mode 0
10-08 16:14:54.125 766 834 D AudioALSAStreamOut: +setScreenState(), flag 4, mode 0
10-08 16:14:54.125 766 834 D AudioALSAStreamOut: +setScreenState(), flag 32768, mode 0
10-08 16:14:54.125 766 834 D AudioALSAStreamOut: +setScreenState(), flag 65536, mode 0
10-08 16:14:54.125 766 834 D AudioALSAHardware: =====>GetInstance()->MMI_Auto_Test
10-08 16:14:54.125 766 834 D audio_engineer_test: do_audio_test_process Enter all_test[0]:NoneTest in_call:false
10-08 16:14:54.126 766 834 D AudioALSAHardware: -setParameters(): screen_state=off
10-08 16:14:54.126 1242 17712 D android.hardware.biometrics.fingerprint@2.1-service: DcsInfo send fingerprint auth dcsmsg
10-08 16:14:54.127 1551 1816 D CommonDcsUploader: notifyMsgToCommonDcs, logTag: 20120fingerprint_auth_dcsmsg
10-08 16:14:54.128 1551 2569 W ContextImpl: Calling a method in the system process without a qualified user: android.app.ContextImpl.startService:1701 com.oplus.util.OplusStatisticsImpl.startService:216 com.oplus.util.OplusStatisticsImpl.sendDataToDCS:192 com.oplus.util.OplusStatisticsImpl.onCommonSync:84 com.oplus.util.OplusStatisticsImpl$1.run:124
10-08 16:14:54.133 2530 2658 I [0]DCS-StrategyManager: isNeedUpload: true, type: 2006, appID: 20120, logTag: 20120, eventID: fingerprint_auth_dcsmsg
10-08 16:14:54.139 2481 2481 E OplusNecManagerHelper: com.oplus.nec.OplusNecManager.notifyOrigSignalStrengthChanged [class android.telephony.SignalStrength, int]
10-08 16:14:54.141 1551 1551 D LMServiceThreadHandler: onScreenStatusChange:false
10-08 16:14:54.143 1551 1551 D OppoPowerMonitor: Receive broadcast android.intent.action.SCREEN_OFF
10-08 16:14:54.143 1551 1662 D OppoPowerMonitor: mScreenOffCurrentTime = 1633680894143, mScreenOffElapsedRealTime = 21623644, mScreenOffUpTime = 10203479
10-08 16:14:54.143 1551 1662 W AlarmManager: Unrecognized alarm listener com.coloros.exsystemservice.powermonitor.t@acd10df
10-08 16:14:54.152 32713 32713 V SensorManager: unRegisterListener by android.view.OrientationEventListener$SensorEventListenerImpl
10-08 16:14:54.153 1551 2392 W SensorService: SensorEventConnection sensor handle=1, package = android.view.OrientationEventListener disable
10-08 16:14:54.153 1551 2392 D SensorService: disable Autolock Start SensorEventConnection = android.view.OrientationEventListener ,handle = 1
10-08 16:14:54.153 1551 2392 D SensorService: disable Autolock SensorEventConnection = android.view.OrientationEventListener ,handle = 1
10-08 16:14:54.153 1551 2392 D SensorService: recordConnection in disable
10-08 16:14:54.153 1551 2392 D SensorService: SensorDevice::activate: ident=0xb400007bc2c1a680, handle=0x00000001, enabled=0, count=1
10-08 16:14:54.153 1551 2392 D SensorService: disable index=0
10-08 16:14:54.153 1551 2392 D SensorService: SensorDevice::checkForIdent info.numActiveClients()=1, ident=0xb400007bc2c1a680, handle=1, eanble=0, isFusion=0
10-08 16:14:54.153 1551 2392 D SensorService: SensorDevice::checkForIdent, ident=0xb400007bc2c1a680 info.mIdentCount=1
10-08 16:14:54.153 1551 2392 D SensorService: >>> actuating h/w activate ident = 0xb400007bc2c1a680, handle=1 enabled=0
10-08 16:14:54.153 1551 2392 D SensorService: >>> actuating h/w activate handle=1 enabled=0
10-08 16:14:54.154 1113 1113 I OriginChannel: activate: [1,0]
10-08 16:14:54.155 1551 2392 D SensorService: reset the mRecentEvent handle = 1
10-08 16:14:54.155 1551 2392 D SensorService: disable reset the lastEvent handle = 1 in disable
10-08 16:14:54.156 1551 2392 D SensorService: ~SensorEventConnection(0xb400007bc2c1a680)
10-08 16:14:54.156 1551 2392 D SensorService: 3 active sensors
10-08 16:14:54.156 1551 2392 D SensorService: removing connection 0xb400007bc2c1a680 for sensor[0].handle=0x00000005
10-08 16:14:54.156 1551 2392 D SensorService: removing connection 0xb400007bc2c1a680 for sensor[1].handle=0x0000000b
10-08 16:14:54.156 1551 2392 D SensorService: removing connection 0xb400007bc2c1a680 for sensor[2].handle=0x00000017
10-08 16:14:54.165 808 831 I mtkpower@impl: [setMode] type:1, enabled:1
10-08 16:14:54.166 808 831 E mtkpower@impl: [setMode] unknown type
10-08 16:14:54.167 1551 1551 I AIBrightnessScreenStateReceiver: onReceive, ACTION_SCREEN_OFF do onScreenOff event.
10-08 16:14:54.175 1551 1551 D OppoNwPowerService: Received broadcast:android.intent.action.SCREEN_OFF
10-08 16:14:54.175 1551 1922 E OppoNwPowerService: Cancel unified rst! delay 300000 execceds the limit!
10-08 16:14:54.178 2006 2006 V GestureMonitorController: onDeviceStateChanged
10-08 16:14:54.181 2006 2006 D ScreenOffGestureService: mWakeUpArouseReceiver action= android.intent.action.SCREEN_OFF mScreenOnByLiftHand = false
10-08 16:14:54.182 2006 2006 D ScreenOffGestureService: mWakeUpArouseReceiver isWakeUpArouseOpen = false,mScreenOffByGesture =false mHasWakeupUnloadAlgDisableFeature = false
10-08 16:14:54.202 2530 2658 I [0]DCS-StrategyManager: isNeedUpload: true, type: 2006, appID: 21000, logTag: 2100001, eventID: user_model_screen_on
10-08 16:14:54.216 1551 2554 D OppoDisplayPolicy: com.android.systemui, change system app cutoutMode: color always
10-08 16:14:54.223 3137 3137 I ZoomAppController: Receive broadcast : ACTION_SCREEN_OFF
10-08 16:14:54.241 1953 1953 W Thread-79: type=1400 audit(0.0:26338): avc: denied { write } for name="property_service" dev="tmpfs" ino=2556 scontext=u:r:color_system_service_app:s0 tcontext=u:object_r:property_socket:s0 tclass=sock_file permissive=0
10-08 16:14:54.247 1953 17726 W libc : Unable to set property "persist.sys.ota.last_screenoff" to "1633680894246": connection failed; errno=13 (Permission denied)
10-08 16:14:54.251 2793 3753 V SensorManager: unRegisterListener by com.coloros.healthservice.broadcast.a and its name is PEDO_MINUTE
10-08 16:14:54.252 1551 2550 W SensorService: SensorEventConnection sensor handle=23, package = com.coloros.healthservice.broadcast.b disable
10-08 16:14:54.252 1551 2550 D SensorService: disable Autolock Start SensorEventConnection = com.coloros.healthservice.broadcast.b ,handle = 23
10-08 16:14:54.252 1551 2550 D SensorService: disable Autolock SensorEventConnection = com.coloros.healthservice.broadcast.b ,handle = 23
10-08 16:14:54.252 1551 2550 D SensorService: 0xb400007b9d09e500 removeFd fd=702
10-08 16:14:54.252 1551 2550 D SensorService: recordConnection in disable
10-08 16:14:54.252 1551 2550 D SensorService: SensorDevice::activate: ident=0xb400007b9d09e500, handle=0x00000017, enabled=0, count=2
10-08 16:14:54.252 1551 2550 D SensorService: disable index=0
10-08 16:14:54.252 1551 2550 D SensorService: SensorDevice::checkForIdent info.numActiveClients()=2, ident=0xb400007b9d09e500, handle=23, eanble=0, isFusion=0
10-08 16:14:54.252 1551 2550 D SensorService: SensorDevice::checkForIdent, ident=0xb400007b9d09e500 info.mIdentCount=1
10-08 16:14:54.252 1551 2550 D SensorService: >>> actuating h/w batch 0x00000017 200000000 0
10-08 16:14:54.252 1113 1113 I VirtualSensors: batch: handle:81, flag:0,samplingPeriodNs:200000000 maxBatchReportLatencyNs:0
10-08 16:14:54.255 1551 2554 D SensorService: ~SensorEventConnection(0xb400007b9d09e500)
10-08 16:14:54.255 1551 2554 D SensorService: 3 active sensors
10-08 16:14:54.255 1551 2554 D SensorService: removing connection 0xb400007b9d09e500 for sensor[0].handle=0x00000005
10-08 16:14:54.255 1551 2554 D SensorService: removing connection 0xb400007b9d09e500 for sensor[1].handle=0x0000000b
10-08 16:14:54.255 1551 2554 D SensorService: removing connection 0xb400007b9d09e500 for sensor[2].handle=0x00000017
10-08 16:14:54.257 2793 2793 I SCREEN_OFF_ANR: safecenter onReceive begin at:2021年10月08日 16:14:54
10-08 16:14:54.257 2793 2793 I SCREEN_OFF_ANR: safecenter onReceive end at:2021年10月08日 16:14:54
10-08 16:14:54.260 2793 17727 W ContextImpl: Calling a method in the system process without a qualified user: android.app.ContextImpl.startService:1701 android.content.ContextWrapper.startService:730 com.coloros.safecenter.ColorAppServicesManagerClient$a$1.run:230 java.lang.Thread.run:923
10-08 16:14:54.261 2793 17727 D Intent : disableDeathOnFileUriExposure com.coloros.safecenter
10-08 16:14:54.290 3924 3924 D BluetoothAdapter: 247829230: getState(). Returning ON
10-08 16:14:54.291 3924 3924 I AF.APP.ScreenReceiver: screen off and bluetooth enabled: true
10-08 16:14:54.291 3924 3924 I AF.APP.ScanService: cancelBleScan, reason: 16
10-08 16:14:54.291 3924 3924 E AF.CORE.g: cancelScan, reason: 16
10-08 16:14:54.291 3924 3924 I AF.CORE.Bt_: stopSearch
10-08 16:14:54.291 3924 3924 D BluetoothAdapter: 247829230: getState(). Returning ON
10-08 16:14:54.292 3924 3924 W AF.APP.ScanService: background scan stopped state true
10-08 16:14:54.292 3924 3924 W AF.APP.ScanService: rejectInnerBackgroundScan when it is stopped
10-08 16:14:54.294 3924 3924 I AF.CORE.DeviceManager: forceCancelPairingTask, size:0
10-08 16:14:54.295 3924 3924 D BluetoothAdapter: isLeEnabled(): ON
10-08 16:14:54.298 2036 15117 I AppScanStats: BLE_SCAN_RESULT_RECEIVED[7]noteBleScanResults=0
10-08 16:14:54.299 2036 15117 I AppScanStats: BLE_SCAN_STATE_CHANGED[7]noteBleScanStopped=false
10-08 16:14:54.302 2036 2726 D CustomScanStrategy: dont stopWatchWIFITraffic
10-08 16:14:54.302 2036 2726 D BtGatt.ScanManager: stopWatchWIFITraffic
10-08 16:14:54.303 768 779 D [BT] : mtk_bt_op: BT_VND_OP_LPM_WAKE_SET_STATE
10-08 16:14:54.304 2036 2761 I bt_stack: [INFO:bta_gattc_act.cc(219)] bta_gattc_deregister: whitelistsize 64 39
10-08 16:14:54.306 3924 4591 I AF.APP.ScanService: onScanCanceled, inner: true, reason: 16
10-08 16:14:54.309 2793 4829 W OppoGuardElf: OppoGuardElfMonitor: onReceiver action=android.intent.action.SCREEN_OFF
10-08 16:14:54.309 2793 4829 W OppoGuardElf: Affair: post action finally act = 201
10-08 16:14:54.312 1551 2550 I ColorAppSwitchManagerService: appswitch unregisterAppSwitchObserver pkgName = com.heytap.accessory config = OplusAppSwitchConfig = { mConfigs = {} observerFingerPrint = 179628838}
10-08 16:14:54.313 1551 2550 I ColorAppSwitchStateDispatcher: unregisterAppSwitchObserver ok, pkgName = com.heytap.accessory info = ColorAppSwitchRuleInfo = { observer = null observerFingerPrint = 179628838}
10-08 16:14:54.313 3924 4591 I AF.APP.ScanService: onScanStop Scan Preparing false
10-08 16:14:54.314 3924 4591 D BluetoothAdapter: 247829230: getState(). Returning ON
10-08 16:14:54.314 3924 4591 W AF.APP.ScanService: background scan stopped state true
10-08 16:14:54.314 3924 4591 W AF.APP.ScanService: rejectInnerBackgroundScan when it is stopped
10-08 16:14:54.315 3896 4846 I PAS127384e210622.ScreenStateHelper: ScreenBroadcastReceiver onReceive action:android.intent.action.SCREEN_OFF
10-08 16:14:54.316 1551 4176 I android_os_HwBinder: HwBinder: Starting thread pool for getting: vendor.oplus.hardware.charger@1.0::ICharger/default
10-08 16:14:54.318 1551 4176 D ColorGuardElfFeature: ICharger set value = 0
10-08 16:14:54.318 1551 4176 D ColorGuardElfFeature: calling class name = ThermalControlUtils
10-08 16:14:54.319 2793 3822 D OppoBatteryManager: set charge value = 0
10-08 16:14:54.320 3896 17188 I PAS127384e210622.ResourceTrigger: resourceOnChange, resourceId is 10118
10-08 16:14:54.320 2793 4968 W OppoGuardElf: ThermalControllHandler: MSG_THERMAL_CONTROL_STATUS_CHANGED,msg:4
10-08 16:14:54.320 3896 17188 I PAS127384e210622.ResourceTrigger: startAlign
10-08 16:14:54.322 758 758 E vendor.oplus.hardware.charger@1.0-service: notifyScreenStatus: 0
10-08 16:14:54.322 758 758 D vendor.oplus.hardware.charger@1.0-service: read_errorasdads
10-08 16:14:54.338 2593 6968 D FloatWindowToastHelper: onConfigChange path=/oppoguardelf/cpu_abnormal_list.xml selfChange=false userId:0
10-08 16:14:54.340 2593 6968 D FloatWindowToastHelper: currentUserid=0
10-08 16:14:54.342 1551 1834 D AS.AudioService: getParameters() keyValuePairs:OPLUS_AUDIO_GET_FOCUS_STACK
10-08 16:14:54.342 2593 6968 D FloatWindowToastHelper: onConfigChange path=/oppoguardelf/network_status.xml selfChange=false userId:0
10-08 16:14:54.344 2793 4968 W OppoGuardElf: ThermalControllHandler: tempLevel=3,userMode=3,gameUserMode=-1,appType=-1,envTempType=0,appStates=[]
10-08 16:14:54.345 2593 6968 D FloatWindowToastHelper: currentUserid=0
10-08 16:14:54.345 4008 4570 D HoraeHelper: getAllShellTemps tSize : 4
10-08 16:14:54.345 4008 4570 D HoraeHelper: getAllShellTemps tSize : 4
10-08 16:14:54.348 2530 2658 I [0]DCS-StrategyManager: isNeedUpload: false, type: 2006, appID: 20131, logTag: bt_data_collector, eventID: bt_ble_event
10-08 16:14:54.348 2530 2658 W [0]DCS : Record event failed. DCS reject event: [appId=20131,logTag=bt_data_collector,eventId=bt_ble_event] . Pls check server config.
10-08 16:14:54.350 4008 4570 D HoraeHelper: Thermal length:1
10-08 16:14:54.353 2793 4968 W OppoGuardElf: ThermalControllerCenter: mSafetyState=10000
10-08 16:14:54.354 2793 4968 W OppoGuardElf: ThermalControllHandler: tempGear=3,configItemName=screen_off
10-08 16:14:54.356 4008 4570 D HoraeHelper: Thermal length:1
10-08 16:14:54.371 2530 2658 I [0]DCS-StrategyManager: isNeedUpload: false, type: 2006, appID: 20131, logTag: bt_data_collector, eventID: bt_ble_event
10-08 16:14:54.372 2530 2658 W [0]DCS : Record event failed. DCS reject event: [appId=20131,logTag=bt_data_collector,eventId=bt_ble_event] . Pls check server config.
10-08 16:14:54.385 1551 1741 D OppoWifiClientModeImpl: Adjust rssi from -48 to -45
10-08 16:14:54.386 3630 3630 I PhoneScreenStateManager: Health_Screen is OFF
10-08 16:14:54.386 3630 3630 I PhoneScreenStateManager: Health_Current pid=3630, lastPid=3630
10-08 16:14:54.387 3630 17200 I ScreenStateRepository: Health_Screen file cache not full, length=21814
10-08 16:14:54.389 1551 4183 E IntervalStats: Unable to parse usage stats package 37
10-08 16:14:54.389 1551 4183 E IntervalStats: Unable to parse usage stats package 114
10-08 16:14:54.389 1551 4183 E IntervalStats: Unable to parse usage stats package 127
10-08 16:14:54.389 1551 4183 E IntervalStats: Unable to parse usage stats package 137
10-08 16:14:54.389 1551 4183 E IntervalStats: Unable to parse usage stats package 141
10-08 16:14:54.389 1551 4183 E IntervalStats: Unable to parse usage stats package 162
10-08 16:14:54.390 1551 4183 E IntervalStats: Unable to parse usage stats package 385
10-08 16:14:54.390 1551 4183 E IntervalStats: Unable to parse usage stats package 429
10-08 16:14:54.390 1551 4183 E IntervalStats: Unable to parse usage stats package 467
10-08 16:14:54.390 1551 4183 E IntervalStats: Unable to parse usage stats package 472
10-08 16:14:54.390 1551 4183 E IntervalStats: Unable to parse usage stats package 473
10-08 16:14:54.393 1551 4183 E IntervalStats: Unable to parse usage stats package 162
10-08 16:14:54.394 1551 4183 E IntervalStats: Unable to parse usage stats package 385
10-08 16:14:54.394 1551 4183 E IntervalStats: Unable to parse usage stats package 429
10-08 16:14:54.394 1551 4183 E IntervalStats: Unable to parse usage stats package 472
10-08 16:14:54.394 1551 4183 E IntervalStats: Unable to parse usage stats package 476
10-08 16:14:54.394 1551 4183 E IntervalStats: Unable to parse usage stats package 479
10-08 16:14:54.394 1551 4183 E IntervalStats: Unable to parse usage stats package 483
10-08 16:14:54.394 1551 4183 E IntervalStats: Unable to parse usage stats package 484
10-08 16:14:54.394 1551 4183 E IntervalStats: Unable to parse usage stats package 486
10-08 16:14:54.394 1551 4183 E IntervalStats: Unable to parse usage stats package 489
10-08 16:14:54.394 1551 4183 E IntervalStats: Unable to parse usage stats package 491
10-08 16:14:54.394 1551 4183 E IntervalStats: Unable to parse usage stats package 496
10-08 16:14:54.394 1551 4183 E IntervalStats: Unable to parse usage stats package 525
10-08 16:14:54.394 1551 4183 E IntervalStats: Unable to parse usage stats package 529
10-08 16:14:54.394 1551 4183 E IntervalStats: Unable to parse usage stats package 533
10-08 16:14:54.394 1551 4183 E IntervalStats: Unable to parse usage stats package 534
10-08 16:14:54.394 1551 4183 E IntervalStats: Unable to parse usage stats package 545
10-08 16:14:54.394 1551 4183 E IntervalStats: Unable to parse usage stats package 549
10-08 16:14:54.394 1551 4183 E IntervalStats: Unable to parse usage stats package 551
10-08 16:14:54.394 1551 4183 E IntervalStats: Unable to parse usage stats package 575
10-08 16:14:54.394 1551 4183 E IntervalStats: Unable to parse usage stats package 596
10-08 16:14:54.394 1551 4183 E IntervalStats: Unable to parse usage stats package 597
10-08 16:14:54.394 1551 4183 E IntervalStats: Unable to parse usage stats package 598
10-08 16:14:54.398 1551 4183 E IntervalStats: Unable to parse usage stats package 162
10-08 16:14:54.398 1551 4183 E IntervalStats: Unable to parse usage stats package 385
10-08 16:14:54.398 1551 4183 E IntervalStats: Unable to parse usage stats package 429
10-08 16:14:54.398 1551 4183 E IntervalStats: Unable to parse usage stats package 472
10-08 16:14:54.399 1551 4183 E IntervalStats: Unable to parse usage stats package 486
10-08 16:14:54.399 1551 4183 E IntervalStats: Unable to parse usage stats package 610
10-08 16:14:54.399 1551 4183 E IntervalStats: Unable to parse usage stats package 615
10-08 16:14:54.399 1551 4183 E IntervalStats: Unable to parse usage stats package 623
10-08 16:14:54.399 1551 4183 E IntervalStats: Unable to parse usage stats package 626
10-08 16:14:54.399 1551 4183 E IntervalStats: Unable to parse usage stats package 631
10-08 16:14:54.399 1551 4183 E IntervalStats: Unable to parse usage stats package 646
10-08 16:14:54.399 1551 4183 E IntervalStats: Unable to parse usage stats package 650
10-08 16:14:54.399 1551 4183 E IntervalStats: Unable to parse usage stats package 657
10-08 16:14:54.402 1551 4183 E IntervalStats: Unable to parse usage stats package 486
10-08 16:14:54.402 1551 4183 E IntervalStats: Unable to parse usage stats package 626
10-08 16:14:54.402 1551 4183 E IntervalStats: Unable to parse usage stats package 663
10-08 16:14:54.402 1551 4183 E IntervalStats: Unable to parse usage stats package 667
10-08 16:14:54.402 1551 4183 E IntervalStats: Unable to parse usage stats package 674
10-08 16:14:54.402 1551 4183 E IntervalStats: Unable to parse usage stats package 687
10-08 16:14:54.402 1551 4183 E IntervalStats: Unable to parse usage stats package 694
10-08 16:14:54.402 1551 4183 E IntervalStats: Unable to parse usage stats package 695
10-08 16:14:54.402 1551 4183 E IntervalStats: Unable to parse usage stats package 696
10-08 16:14:54.402 1551 4183 E IntervalStats: Unable to parse usage stats package 707
10-08 16:14:54.402 1551 4183 E IntervalStats: Unable to parse usage stats package 716
10-08 16:14:54.402 1551 4183 E IntervalStats: Unable to parse usage stats package 718
10-08 16:14:54.406 1551 4183 E IntervalStats: Unable to parse usage stats package 718
10-08 16:14:54.407 1551 4183 E IntervalStats: Unable to parse usage stats package 737
10-08 16:14:54.407 1551 4183 E IntervalStats: Unable to parse usage stats package 738
10-08 16:14:54.407 1551 4183 E IntervalStats: Unable to parse usage stats package 757
10-08 16:14:54.407 1551 4183 E IntervalStats: Unable to parse usage stats package 761
10-08 16:14:54.407 1551 4183 E IntervalStats: Unable to parse usage stats package 762
10-08 16:14:54.407 1551 4183 E IntervalStats: Unable to parse usage stats package 765
10-08 16:14:54.407 1551 4183 E IntervalStats: Unable to parse usage stats package 768
10-08 16:14:54.407 1551 4183 E IntervalStats: Unable to parse usage stats package 774
10-08 16:14:54.407 1551 4183 E IntervalStats: Unable to parse usage stats package 775
10-08 16:14:54.407 1551 4183 E IntervalStats: Unable to parse usage stats package 776
10-08 16:14:54.407 1551 4183 E IntervalStats: Unable to parse usage stats package 777
10-08 16:14:54.407 1551 4183 E IntervalStats: Unable to parse usage stats package 788
10-08 16:14:54.407 1551 4183 E IntervalStats: Unable to parse usage stats package 792
10-08 16:14:54.407 1551 4183 E IntervalStats: Unable to parse usage stats package 799
10-08 16:14:54.429 2793 2793 D CustomLogManagerService: onReceive android.intent.action.SCREEN_OFF
10-08 16:14:54.444 2793 2793 I QualityProtectService: onReceive begin now
10-08 16:14:54.444 2793 2793 D QualityProtectService: SCREEN_OFF
10-08 16:14:54.444 2793 2793 I QualityProtectService: screen off onReceive end now
10-08 16:14:54.447 6166 6231 I RemoteGuardClient.DWB.ActivityMonitor: handleScreenOnOffChange action = android.intent.action.SCREEN_OFF,isScreenOnWithoutKeyguard=false
10-08 16:14:54.463 2593 6968 D FloatWindowToastHelper: onConfigChange path=/oppoguardelf/network_local_data.xml selfChange=false userId:0
10-08 16:14:54.464 2593 6968 D FloatWindowToastHelper: currentUserid=0
10-08 16:14:54.483 7782 7782 D StandbyModeManager: onReceive action: android.intent.action.SCREEN_OFF
10-08 16:14:54.483 7782 7782 D StandbyModeManager: stop try start standby by mobileOff ON when screenoff
10-08 16:14:54.490 7782 7782 D MSF.C.LogManager: onReceive broadcastreceiver.action = android.intent.action.SCREEN_OFF
10-08 16:14:54.530 1551 4183 E IntervalStats: Unable to parse usage stats package 37
10-08 16:14:54.530 1551 4183 E IntervalStats: Unable to parse usage stats package 114
10-08 16:14:54.530 1551 4183 E IntervalStats: Unable to parse usage stats package 127
10-08 16:14:54.530 1551 4183 E IntervalStats: Unable to parse usage stats package 137
10-08 16:14:54.530 1551 4183 E IntervalStats: Unable to parse usage stats package 141
10-08 16:14:54.530 1551 4183 E IntervalStats: Unable to parse usage stats package 162
10-08 16:14:54.530 1551 4183 E IntervalStats: Unable to parse usage stats package 385
10-08 16:14:54.530 1551 4183 E IntervalStats: Unable to parse usage stats package 429
10-08 16:14:54.530 1551 4183 E IntervalStats: Unable to parse usage stats package 467
10-08 16:14:54.530 1551 4183 E IntervalStats: Unable to parse usage stats package 472
10-08 16:14:54.531 1551 4183 E IntervalStats: Unable to parse usage stats package 473
10-08 16:14:54.532 1551 4183 E IntervalStats: Unable to parse usage stats package 162
10-08 16:14:54.533 1551 4183 E IntervalStats: Unable to parse usage stats package 385
10-08 16:14:54.533 1551 4183 E IntervalStats: Unable to parse usage stats package 429
10-08 16:14:54.533 1551 4183 E IntervalStats: Unable to parse usage stats package 472
10-08 16:14:54.533 1551 4183 E IntervalStats: Unable to parse usage stats package 476
10-08 16:14:54.533 1551 4183 E IntervalStats: Unable to parse usage stats package 479
10-08 16:14:54.533 1551 4183 E IntervalStats: Unable to parse usage stats package 483
10-08 16:14:54.533 1551 4183 E IntervalStats: Unable to parse usage stats package 484
10-08 16:14:54.533 1551 4183 E IntervalStats: Unable to parse usage stats package 486
10-08 16:14:54.533 1551 4183 E IntervalStats: Unable to parse usage stats package 489
10-08 16:14:54.533 1551 4183 E IntervalStats: Unable to parse usage stats package 491
10-08 16:14:54.533 1551 4183 E IntervalStats: Unable to parse usage stats package 496
10-08 16:14:54.533 1551 4183 E IntervalStats: Unable to parse usage stats package 525
10-08 16:14:54.533 1551 4183 E IntervalStats: Unable to parse usage stats package 529
10-08 16:14:54.533 1551 4183 E IntervalStats: Unable to parse usage stats package 533
10-08 16:14:54.533 1551 4183 E IntervalStats: Unable to parse usage stats package 534
10-08 16:14:54.533 1551 4183 E IntervalStats: Unable to parse usage stats package 545
10-08 16:14:54.533 1551 4183 E IntervalStats: Unable to parse usage stats package 549
10-08 16:14:54.533 1551 4183 E IntervalStats: Unable to parse usage stats package 551
10-08 16:14:54.533 1551 4183 E IntervalStats: Unable to parse usage stats package 575
10-08 16:14:54.533 1551 4183 E IntervalStats: Unable to parse usage stats package 596
10-08 16:14:54.533 1551 4183 E IntervalStats: Unable to parse usage stats package 597
10-08 16:14:54.533 1551 4183 E IntervalStats: Unable to parse usage stats package 598
10-08 16:14:54.535 1551 4183 E IntervalStats: Unable to parse usage stats package 162
10-08 16:14:54.535 1551 4183 E IntervalStats: Unable to parse usage stats package 385
10-08 16:14:54.535 1551 4183 E IntervalStats: Unable to parse usage stats package 429
10-08 16:14:54.535 1551 4183 E IntervalStats: Unable to parse usage stats package 472
10-08 16:14:54.536 1551 4183 E IntervalStats: Unable to parse usage stats package 486
10-08 16:14:54.536 1551 4183 E IntervalStats: Unable to parse usage stats package 610
10-08 16:14:54.536 1551 4183 E IntervalStats: Unable to parse usage stats package 615
10-08 16:14:54.536 1551 4183 E IntervalStats: Unable to parse usage stats package 623
10-08 16:14:54.536 1551 4183 E IntervalStats: Unable to parse usage stats package 626
10-08 16:14:54.536 1551 4183 E IntervalStats: Unable to parse usage stats package 631
10-08 16:14:54.536 1551 4183 E IntervalStats: Unable to parse usage stats package 646
10-08 16:14:54.536 1551 4183 E IntervalStats: Unable to parse usage stats package 650
10-08 16:14:54.536 1551 4183 E IntervalStats: Unable to parse usage stats package 657
10-08 16:14:54.537 1551 4183 E IntervalStats: Unable to parse usage stats package 486
10-08 16:14:54.537 1551 4183 E IntervalStats: Unable to parse usage stats package 626
10-08 16:14:54.537 1551 4183 E IntervalStats: Unable to parse usage stats package 663
10-08 16:14:54.537 1551 4183 E IntervalStats: Unable to parse usage stats package 667
10-08 16:14:54.537 1551 4183 E IntervalStats: Unable to parse usage stats package 674
10-08 16:14:54.537 1551 4183 E IntervalStats: Unable to parse usage stats package 687
10-08 16:14:54.537 1551 4183 E IntervalStats: Unable to parse usage stats package 694
10-08 16:14:54.537 1551 4183 E IntervalStats: Unable to parse usage stats package 695
10-08 16:14:54.537 1551 4183 E IntervalStats: Unable to parse usage stats package 696
10-08 16:14:54.537 1551 4183 E IntervalStats: Unable to parse usage stats package 707
10-08 16:14:54.537 1551 4183 E IntervalStats: Unable to parse usage stats package 716
10-08 16:14:54.537 1551 4183 E IntervalStats: Unable to parse usage stats package 718
10-08 16:14:54.540 1551 4183 E IntervalStats: Unable to parse usage stats package 718
10-08 16:14:54.540 1551 4183 E IntervalStats: Unable to parse usage stats package 737
10-08 16:14:54.540 1551 4183 E IntervalStats: Unable to parse usage stats package 738
10-08 16:14:54.540 1551 4183 E IntervalStats: Unable to parse usage stats package 757
10-08 16:14:54.540 1551 4183 E IntervalStats: Unable to parse usage stats package 761
10-08 16:14:54.540 1551 4183 E IntervalStats: Unable to parse usage stats package 762
10-08 16:14:54.540 1551 4183 E IntervalStats: Unable to parse usage stats package 765
10-08 16:14:54.540 1551 4183 E IntervalStats: Unable to parse usage stats package 768
10-08 16:14:54.540 1551 4183 E IntervalStats: Unable to parse usage stats package 774
10-08 16:14:54.540 1551 4183 E IntervalStats: Unable to parse usage stats package 775
10-08 16:14:54.540 1551 4183 E IntervalStats: Unable to parse usage stats package 776
10-08 16:14:54.540 1551 4183 E IntervalStats: Unable to parse usage stats package 777
10-08 16:14:54.540 1551 4183 E IntervalStats: Unable to parse usage stats package 788
10-08 16:14:54.540 1551 4183 E IntervalStats: Unable to parse usage stats package 792
10-08 16:14:54.540 1551 4183 E IntervalStats: Unable to parse usage stats package 799
