10-08 16:10:28.176 1551 1566 W WindowManager: Changing focus fromnull to Window{ac86187 u0 com.android.permissioncontroller/com.android.permissioncontroller.permission.ui.GrantPermissionsActivity} displayId=0 Callers=com.android.server.wm.RootWindowContainer.updateFocusedWindowLocked:509 com.android.server.wm.WindowManagerService.updateFocusedWindowLocked:6073 com.android.server.wm.WindowManagerService.relayoutWindow:2717 com.android.server.wm.Session.relayout:229
10-08 16:10:28.180 11148 11148 V OplusZoomWindowDecorViewHelper: setLastReportedMergedConfiguration mZoomDisplayHeight: 2400 getDecorView.DecorView@7e4ba9c[GrantPermissionsActivity]
10-08 16:10:28.229 1551 4169 W ActivityManager: setGlThreads detect 11148 13541
10-08 16:10:28.238 1551 1575 D ColorZoomWindowManagerService: adjustWindowCropForLeash start: appToken = ActivityRecord{2f7feb7 u0 com.android.permissioncontroller/.permission.ui.GrantPermissionsActivity t15113}
10-08 16:10:28.241 1551 1575 D ColorZoomWindowManagerService: adjustWindowCropForLeash start: appToken = ActivityRecord{a416465 u0 com.finshell.wallet/com.nearme.common.lib.permissions.PermissionActivity t15113}
10-08 16:10:28.251 1551 4231 D ColorInputMethodManagerServiceEx: onHandleImeWindowVisibleStatus handledVis: 0, switcher visible: 0, switcher active: 0, needsToShowImeSwitcher: false
10-08 16:10:28.252 1551 4231 I chatty : uid=1000(system) Binder:1551_20 identical 1 line
10-08 16:10:28.267 1551 4231 D ColorInputMethodManagerServiceEx: onHandleImeWindowVisibleStatus handledVis: 0, switcher visible: 0, switcher active: 0, needsToShowImeSwitcher: false
10-08 16:10:28.512 1551 1575 V ColorZoomWindowManagerService: onAnimationFinished: r = ActivityRecord{a416465 u0 com.finshell.wallet/com.nearme.common.lib.permissions.PermissionActivity t15113}
10-08 16:10:28.512 1551 1575 I ColorAppSwitchManagerService: handleAppVisible , r = ActivityRecord{a416465 u0 com.finshell.wallet/com.nearme.common.lib.permissions.PermissionActivity t15113}
10-08 16:10:28.512 1551 1575 I OplusMirageDisplayManagerService: onAnimationFinished:
10-08 16:10:28.512 1551 1575 V ColorZoomWindowManagerService: onAnimationFinished: r = ActivityRecord{2f7feb7 u0 com.android.permissioncontroller/.permission.ui.GrantPermissionsActivity t15113}
10-08 16:10:28.512 1551 1575 I ColorAppSwitchManagerService: handleAppVisible , r = ActivityRecord{2f7feb7 u0 com.android.permissioncontroller/.permission.ui.GrantPermissionsActivity t15113}
10-08 16:10:28.512 1551 1575 I OplusMirageDisplayManagerService: onAnimationFinished:
10-08 16:10:29.623 1551 1816 D BatteryLed: getLightInColorState, oppoLightMgr empty!
10-08 16:10:30.064 1551 2570 I ColorGameSpaceManager: in handleApplicationSwitchInner ---- gamemode = 0 ----mModeStatus = 0
10-08 16:10:30.258 11148 11148 D ViewRootImpl: enqueueInputEventMotionEvent { action=ACTION_DOWN, actionButton=0, id[0]=0, x[0]=540.0, y[0]=1252.0, toolType[0]=TOOL_TYPE_FINGER, buttonState=0, classification=NONE, metaState=0, flags=0x0, edgeFlags=0x0, pointerCount=1, historySize=0, eventTime=9939581, downTime=9939580, deviceId=-1, source=0x1002, displayId=0 }
10-08 16:10:30.289 1551 4231 D PackageManager: android.permission.ACCESS_FINE_LOCATION is granted, packageName: com.finshell.wallet, callingUid: 10064, userId: 0
10-08 16:10:30.292 1551 4176 D PackageManager: android.permission.ACCESS_COARSE_LOCATION is granted, packageName: com.finshell.wallet, callingUid: 10064, userId: 0
10-08 16:10:30.296 1551 1577 V OppoBaseWatchdog: @WatchDog_ error e: java.io.FileNotFoundException: /d/wakeup_sources: open failed: ENOENT (No such file or directory)
10-08 16:10:30.308 1551 4176 V ColorZoomWindowManagerService: prepareZoomTransition: curStack=Task{802a4b3 #15113 visible=true type=standard mode=fullscreen translucent=false A=10108:com.finshell.wallet U=0 StackId=15113 sz=3} nextStackTask{802a4b3 #15113 visible=true type=standard mode=fullscreen translucent=false A=10108:com.finshell.wallet U=0 StackId=15113 sz=3}
10-08 16:10:30.314 1551 4176 I ActivityTaskManager: perfNotifyAppState TopResumedActivityChanged ActivityRecord{a416465 u0 com.finshell.wallet/com.nearme.common.lib.permissions.PermissionActivity t15113}
10-08 16:10:30.315 1551 4176 W WindowManager: Changing focus fromWindow{ac86187 u0 com.android.permissioncontroller/com.android.permissioncontroller.permission.ui.GrantPermissionsActivity} to Window{a83cf53 u0 com.finshell.wallet/com.nearme.common.lib.permissions.PermissionActivity} displayId=0 Callers=com.android.server.wm.RootWindowContainer.updateFocusedWindowLocked:509 com.android.server.wm.WindowManagerService.updateFocusedWindowLocked:6073 com.android.server.wm.DisplayContent.setFocusedApp:5895 com.android.server.wm.ActivityTaskManagerService.setResumedActivityUncheckLocked:5860
10-08 16:10:30.325 1551 4176 D ColorZoomWindowManagerService: adjustWindowCropForLeash start: appToken = ActivityRecord{2f7feb7 u0 com.android.permissioncontroller/.permission.ui.GrantPermissionsActivity t15113 f}}
10-08 16:10:30.328 1551 4176 I ActivityTaskManager: perfNotifyAppState PAUSED ActivityRecord{2f7feb7 u0 com.android.permissioncontroller/.permission.ui.GrantPermissionsActivity t15113 f}}
10-08 16:10:30.330 1551 1566 V ColorZoomWindowManagerService: prepareZoomTransition: curStack=Task{802a4b3 #15113 visible=true type=standard mode=fullscreen translucent=false A=10108:com.finshell.wallet U=0 StackId=15113 sz=3} nextStackTask{802a4b3 #15113 visible=true type=standard mode=fullscreen translucent=false A=10108:com.finshell.wallet U=0 StackId=15113 sz=3}
10-08 16:10:30.334 1551 4231 E OppoThermalStats: Error getting package info: com.finshell.wallet
10-08 16:10:30.337 1551 1574 D OomAdjuster: TOP_APP is ProcessRecord{ca48631 14114:com.finshell.wallet/u0a108} uid is 10108
10-08 16:10:30.339 1551 4231 W WindowManager: Changing focus fromWindow{a83cf53 u0 com.finshell.wallet/com.nearme.common.lib.permissions.PermissionActivity} to null displayId=0 Callers=com.android.server.wm.RootWindowContainer.updateFocusedWindowLocked:509 com.android.server.wm.WindowManagerService.updateFocusedWindowLocked:6073 com.android.server.wm.WindowState.setupWindowForRemoveOnExit:2542 com.android.server.wm.WindowState.removeIfPossible:2507
10-08 16:10:30.344 1551 4159 I ActivityTaskManager: perfNotifyAppState TopResumedActivityChanged ActivityRecord{75422d u0 com.finshell.wallet/com.nearme.wallet.main.WalletIndexActivity t15113}
10-08 16:10:30.344 1551 4159 W WindowManager: Changing focus fromnull to Window{9527d65 u0 com.finshell.wallet/com.nearme.wallet.main.WalletIndexActivity} displayId=0 Callers=com.android.server.wm.RootWindowContainer.updateFocusedWindowLocked:509 com.android.server.wm.WindowManagerService.updateFocusedWindowLocked:6073 com.android.server.wm.DisplayContent.setFocusedApp:5895 com.android.server.wm.ActivityTaskManagerService.setResumedActivityUncheckLocked:5860
10-08 16:10:30.350 1551 4159 V ColorZoomWindowManagerService: onAnimationFinished: r = ActivityRecord{a416465 u0 com.finshell.wallet/com.nearme.common.lib.permissions.PermissionActivity t15113 f}}
10-08 16:10:30.350 1551 4159 I OplusMirageDisplayManagerService: onAnimationFinished:
10-08 16:10:30.352 1551 4159 I ActivityTaskManager: perfNotifyAppState PAUSED ActivityRecord{a416465 u0 com.finshell.wallet/com.nearme.common.lib.permissions.PermissionActivity t15113 f}}
10-08 16:10:30.357 1551 4159 D ColorInputMethodManagerServiceEx: onHandleImeWindowVisibleStatus handledVis: 0, switcher visible: 0, switcher active: 0, needsToShowImeSwitcher: false
10-08 16:10:30.357 1551 4159 D ColorInputMethodManagerServiceEx: onHandleImeWindowVisibleStatus handledVis: 0, switcher visible: 0, switcher active: 0, needsToShowImeSwitcher: false
10-08 16:10:30.385 1551 4231 D ColorInputMethodManagerServiceEx: onHandleImeWindowVisibleStatus handledVis: 0, switcher visible: 0, switcher active: 0, needsToShowImeSwitcher: false
10-08 16:10:30.403 1551 4231 D ColorInputMethodManagerServiceEx: onHandleImeWindowVisibleStatus handledVis: 0, switcher visible: 0, switcher active: 0, needsToShowImeSwitcher: false
10-08 16:10:30.498 1551 1575 V ColorZoomWindowManagerService: onAnimationFinished: r = ActivityRecord{2f7feb7 u0 com.android.permissioncontroller/.permission.ui.GrantPermissionsActivity t15113 f} isExiting}
10-08 16:10:30.501 1551 1575 I ColorAppSwitchManagerService: handleAppVisible , r = ActivityRecord{75422d u0 com.finshell.wallet/com.nearme.wallet.main.WalletIndexActivity t15113}
10-08 16:10:30.503 1551 1575 I OplusMirageDisplayManagerService: onAnimationFinished:
10-08 16:10:30.750 1551 1566 I ActivityTaskManager: START u0 {cmp=com.finshell.wallet/com.nearme.wallet.web.LoadingWebActivity (has extras) mCallingUid=10108} from uid 10108 and from pid 14114
10-08 16:10:30.752 1551 1566 D ColorZoomWindowRUSConfigManager: isSupportZoomModeWithPolicyLocked: target = com.finshell.wallet/com.nearme.wallet.web.LoadingWebActivity
10-08 16:10:30.752 1551 1566 D ColorZoomWindowRUSConfigManager: targetPkg = com.finshell.wallet
10-08 16:10:30.752 1551 1566 I ColorZoomWindowRUSConfigManager: target pkg is unsupport zoom window mode
10-08 16:10:30.752 1551 1566 V ColorZoomWindowManagerService: unSupportZoom: true ,callingPid: 14114 ,sourceStack: Task{802a4b3 #15113 visible=true type=standard mode=fullscreen translucent=false A=10108:com.finshell.wallet U=0 StackId=15113 sz=1}
10-08 16:10:30.753 1551 1566 I ColorZoomWindowDebugConfig: disableDebugLifeCycle before: DEBUG_LIFE_CYCLE = false
10-08 16:10:30.753 1551 1566 I ColorZoomWindowDebugConfig: disableDebugLifeCycle after: DEBUG_LIFE_CYCLE = false
10-08 16:10:30.753 1551 1566 D ColorZoomWindowManagerService: setWindowType, type = 0
10-08 16:10:30.755 1551 1566 W ColorAccessControlManagerService: notifyZoomWindowExit: stack=Task{802a4b3 #15113 visible=true type=standard mode=fullscreen translucent=false A=10108:com.finshell.wallet U=0 StackId=15113 sz=1} windowMode=1 topActivity=ActivityRecord{75422d u0 com.finshell.wallet/com.nearme.wallet.main.WalletIndexActivity t15113} toFullScreen = true
10-08 16:10:30.755 1551 1566 V ColorZoomWindowManagerService: notifyZoomWindowHide:
10-08 16:10:30.755 1551 1566 I chatty : uid=1000(system) Binder:1551_1 identical 1 line
10-08 16:10:30.756 1551 1566 V ColorZoomWindowManagerService: notifyZoomWindowHide:
10-08 16:10:30.758 1551 1566 D ColorZoomWindowRUSConfigManager: isSupportZoomModeWithPolicyLocked: target = com.finshell.wallet/com.nearme.wallet.web.LoadingWebActivity
10-08 16:10:30.759 1551 1566 D ColorZoomWindowRUSConfigManager: targetPkg = com.finshell.wallet
10-08 16:10:30.759 1551 1566 I ColorZoomWindowRUSConfigManager: target pkg is unsupport zoom window mode
10-08 16:10:30.759 1551 1566 V ColorZoomWindowManagerService: unSupportZoom: true ,callingPid: 14114 ,sourceStack: Task{802a4b3 #15113 visible=true type=standard mode=fullscreen translucent=false A=10108:com.finshell.wallet U=0 StackId=15113 sz=2}
10-08 16:10:30.759 1551 1566 I ColorZoomWindowDebugConfig: disableDebugLifeCycle before: DEBUG_LIFE_CYCLE = false
10-08 16:10:30.759 1551 1566 I ColorZoomWindowDebugConfig: disableDebugLifeCycle after: DEBUG_LIFE_CYCLE = false
10-08 16:10:30.759 1551 1566 D ColorZoomWindowManagerService: setWindowType, type = 0
10-08 16:10:30.759 1551 1566 W ColorAccessControlManagerService: notifyZoomWindowExit: stack=Task{802a4b3 #15113 visible=true type=standard mode=fullscreen translucent=false A=10108:com.finshell.wallet U=0 StackId=15113 sz=2} windowMode=1 topActivity=ActivityRecord{c3b4acf u0 com.finshell.wallet/com.nearme.wallet.web.LoadingWebActivity t15113} toFullScreen = true
10-08 16:10:30.759 1551 1566 V ColorZoomWindowManagerService: notifyZoomWindowHide:
10-08 16:10:30.759 1551 1566 I chatty : uid=1000(system) Binder:1551_1 identical 1 line
10-08 16:10:30.759 1551 1566 V ColorZoomWindowManagerService: notifyZoomWindowHide:
10-08 16:10:30.770 1551 4231 I OppoBaseActivityStack: notifyAppSwitch the same packageName!
10-08 16:10:30.770 1551 4231 W ActivityTaskManager: Tried to set launchTime (0) < mLastActivityLaunchTime (9937313)
10-08 16:10:30.775 1551 4231 I ActivityTaskManager: perfNotifyAppState TopResumedActivityChanged ActivityRecord{c3b4acf u0 com.finshell.wallet/com.nearme.wallet.web.LoadingWebActivity t15113}
10-08 16:10:30.775 1551 4231 W WindowManager: Changing focus fromWindow{9527d65 u0 com.finshell.wallet/com.nearme.wallet.main.WalletIndexActivity} to null displayId=0 Callers=com.android.server.wm.RootWindowContainer.updateFocusedWindowLocked:509 com.android.server.wm.WindowManagerService.updateFocusedWindowLocked:6073 com.android.server.wm.DisplayContent.setFocusedApp:5895 com.android.server.wm.ActivityTaskManagerService.setResumedActivityUncheckLocked:5860
10-08 16:10:30.778 1551 4231 I ActivityTaskManager: perfNotifyAppState PAUSED ActivityRecord{75422d u0 com.finshell.wallet/com.nearme.wallet.main.WalletIndexActivity t15113}
10-08 16:10:30.825 14114 14114 D ColorViewRootUtil: initSwipState, isDisplayCompatApp false
10-08 16:10:30.825 14114 14114 D ColorViewRootUtil: mScreenHeight 2400, mScreenWidth 1080
10-08 16:10:30.844 1551 1567 I WindowManager: Relayout Window{8dbc5b2 u0 com.finshell.wallet/com.nearme.wallet.web.LoadingWebActivity}: oldVis=4 newVis=0 focusMayChange = true
10-08 16:10:30.848 1551 1567 W WindowManager: Changing focus fromnull to Window{8dbc5b2 u0 com.finshell.wallet/com.nearme.wallet.web.LoadingWebActivity} displayId=0 Callers=com.android.server.wm.RootWindowContainer.updateFocusedWindowLocked:509 com.android.server.wm.WindowManagerService.updateFocusedWindowLocked:6073 com.android.server.wm.WindowManagerService.relayoutWindow:2717 com.android.server.wm.Session.relayout:229
10-08 16:10:30.853 14114 14114 V OplusZoomWindowDecorViewHelper: setLastReportedMergedConfiguration mZoomDisplayHeight: 2400 getDecorView.DecorView@17f0e65[LoadingWebActivity]
10-08 16:10:30.877 1551 1575 D ColorZoomWindowManagerService: adjustWindowCropForLeash start: appToken = ActivityRecord{c3b4acf u0 com.finshell.wallet/com.nearme.wallet.web.LoadingWebActivity t15113}
10-08 16:10:30.879 1551 1575 D ColorZoomWindowManagerService: adjustWindowCropForLeash start: appToken = ActivityRecord{75422d u0 com.finshell.wallet/com.nearme.wallet.main.WalletIndexActivity t15113}
10-08 16:10:30.896 1551 1567 D ColorInputMethodManagerServiceEx: onHandleImeWindowVisibleStatus handledVis: 0, switcher visible: 0, switcher active: 0, needsToShowImeSwitcher: false
10-08 16:10:30.911 1551 1567 D ColorInputMethodManagerServiceEx: onHandleImeWindowVisibleStatus handledVis: 0, switcher visible: 0, switcher active: 0, needsToShowImeSwitcher: false
10-08 16:10:31.171 1551 1575 V ColorZoomWindowManagerService: onAnimationFinished: r = ActivityRecord{c3b4acf u0 com.finshell.wallet/com.nearme.wallet.web.LoadingWebActivity t15113}
10-08 16:10:31.172 1551 1575 I ColorAppSwitchManagerService: handleAppVisible , r = ActivityRecord{c3b4acf u0 com.finshell.wallet/com.nearme.wallet.web.LoadingWebActivity t15113}
10-08 16:10:31.172 1551 1575 I OplusMirageDisplayManagerService: onAnimationFinished:
10-08 16:10:31.172 1551 1575 V ColorZoomWindowManagerService: onAnimationFinished: r = ActivityRecord{75422d u0 com.finshell.wallet/com.nearme.wallet.main.WalletIndexActivity t15113}
10-08 16:10:31.172 1551 1575 I OplusMirageDisplayManagerService: onAnimationFinished:
10-08 16:10:31.176 1551 1574 I ActivityTaskManager: perfNotifyAppState STOP ActivityRecord{75422d u0 com.finshell.wallet/com.nearme.wallet.main.WalletIndexActivity t15113}
10-08 16:10:32.315 1551 2570 I ColorGameSpaceManager: in handleApplicationSwitchInner ---- gamemode = 0 ----mModeStatus = 0
10-08 16:10:33.358 14114 14114 D ViewRootImpl: enqueueInputEventMotionEvent { action=ACTION_DOWN, actionButton=0, id[0]=0, x[0]=540.0, y[0]=955.0, toolType[0]=TOOL_TYPE_FINGER, buttonState=0, classification=NONE, metaState=0, flags=0x0, edgeFlags=0x0, pointerCount=1, historySize=0, eventTime=9942680, downTime=9942679, deviceId=-1, source=0x1002, displayId=0 }
10-08 16:10:33.381 1551 2932 D InputMethodManagerService: bindCurrentInputMethodService: Intent { act=android.view.InputMethod cmp=com.sohu.inputmethod.sogou/.SogouIME (has extras) }
10-08 16:10:33.398 1551 2932 D ColorInputMethodManagerServiceEx: onHandleImeWindowVisibleStatus handledVis: 1, switcher visible: 0, switcher active: 0, needsToShowImeSwitcher: false
10-08 16:10:33.401 1551 2932 D ColorInputMethodManagerServiceEx: onHandleImeWindowVisibleStatus handledVis: 1, switcher visible: 0, switcher active: 0, needsToShowImeSwitcher: false
10-08 16:10:33.401 1551 1567 D OplusInputMethodUtil: imms dynamicallyConfigDebugByDumpArgs []
10-08 16:10:33.402 1551 2932 I WindowManager: Relayout Window{65ee99 u0 InputMethod}: oldVis=8 newVis=0 focusMayChange = true
10-08 16:10:33.405 14114 14114 D OplusInputMethodUtil: imm dynamicallyConfigDebugByDumpArgs []
10-08 16:10:33.436 6632 6632 D OplusInputMethodUtil: ims dynamicallyConfigDebugByDumpArgs []
10-08 16:10:33.439 1551 1575 V WindowManager: notifyWindowStateChange input show
10-08 16:10:33.439 1551 1575 I ColorZoomWindowManagerService: updateInputVisibility: mInputMethodVisibility = false, surfaceShown = true
10-08 16:10:33.519 1551 4231 D ColorInputMethodManagerServiceEx: onHandleImeWindowVisibleStatus handledVis: 3, switcher visible: 0, switcher active: 0, needsToShowImeSwitcher: true
10-08 16:10:33.651 1551 4231 W ColorGameSpaceManager: mInterceptGamepadKey is false
10-08 16:10:33.654 1551 4159 D ColorInputMethodManagerServiceEx: onHandleImeWindowVisibleStatus handledVis: 3, switcher visible: 0, switcher active: 0, needsToShowImeSwitcher: true
10-08 16:10:33.658 1551 2932 D ColorInputMethodManagerServiceEx: onHandleImeWindowVisibleStatus handledVis: 0, switcher visible: 0, switcher active: 0, needsToShowImeSwitcher: false
10-08 16:10:33.658 1551 4231 W ColorGameSpaceManager: mInterceptGamepadKey is false
10-08 16:10:33.749 1551 2932 D ColorInputMethodManagerServiceEx: onHandleImeWindowVisibleStatus handledVis: 0, switcher visible: 0, switcher active: 0, needsToShowImeSwitcher: false
10-08 16:10:33.884 1551 2932 D ColorInputMethodManagerServiceEx: onHandleImeWindowVisibleStatus handledVis: 0, switcher visible: 0, switcher active: 0, needsToShowImeSwitcher: false
10-08 16:10:33.917 1551 2932 V WindowManager: notifyWindowStateChange input show
10-08 16:10:33.917 1551 2932 I ColorZoomWindowManagerService: updateInputVisibility: mInputMethodVisibility = true, surfaceShown = false
10-08 16:10:34.167 1551 4231 D OplusInputMethodUtil: imms dynamicallyConfigDebugByDumpArgs []
10-08 16:10:34.185 14114 14114 D OplusInputMethodUtil: imm dynamicallyConfigDebugByDumpArgs []
10-08 16:10:34.190 6632 6632 D OplusInputMethodUtil: ims dynamicallyConfigDebugByDumpArgs []
10-08 16:10:35.511 1551 1816 D BatteryLed: getLightInColorState, oppoLightMgr empty!
10-08 16:10:35.933 1551 1822 D JobScheduler.Temperature: get temperature=30.853
10-08 16:10:36.735 14114 14114 D ViewRootImpl: enqueueInputEventMotionEvent { action=ACTION_DOWN, actionButton=0, id[0]=0, x[0]=540.0, y[0]=1129.0, toolType[0]=TOOL_TYPE_FINGER, buttonState=0, classification=NONE, metaState=0, flags=0x0, edgeFlags=0x0, pointerCount=1, historySize=0, eventTime=9946054, downTime=9946053, deviceId=-1, source=0x1002, displayId=0 }
10-08 16:10:36.766 1551 4169 D InputMethodManagerService: bindCurrentInputMethodService: Intent { act=android.view.InputMethod cmp=com.sohu.inputmethod.sogou/.SogouIME (has extras) }
10-08 16:10:36.782 1551 4231 D ColorInputMethodManagerServiceEx: onHandleImeWindowVisibleStatus handledVis: 1, switcher visible: 0, switcher active: 0, needsToShowImeSwitcher: false
10-08 16:10:36.784 1551 4231 D ColorInputMethodManagerServiceEx: onHandleImeWindowVisibleStatus handledVis: 1, switcher visible: 0, switcher active: 0, needsToShowImeSwitcher: false
10-08 16:10:36.786 1551 4231 D OplusInputMethodUtil: imms dynamicallyConfigDebugByDumpArgs []
10-08 16:10:36.789 1551 2932 I WindowManager: Relayout Window{65ee99 u0 InputMethod}: oldVis=8 newVis=0 focusMayChange = true
10-08 16:10:36.792 14114 14114 D OplusInputMethodUtil: imm dynamicallyConfigDebugByDumpArgs []
10-08 16:10:36.814 6632 6632 D OplusInputMethodUtil: ims dynamicallyConfigDebugByDumpArgs []
10-08 16:10:36.818 1551 1574 V WindowManager: notifyWindowStateChange input show
10-08 16:10:36.818 1551 1574 I ColorZoomWindowManagerService: updateInputVisibility: mInputMethodVisibility = false, surfaceShown = true
10-08 16:10:36.885 1551 2932 D ColorInputMethodManagerServiceEx: onHandleImeWindowVisibleStatus handledVis: 3, switcher visible: 0, switcher active: 0, needsToShowImeSwitcher: true
10-08 16:10:37.019 1551 2932 W ColorGameSpaceManager: mInterceptGamepadKey is false
10-08 16:10:37.022 1551 4231 D ColorInputMethodManagerServiceEx: onHandleImeWindowVisibleStatus handledVis: 3, switcher visible: 0, switcher active: 0, needsToShowImeSwitcher: true
10-08 16:10:37.026 1551 2932 W ColorGameSpaceManager: mInterceptGamepadKey is false
10-08 16:10:37.027 1551 1567 D ColorInputMethodManagerServiceEx: onHandleImeWindowVisibleStatus handledVis: 0, switcher visible: 0, switcher active: 0, needsToShowImeSwitcher: false
10-08 16:10:37.115 1551 1567 D ColorInputMethodManagerServiceEx: onHandleImeWindowVisibleStatus handledVis: 0, switcher visible: 0, switcher active: 0, needsToShowImeSwitcher: false
10-08 16:10:37.250 1551 2932 D ColorInputMethodManagerServiceEx: onHandleImeWindowVisibleStatus handledVis: 0, switcher visible: 0, switcher active: 0, needsToShowImeSwitcher: false
10-08 16:10:37.271 1551 4176 V WindowManager: notifyWindowStateChange input show
10-08 16:10:37.271 1551 4176 I ColorZoomWindowManagerService: updateInputVisibility: mInputMethodVisibility = true, surfaceShown = false
10-08 16:10:37.539 1551 2932 D OplusInputMethodUtil: imms dynamicallyConfigDebugByDumpArgs []
10-08 16:10:37.546 14114 14114 D OplusInputMethodUtil: imm dynamicallyConfigDebugByDumpArgs []
10-08 16:10:37.550 6632 6632 D OplusInputMethodUtil: ims dynamicallyConfigDebugByDumpArgs []
10-08 16:10:39.805 14114 14114 D ViewRootImpl: enqueueInputEventMotionEvent { action=ACTION_DOWN, actionButton=0, id[0]=0, x[0]=108.0, y[0]=2124.0, toolType[0]=TOOL_TYPE_FINGER, buttonState=0, classification=NONE, metaState=0, flags=0x0, edgeFlags=0x0, pointerCount=1, historySize=0, eventTime=9949129, downTime=9949128, deviceId=-1, source=0x1002, displayId=0 }
10-08 16:10:39.850 1551 4159 D ColorInputMethodManagerServiceEx: onHandleImeWindowVisibleStatus handledVis: 0, switcher visible: 0, switcher active: 0, needsToShowImeSwitcher: false
10-08 16:10:40.144 1551 1922 D OppoNwPowerService: Hans update:[11253=true][0|0] blackList:[10048, 11253]
10-08 16:10:40.636 1551 1613 W PackageSettings: Skipping PackageSetting{7746b4e com.coloros.personalassistant/10180} due to missing metadata
10-08 16:10:40.675 1551 1613 I PackageManager: set persist.sys.package.SHA1 as 085a06e5e698754cf8a9e6b567cf2aed14be4b1e
10-08 16:10:40.930 1551 1613 D PackageManager: notifyPackageXmlVerify done. result=true
10-08 16:10:41.662 1551 1816 D BatteryLed: getLightInColorState, oppoLightMgr empty!
10-08 16:10:42.182 14114 14114 D ViewRootImpl: enqueueInputEventMotionEvent { action=ACTION_DOWN, actionButton=0, id[0]=0, x[0]=540.0, y[0]=2248.0, toolType[0]=TOOL_TYPE_FINGER, buttonState=0, classification=NONE, metaState=0, flags=0x0, edgeFlags=0x0, pointerCount=1, historySize=0, eventTime=9951505, downTime=9951504, deviceId=-1, source=0x1002, displayId=0 }
10-08 16:10:42.196 1551 2932 D ColorInputMethodManagerServiceEx: onHandleImeWindowVisibleStatus handledVis: 0, switcher visible: 0, switcher active: 0, needsToShowImeSwitcher: false
10-08 16:10:42.200 1551 4169 I NotificationService: cancelToast pkg=com.finshell.wallet token=android.os.BinderProxy@a59ed35
10-08 16:10:42.200 1551 4169 W NotificationService: Toast already cancelled. pkg=com.finshell.wallet token=android.os.BinderProxy@a59ed35
10-08 16:10:42.201 1551 4169 I NotificationService: cancelToast pkg=com.finshell.wallet token=android.os.BinderProxy@a8e55ca
10-08 16:10:42.201 1551 4169 W NotificationService: Toast already cancelled. pkg=com.finshell.wallet token=android.os.BinderProxy@a8e55ca
10-08 16:10:42.257 14114 16714 D ColorViewRootUtil: initSwipState, isDisplayCompatApp false
10-08 16:10:42.257 14114 16714 D ColorViewRootUtil: mScreenHeight 2400, mScreenWidth 1080
10-08 16:10:44.297 1551 4159 W NotificationService: Toast already killed. pkg=com.finshell.wallet token=android.os.BinderProxy@a8e55ca
10-08 16:10:44.839 14114 14114 D ViewRootImpl: enqueueInputEventMotionEvent { action=ACTION_DOWN, actionButton=0, id[0]=0, x[0]=793.0, y[0]=852.0, toolType[0]=TOOL_TYPE_FINGER, buttonState=0, classification=NONE, metaState=0, flags=0x0, edgeFlags=0x0, pointerCount=1, historySize=0, eventTime=9953996, downTime=9953995, deviceId=-1, source=0x1002, displayId=0 }
10-08 16:10:44.857 1551 4169 I ActivityTaskManager: START u0 {cmp=com.finshell.wallet/com.nearme.livingauth.megvii.LivingActivity (has extras) mCallingUid=10108} from uid 10108 and from pid 14114
10-08 16:10:44.857 1551 4169 D ColorZoomWindowRUSConfigManager: isSupportZoomModeWithPolicyLocked: target = com.finshell.wallet/com.nearme.livingauth.megvii.LivingActivity
10-08 16:10:44.857 1551 4169 D ColorZoomWindowRUSConfigManager: targetPkg = com.finshell.wallet
10-08 16:10:44.857 1551 4169 I ColorZoomWindowRUSConfigManager: target pkg is unsupport zoom window mode
10-08 16:10:44.857 1551 4169 V ColorZoomWindowManagerService: unSupportZoom: true ,callingPid: 14114 ,sourceStack: Task{802a4b3 #15113 visible=true type=standard mode=fullscreen translucent=false A=10108:com.finshell.wallet U=0 StackId=15113 sz=2}
10-08 16:10:44.857 1551 4169 I ColorZoomWindowDebugConfig: disableDebugLifeCycle before: DEBUG_LIFE_CYCLE = false
10-08 16:10:44.858 1551 4169 I ColorZoomWindowDebugConfig: disableDebugLifeCycle after: DEBUG_LIFE_CYCLE = false
10-08 16:10:44.858 1551 4169 D ColorZoomWindowManagerService: setWindowType, type = 0
10-08 16:10:44.858 1551 4169 W ColorAccessControlManagerService: notifyZoomWindowExit: stack=Task{802a4b3 #15113 visible=true type=standard mode=fullscreen translucent=false A=10108:com.finshell.wallet U=0 StackId=15113 sz=2} windowMode=1 topActivity=ActivityRecord{c3b4acf u0 com.finshell.wallet/com.nearme.wallet.web.LoadingWebActivity t15113} toFullScreen = true
10-08 16:10:44.858 1551 4169 V ColorZoomWindowManagerService: notifyZoomWindowHide:
10-08 16:10:44.858 1551 4169 I chatty : uid=1000(system) Binder:1551_1C identical 1 line
10-08 16:10:44.858 1551 4169 V ColorZoomWindowManagerService: notifyZoomWindowHide:
10-08 16:10:44.862 1551 4169 D ColorZoomWindowRUSConfigManager: isSupportZoomModeWithPolicyLocked: target = com.finshell.wallet/com.nearme.livingauth.megvii.LivingActivity
10-08 16:10:44.862 1551 4169 D ColorZoomWindowRUSConfigManager: targetPkg = com.finshell.wallet
10-08 16:10:44.862 1551 4169 I ColorZoomWindowRUSConfigManager: target pkg is unsupport zoom window mode
10-08 16:10:44.862 1551 4169 V ColorZoomWindowManagerService: unSupportZoom: true ,callingPid: 14114 ,sourceStack: Task{802a4b3 #15113 visible=true type=standard mode=fullscreen translucent=false A=10108:com.finshell.wallet U=0 StackId=15113 sz=3}
10-08 16:10:44.862 1551 4169 I ColorZoomWindowDebugConfig: disableDebugLifeCycle before: DEBUG_LIFE_CYCLE = false
10-08 16:10:44.862 1551 4169 I ColorZoomWindowDebugConfig: disableDebugLifeCycle after: DEBUG_LIFE_CYCLE = false
10-08 16:10:44.862 1551 4169 D ColorZoomWindowManagerService: setWindowType, type = 0
10-08 16:10:44.863 1551 4169 W ColorAccessControlManagerService: notifyZoomWindowExit: stack=Task{802a4b3 #15113 visible=true type=standard mode=fullscreen translucent=false A=10108:com.finshell.wallet U=0 StackId=15113 sz=3} windowMode=1 topActivity=ActivityRecord{ce4812a u0 com.finshell.wallet/com.nearme.livingauth.megvii.LivingActivity t15113} toFullScreen = true
10-08 16:10:44.863 1551 4169 V ColorZoomWindowManagerService: notifyZoomWindowHide:
10-08 16:10:44.863 1551 4169 I chatty : uid=1000(system) Binder:1551_1C identical 1 line
10-08 16:10:44.863 1551 4169 V ColorZoomWindowManagerService: notifyZoomWindowHide:
10-08 16:10:44.868 1551 4159 D ColorInputMethodManagerServiceEx: onHandleImeWindowVisibleStatus handledVis: 0, switcher visible: 0, switcher active: 0, needsToShowImeSwitcher: false
10-08 16:10:44.874 1551 2932 I OppoBaseActivityStack: notifyAppSwitch the same packageName!
10-08 16:10:44.874 1551 2932 W ActivityTaskManager: Tried to set launchTime (0) < mLastActivityLaunchTime (9940107)
10-08 16:10:44.879 1551 2932 I ActivityTaskManager: perfNotifyAppState TopResumedActivityChanged ActivityRecord{ce4812a u0 com.finshell.wallet/com.nearme.livingauth.megvii.LivingActivity t15113}
10-08 16:10:44.879 1551 2932 W WindowManager: Changing focus fromWindow{8dbc5b2 u0 com.finshell.wallet/com.nearme.wallet.web.LoadingWebActivity} to null displayId=0 Callers=com.android.server.wm.RootWindowContainer.updateFocusedWindowLocked:509 com.android.server.wm.WindowManagerService.updateFocusedWindowLocked:6073 com.android.server.wm.DisplayContent.setFocusedApp:5895 com.android.server.wm.ActivityTaskManagerService.setResumedActivityUncheckLocked:5860
10-08 16:10:44.882 1551 2932 I ActivityTaskManager: perfNotifyAppState PAUSED ActivityRecord{c3b4acf u0 com.finshell.wallet/com.nearme.wallet.web.LoadingWebActivity t15113}
10-08 16:10:44.913 14114 14114 D ColorViewRootUtil: initSwipState, isDisplayCompatApp false
10-08 16:10:44.914 14114 14114 D ColorViewRootUtil: mScreenHeight 2400, mScreenWidth 1080
10-08 16:10:44.916 1551 4176 W WindowManager: Changing focus fromnull to Window{60ac285 u0 加载中} displayId=0 Callers=com.android.server.wm.RootWindowContainer.updateFocusedWindowLocked:509 com.android.server.wm.WindowManagerService.updateFocusedWindowLocked:6073 com.android.server.wm.WindowManagerService.addWindow:1941 com.android.server.wm.Session.addToDisplayAsUser:184
10-08 16:10:44.926 14114 14114 D ColorViewRootUtil: initSwipState, isDisplayCompatApp false
10-08 16:10:44.926 14114 14114 D ColorViewRootUtil: mScreenHeight 2400, mScreenWidth 1080
10-08 16:10:44.947 14114 14114 V OplusZoomWindowDecorViewHelper: setLastReportedMergedConfiguration mZoomDisplayHeight: 2400 getDecorView.DecorView@8a34833[加载中]
10-08 16:10:44.957 1551 4159 I WindowManager: Relayout Window{e6a5be8 u0 com.finshell.wallet/com.nearme.livingauth.megvii.LivingActivity}: oldVis=4 newVis=0 focusMayChange = true
10-08 16:10:44.961 14114 14114 V OplusZoomWindowDecorViewHelper: setLastReportedMergedConfiguration mZoomDisplayHeight: 2400 getDecorView.DecorView@36326ec[LivingActivity]
10-08 16:10:44.975 1551 1575 D ColorZoomWindowManagerService: adjustWindowCropForLeash start: appToken = ActivityRecord{ce4812a u0 com.finshell.wallet/com.nearme.livingauth.megvii.LivingActivity t15113}
10-08 16:10:45.178 1551 4169 I ActivityTaskManager: START u0 {act=android.content.pm.action.REQUEST_PERMISSIONS pkg=com.android.permissioncontroller cmp=com.android.permissioncontroller/.permission.ui.GrantPermissionsActivity (has extras) mCallingUid=10108} from uid 10108 and from pid 14114
10-08 16:10:45.179 1551 4169 D ColorZoomWindowRUSConfigManager: isSupportZoomModeWithPolicyLocked: target = com.android.permissioncontroller/.permission.ui.GrantPermissionsActivity
10-08 16:10:45.179 1551 4169 D ColorZoomWindowRUSConfigManager: targetPkg = com.android.permissioncontroller
10-08 16:10:45.179 1551 4169 V ColorZoomWindowManagerService: unSupportZoom: false ,callingPid: 14114 ,sourceStack: Task{802a4b3 #15113 visible=true type=standard mode=fullscreen translucent=false A=10108:com.finshell.wallet U=0 StackId=15113 sz=3}
10-08 16:10:45.181 1551 4169 D ColorZoomWindowRUSConfigManager: isSupportZoomModeWithPolicyLocked: target = com.android.permissioncontroller/.permission.ui.GrantPermissionsActivity
10-08 16:10:45.181 1551 4169 D ColorZoomWindowRUSConfigManager: targetPkg = com.android.permissioncontroller
10-08 16:10:45.181 1551 4169 V ColorZoomWindowManagerService: unSupportZoom: false ,callingPid: 14114 ,sourceStack: Task{802a4b3 #15113 visible=true type=standard mode=fullscreen translucent=false A=10108:com.finshell.wallet U=0 StackId=15113 sz=4}
10-08 16:10:45.185 1551 4159 W ActivityTaskManager: Tried to set launchTime (0) < mLastActivityLaunchTime (9937397)
10-08 16:10:45.187 1551 4159 I ActivityTaskManager: perfNotifyAppState TopResumedActivityChanged ActivityRecord{1afe765 u0 com.android.permissioncontroller/.permission.ui.GrantPermissionsActivity t15113}
10-08 16:10:45.188 1551 4159 W WindowManager: Changing focus fromWindow{60ac285 u0 加载中} to null displayId=0 Callers=com.android.server.wm.RootWindowContainer.updateFocusedWindowLocked:509 com.android.server.wm.WindowManagerService.updateFocusedWindowLocked:6073 com.android.server.wm.DisplayContent.setFocusedApp:5895 com.android.server.wm.ActivityTaskManagerService.setResumedActivityUncheckLocked:5860
10-08 16:10:45.195 1551 4159 I ActivityTaskManager: perfNotifyAppState PAUSED ActivityRecord{ce4812a u0 com.finshell.wallet/com.nearme.livingauth.megvii.LivingActivity t15113}
10-08 16:10:45.198 1551 4169 E OppoThermalStats: Error getting package info: com.android.permissioncontroller
10-08 16:10:45.198 1551 1574 D OomAdjuster: TOP_APP is ProcessRecord{98cdae2 11148:com.android.permissioncontroller/u0a64} uid is 10064
10-08 16:10:45.225 1551 1575 V ColorZoomWindowManagerService: onAnimationFinished: r = ActivityRecord{ce4812a u0 com.finshell.wallet/com.nearme.livingauth.megvii.LivingActivity t15113}
10-08 16:10:45.226 1551 1575 I ColorAppSwitchManagerService: handleAppVisible , r = ActivityRecord{ce4812a u0 com.finshell.wallet/com.nearme.livingauth.megvii.LivingActivity t15113}
10-08 16:10:45.226 1551 1575 I OplusMirageDisplayManagerService: onAnimationFinished:
10-08 16:10:45.256 11148 11148 D ColorViewRootUtil: initSwipState, isDisplayCompatApp false
10-08 16:10:45.256 11148 11148 D ColorViewRootUtil: mScreenHeight 2400, mScreenWidth 1080
10-08 16:10:45.264 1551 4169 I WindowManager: Relayout Window{3d6ce43 u0 com.android.permissioncontroller/com.android.permissioncontroller.permission.ui.GrantPermissionsActivity}: oldVis=4 newVis=0 focusMayChange = true
10-08 16:10:45.267 1551 4169 W WindowManager: Changing focus fromnull to Window{3d6ce43 u0 com.android.permissioncontroller/com.android.permissioncontroller.permission.ui.GrantPermissionsActivity} displayId=0 Callers=com.android.server.wm.RootWindowContainer.updateFocusedWindowLocked:509 com.android.server.wm.WindowManagerService.updateFocusedWindowLocked:6073 com.android.server.wm.WindowManagerService.relayoutWindow:2717 com.android.server.wm.Session.relayout:229
10-08 16:10:45.271 11148 11148 V OplusZoomWindowDecorViewHelper: setLastReportedMergedConfiguration mZoomDisplayHeight: 2400 getDecorView.DecorView@a66dfbd[GrantPermissionsActivity]
10-08 16:10:45.296 1551 1575 D ColorZoomWindowManagerService: adjustWindowCropForLeash start: appToken = ActivityRecord{1afe765 u0 com.android.permissioncontroller/.permission.ui.GrantPermissionsActivity t15113}
10-08 16:10:45.312 1551 4169 D ColorInputMethodManagerServiceEx: onHandleImeWindowVisibleStatus handledVis: 0, switcher visible: 0, switcher active: 0, needsToShowImeSwitcher: false
10-08 16:10:45.312 1551 4169 D ColorInputMethodManagerServiceEx: onHandleImeWindowVisibleStatus handledVis: 0, switcher visible: 0, switcher active: 0, needsToShowImeSwitcher: false
10-08 16:10:45.325 1551 3109 D ColorInputMethodManagerServiceEx: onHandleImeWindowVisibleStatus handledVis: 0, switcher visible: 0, switcher active: 0, needsToShowImeSwitcher: false
10-08 16:10:45.569 1551 1575 V ColorZoomWindowManagerService: onAnimationFinished: r = ActivityRecord{1afe765 u0 com.android.permissioncontroller/.permission.ui.GrantPermissionsActivity t15113}
10-08 16:10:45.570 1551 1575 I ColorAppSwitchManagerService: handleAppVisible , r = ActivityRecord{1afe765 u0 com.android.permissioncontroller/.permission.ui.GrantPermissionsActivity t15113}
10-08 16:10:45.570 1551 1575 I OplusMirageDisplayManagerService: onAnimationFinished:
10-08 16:10:45.760 1551 1574 W WindowManager: Unable to start animation, surface is null or no children.
10-08 16:10:45.940 1551 1822 D JobScheduler.Temperature: get temperature=30.787
10-08 16:10:46.564 1551 2932 E AppOps : noteOperation
10-08 16:10:46.564 1551 2932 E AppOps : java.lang.SecurityException: Specified package com.android.phone under uid 10159 but it is really 1001
10-08 16:10:46.564 1551 2932 E AppOps : at com.android.server.appop.AppOpsService.verifyAndGetBypass(AppOpsService.java:3966)
10-08 16:10:46.564 1551 2932 E AppOps : at com.android.server.appop.AppOpsService.noteOperationUnchecked(AppOpsService.java:3106)
10-08 16:10:46.564 1551 2932 E AppOps : at com.android.server.appop.AppOpsService.noteOperationImpl(AppOpsService.java:3094)
10-08 16:10:46.564 1551 2932 E AppOps : at com.android.server.appop.AppOpsService.noteOperation(AppOpsService.java:3077)
10-08 16:10:46.564 1551 2932 E AppOps : at com.android.internal.app.IAppOpsService$Stub.onTransact(IAppOpsService.java:447)
10-08 16:10:46.564 1551 2932 E AppOps : at android.os.Binder.execTransactInternal(Binder.java:1166)
10-08 16:10:46.564 1551 2932 E AppOps : at android.os.Binder.execTransact(Binder.java:1130)
10-08 16:10:47.187 1551 2570 I ColorGameSpaceManager: in handleApplicationSwitchInner ---- gamemode = 0 ----mModeStatus = 0
10-08 16:10:47.216 11148 11148 D ViewRootImpl: enqueueInputEventMotionEvent { action=ACTION_DOWN, actionButton=0, id[0]=0, x[0]=540.0, y[0]=1408.0, toolType[0]=TOOL_TYPE_FINGER, buttonState=0, classification=NONE, metaState=0, flags=0x0, edgeFlags=0x0, pointerCount=1, historySize=0, eventTime=9956529, downTime=9956528, deviceId=-1, source=0x1002, displayId=0 }
10-08 16:10:47.240 1551 4169 D PackageManager: android.permission.CAMERA is granted, packageName: com.finshell.wallet, callingUid: 10064, userId: 0
10-08 16:10:47.243 1551 4169 V ColorZoomWindowManagerService: prepareZoomTransition: curStack=Task{802a4b3 #15113 visible=true type=standard mode=fullscreen translucent=false A=10108:com.finshell.wallet U=0 StackId=15113 sz=4} nextStackTask{802a4b3 #15113 visible=true type=standard mode=fullscreen translucent=false A=10108:com.finshell.wallet U=0 StackId=15113 sz=4}
10-08 16:10:47.248 1551 4169 I ActivityTaskManager: perfNotifyAppState TopResumedActivityChanged ActivityRecord{ce4812a u0 com.finshell.wallet/com.nearme.livingauth.megvii.LivingActivity t15113}
10-08 16:10:47.248 1551 4169 W WindowManager: Changing focus fromWindow{3d6ce43 u0 com.android.permissioncontroller/com.android.permissioncontroller.permission.ui.GrantPermissionsActivity} to Window{e6a5be8 u0 com.finshell.wallet/com.nearme.livingauth.megvii.LivingActivity} displayId=0 Callers=com.android.server.wm.RootWindowContainer.updateFocusedWindowLocked:509 com.android.server.wm.WindowManagerService.updateFocusedWindowLocked:6073 com.android.server.wm.DisplayContent.setFocusedApp:5895 com.android.server.wm.ActivityTaskManagerService.setResumedActivityUncheckLocked:5860
10-08 16:10:47.258 1551 4169 D ColorZoomWindowManagerService: adjustWindowCropForLeash start: appToken = ActivityRecord{1afe765 u0 com.android.permissioncontroller/.permission.ui.GrantPermissionsActivity t15113 f}}
10-08 16:10:47.262 1551 4169 I ActivityTaskManager: perfNotifyAppState PAUSED ActivityRecord{1afe765 u0 com.android.permissioncontroller/.permission.ui.GrantPermissionsActivity t15113 f}}
10-08 16:10:47.265 1551 1566 E OppoThermalStats: Error getting package info: com.finshell.wallet
10-08 16:10:47.265 1551 3109 I ActivityTaskManager: START u0 {cmp=com.finshell.wallet/com.megvii.idcardlib.IDCardScanActivity (has extras) mCallingUid=10108} from uid 10108 and from pid 14114
10-08 16:10:47.265 1551 3109 D ColorZoomWindowRUSConfigManager: isSupportZoomModeWithPolicyLocked: target = com.finshell.wallet/com.megvii.idcardlib.IDCardScanActivity
10-08 16:10:47.265 1551 3109 D ColorZoomWindowRUSConfigManager: targetPkg = com.finshell.wallet
10-08 16:10:47.266 1551 3109 I ColorZoomWindowRUSConfigManager: target pkg is unsupport zoom window mode
10-08 16:10:47.266 1551 3109 V ColorZoomWindowManagerService: unSupportZoom: true ,callingPid: 14114 ,sourceStack: Task{802a4b3 #15113 visible=true type=standard mode=fullscreen translucent=false A=10108:com.finshell.wallet U=0 StackId=15113 sz=4}
10-08 16:10:47.266 1551 3109 I ColorZoomWindowDebugConfig: disableDebugLifeCycle before: DEBUG_LIFE_CYCLE = false
10-08 16:10:47.266 1551 3109 I ColorZoomWindowDebugConfig: disableDebugLifeCycle after: DEBUG_LIFE_CYCLE = false
10-08 16:10:47.266 1551 3109 D ColorZoomWindowManagerService: setWindowType, type = 0
10-08 16:10:47.267 1551 3109 W ColorAccessControlManagerService: notifyZoomWindowExit: stack=Task{802a4b3 #15113 visible=true type=standard mode=fullscreen translucent=false A=10108:com.finshell.wallet U=0 StackId=15113 sz=4} windowMode=1 topActivity=ActivityRecord{ce4812a u0 com.finshell.wallet/com.nearme.livingauth.megvii.LivingActivity t15113} toFullScreen = true
10-08 16:10:47.267 1551 3109 V ColorZoomWindowManagerService: notifyZoomWindowHide:
10-08 16:10:47.267 1551 3109 I chatty : uid=1000(system) Binder:1551_F identical 1 line
10-08 16:10:47.267 1551 3109 V ColorZoomWindowManagerService: notifyZoomWindowHide:
10-08 16:10:47.269 1551 3109 D ColorZoomWindowRUSConfigManager: isSupportZoomModeWithPolicyLocked: target = com.finshell.wallet/com.megvii.idcardlib.IDCardScanActivity
10-08 16:10:47.269 1551 3109 D ColorZoomWindowRUSConfigManager: targetPkg = com.finshell.wallet
10-08 16:10:47.269 1551 3109 I ColorZoomWindowRUSConfigManager: target pkg is unsupport zoom window mode
10-08 16:10:47.269 1551 3109 V ColorZoomWindowManagerService: unSupportZoom: true ,callingPid: 14114 ,sourceStack: Task{802a4b3 #15113 visible=true type=standard mode=fullscreen translucent=false A=10108:com.finshell.wallet U=0 StackId=15113 sz=5}
10-08 16:10:47.269 1551 3109 I ColorZoomWindowDebugConfig: disableDebugLifeCycle before: DEBUG_LIFE_CYCLE = false
10-08 16:10:47.269 1551 3109 I ColorZoomWindowDebugConfig: disableDebugLifeCycle after: DEBUG_LIFE_CYCLE = false
10-08 16:10:47.269 1551 3109 D ColorZoomWindowManagerService: setWindowType, type = 0
10-08 16:10:47.270 1551 3109 W ColorAccessControlManagerService: notifyZoomWindowExit: stack=Task{802a4b3 #15113 visible=true type=standard mode=fullscreen translucent=false A=10108:com.finshell.wallet U=0 StackId=15113 sz=5} windowMode=1 topActivity=ActivityRecord{d51b0ae u0 com.finshell.wallet/com.megvii.idcardlib.IDCardScanActivity t15113} toFullScreen = true
10-08 16:10:47.270 1551 3109 V ColorZoomWindowManagerService: notifyZoomWindowHide:
10-08 16:10:47.270 1551 3109 I chatty : uid=1000(system) Binder:1551_F identical 1 line
10-08 16:10:47.270 1551 3109 V ColorZoomWindowManagerService: notifyZoomWindowHide:
10-08 16:10:47.275 1551 1574 D OomAdjuster: TOP_APP is ProcessRecord{ca48631 14114:com.finshell.wallet/u0a108} uid is 10108
10-08 16:10:47.281 1551 4159 I OppoBaseActivityStack: notifyAppSwitch the same packageName!
10-08 16:10:47.281 1551 4159 W ActivityTaskManager: Tried to set launchTime (0) < mLastActivityLaunchTime (9954211)
10-08 16:10:47.285 1551 4159 I ActivityTaskManager: perfNotifyAppState TopResumedActivityChanged ActivityRecord{d51b0ae u0 com.finshell.wallet/com.megvii.idcardlib.IDCardScanActivity t15113}
10-08 16:10:47.286 1551 4159 W WindowManager: Changing focus fromWindow{e6a5be8 u0 com.finshell.wallet/com.nearme.livingauth.megvii.LivingActivity} to null displayId=0 Callers=com.android.server.wm.RootWindowContainer.updateFocusedWindowLocked:509 com.android.server.wm.WindowManagerService.updateFocusedWindowLocked:6073 com.android.server.wm.DisplayContent.setFocusedApp:5895 com.android.server.wm.ActivityTaskManagerService.setResumedActivityUncheckLocked:5860
10-08 16:10:47.288 1551 4159 I ActivityTaskManager: perfNotifyAppState PAUSED ActivityRecord{ce4812a u0 com.finshell.wallet/com.nearme.livingauth.megvii.LivingActivity t15113}
10-08 16:10:47.386 14114 14114 D ColorViewRootUtil: initSwipState, isDisplayCompatApp false
10-08 16:10:47.386 14114 14114 D ColorViewRootUtil: mScreenHeight 2400, mScreenWidth 1080
10-08 16:10:47.396 1551 4231 I WindowManager: Relayout Window{27b0d1a u0 com.finshell.wallet/com.megvii.idcardlib.IDCardScanActivity}: oldVis=4 newVis=0 focusMayChange = true
10-08 16:10:47.399 1551 4231 W WindowManager: Changing focus fromnull to Window{27b0d1a u0 com.finshell.wallet/com.megvii.idcardlib.IDCardScanActivity} displayId=0 Callers=com.android.server.wm.RootWindowContainer.updateFocusedWindowLocked:509 com.android.server.wm.WindowManagerService.updateFocusedWindowLocked:6073 com.android.server.wm.WindowManagerService.relayoutWindow:2717 com.android.server.wm.Session.relayout:229
10-08 16:10:47.403 14114 14114 V OplusZoomWindowDecorViewHelper: setLastReportedMergedConfiguration mZoomDisplayHeight: 2400 getDecorView.DecorView@55889e0[IDCardScanActivity]
10-08 16:10:47.419 1551 6596 D ColorScreenOffTorchHelper: onTorchModeUnavailable cameraId is 0
10-08 16:10:47.420 1551 4159 W ContextImpl: Calling a method in the system process without a qualified user: android.app.ContextImpl.sendBroadcast:1143 android.hardware.camera2.OplusCameraStateBroadcast.notifyCameraState:51 com.android.server.camera.CameraServiceProxy.updateActivityCount:545 com.android.server.camera.CameraServiceProxy.access$700:61 com.android.server.camera.CameraServiceProxy$2.notifyCameraState:200
10-08 16:10:47.426 1551 1575 V ColorZoomWindowManagerService: onAnimationFinished: r = ActivityRecord{1afe765 u0 com.android.permissioncontroller/.permission.ui.GrantPermissionsActivity t15113 f} isExiting}
10-08 16:10:47.432 1551 1575 I OplusMirageDisplayManagerService: onAnimationFinished:
10-08 16:10:47.534 1551 1816 D BatteryLed: getLightInColorState, oppoLightMgr empty!
10-08 16:10:48.040 1551 4231 W ContextImpl: Calling a method in the system process without a qualified user: android.app.ContextImpl.sendBroadcast:1143 android.hardware.camera2.OplusCameraStateBroadcast.notifyCameraState:51 com.android.server.camera.CameraServiceProxy.updateActivityCount:545 com.android.server.camera.CameraServiceProxy.access$700:61 com.android.server.camera.CameraServiceProxy$2.notifyCameraState:200
10-08 16:10:48.063 1551 4231 W ContextImpl: Calling a method in the system process without a qualified user: android.app.ContextImpl.sendBroadcast:1143 android.hardware.camera2.OplusCameraStateBroadcast.notifyCameraState:51 com.android.server.camera.CameraServiceProxy.updateActivityCount:545 com.android.server.camera.CameraServiceProxy.access$700:61 com.android.server.camera.CameraServiceProxy$2.notifyCameraState:200
10-08 16:10:48.270 1551 1575 D ColorZoomWindowManagerService: adjustWindowCropForLeash start: appToken = ActivityRecord{d51b0ae u0 com.finshell.wallet/com.megvii.idcardlib.IDCardScanActivity t15113}
10-08 16:10:48.275 1551 1575 D ColorZoomWindowManagerService: adjustWindowCropForLeash start: appToken = ActivityRecord{1afe765 u0 com.android.permissioncontroller/.permission.ui.GrantPermissionsActivity t15113 f} isExiting}
10-08 16:10:48.296 1551 1574 I ActivityManager: PendingStartActivityUids startActivity to updateOomAdj delay:1045ms, uid:10108
10-08 16:10:48.309 1551 2042 D ColorInputMethodManagerServiceEx: onHandleImeWindowVisibleStatus handledVis: 0, switcher visible: 0, switcher active: 0, needsToShowImeSwitcher: false
10-08 16:10:48.309 1551 2042 I chatty : uid=1000(system) Binder:1551_5 identical 1 line
10-08 16:10:48.317 1551 2042 D ColorInputMethodManagerServiceEx: onHandleImeWindowVisibleStatus handledVis: 0, switcher visible: 0, switcher active: 0, needsToShowImeSwitcher: false
10-08 16:10:48.490 1551 2042 W ContextImpl: Calling a method in the system process without a qualified user: android.app.ContextImpl.sendBroadcast:1143 android.hardware.camera2.OplusCameraStateBroadcast.notifyCameraState:51 com.android.server.camera.CameraServiceProxy.updateActivityCount:545 com.android.server.camera.CameraServiceProxy.access$700:61 com.android.server.camera.CameraServiceProxy$2.notifyCameraState:200
10-08 16:10:48.558 1551 1575 V ColorZoomWindowManagerService: onAnimationFinished: r = ActivityRecord{1afe765 u0 com.android.permissioncontroller/.permission.ui.GrantPermissionsActivity t15113 f} isExiting}
10-08 16:10:48.559 1551 1575 I OplusMirageDisplayManagerService: onAnimationFinished:
10-08 16:10:48.559 1551 1575 V ColorZoomWindowManagerService: onAnimationFinished: r = ActivityRecord{d51b0ae u0 com.finshell.wallet/com.megvii.idcardlib.IDCardScanActivity t15113}
10-08 16:10:48.559 1551 1575 I ColorAppSwitchManagerService: handleAppVisible , r = ActivityRecord{d51b0ae u0 com.finshell.wallet/com.megvii.idcardlib.IDCardScanActivity t15113}
10-08 16:10:48.559 1551 1575 I OplusMirageDisplayManagerService: onAnimationFinished:
10-08 16:10:49.250 1551 2570 I ColorGameSpaceManager: in handleApplicationSwitchInner ---- gamemode = 0 ----mModeStatus = 0
10-08 16:10:53.971 1551 1816 D BatteryLed: getLightInColorState, oppoLightMgr empty!
10-08 16:10:53.972 1551 1551 D OppoBaseBatteryService: send broadcast : oppo.intent.action.BATTERY_DATA_UPDATE
10-08 16:10:53.972 1551 1551 W ContextImpl: Calling a method in the system process without a qualified user: android.app.ContextImpl.sendBroadcast:1158 com.android.server.OppoBaseBatteryService$2.run:280 android.os.Handler.handleCallback:938 android.os.Handler.dispatchMessage:99 android.os.Looper.loop:264
10-08 16:10:55.279 1551 1551 W WindowManager: removeWindowToken: Attempted to remove non-existing token: android.os.Binder@fa433b
10-08 16:10:55.948 1551 1822 D JobScheduler.Temperature: get temperature=31.376
10-08 16:10:57.438 1551 1613 W PackageSettings: Skipping PackageSetting{7746b4e com.coloros.personalassistant/10180} due to missing metadata
10-08 16:10:57.470 1551 1613 I PackageManager: set persist.sys.package.SHA1 as 085a06e5e698754cf8a9e6b567cf2aed14be4b1e
