10-08 16:11:59.251 1120 1222 D ULogGuard: Monitoring: 6 threads, 5 requests, 2 time-bombs; 10 guards. ResetFlags = 0x7
10-08 16:11:59.254 1120 16759 D AE_ALGO : [recfg_smooth_ctrl_v6_s] pline tale is null
10-08 16:11:59.255 1120 1628 E CamMidasService: [ERROR ] midasserviceintf.cpp:122 SetPowerFactor() m_pMIDASService is null
10-08 16:11:59.264 1120 7216 D AdaptCALTM: GetCustomParameters: No Nvram Content!
10-08 16:11:59.264 1120 7216 D AdaptCALTM: GetCustomParameters: No Nvram Content!
10-08 16:11:59.270 1120 16878 D AFAlgo : 4 70 0 :
10-08 16:11:59.278 1120 16834 I Hal3Av3 : [get] frmId(2120), IsConvert4MetaResult(2), ret(1), u1CaptureIntent(1), count(111, 35), AwbState(2) AeState(4) FlashState(2) AfState(2) Exp(30001000) ISO(9600) FrameDuration(33350000)
10-08 16:11:59.288 1120 16759 D AE_ALGO : [recfg_smooth_ctrl_v6_s] pline tale is null
10-08 16:11:59.289 1120 1628 E CamMidasService: [ERROR ] midasserviceintf.cpp:122 SetPowerFactor() m_pMIDASService is null
10-08 16:11:59.298 1120 7216 D AdaptCALTM: GetCustomParameters: No Nvram Content!
10-08 16:11:59.298 1120 7216 D AdaptCALTM: GetCustomParameters: No Nvram Content!
10-08 16:11:59.303 1120 16878 D AFAlgo : 4 70 0 :
10-08 16:11:59.311 1120 16834 I Hal3Av3 : [get] frmId(2121), IsConvert4MetaResult(2), ret(1), u1CaptureIntent(1), count(111, 35), AwbState(2) AeState(4) FlashState(2) AfState(2) Exp(30001000) ISO(9600) FrameDuration(33350000)
10-08 16:11:59.320 1120 16759 D AE_ALGO : [recfg_smooth_ctrl_v6_s] pline tale is null
10-08 16:11:59.322 1120 1628 E CamMidasService: [ERROR ] midasserviceintf.cpp:122 SetPowerFactor() m_pMIDASService is null
10-08 16:11:59.330 1120 7216 D AdaptCALTM: GetCustomParameters: No Nvram Content!
10-08 16:11:59.330 1120 7216 D AdaptCALTM: GetCustomParameters: No Nvram Content!
10-08 16:11:59.337 1120 16878 D AFAlgo : 4 70 0 :
10-08 16:11:59.344 1120 16834 I Hal3Av3 : [get] frmId(2122), IsConvert4MetaResult(2), ret(1), u1CaptureIntent(1), count(111, 35), AwbState(2) AeState(4) FlashState(2) AfState(2) Exp(30001000) ISO(9600) FrameDuration(33350000)
10-08 16:11:59.353 1120 16759 D AE_ALGO : [recfg_smooth_ctrl_v6_s] pline tale is null
10-08 16:11:59.354 1120 1628 E CamMidasService: [ERROR ] midasserviceintf.cpp:122 SetPowerFactor() m_pMIDASService is null
10-08 16:11:59.363 1120 7216 D AdaptCALTM: GetCustomParameters: No Nvram Content!
10-08 16:11:59.363 1120 7216 D AdaptCALTM: GetCustomParameters: No Nvram Content!
10-08 16:11:59.369 1120 16878 D AFAlgo : 4 70 0 :
10-08 16:11:59.378 1120 16834 I Hal3Av3 : [get] frmId(2123), IsConvert4MetaResult(2), ret(1), u1CaptureIntent(1), count(111, 35), AwbState(2) AeState(4) FlashState(2) AfState(2) Exp(30001000) ISO(9600) FrameDuration(33350000)
10-08 16:11:59.387 1120 16759 D AE_ALGO : [recfg_smooth_ctrl_v6_s] pline tale is null
10-08 16:11:59.388 1120 1628 E CamMidasService: [ERROR ] midasserviceintf.cpp:122 SetPowerFactor() m_pMIDASService is null
10-08 16:11:59.399 1120 7216 D AdaptCALTM: GetCustomParameters: No Nvram Content!
10-08 16:11:59.399 1120 7216 D AdaptCALTM: GetCustomParameters: No Nvram Content!
10-08 16:11:59.403 1120 16878 D AFAlgo : 4 70 0 :
10-08 16:11:59.405 1048 1645 W ServiceManager: Permission failure: android.permission.SYSTEM_CAMERA from uid=10108 pid=14114
10-08 16:11:59.406 1048 1645 I chatty : uid=1047(cameraserver) Binder:1048_1 identical 1 line
10-08 16:11:59.406 1048 1645 W ServiceManager: Permission failure: android.permission.SYSTEM_CAMERA from uid=10108 pid=14114
10-08 16:11:59.411 1120 16834 I Hal3Av3 : [get] frmId(2124), IsConvert4MetaResult(2), ret(1), u1CaptureIntent(1), count(111, 35), AwbState(2) AeState(4) FlashState(2) AfState(2) Exp(30001000) ISO(9600) FrameDuration(33350000)
10-08 16:11:59.420 1120 16759 D AE_ALGO : [recfg_smooth_ctrl_v6_s] pline tale is null
10-08 16:11:59.421 1120 1628 E CamMidasService: [ERROR ] midasserviceintf.cpp:122 SetPowerFactor() m_pMIDASService is null
10-08 16:11:59.432 1120 7216 D AdaptCALTM: GetCustomParameters: No Nvram Content!
10-08 16:11:59.432 1120 7216 D AdaptCALTM: GetCustomParameters: No Nvram Content!
10-08 16:11:59.436 1120 16878 D AFAlgo : 4 70 0 :
10-08 16:11:59.444 1120 16834 I Hal3Av3 : [get] frmId(2125), IsConvert4MetaResult(2), ret(1), u1CaptureIntent(1), count(111, 35), AwbState(1) AeState(4) FlashState(2) AfState(2) Exp(30001000) ISO(9600) FrameDuration(33350000)
10-08 16:11:59.453 1120 16759 D AE_ALGO : [recfg_smooth_ctrl_v6_s] pline tale is null
10-08 16:11:59.455 1120 1628 E CamMidasService: [ERROR ] midasserviceintf.cpp:122 SetPowerFactor() m_pMIDASService is null
10-08 16:11:59.463 1120 7216 D AdaptCALTM: GetCustomParameters: No Nvram Content!
10-08 16:11:59.463 1120 7216 D AdaptCALTM: GetCustomParameters: No Nvram Content!
10-08 16:11:59.470 1120 16878 D AFAlgo : 4 70 0 :
10-08 16:11:59.478 1120 16834 I Hal3Av3 : [get] frmId(2126), IsConvert4MetaResult(2), ret(1), u1CaptureIntent(1), count(111, 35), AwbState(1) AeState(4) FlashState(2) AfState(2) Exp(30001000) ISO(9600) FrameDuration(33350000)
10-08 16:11:59.488 1120 16759 D AE_ALGO : [recfg_smooth_ctrl_v6_s] pline tale is null
10-08 16:11:59.489 1120 1628 E CamMidasService: [ERROR ] midasserviceintf.cpp:122 SetPowerFactor() m_pMIDASService is null
10-08 16:11:59.497 1120 7216 D AdaptCALTM: GetCustomParameters: No Nvram Content!
10-08 16:11:59.497 1120 7216 D AdaptCALTM: GetCustomParameters: No Nvram Content!
10-08 16:11:59.504 1120 16878 D AFAlgo : 4 70 0 :
10-08 16:11:59.512 1120 16834 I Hal3Av3 : [get] frmId(2127), IsConvert4MetaResult(2), ret(1), u1CaptureIntent(1), count(111, 35), AwbState(1) AeState(4) FlashState(2) AfState(2) Exp(30001000) ISO(9600) FrameDuration(33350000)
10-08 16:11:59.521 1120 16759 D AE_ALGO : [recfg_smooth_ctrl_v6_s] pline tale is null
10-08 16:11:59.523 1120 1628 E CamMidasService: [ERROR ] midasserviceintf.cpp:122 SetPowerFactor() m_pMIDASService is null
10-08 16:11:59.532 1120 7216 D AdaptCALTM: GetCustomParameters: No Nvram Content!
10-08 16:11:59.532 1120 7216 D AdaptCALTM: GetCustomParameters: No Nvram Content!
10-08 16:11:59.538 1120 16878 D AFAlgo : 4 70 0 :
10-08 16:11:59.545 1120 16876 I FlickerAlgo: [flk_SendCmd] CMD_DETECT
10-08 16:11:59.545 1120 16876 I FlickerAlgo: [DoCmdDetect] type(0) n_win_h(3) n_win_w(6) win_wd(666) win_ht(742) cur_freq(50)
10-08 16:11:59.545 1120 16876 I FlickerAlgo: Freq_out = 4967150, 1483566, 1226639, 731887, 59283, 394016, 82923, 25913, 334026
10-08 16:11:59.546 1120 16834 I Hal3Av3 : [get] frmId(2128), IsConvert4MetaResult(2), ret(1), u1CaptureIntent(1), count(111, 35), AwbState(1) AeState(4) FlashState(2) AfState(2) Exp(30001000) ISO(9600) FrameDuration(33350000)
10-08 16:11:59.556 1120 16759 D AE_ALGO : [recfg_smooth_ctrl_v6_s] pline tale is null
10-08 16:11:59.557 1120 1628 E CamMidasService: [ERROR ] midasserviceintf.cpp:122 SetPowerFactor() m_pMIDASService is null
10-08 16:11:59.565 1120 7216 D AdaptCALTM: GetCustomParameters: No Nvram Content!
10-08 16:11:59.565 1120 7216 D AdaptCALTM: GetCustomParameters: No Nvram Content!
10-08 16:11:59.571 1120 16878 D AFAlgo : 4 70 0 :
10-08 16:11:59.579 1120 16834 I Hal3Av3 : [get] frmId(2129), IsConvert4MetaResult(2), ret(1), u1CaptureIntent(1), count(111, 35), AwbState(1) AeState(4) FlashState(2) AfState(2) Exp(30001000) ISO(9600) FrameDuration(33350000)
10-08 16:11:59.588 1120 16759 D AE_ALGO : [recfg_smooth_ctrl_v6_s] pline tale is null
10-08 16:11:59.589 1120 1628 E CamMidasService: [ERROR ] midasserviceintf.cpp:122 SetPowerFactor() m_pMIDASService is null
10-08 16:11:59.598 1120 7216 D AdaptCALTM: GetCustomParameters: No Nvram Content!
10-08 16:11:59.598 1120 7216 D AdaptCALTM: GetCustomParameters: No Nvram Content!
10-08 16:11:59.604 1120 16878 D AFAlgo : 4 70 0 :
10-08 16:11:59.612 1120 16834 I Hal3Av3 : [get] frmId(2130), IsConvert4MetaResult(2), ret(1), u1CaptureIntent(1), count(111, 35), AwbState(1) AeState(4) FlashState(2) AfState(2) Exp(30001000) ISO(9600) FrameDuration(33350000)
10-08 16:11:59.621 1120 16759 D AE_ALGO : [recfg_smooth_ctrl_v6_s] pline tale is null
10-08 16:11:59.622 1120 1628 E CamMidasService: [ERROR ] midasserviceintf.cpp:122 SetPowerFactor() m_pMIDASService is null
10-08 16:11:59.631 1120 7216 D AdaptCALTM: GetCustomParameters: No Nvram Content!
10-08 16:11:59.631 1120 7216 D AdaptCALTM: GetCustomParameters: No Nvram Content!
10-08 16:11:59.636 4008 4461 D HoraeHelper: getAllShellTemps tSize : 4
10-08 16:11:59.636 4008 4461 D HoraeHelper: getAllShellTemps tSize : 4
10-08 16:11:59.638 1120 16878 D AFAlgo : 4 70 0 :
10-08 16:11:59.646 1120 16834 I Hal3Av3 : [get] frmId(2131), IsConvert4MetaResult(2), ret(1), u1CaptureIntent(1), count(111, 35), AwbState(1) AeState(4) FlashState(2) AfState(2) Exp(30001000) ISO(9600) FrameDuration(33350000)
10-08 16:11:59.654 1120 16759 D AE_ALGO : [recfg_smooth_ctrl_v6_s] pline tale is null
10-08 16:11:59.655 1120 1628 E CamMidasService: [ERROR ] midasserviceintf.cpp:122 SetPowerFactor() m_pMIDASService is null
10-08 16:11:59.665 1120 7216 D AdaptCALTM: GetCustomParameters: No Nvram Content!
10-08 16:11:59.665 1120 7216 D AdaptCALTM: GetCustomParameters: No Nvram Content!
10-08 16:11:59.671 1120 16878 D AFAlgo : 4 70 0 :
10-08 16:11:59.679 1120 16834 I Hal3Av3 : [get] frmId(2132), IsConvert4MetaResult(2), ret(1), u1CaptureIntent(1), count(111, 35), AwbState(1) AeState(4) FlashState(2) AfState(2) Exp(30001000) ISO(9600) FrameDuration(33350000)
10-08 16:11:59.688 1120 16759 D AE_ALGO : [recfg_smooth_ctrl_v6_s] pline tale is null
10-08 16:11:59.689 1120 1628 E CamMidasService: [ERROR ] midasserviceintf.cpp:122 SetPowerFactor() m_pMIDASService is null
10-08 16:11:59.698 1120 7216 D AdaptCALTM: GetCustomParameters: No Nvram Content!
10-08 16:11:59.698 1120 7216 D AdaptCALTM: GetCustomParameters: No Nvram Content!
10-08 16:11:59.704 1120 16878 D AFAlgo : 4 70 0 :
10-08 16:11:59.712 1120 16834 I Hal3Av3 : [get] frmId(2133), IsConvert4MetaResult(2), ret(1), u1CaptureIntent(1), count(111, 35), AwbState(1) AeState(4) FlashState(2) AfState(2) Exp(30001000) ISO(9600) FrameDuration(33350000)
10-08 16:11:59.717 828 911 I BufferQueueProducer: [StatusBar#0](this:0xb400007684b44058,id:7,api:1,p:2061,c:828) queueBuffer: fps=0.33 dur=3022.04 max=3022.04 min=3022.04
10-08 16:11:59.721 1120 16759 D AE_ALGO : [recfg_smooth_ctrl_v6_s] pline tale is null
10-08 16:11:59.722 1120 1628 E CamMidasService: [ERROR ] midasserviceintf.cpp:122 SetPowerFactor() m_pMIDASService is null
10-08 16:11:59.726 1048 13291 W ServiceManager: Permission failure: android.permission.SYSTEM_CAMERA from uid=10108 pid=14114
10-08 16:11:59.727 1048 13291 I chatty : uid=1047(cameraserver) Binder:1048_8 identical 1 line
10-08 16:11:59.728 1048 13291 W ServiceManager: Permission failure: android.permission.SYSTEM_CAMERA from uid=10108 pid=14114
10-08 16:11:59.731 1120 7216 D AdaptCALTM: GetCustomParameters: No Nvram Content!
10-08 16:11:59.732 1551 1816 D BatteryLed: getLightInColorState, oppoLightMgr empty!
10-08 16:11:59.731 1120 7216 D AdaptCALTM: GetCustomParameters: No Nvram Content!
10-08 16:11:59.737 1120 16878 D AFAlgo : 4 70 0 :
10-08 16:11:59.737 1120 16878 D AFAlgo : [AFALGO_search_type] set type from 0 to 4, KeepLVDiff 0
10-08 16:11:59.737 1120 16878 D AFAlgo : [AFALGO_search_type] set type from 4 to 3, KeepLVDiff 0
10-08 16:11:59.745 1120 16834 I Hal3Av3 : [get] frmId(2134), IsConvert4MetaResult(2), ret(1), u1CaptureIntent(1), count(111, 35), AwbState(1) AeState(4) FlashState(2) AfState(2) Exp(30001000) ISO(9600) FrameDuration(33350000)
10-08 16:11:59.754 1120 16759 D AE_ALGO : [recfg_smooth_ctrl_v6_s] pline tale is null
10-08 16:11:59.755 1120 1628 E CamMidasService: [ERROR ] midasserviceintf.cpp:122 SetPowerFactor() m_pMIDASService is null
10-08 16:11:59.763 1120 7216 D AdaptCALTM: GetCustomParameters: No Nvram Content!
10-08 16:11:59.763 1120 7216 D AdaptCALTM: GetCustomParameters: No Nvram Content!
10-08 16:11:59.778 1120 16834 I Hal3Av3 : [get] frmId(2135), IsConvert4MetaResult(2), ret(1), u1CaptureIntent(1), count(111, 35), AwbState(1) AeState(4) FlashState(2) AfState(2) Exp(30001000) ISO(9600) FrameDuration(33350000)
10-08 16:11:59.788 1120 16759 D AE_ALGO : [recfg_smooth_ctrl_v6_s] pline tale is null
10-08 16:11:59.789 1120 1628 E CamMidasService: [ERROR ] midasserviceintf.cpp:122 SetPowerFactor() m_pMIDASService is null
10-08 16:11:59.797 1120 7216 D AdaptCALTM: GetCustomParameters: No Nvram Content!
10-08 16:11:59.797 1120 7216 D AdaptCALTM: GetCustomParameters: No Nvram Content!
10-08 16:11:59.812 1120 16834 I Hal3Av3 : [get] frmId(2136), IsConvert4MetaResult(2), ret(1), u1CaptureIntent(1), count(111, 35), AwbState(1) AeState(4) FlashState(2) AfState(2) Exp(30001000) ISO(9600) FrameDuration(33350000)
10-08 16:11:59.822 1120 16759 D AE_ALGO : [recfg_smooth_ctrl_v6_s] pline tale is null
10-08 16:11:59.823 1120 1628 E CamMidasService: [ERROR ] midasserviceintf.cpp:122 SetPowerFactor() m_pMIDASService is null
10-08 16:11:59.832 1120 7216 D AdaptCALTM: GetCustomParameters: No Nvram Content!
10-08 16:11:59.832 1120 7216 D AdaptCALTM: GetCustomParameters: No Nvram Content!
10-08 16:11:59.837 1120 16878 D AFAlgo : 4 70 0 :
10-08 16:11:59.845 1120 16834 I Hal3Av3 : [get] frmId(2137), IsConvert4MetaResult(2), ret(1), u1CaptureIntent(1), count(111, 35), AwbState(1) AeState(4) FlashState(2) AfState(2) Exp(30001000) ISO(9600) FrameDuration(33350000)
10-08 16:11:59.849 828 828 I BufferQueueProducer: [FramebufferSurface](this:0xb400007684a32ed0,id:-1,api:1,p:828,c:828) queueBuffer: fps=0.33 dur=3012.50 max=3012.50 min=3012.50
10-08 16:11:59.855 1120 16759 D AE_ALGO : [recfg_smooth_ctrl_v6_s] pline tale is null
10-08 16:11:59.856 1120 1628 E CamMidasService: [ERROR ] midasserviceintf.cpp:122 SetPowerFactor() m_pMIDASService is null
10-08 16:11:59.864 1120 7216 D AdaptCALTM: GetCustomParameters: No Nvram Content!
10-08 16:11:59.864 1120 7216 D AdaptCALTM: GetCustomParameters: No Nvram Content!
10-08 16:11:59.872 1120 16878 D AFAlgo : 4 70 0 :
10-08 16:11:59.879 1120 16876 I FlickerAlgo: [flk_SendCmd] CMD_DETECT
10-08 16:11:59.879 1120 16876 I FlickerAlgo: [DoCmdDetect] type(0) n_win_h(3) n_win_w(6) win_wd(666) win_ht(742) cur_freq(50)
10-08 16:11:59.880 1120 16876 I FlickerAlgo: Freq_out = 3931610, 4944670, 1324953, 1588457, 1801340, 371588, 279945, 1936078, 988848
10-08 16:11:59.880 1120 16834 I Hal3Av3 : [get] frmId(2138), IsConvert4MetaResult(2), ret(1), u1CaptureIntent(1), count(111, 35), AwbState(1) AeState(4) FlashState(2) AfState(2) Exp(30001000) ISO(9600) FrameDuration(33350000)
10-08 16:11:59.889 1120 16759 D AE_ALGO : [recfg_smooth_ctrl_v6_s] pline tale is null
10-08 16:11:59.890 1120 1628 E CamMidasService: [ERROR ] midasserviceintf.cpp:122 SetPowerFactor() m_pMIDASService is null
10-08 16:11:59.899 1120 7216 D AdaptCALTM: GetCustomParameters: No Nvram Content!
10-08 16:11:59.899 1120 7216 D AdaptCALTM: GetCustomParameters: No Nvram Content!
10-08 16:11:59.905 1120 16878 D AFAlgo : 4 70 0 :
10-08 16:11:59.913 1120 16834 I Hal3Av3 : [get] frmId(2139), IsConvert4MetaResult(2), ret(1), u1CaptureIntent(1), count(111, 35), AwbState(2) AeState(4) FlashState(2) AfState(2) Exp(30001000) ISO(9600) FrameDuration(33350000)
10-08 16:11:59.922 1120 16759 D AE_ALGO : [recfg_smooth_ctrl_v6_s] pline tale is null
10-08 16:11:59.923 1120 1628 E CamMidasService: [ERROR ] midasserviceintf.cpp:122 SetPowerFactor() m_pMIDASService is null
10-08 16:11:59.933 1120 7216 D AdaptCALTM: GetCustomParameters: No Nvram Content!
10-08 16:11:59.933 1120 7216 D AdaptCALTM: GetCustomParameters: No Nvram Content!
10-08 16:11:59.938 1120 16878 D AFAlgo : 4 70 0 :
10-08 16:11:59.938 1120 16878 D AFAlgo : [ADP_Alarm] ori_step:4 eq_step:8 adp_alarm: 1 ADP_ALARM_RATIO: 150
10-08 16:11:59.938 1120 16878 E af_mgr_v3: #( 2142, 2140) process_doOutput Dev(1) i4AdpAlarm(1) (process_doOutput){#758:vendor/mediatek/proprietary/hardware/mtkcam/aaa/source/common/af_hal/af_mgr/af_mgr_private.cpp}
10-08 16:11:59.947 1120 16834 I Hal3Av3 : [get] frmId(2140), IsConvert4MetaResult(2), ret(1), u1CaptureIntent(1), count(111, 35), AwbState(2) AeState(4) FlashState(2) AfState(2) Exp(30001000) ISO(9600) FrameDuration(33350000)
10-08 16:11:59.956 1120 16759 D AE_ALGO : [recfg_smooth_ctrl_v6_s] pline tale is null
10-08 16:11:59.957 1120 1628 E CamMidasService: [ERROR ] midasserviceintf.cpp:122 SetPowerFactor() m_pMIDASService is null
10-08 16:11:59.965 1120 7216 D AdaptCALTM: GetCustomParameters: No Nvram Content!
10-08 16:11:59.965 1120 7216 D AdaptCALTM: GetCustomParameters: No Nvram Content!
10-08 16:11:59.972 1120 16878 D AFAlgo : 4 70 0 :
10-08 16:11:59.972 1120 16878 D AFAlgo : [AFALGO_search_type] set type from 3 to 0, KeepLVDiff 0
10-08 16:11:59.980 1120 16834 I Hal3Av3 : [get] frmId(2141), IsConvert4MetaResult(2), ret(1), u1CaptureIntent(1), count(111, 35), AwbState(2) AeState(4) FlashState(2) AfState(2) Exp(30001000) ISO(9600) FrameDuration(33350000)
10-08 16:11:59.989 1120 16759 D AE_ALGO : [recfg_smooth_ctrl_v6_s] pline tale is null
10-08 16:11:59.990 1120 1628 E CamMidasService: [ERROR ] midasserviceintf.cpp:122 SetPowerFactor() m_pMIDASService is null
10-08 16:12:00.000 1120 7216 D AdaptCALTM: GetCustomParameters: No Nvram Content!
10-08 16:12:00.000 1120 7216 D AdaptCALTM: GetCustomParameters: No Nvram Content!
10-08 16:12:00.004 12484 12484 I WeatherS_WeatherServiceVersionUtils: serviceVersionCode8003001
10-08 16:12:00.004 12484 12484 I chatty : uid=10089(com.coloros.alarmclock) identical 1 line
10-08 16:12:00.004 12484 12484 I WeatherS_WeatherServiceVersionUtils: serviceVersionCode8003001
10-08 16:12:00.004 1120 16878 D AFAlgo : 4 70 0 :
10-08 16:12:00.006 2061 2061 D SingleClockView: updateTime, 24hfmt=true, h=16, m=12
10-08 16:12:00.008 1551 3109 E OplusCustomizeRestrictionManagerService: isBiometricDisabled start
10-08 16:12:00.009 1551 2932 E OplusCustomizeRestrictionManagerService: isBiometricDisabled start
10-08 16:12:00.013 1120 16834 I Hal3Av3 : [get] frmId(2142), IsConvert4MetaResult(2), ret(1), u1CaptureIntent(1), count(111, 35), AwbState(2) AeState(4) FlashState(2) AfState(2) Exp(30001000) ISO(9600) FrameDuration(33350000)
10-08 16:12:00.024 1120 16759 D AE_ALGO : [recfg_smooth_ctrl_v6_s] pline tale is null
10-08 16:12:00.026 1120 1628 E CamMidasService: [ERROR ] midasserviceintf.cpp:122 SetPowerFactor() m_pMIDASService is null
10-08 16:12:00.034 1120 7216 D AdaptCALTM: GetCustomParameters: No Nvram Content!
10-08 16:12:00.034 1120 7216 D AdaptCALTM: GetCustomParameters: No Nvram Content!
10-08 16:12:00.038 1120 16878 D AFAlgo : 4 70 0 :
10-08 16:12:00.042 1048 2409 W ServiceManager: Permission failure: android.permission.SYSTEM_CAMERA from uid=10108 pid=14114
10-08 16:12:00.042 2509 2509 E Launcher.ColorBubbleTextView: mForceHideDot is false
10-08 16:12:00.042 1048 2409 W ServiceManager: Permission failure: android.permission.SYSTEM_CAMERA from uid=10108 pid=14114
10-08 16:12:00.042 1048 2409 W ServiceManager: Permission failure: android.permission.SYSTEM_CAMERA from uid=10108 pid=14114
10-08 16:12:00.046 1120 16834 I Hal3Av3 : [get] frmId(2143), IsConvert4MetaResult(2), ret(1), u1CaptureIntent(1), count(111, 35), AwbState(2) AeState(4) FlashState(2) AfState(2) Exp(30001000) ISO(9600) FrameDuration(33350000)
10-08 16:12:00.055 1120 16759 D AE_ALGO : [recfg_smooth_ctrl_v6_s] pline tale is null
10-08 16:12:00.056 1120 1628 E CamMidasService: [ERROR ] midasserviceintf.cpp:122 SetPowerFactor() m_pMIDASService is null
10-08 16:12:00.060 2481 2481 E OplusNecManagerHelper: com.oplus.nec.OplusNecManager.notifyOrigSignalStrengthChanged [class android.telephony.SignalStrength, int]
10-08 16:12:00.063 828 1304 I BufferQueueProducer: [com.oppo.launcher/com.oppo.launcher.Launcher#0](this:0xb4000076666e4258,id:592,api:1,p:2509,c:828) queueBuffer: fps=0.60 dur=59901.27 max=59083.91 min=2.70
10-08 16:12:00.065 1120 7216 D AdaptCALTM: GetCustomParameters: No Nvram Content!
10-08 16:12:00.065 1120 7216 D AdaptCALTM: GetCustomParameters: No Nvram Content!
10-08 16:12:00.071 1120 16878 D AFAlgo : 4 70 0 :
10-08 16:12:00.079 1120 16834 I Hal3Av3 : [get] frmId(2144), IsConvert4MetaResult(2), ret(1), u1CaptureIntent(1), count(111, 35), AwbState(2) AeState(4) FlashState(2) AfState(2) Exp(30001000) ISO(9600) FrameDuration(33350000)
10-08 16:12:00.088 1120 16759 D AE_ALGO : [recfg_smooth_ctrl_v6_s] pline tale is null
10-08 16:12:00.089 1120 1630 E CamMidasService: [ERROR ] midasserviceintf.cpp:122 SetPowerFactor() m_pMIDASService is null
10-08 16:12:00.097 1120 7216 D AdaptCALTM: GetCustomParameters: No Nvram Content!
10-08 16:12:00.097 1120 7216 D AdaptCALTM: GetCustomParameters: No Nvram Content!
10-08 16:12:00.105 1120 16878 D AFAlgo : 4 70 0 :
10-08 16:12:00.113 1120 16834 I Hal3Av3 : [get] frmId(2145), IsConvert4MetaResult(2), ret(1), u1CaptureIntent(1), count(111, 35), AwbState(2) AeState(4) FlashState(2) AfState(2) Exp(30001000) ISO(9600) FrameDuration(33350000)
10-08 16:12:00.122 1120 16759 D AE_ALGO : [recfg_smooth_ctrl_v6_s] pline tale is null
10-08 16:12:00.123 1120 1630 E CamMidasService: [ERROR ] midasserviceintf.cpp:122 SetPowerFactor() m_pMIDASService is null
10-08 16:12:00.132 1120 7216 D AdaptCALTM: GetCustomParameters: No Nvram Content!
10-08 16:12:00.132 1120 7216 D AdaptCALTM: GetCustomParameters: No Nvram Content!
10-08 16:12:00.138 1120 16878 D AFAlgo : 4 70 0 :
10-08 16:12:00.146 1120 16834 I Hal3Av3 : [get] frmId(2146), IsConvert4MetaResult(2), ret(1), u1CaptureIntent(1), count(111, 35), AwbState(2) AeState(4) FlashState(2) AfState(2) Exp(30001000) ISO(9600) FrameDuration(33350000)
10-08 16:12:00.156 1120 16759 D AE_ALGO : [recfg_smooth_ctrl_v6_s] pline tale is null
10-08 16:12:00.157 1120 1630 E CamMidasService: [ERROR ] midasserviceintf.cpp:122 SetPowerFactor() m_pMIDASService is null
10-08 16:12:00.165 1120 7216 D AdaptCALTM: GetCustomParameters: No Nvram Content!
10-08 16:12:00.165 1120 7216 D AdaptCALTM: GetCustomParameters: No Nvram Content!
10-08 16:12:00.172 1120 16878 D AFAlgo : 4 70 0 :
10-08 16:12:00.180 1120 16834 I Hal3Av3 : [get] frmId(2147), IsConvert4MetaResult(2), ret(1), u1CaptureIntent(1), count(111, 35), AwbState(2) AeState(4) FlashState(2) AfState(2) Exp(30001000) ISO(9600) FrameDuration(33350000)
10-08 16:12:00.189 1120 16759 D AE_ALGO : [recfg_smooth_ctrl_v6_s] pline tale is null
10-08 16:12:00.191 1120 1630 E CamMidasService: [ERROR ] midasserviceintf.cpp:122 SetPowerFactor() m_pMIDASService is null
10-08 16:12:00.198 1120 7216 D AdaptCALTM: GetCustomParameters: No Nvram Content!
10-08 16:12:00.198 1120 7216 D AdaptCALTM: GetCustomParameters: No Nvram Content!
10-08 16:12:00.205 1120 16878 D AFAlgo : 4 70 0 :
10-08 16:12:00.213 1120 16876 I FlickerAlgo: [flk_SendCmd] CMD_DETECT
10-08 16:12:00.213 1120 16876 I FlickerAlgo: [DoCmdDetect] type(0) n_win_h(3) n_win_w(6) win_wd(666) win_ht(742) cur_freq(50)
10-08 16:12:00.214 1120 16876 I FlickerAlgo: Freq_out = 947108, 893348, 225679, 960736, 1221415, 339447, 1484394, 2308361, 4338021
10-08 16:12:00.214 1120 16834 I Hal3Av3 : [get] frmId(2148), IsConvert4MetaResult(2), ret(1), u1CaptureIntent(1), count(111, 35), AwbState(2) AeState(4) FlashState(2) AfState(2) Exp(30001000) ISO(9600) FrameDuration(33350000)
10-08 16:12:00.223 1120 16759 D AE_ALGO : [recfg_smooth_ctrl_v6_s] pline tale is null
10-08 16:12:00.224 1120 1630 E CamMidasService: [ERROR ] midasserviceintf.cpp:122 SetPowerFactor() m_pMIDASService is null
10-08 16:12:00.234 1120 7216 D AdaptCALTM: GetCustomParameters: No Nvram Content!
10-08 16:12:00.234 1120 7216 D AdaptCALTM: GetCustomParameters: No Nvram Content!
10-08 16:12:00.239 1120 16878 D AFAlgo : 4 70 0 :
10-08 16:12:00.247 1120 16834 I Hal3Av3 : [get] frmId(2149), IsConvert4MetaResult(2), ret(1), u1CaptureIntent(1), count(111, 35), AwbState(2) AeState(4) FlashState(2) AfState(2) Exp(30001000) ISO(9600) FrameDuration(33350000)
10-08 16:12:00.256 1120 16759 D AE_ALGO : [recfg_smooth_ctrl_v6_s] pline tale is null
10-08 16:12:00.258 1120 1630 E CamMidasService: [ERROR ] midasserviceintf.cpp:122 SetPowerFactor() m_pMIDASService is null
10-08 16:12:00.266 1120 7216 D AdaptCALTM: GetCustomParameters: No Nvram Content!
10-08 16:12:00.266 1120 7216 D AdaptCALTM: GetCustomParameters: No Nvram Content!
10-08 16:12:00.273 1120 16878 D AFAlgo : 4 70 0 :
10-08 16:12:00.280 1120 16834 I Hal3Av3 : [get] frmId(2150), IsConvert4MetaResult(2), ret(1), u1CaptureIntent(1), count(111, 35), AwbState(2) AeState(4) FlashState(2) AfState(2) Exp(30001000) ISO(9600) FrameDuration(33350000)
10-08 16:12:00.289 1120 16759 D AE_ALGO : [recfg_smooth_ctrl_v6_s] pline tale is null
10-08 16:12:00.291 1120 1630 E CamMidasService: [ERROR ] midasserviceintf.cpp:122 SetPowerFactor() m_pMIDASService is null
10-08 16:12:00.299 1120 7216 D AdaptCALTM: GetCustomParameters: No Nvram Content!
10-08 16:12:00.299 1120 7216 D AdaptCALTM: GetCustomParameters: No Nvram Content!
10-08 16:12:00.301 1551 1577 D AES : AEEIOCTL_GET/SET_SF_STATE IOCTL,cmd= 1074294797, lParam=0.
10-08 16:12:00.301 1551 1577 D AES : AEEIOCTL_RT_MON_Kick IOCTL,cmd= 2147774474, lParam=300.
10-08 16:12:00.302 1551 1577 V OppoBaseWatchdog: @WatchDog_ error e: java.io.FileNotFoundException: /d/wakeup_sources: open failed: ENOENT (No such file or directory)
10-08 16:12:00.305 1120 16878 D AFAlgo : 4 70 0 :
10-08 16:12:00.314 1120 16834 I Hal3Av3 : [get] frmId(2151), IsConvert4MetaResult(2), ret(1), u1CaptureIntent(1), count(111, 35), AwbState(2) AeState(4) FlashState(2) AfState(2) Exp(30001000) ISO(9600) FrameDuration(33350000)
10-08 16:12:00.323 1120 16759 D AE_ALGO : [recfg_smooth_ctrl_v6_s] pline tale is null
10-08 16:12:00.325 1120 1630 E CamMidasService: [ERROR ] midasserviceintf.cpp:122 SetPowerFactor() m_pMIDASService is null
10-08 16:12:00.333 1120 7216 D AdaptCALTM: GetCustomParameters: No Nvram Content!
10-08 16:12:00.334 1120 7216 D AdaptCALTM: GetCustomParameters: No Nvram Content!
10-08 16:12:00.339 1120 16878 D AFAlgo : 4 70 0 :
10-08 16:12:00.348 1120 16834 I Hal3Av3 : [get] frmId(2152), IsConvert4MetaResult(2), ret(1), u1CaptureIntent(1), count(111, 35), AwbState(2) AeState(4) FlashState(2) AfState(2) Exp(30001000) ISO(9600) FrameDuration(33350000)
10-08 16:12:00.356 1048 13291 W ServiceManager: Permission failure: android.permission.SYSTEM_CAMERA from uid=10108 pid=14114
10-08 16:12:00.357 1048 13291 W ServiceManager: Permission failure: android.permission.SYSTEM_CAMERA from uid=10108 pid=14114
10-08 16:12:00.357 1120 16759 D AE_ALGO : [recfg_smooth_ctrl_v6_s] pline tale is null
10-08 16:12:00.358 1048 13291 W ServiceManager: Permission failure: android.permission.SYSTEM_CAMERA from uid=10108 pid=14114
10-08 16:12:00.358 1120 1630 E CamMidasService: [ERROR ] midasserviceintf.cpp:122 SetPowerFactor() m_pMIDASService is null
10-08 16:12:00.367 1120 7216 D AdaptCALTM: GetCustomParameters: No Nvram Content!
10-08 16:12:00.367 1120 7216 D AdaptCALTM: GetCustomParameters: No Nvram Content!
10-08 16:12:00.372 1120 16878 D AFAlgo : 4 70 0 :
10-08 16:12:00.380 1120 16834 I Hal3Av3 : [get] frmId(2153), IsConvert4MetaResult(2), ret(1), u1CaptureIntent(1), count(111, 35), AwbState(2) AeState(4) FlashState(2) AfState(2) Exp(30001000) ISO(9600) FrameDuration(33350000)
10-08 16:12:00.389 1120 16759 D AE_ALGO : [recfg_smooth_ctrl_v6_s] pline tale is null
10-08 16:12:00.390 1120 1630 E CamMidasService: [ERROR ] midasserviceintf.cpp:122 SetPowerFactor() m_pMIDASService is null
10-08 16:12:00.399 1120 7216 D AdaptCALTM: GetCustomParameters: No Nvram Content!
10-08 16:12:00.399 1120 7216 D AdaptCALTM: GetCustomParameters: No Nvram Content!
10-08 16:12:00.405 1120 16878 D AFAlgo : 4 70 0 :
10-08 16:12:00.414 1120 16834 I Hal3Av3 : [get] frmId(2154), IsConvert4MetaResult(2), ret(1), u1CaptureIntent(1), count(111, 35), AwbState(2) AeState(4) FlashState(2) AfState(2) Exp(30001000) ISO(9600) FrameDuration(33350000)
10-08 16:12:00.423 1120 16759 D AE_ALGO : [recfg_smooth_ctrl_v6_s] pline tale is null
10-08 16:12:00.424 1120 1630 E CamMidasService: [ERROR ] midasserviceintf.cpp:122 SetPowerFactor() m_pMIDASService is null
10-08 16:12:00.432 1120 7216 D AdaptCALTM: GetCustomParameters: No Nvram Content!
10-08 16:12:00.432 1120 7216 D AdaptCALTM: GetCustomParameters: No Nvram Content!
10-08 16:12:00.439 1120 16878 D AFAlgo : 4 70 0 :
10-08 16:12:00.447 1120 16834 I Hal3Av3 : [get] frmId(2155), IsConvert4MetaResult(2), ret(1), u1CaptureIntent(1), count(111, 35), AwbState(2) AeState(4) FlashState(2) AfState(2) Exp(30001000) ISO(9600) FrameDuration(33350000)
10-08 16:12:00.456 1120 16759 D AE_ALGO : [recfg_smooth_ctrl_v6_s] pline tale is null
10-08 16:12:00.458 1120 1630 E CamMidasService: [ERROR ] midasserviceintf.cpp:122 SetPowerFactor() m_pMIDASService is null
10-08 16:12:00.466 1120 7216 D AdaptCALTM: GetCustomParameters: No Nvram Content!
10-08 16:12:00.466 1120 7216 D AdaptCALTM: GetCustomParameters: No Nvram Content!
10-08 16:12:00.472 1120 16878 D AFAlgo : 4 70 0 :
10-08 16:12:00.481 1120 16834 I Hal3Av3 : [get] frmId(2156), IsConvert4MetaResult(2), ret(1), u1CaptureIntent(1), count(111, 35), AwbState(2) AeState(4) FlashState(2) AfState(2) Exp(30001000) ISO(9600) FrameDuration(33350000)
10-08 16:12:00.490 1120 16759 D AE_ALGO : [recfg_smooth_ctrl_v6_s] pline tale is null
10-08 16:12:00.491 1120 1630 E CamMidasService: [ERROR ] midasserviceintf.cpp:122 SetPowerFactor() m_pMIDASService is null
10-08 16:12:00.500 1120 7216 D AdaptCALTM: GetCustomParameters: No Nvram Content!
10-08 16:12:00.500 1120 7216 D AdaptCALTM: GetCustomParameters: No Nvram Content!
10-08 16:12:00.507 1120 16878 D AFAlgo : 4 70 0 :
10-08 16:12:00.515 1120 16834 I Hal3Av3 : [get] frmId(2157), IsConvert4MetaResult(2), ret(1), u1CaptureIntent(1), count(111, 35), AwbState(2) AeState(4) FlashState(2) AfState(2) Exp(30001000) ISO(9600) FrameDuration(33350000)
10-08 16:12:00.524 1120 16759 D AE_ALGO : [recfg_smooth_ctrl_v6_s] pline tale is null
10-08 16:12:00.525 1120 1630 E CamMidasService: [ERROR ] midasserviceintf.cpp:122 SetPowerFactor() m_pMIDASService is null
10-08 16:12:00.535 1120 7216 D AdaptCALTM: GetCustomParameters: No Nvram Content!
10-08 16:12:00.535 1120 7216 D AdaptCALTM: GetCustomParameters: No Nvram Content!
10-08 16:12:00.540 1120 16878 D AFAlgo : 4 70 0 :
10-08 16:12:00.547 1120 16876 I FlickerAlgo: [flk_SendCmd] CMD_DETECT
10-08 16:12:00.547 1120 16876 I FlickerAlgo: [DoCmdDetect] type(0) n_win_h(3) n_win_w(6) win_wd(666) win_ht(742) cur_freq(50)
10-08 16:12:00.548 1120 16876 I FlickerAlgo: Freq_out = 3536332, 1388280, 4040165, 1338805, 1538256, 5371939, 2247468, 336384, 302049
10-08 16:12:00.549 1120 16834 I Hal3Av3 : [get] frmId(2158), IsConvert4MetaResult(2), ret(1), u1CaptureIntent(1), count(111, 35), AwbState(2) AeState(4) FlashState(2) AfState(2) Exp(30001000) ISO(9600) FrameDuration(33350000)
10-08 16:12:00.557 1120 16759 D AE_ALGO : [recfg_smooth_ctrl_v6_s] pline tale is null
10-08 16:12:00.558 1120 1628 E CamMidasService: [ERROR ] midasserviceintf.cpp:122 SetPowerFactor() m_pMIDASService is null
10-08 16:12:00.567 1120 7216 D AdaptCALTM: GetCustomParameters: No Nvram Content!
10-08 16:12:00.567 1120 7216 D AdaptCALTM: GetCustomParameters: No Nvram Content!
10-08 16:12:00.573 1120 16878 D AFAlgo : 4 70 0 :
10-08 16:12:00.582 1120 16834 I Hal3Av3 : [get] frmId(2159), IsConvert4MetaResult(2), ret(1), u1CaptureIntent(1), count(111, 35), AwbState(2) AeState(4) FlashState(2) AfState(2) Exp(30001000) ISO(9600) FrameDuration(33350000)
10-08 16:12:00.591 1120 16759 D AE_ALGO : [recfg_smooth_ctrl_v6_s] pline tale is null
10-08 16:12:00.592 1120 1628 E CamMidasService: [ERROR ] midasserviceintf.cpp:122 SetPowerFactor() m_pMIDASService is null
10-08 16:12:00.600 1120 7216 D AdaptCALTM: GetCustomParameters: No Nvram Content!
10-08 16:12:00.600 1120 7216 D AdaptCALTM: GetCustomParameters: No Nvram Content!
10-08 16:12:00.607 1120 16878 D AFAlgo : 4 70 0 :
10-08 16:12:00.614 1120 16834 I Hal3Av3 : [get] frmId(2160), IsConvert4MetaResult(2), ret(1), u1CaptureIntent(1), count(111, 35), AwbState(2) AeState(4) FlashState(2) AfState(2) Exp(30001000) ISO(9600) FrameDuration(33350000)
10-08 16:12:00.624 1120 16759 D AE_ALGO : [recfg_smooth_ctrl_v6_s] pline tale is null
10-08 16:12:00.625 1120 1628 E CamMidasService: [ERROR ] midasserviceintf.cpp:122 SetPowerFactor() m_pMIDASService is null
10-08 16:12:00.634 1120 7216 D AdaptCALTM: GetCustomParameters: No Nvram Content!
10-08 16:12:00.634 1120 7216 D AdaptCALTM: GetCustomParameters: No Nvram Content!
10-08 16:12:00.640 1120 16878 D AFAlgo : 4 70 0 :
10-08 16:12:00.648 1120 16834 I Hal3Av3 : [get] frmId(2161), IsConvert4MetaResult(2), ret(1), u1CaptureIntent(1), count(111, 35), AwbState(2) AeState(4) FlashState(2) AfState(2) Exp(30001000) ISO(9600) FrameDuration(33350000)
10-08 16:12:00.657 1120 16759 D AE_ALGO : [recfg_smooth_ctrl_v6_s] pline tale is null
10-08 16:12:00.658 1120 1630 E CamMidasService: [ERROR ] midasserviceintf.cpp:122 SetPowerFactor() m_pMIDASService is null
10-08 16:12:00.665 1048 3380 W ServiceManager: Permission failure: android.permission.SYSTEM_CAMERA from uid=10108 pid=14114
10-08 16:12:00.666 1048 3380 I chatty : uid=1047(cameraserver) Binder:1048_5 identical 1 line
10-08 16:12:00.666 1048 3380 W ServiceManager: Permission failure: android.permission.SYSTEM_CAMERA from uid=10108 pid=14114
10-08 16:12:00.667 1120 7216 D AdaptCALTM: GetCustomParameters: No Nvram Content!
10-08 16:12:00.667 1120 7216 D AdaptCALTM: GetCustomParameters: No Nvram Content!
10-08 16:12:00.673 1120 16878 D AFAlgo : 4 70 0 :
10-08 16:12:00.681 1120 16834 I Hal3Av3 : [get] frmId(2162), IsConvert4MetaResult(2), ret(1), u1CaptureIntent(1), count(111, 35), AwbState(2) AeState(4) FlashState(2) AfState(2) Exp(30001000) ISO(9600) FrameDuration(33350000)
10-08 16:12:00.690 1120 16759 D AE_ALGO : [recfg_smooth_ctrl_v6_s] pline tale is null
10-08 16:12:00.691 1120 1630 E CamMidasService: [ERROR ] midasserviceintf.cpp:122 SetPowerFactor() m_pMIDASService is null
10-08 16:12:00.699 1120 7216 D AdaptCALTM: GetCustomParameters: No Nvram Content!
10-08 16:12:00.699 1120 7216 D AdaptCALTM: GetCustomParameters: No Nvram Content!
10-08 16:12:00.706 1120 16878 D AFAlgo : 4 70 0 :
10-08 16:12:00.714 1120 16834 I Hal3Av3 : [get] frmId(2163), IsConvert4MetaResult(2), ret(1), u1CaptureIntent(1), count(111, 35), AwbState(2) AeState(4) FlashState(2) AfState(2) Exp(30001000) ISO(9600) FrameDuration(33350000)
10-08 16:12:00.724 1120 16759 D AE_ALGO : [recfg_smooth_ctrl_v6_s] pline tale is null
10-08 16:12:00.725 1120 1630 E CamMidasService: [ERROR ] midasserviceintf.cpp:122 SetPowerFactor() m_pMIDASService is null
10-08 16:12:00.733 1120 7216 D AdaptCALTM: GetCustomParameters: No Nvram Content!
10-08 16:12:00.733 1120 7216 D AdaptCALTM: GetCustomParameters: No Nvram Content!
10-08 16:12:00.740 1120 16878 D AFAlgo : 4 70 0 :
10-08 16:12:00.748 1120 16834 I Hal3Av3 : [get] frmId(2164), IsConvert4MetaResult(2), ret(1), u1CaptureIntent(1), count(111, 35), AwbState(2) AeState(4) FlashState(2) AfState(2) Exp(30001000) ISO(9600) FrameDuration(33350000)
10-08 16:12:00.757 1120 16759 D AE_ALGO : [recfg_smooth_ctrl_v6_s] pline tale is null
10-08 16:12:00.758 1120 1630 E CamMidasService: [ERROR ] midasserviceintf.cpp:122 SetPowerFactor() m_pMIDASService is null
10-08 16:12:00.766 1120 7216 D AdaptCALTM: GetCustomParameters: No Nvram Content!
10-08 16:12:00.766 1120 7216 D AdaptCALTM: GetCustomParameters: No Nvram Content!
10-08 16:12:00.773 1120 16878 D AFAlgo : 4 70 0 :
10-08 16:12:00.781 1120 16834 I Hal3Av3 : [get] frmId(2165), IsConvert4MetaResult(2), ret(1), u1CaptureIntent(1), count(111, 35), AwbState(2) AeState(4) FlashState(2) AfState(2) Exp(30001000) ISO(9600) FrameDuration(33350000)
10-08 16:12:00.791 1120 16759 D AE_ALGO : [recfg_smooth_ctrl_v6_s] pline tale is null
10-08 16:12:00.793 1120 1630 E CamMidasService: [ERROR ] midasserviceintf.cpp:122 SetPowerFactor() m_pMIDASService is null
10-08 16:12:00.799 1048 13291 E Camera2Client: notifyError: Error condition 6 reported by HAL, requestId -1
10-08 16:12:00.799 1120 7240 I mtkpower_client: perf_lock_acq, hdl:0, dur:500, num:4, tid:7240
10-08 16:12:00.800 1120 7240 I mtkpower_client: ret_hdl:2638
10-08 16:12:00.800 1120 7216 D AdaptCALTM: GetCustomParameters: No Nvram Content!
10-08 16:12:00.800 1120 7216 D AdaptCALTM: GetCustomParameters: No Nvram Content!
10-08 16:12:00.800 1120 7240 I MtkCam/ppl_context: [beginFlush] + <4Cell/0>
10-08 16:12:00.800 1120 7240 I mtkcam-InFlightRequest: [abort] +
10-08 16:12:00.800 1120 7240 I mtkcam-InFlightRequest: [abort] - frames:{ 2168 2167 2166 2165 2164 2163 } being aborted (#6 in-flight frames)
10-08 16:12:00.800 1120 7240 I MtkCam/ppl_context: [kickRootNodes] [requestNo:2169 frameNo:2168] last frame
10-08 16:12:00.800 1120 7240 I MtkCam/ppl_context: [kickRootNodes] kick 0x1 +
10-08 16:12:00.800 1120 7240 I MtkCam/P1NodeImp: [kick] [Cam::0] cnt(1)
10-08 16:12:00.800 1120 7240 I MtkCam/P1NodeImp: [kick] [Cam::0] KICK - [Num Q:2169 M:2169 F:2167 R:2168 @0][Type:1 Out:x114184 Rec:x0 Raw:1 Cap:0 Exe:1 Flush:x0]
10-08 16:12:00.800 1120 7240 I MtkCam/ppl_context: [kickRootNodes] kick 0x1 - err:0
10-08 16:12:00.800 1120 7240 I MtkCam/P1NodeImp: [hardwareOps_stop] [Cam::0] Cam::0 Req=2169 Set=2168 Enq=2168 Deq=2165 Out=2165
10-08 16:12:00.800 1120 7240 W ifunc_cam_buf: [_disable] WARNING: [0x0]:BUF_CTRL_AAO: dma:8: disable FBC at streaming
10-08 16:12:00.800 1120 7240 W ifunc_cam_buf: [_disable] WARNING: [0x0]:BUF_CTRL_AAHO: dma:9: disable FBC at streaming
10-08 16:12:00.800 1120 7240 W ifunc_cam_buf: [_disable] WARNING: [0x0]:BUF_CTRL_AFO: dma:10: disable FBC at streaming
10-08 16:12:00.800 1120 7240 W ifunc_cam_buf: [_disable] WARNING: [0x0]:BUF_CTRL_FLKO: dma:12: disable FBC at streaming
10-08 16:12:00.800 1120 7240 W ifunc_cam_buf: [_disable] WARNING: [0x0]:BUF_CTRL_TSFSO: dma:7: disable FBC at streaming
10-08 16:12:00.800 1120 7240 W ifunc_cam_buf: [_disable] WARNING: [0x0]:BUF_CTRL_LTMSO: dma:15: disable FBC at streaming
10-08 16:12:00.801 1120 7240 W aaa_hal_sttCtrl: [resume]
10-08 16:12:00.801 1120 7240 I MtkCam/P1NodeImp: [hardwareOps_stop] [Cam::0] mpCamIO->abort +++
10-08 16:12:00.801 1120 16877 E pdo_buf_mgr: [dequeueHwBuf] dev(1), PD data path(2), camsvSttPipe is not exist!! (dequeueHwBuf){#779:vendor/mediatek/proprietary/hardware/mtkcam/aaa/source/isp_6s/buf_mgr/PDOBufMgr.cpp}
10-08 16:12:00.801 1120 7240 W path_cam: [stop] WARNING: [0x0]:stop:: CAM_BUF_CTRL::m_CamState[0x0]=0x0 this->m_FSM=0x2
10-08 16:12:00.802 1120 16842 W TwinMgr_buf: [deque] WARNING: [deque]master: cam:0x0 dma(0x0) under stop
10-08 16:12:00.802 808 870 I libPowerHal: [perfLockAcq] idx:1 hdl:2638 hint:-1 pid:1120 duration:500 => ret_hdl:2638
10-08 16:12:00.802 808 870 I libPowerHal: [PE] scn:1 hdl:2638 lock_user:camerahalserver pid:1120 tid:7240 dur:500
10-08 16:12:00.802 1120 16842 W NormalPipe_Thread: [ispDequeThread] WARNING: deqThread leave:dequeResponse already stopped
10-08 16:12:00.802 1120 16834 W NormalPipe: [deque] WARNING: N:0 dma:x6 deque, already stopped
10-08 16:12:00.803 808 870 I libPowerHal: camerahalserver: cpu_ctrl set cpu freq: 2000000 -1 2000000 -1
10-08 16:12:00.803 808 870 I libPowerHal: [PE] camerahalserver update cmd:1000000, param:0
10-08 16:12:00.803 808 870 I libPowerHal: [PE] camerahalserver update cmd:1000000 param:0
10-08 16:12:00.803 1120 7240 D SeninfDrv: [sendCommand]CMD_SENINF_CAM_MUX_SUSPEND mCamMuxUsage 0, -1, -1, -1, -1, 3, -1, -1, -1, -1, -1, -1, -1
10-08 16:12:00.803 1120 7240 D SeninfDrv: [disableCamMUX]SENINF_CAM_MUX_EN 0xe020 cam_mux 0 SENINF_CAM_MUX_IRQ_EN 0xc00 SENINF_CAM_MUX_IRQ_STATUS 0x802
10-08 16:12:00.803 1120 7240 D SeninfDrv: [sendCommand]CMD_SENINF_CAM_MUX_SUSPEND mCamMuxUsage 255, -1, -1, -1, -1, 3, -1, -1, -1, -1, -1, -1, -1
10-08 16:12:00.803 1120 7240 D SeninfDrv: [disableCamMUX]SENINF_CAM_MUX_EN 0xe000 cam_mux 5 SENINF_CAM_MUX_IRQ_EN 0x0 SENINF_CAM_MUX_IRQ_STATUS 0x802
10-08 16:12:00.803 1120 7240 D SeninfDrv: [reset]reset
10-08 16:12:00.803 1120 7240 I MtkCam/P1NodeImp: [hardwareOps_stop] [Cam::0] mpCamIO->abort ---
10-08 16:12:00.804 1120 7240 W aaa_hal_sttCtrl: [abortDeque]
10-08 16:12:00.804 1120 16756 W mtkcam-AppStreamMgr: [0-FrameHandler::operator()] [Meta Stream Buffer] Error happens... - requestNo:2165 streamId:0x100000020 App:Meta:DynamicP1_main1
10-08 16:12:00.804 1120 16837 I MtkCam/P2/MWFrame: [releaseFrameStream] P2S cam 0 MWFrame:#2164 MWReq:#2165, frame 0 : Node0x15 Flush FrameNo(2164)
10-08 16:12:00.804 1120 16876 W sttiopipe: [dequeOutBuf] WARNING: waitBufRdy:VF_EN=0, dma(0x8)
10-08 16:12:00.804 1120 16876 W StatisticPipe: [deque] WARNING: TG1 deque port_12:already stopped
10-08 16:12:00.804 1120 16876 E aao_buf_mgr: [dequeueHwBuf] m_pSttPipe AAO deque fail, skip m_pSttPipe AAHO deque
10-08 16:12:00.804 1120 16876 E aao_buf_mgr: (dequeueHwBuf){#326:vendor/mediatek/proprietary/hardware/mtkcam/aaa/source/isp_6s/buf_mgr/AAOBufMgr.cpp}
10-08 16:12:00.804 1120 16876 E aao_buf_mgr: [dequeueHwBuf] m_pSttPipe deque success, but AAOsize is 0
10-08 16:12:00.804 1120 16876 E aao_buf_mgr: (dequeueHwBuf){#338:vendor/mediatek/proprietary/hardware/mtkcam/aaa/source/isp_6s/buf_mgr/AAOBufMgr.cpp}
10-08 16:12:00.804 1120 16878 W sttiopipe: [dequeOutBuf] WARNING: waitBufRdy:VF_EN=0, dma(0xa)
10-08 16:12:00.804 1120 16878 W StatisticPipe: [deque] WARNING: TG1 deque port_13:already stopped
10-08 16:12:00.804 1120 16759 W TaskMgr : [sendEvent] TaskEvent:PreivewEnd
10-08 16:12:00.804 1120 16837 W MtkCam/streambuf: [markUserStatus] Hal:Meta:P2:Dynamic:0x10000001b:0xb4000075c8d771e0 producer:0x15 released w/o using -> ERROR buffer - user status:0x8:0x8
10-08 16:12:00.804 1120 16759 W aaa_hal_sttCtrl: [stopStt]
10-08 16:12:00.804 1120 16837 W MtkCam/streambuf: [markUserStatus] App:Meta:DynamicP2:0x100000023:0xb4000075c8d74620 producer:0x15 released w/o using -> ERROR buffer - user status:0x8:0x8
10-08 16:12:00.804 1120 16837 W MtkCam/streambuf: [markUserStatus] s0:d0:App:YCrCb_420_SP:0|HW_TEXTURE:0:0xb4000075b7e12500 producer:0x15 released w/o using -> ERROR buffer - user status:0x8:0x8
10-08 16:12:00.804 1120 16759 W TaskMgr : [sendEvent] Sync 3A End
10-08 16:12:00.804 1120 16837 W MtkCam/streambuf: [markUserStatus] s1:d0:App:YCrCb_420_SP:0|SW_READ_OFTEN:0x1:0xb4000075927a6e80 producer:0x15 released w/o using -> ERROR buffer - user status:0x8:0x8
10-08 16:12:00.804 1120 16756 W mtkcam-AppStreamMgr: [0-FrameHandler::operator()] [Meta Stream Buffer] Error happens... - requestNo:2165 streamId:0x100000023 App:Meta:DynamicP2
10-08 16:12:00.804 1120 16759 D AppAISHUTTERME: Reset
10-08 16:12:00.804 1120 16759 D AppAISHUTTERME: destroyInstance
10-08 16:12:00.804 1120 16759 D AppAISHUTTERME: destructor
10-08 16:12:00.804 1120 16756 W mtkcam-AppStreamMgr: [0-FrameHandler::operator()] [Image Stream Buffer] Error happens and all users release - requestNo:2165 streamId:0 s0:d0:App:YCrCb_420_SP:0|HW_TEXTURE state:IN-FLIGHT->ERROR
10-08 16:12:00.804 1120 16756 W mtkcam-AppStreamMgr: [0-FrameHandler::operator()] [Image Stream Buffer] Error happens and all users release - requestNo:2165 streamId:0x1 s1:d0:App:YCrCb_420_SP:0|SW_READ_OFTEN state:IN-FLIGHT->ERROR
10-08 16:12:00.804 1120 16756 W mtkcam-AppStreamMgr: [0-FrameHandler::updateCallback] requestNo:2165 Request Error
10-08 16:12:00.804 1120 16837 W MtkCam/streambuf: [markUserStatus] App:Meta:FD:0x100000025:0xb4000075c8d74d20 producer:0x16 released w/o using -> ERROR buffer - user status:0x8:0x8
10-08 16:12:00.804 1120 16756 W mtkcam-AppStreamMgr: [0-FrameHandler::updateCallback] requestNo 2165 is removed before shutter callbacked, there MUST have error frames or meta be sent for the request
10-08 16:12:00.805 1120 16756 W mtkcam-AppStreamMgr: [0-FrameHandler::updateResult] requestNo:2165 is not in FrameQueue; FrameQueue: 2164 2166 2167 2168 2169; ResultQueue: 2165
10-08 16:12:00.805 1048 1248 W Camera2Client: notifyError: Received recoverable error 3 from HAL - ignoring, requestId 10000001
10-08 16:12:00.805 1120 16756 W mtkcam-AppStreamMgr: [0-FrameHandler::operator()] [Meta Stream Buffer] Error happens... - requestNo:2166 streamId:0x100000020 App:Meta:DynamicP1_main1
10-08 16:12:00.805 1120 16837 I MtkCam/P2/MWFrame: [releaseFrameStream] P2S cam 0 MWFrame:#2165 MWReq:#2166, frame 0 : Node0x15 Flush FrameNo(2165)
10-08 16:12:00.805 1120 16837 W MtkCam/streambuf: [markUserStatus] Hal:Meta:P2:Dynamic:0x10000001b:0xb4000075c8d79be0 producer:0x15 released w/o using -> ERROR buffer - user status:0x8:0x8
10-08 16:12:00.805 1120 16837 W MtkCam/streambuf: [markUserStatus] App:Meta:DynamicP2:0x100000023:0xb4000075c8d73820 producer:0x15 released w/o using -> ERROR buffer - user status:0x8:0x8
10-08 16:12:00.805 1120 16837 W MtkCam/streambuf: [markUserStatus] s0:d0:App:YCrCb_420_SP:0|HW_TEXTURE:0:0xb4000075b7e13b80 producer:0x15 released w/o using -> ERROR buffer - user status:0x8:0x8
10-08 16:12:00.805 1120 16837 W MtkCam/streambuf: [markUserStatus] s1:d0:App:YCrCb_420_SP:0|SW_READ_OFTEN:0x1:0xb4000075b7e12780 producer:0x15 released w/o using -> ERROR buffer - user status:0x8:0x8
10-08 16:12:00.806 1120 16756 W mtkcam-AppStreamMgr: [0-FrameHandler::operator()] [Meta Stream Buffer] Error happens... - requestNo:2166 streamId:0x100000023 App:Meta:DynamicP2
10-08 16:12:00.806 1120 16756 W mtkcam-AppStreamMgr: [0-FrameHandler::operator()] [Image Stream Buffer] Error happens and all users release - requestNo:2166 streamId:0 s0:d0:App:YCrCb_420_SP:0|HW_TEXTURE state:IN-FLIGHT->ERROR
10-08 16:12:00.806 1120 16756 W mtkcam-AppStreamMgr: [0-FrameHandler::operator()] [Image Stream Buffer] Error happens and all users release - requestNo:2166 streamId:0x1 s1:d0:App:YCrCb_420_SP:0|SW_READ_OFTEN state:IN-FLIGHT->ERROR
10-08 16:12:00.806 1120 16756 W mtkcam-AppStreamMgr: [0-FrameHandler::updateCallback] requestNo:2166 Request Error
10-08 16:12:00.806 1120 16756 W mtkcam-AppStreamMgr: [0-FrameHandler::updateCallback] requestNo 2166 is removed before shutter callbacked, there MUST have error frames or meta be sent for the request
10-08 16:12:00.806 1120 16837 W MtkCam/streambuf: [markUserStatus] App:Meta:FD:0x100000025:0xb4000075c8d755e0 producer:0x16 released w/o using -> ERROR buffer - user status:0x8:0x8
10-08 16:12:00.806 1551 1814 W ActivityManager: Unable to start service Intent { cmp=com.android.mms/com.oppo.push.UpdateServiceNumberJobService (has extras) } U=0: not found
10-08 16:12:00.806 1048 1248 W Camera2Client: notifyError: Received recoverable error 3 from HAL - ignoring, requestId 10000001
10-08 16:12:00.806 1120 16756 W mtkcam-AppStreamMgr: [0-FrameHandler::updateResult] requestNo:2166 is not in FrameQueue; FrameQueue: 2164 2167 2168 2169; ResultQueue: 2166
10-08 16:12:00.806 1551 1814 D JobScheduler: Error executing JobStatus{79ef9c1 #u0a61/110 com.android.mms/com.oppo.push.UpdateServiceNumberJobService u=0 s=10061 TIME=-5h57m17s703ms:-5h57m17s703ms PERIODIC PERSISTED READY}
10-08 16:12:00.806 1120 16756 W mtkcam-AppStreamMgr: [0-FrameHandler::operator()] [Meta Stream Buffer] Error happens... - requestNo:2167 streamId:0x100000020 App:Meta:DynamicP1_main1
10-08 16:12:00.807 1120 16837 I MtkCam/P2/MWFrame: [releaseFrameStream] P2S cam 0 MWFrame:#2166 MWReq:#2167, frame 0 : Node0x15 Flush FrameNo(2166)
10-08 16:12:00.807 1120 16837 W MtkCam/streambuf: [markUserStatus] Hal:Meta:P2:Dynamic:0x10000001b:0xb4000075c8d76e60 producer:0x15 released w/o using -> ERROR buffer - user status:0x8:0x8
10-08 16:12:00.807 1120 16837 W MtkCam/streambuf: [markUserStatus] App:Meta:DynamicP2:0x100000023:0xb4000075c8d74460 producer:0x15 released w/o using -> ERROR buffer - user status:0x8:0x8
10-08 16:12:00.807 1120 16837 W MtkCam/streambuf: [markUserStatus] s0:d0:App:YCrCb_420_SP:0|HW_TEXTURE:0:0xb4000075927a4400 producer:0x15 released w/o using -> ERROR buffer - user status:0x8:0x8
10-08 16:12:00.807 1120 16837 W MtkCam/streambuf: [markUserStatus] s1:d0:App:YCrCb_420_SP:0|SW_READ_OFTEN:0x1:0xb4000075bae82100 producer:0x15 released w/o using -> ERROR buffer - user status:0x8:0x8
10-08 16:12:00.807 1120 16756 W mtkcam-AppStreamMgr: [0-FrameHandler::operator()] [Meta Stream Buffer] Error happens... - requestNo:2167 streamId:0x100000023 App:Meta:DynamicP2
10-08 16:12:00.807 1120 16756 W mtkcam-AppStreamMgr: [0-FrameHandler::operator()] [Image Stream Buffer] Error happens and all users release - requestNo:2167 streamId:0 s0:d0:App:YCrCb_420_SP:0|HW_TEXTURE state:IN-FLIGHT->ERROR
10-08 16:12:00.807 1120 16756 W mtkcam-AppStreamMgr: [0-FrameHandler::operator()] [Image Stream Buffer] Error happens and all users release - requestNo:2167 streamId:0x1 s1:d0:App:YCrCb_420_SP:0|SW_READ_OFTEN state:IN-FLIGHT->ERROR
10-08 16:12:00.807 1120 16756 W mtkcam-AppStreamMgr: [0-FrameHandler::updateCallback] requestNo:2167 Request Error
10-08 16:12:00.807 1120 16756 W mtkcam-AppStreamMgr: [0-FrameHandler::updateCallback] requestNo 2167 is removed before shutter callbacked, there MUST have error frames or meta be sent for the request
10-08 16:12:00.807 1120 16837 W MtkCam/streambuf: [markUserStatus] App:Meta:FD:0x100000025:0xb4000075c8d75420 producer:0x16 released w/o using -> ERROR buffer - user status:0x8:0x8
10-08 16:12:00.807 1120 16756 W mtkcam-AppStreamMgr: [0-FrameHandler::updateResult] requestNo:2167 is not in FrameQueue; FrameQueue: 2164 2168 2169; ResultQueue: 2167
10-08 16:12:00.807 1048 1248 W Camera2Client: notifyError: Received recoverable error 3 from HAL - ignoring, requestId 10000001
10-08 16:12:00.807 1551 1814 W ActivityManager: Unable to start service Intent { cmp=com.coloros.deepthinker/com.coloros.proton.learn.schedule.TrainJobService (has extras) } U=0: not found
10-08 16:12:00.808 1120 16837 I MtkCam/P2/MWFrame: [releaseFrameStream] P2S cam 0 MWFrame:#2167 MWReq:#2168, frame 0 : Node0x15 Flush FrameNo(2167)
10-08 16:12:00.808 1120 16756 W mtkcam-AppStreamMgr: [0-FrameHandler::operator()] [Meta Stream Buffer] Error happens... - requestNo:2168 streamId:0x100000020 App:Meta:DynamicP1_main1
10-08 16:12:00.808 1120 16837 W MtkCam/streambuf: [markUserStatus] Hal:Meta:P2:Dynamic:0x10000001b:0xb4000075c8db2ba0 producer:0x15 released w/o using -> ERROR buffer - user status:0x8:0x8
