10-08 16:11:32.622 1551 1904 V LightsService: setLight #0: color=#d2: brightnessMode=0
10-08 16:11:32.639 1551 1904 D DisplayManagerService: requestGlobalDisplayStateInterna l111(ON, brightness=190.0)
10-08 16:11:32.639 1551 1904 D DisplayManagerService: requestGlobalDisplayState(ON, brightness=190.0)
10-08 16:11:32.641 1551 1904 D ScreenMode: enter DC and low brightness mode:true
10-08 16:11:32.641 1551 1904 E LightsService: baseSetLightLocked(0, 190, 0, 0)
10-08 16:11:32.641 1551 1904 V LightsService: setLight #0: color=#be: brightnessMode=0
10-08 16:11:32.642 1551 1904 D OppoBaseLightsService: notifyFlingerLight color=190code=21005
10-08 16:11:32.655 1551 1904 D DisplayManagerService: requestGlobalDisplayStateInterna l111(ON, brightness=170.0)
10-08 16:11:32.655 1551 1904 D DisplayManagerService: requestGlobalDisplayState(ON, brightness=170.0)
10-08 16:11:32.655 1551 1904 E LightsService: baseSetLightLocked(0, 170, 0, 0)
10-08 16:11:32.655 1551 1904 V LightsService: setLight #0: color=#aa: brightnessMode=0
10-08 16:11:32.671 1551 1904 D DisplayManagerService: requestGlobalDisplayStateInterna l111(ON, brightness=150.0)
10-08 16:11:32.672 1551 1904 D DisplayManagerService: requestGlobalDisplayState(ON, brightness=150.0)
10-08 16:11:32.672 1551 1904 E LightsService: baseSetLightLocked(0, 150, 0, 0)
10-08 16:11:32.672 1551 1904 V LightsService: setLight #0: color=#96: brightnessMode=0
10-08 16:11:32.688 1551 1904 D DisplayManagerService: requestGlobalDisplayStateInterna l111(ON, brightness=130.0)
10-08 16:11:32.688 1551 1904 D DisplayManagerService: requestGlobalDisplayState(ON, brightness=130.0)
10-08 16:11:32.688 1551 1904 E LightsService: baseSetLightLocked(0, 130, 0, 0)
10-08 16:11:32.688 1551 1904 V LightsService: setLight #0: color=#82: brightnessMode=0
10-08 16:11:32.704 1551 1904 D DisplayManagerService: requestGlobalDisplayStateInterna l111(ON, brightness=110.0)
10-08 16:11:32.704 1551 1904 D DisplayManagerService: requestGlobalDisplayState(ON, brightness=110.0)
10-08 16:11:32.704 1551 1904 E LightsService: baseSetLightLocked(0, 110, 0, 0)
10-08 16:11:32.704 1551 1904 V LightsService: setLight #0: color=#6e: brightnessMode=0
10-08 16:11:32.705 1551 1904 D OplusFeatureDCBacklight: notifySfRepaintEverything begin mCurrentDCMode:-1
10-08 16:11:32.721 1551 1904 D DisplayManagerService: requestGlobalDisplayStateInterna l111(ON, brightness=90.0)
10-08 16:11:32.721 1551 1904 D DisplayManagerService: requestGlobalDisplayState(ON, brightness=90.0)
10-08 16:11:32.721 1551 1904 E LightsService: baseSetLightLocked(0, 90, 0, 0)
10-08 16:11:32.721 1551 1904 V LightsService: setLight #0: color=#5a: brightnessMode=0
10-08 16:11:32.722 1551 1904 D OplusFeatureDCBacklight: notifySfRepaintEverything begin mCurrentDCMode:-1
10-08 16:11:32.737 1551 1904 D DisplayManagerService: requestGlobalDisplayStateInterna l111(ON, brightness=70.0)
10-08 16:11:32.737 1551 1904 D DisplayManagerService: requestGlobalDisplayState(ON, brightness=70.0)
10-08 16:11:32.737 1551 1904 E LightsService: baseSetLightLocked(0, 70, 0, 0)
10-08 16:11:32.737 1551 1904 V LightsService: setLight #0: color=#46: brightnessMode=0
10-08 16:11:32.738 1551 1904 D OplusFeatureDCBacklight: notifySfRepaintEverything begin mCurrentDCMode:-1
10-08 16:11:32.753 1551 1904 D DisplayManagerService: requestGlobalDisplayStateInterna l111(ON, brightness=50.0)
10-08 16:11:32.754 1551 1904 D DisplayManagerService: requestGlobalDisplayState(ON, brightness=50.0)
10-08 16:11:32.754 1551 1904 E LightsService: baseSetLightLocked(0, 50, 0, 0)
10-08 16:11:32.754 1551 1904 V LightsService: setLight #0: color=#32: brightnessMode=0
10-08 16:11:32.754 1551 1904 D OplusFeatureDCBacklight: notifySfRepaintEverything begin mCurrentDCMode:-1
10-08 16:11:32.770 1551 1904 D DisplayManagerService: requestGlobalDisplayStateInterna l111(ON, brightness=30.0)
10-08 16:11:32.770 1551 1904 D DisplayManagerService: requestGlobalDisplayState(ON, brightness=30.0)
10-08 16:11:32.770 1551 1904 E LightsService: baseSetLightLocked(0, 30, 0, 0)
10-08 16:11:32.770 1551 1904 V LightsService: setLight #0: color=#1e: brightnessMode=0
10-08 16:11:32.771 1551 1904 D OplusFeatureDCBacklight: notifySfRepaintEverything begin mCurrentDCMode:-1
10-08 16:11:32.786 1551 1904 D DisplayManagerService: requestGlobalDisplayStateInterna l111(ON, brightness=10.0)
10-08 16:11:32.787 1551 1904 D DisplayManagerService: requestGlobalDisplayState(ON, brightness=10.0)
10-08 16:11:32.787 1551 1904 E LightsService: baseSetLightLocked(0, 10, 0, 0)
10-08 16:11:32.787 1551 1904 V LightsService: setLight #0: color=#a: brightnessMode=0
10-08 16:11:32.788 1551 1904 D OppoBaseLightsService: notifyFlingerLight color=10code=21005
10-08 16:11:32.788 1551 1904 D OplusFeatureDCBacklight: notifySfRepaintEverything begin mCurrentDCMode:-1
10-08 16:11:32.803 1551 1904 D DisplayManagerService: requestGlobalDisplayStateInterna l111(ON, brightness=7.0)
10-08 16:11:32.803 1551 1604 D DisplayPowerController: animateScreenBrightness = 7.0
10-08 16:11:32.803 1551 1904 D DisplayManagerService: requestGlobalDisplayState(ON, brightness=7.0)
10-08 16:11:32.803 1551 1904 E LightsService: baseSetLightLocked(0, 7, 0, 0)
10-08 16:11:32.803 1551 1904 V LightsService: setLight #0: color=#7: brightnessMode=0
10-08 16:11:32.804 1551 1904 D OppoBaseLightsService: notifyFlingerLight color=7code=21005
10-08 16:11:32.804 1551 1904 D OplusFeatureDCBacklight: notifySfRepaintEverything begin mCurrentDCMode:-1
10-08 16:11:35.725 1551 1816 D BatteryLed: getLightInColorState, oppoLightMgr empty!
10-08 16:11:35.980 1551 1822 D JobScheduler.Temperature: get temperature=32.51
10-08 16:11:41.605 1551 1816 D BatteryLed: getLightInColorState, oppoLightMgr empty!
10-08 16:11:45.988 1551 1822 D JobScheduler.Temperature: get temperature=32.718
10-08 16:11:47.287 1551 1814 W ActivityManager: Unable to start service Intent { cmp=com.android.mms/com.oppo.push.UpdateServiceNumberJobService (has extras) } U=0: not found
10-08 16:11:47.287 1551 1814 D JobScheduler: Error executing JobStatus{79ef9c1 #u0a61/110 com.android.mms/com.oppo.push.UpdateServiceNumberJobService u=0 s=10061 TIME=-5h57m4s184ms:-5h57m4s184ms PERIODIC PERSISTED READY}
10-08 16:11:47.289 1551 1814 W ActivityManager: Unable to start service Intent { cmp=com.coloros.deepthinker/com.coloros.proton.learn.schedule.TrainJobService (has extras) } U=0: not found
10-08 16:11:47.289 1551 1814 D JobScheduler: Error executing JobStatus{c2fdf84 #1000/648162385 com.coloros.deepthinker/com.coloros.proton.learn.schedule.TrainJobService u=0 s=1000 TIME=-5h57m4s184ms:-5h57m4s184ms PERSISTED READY}
10-08 16:11:47.763 1551 1551 D OppoBaseBatteryService: send broadcast : oppo.intent.action.BATTERY_DATA_UPDATE
10-08 16:11:47.763 1551 1816 D BatteryLed: getLightInColorState, oppoLightMgr empty!
10-08 16:11:47.764 1551 1551 W ContextImpl: Calling a method in the system process without a qualified user: android.app.ContextImpl.sendBroadcast:1158 com.android.server.OppoBaseBatteryService$2.run:280 android.os.Handler.handleCallback:938 android.os.Handler.dispatchMessage:99 android.os.Looper.loop:264 --------- beginning of main
10-08 16:11:50.807 1120 7216 D AdaptCALTM: GetCustomParameters: No Nvram Content!
10-08 16:11:50.807 1120 7216 D AdaptCALTM: GetCustomParameters: No Nvram Content!
10-08 16:11:50.813 828 828 I BufferQueueProducer: [FramebufferSurface](this:0xb400007684a32ed0,id:-1,api:1,p:828,c:828) queueBuffer: fps=0.33 dur=3015.88 max=3015.88 min=3015.88
10-08 16:11:50.813 1120 16878 D AFAlgo : 4 70 0 :
10-08 16:11:50.822 1120 16834 I Hal3Av3 : [get] frmId(1867), IsConvert4MetaResult(2), ret(1), u1CaptureIntent(1), count(111, 35), AwbState(2) AeState(4) FlashState(2) AfState(2) Exp(30001000) ISO(9600) FrameDuration(33350000)
10-08 16:11:50.831 1120 16759 D AE_ALGO : [recfg_smooth_ctrl_v6_s] pline tale is null
10-08 16:11:50.832 1120 1628 E CamMidasService: [ERROR ] midasserviceintf.cpp:122 SetPowerFactor() m_pMIDASService is null
10-08 16:11:50.840 1120 7216 D AdaptCALTM: GetCustomParameters: No Nvram Content!
10-08 16:11:50.840 1120 7216 D AdaptCALTM: GetCustomParameters: No Nvram Content!
10-08 16:11:50.848 1120 16878 D AFAlgo : 4 70 0 :
10-08 16:11:50.855 1120 16876 I FlickerAlgo: [flk_SendCmd] CMD_DETECT
10-08 16:11:50.855 1120 16876 I FlickerAlgo: [DoCmdDetect] type(0) n_win_h(3) n_win_w(6) win_wd(666) win_ht(742) cur_freq(50)
10-08 16:11:50.855 1120 16876 I FlickerAlgo: Freq_out = 51698, 375178, 512500, 128781, 284125, 3927170, 6036277, 526717, 5506308
10-08 16:11:50.856 1120 16834 I Hal3Av3 : [get] frmId(1868), IsConvert4MetaResult(2), ret(1), u1CaptureIntent(1), count(111, 35), AwbState(2) AeState(4) FlashState(2) AfState(2) Exp(30001000) ISO(9600) FrameDuration(33350000)
10-08 16:11:50.864 1120 16759 D AE_ALGO : [recfg_smooth_ctrl_v6_s] pline tale is null
10-08 16:11:50.866 1120 1628 E CamMidasService: [ERROR ] midasserviceintf.cpp:122 SetPowerFactor() m_pMIDASService is null
10-08 16:11:50.872 1048 3380 W ServiceManager: Permission failure: android.permission.SYSTEM_CAMERA from uid=10108 pid=14114
10-08 16:11:50.872 1048 3380 I chatty : uid=1047(cameraserver) Binder:1048_5 identical 1 line
10-08 16:11:50.873 1048 3380 W ServiceManager: Permission failure: android.permission.SYSTEM_CAMERA from uid=10108 pid=14114
10-08 16:11:50.875 1120 7216 D AdaptCALTM: GetCustomParameters: No Nvram Content!
10-08 16:11:50.875 1120 7216 D AdaptCALTM: GetCustomParameters: No Nvram Content!
10-08 16:11:50.880 1120 16878 D AFAlgo : 4 70 0 :
10-08 16:11:50.888 1120 16834 I Hal3Av3 : [get] frmId(1869), IsConvert4MetaResult(2), ret(1), u1CaptureIntent(1), count(111, 35), AwbState(2) AeState(4) FlashState(2) AfState(2) Exp(30001000) ISO(9600) FrameDuration(33350000)
10-08 16:11:50.898 1120 16759 D AE_ALGO : [recfg_smooth_ctrl_v6_s] pline tale is null
10-08 16:11:50.899 1120 1628 E CamMidasService: [ERROR ] midasserviceintf.cpp:122 SetPowerFactor() m_pMIDASService is null
10-08 16:11:50.907 1120 7216 D AdaptCALTM: GetCustomParameters: No Nvram Content!
10-08 16:11:50.907 1120 7216 D AdaptCALTM: GetCustomParameters: No Nvram Content!
10-08 16:11:50.914 1120 16878 D AFAlgo : 4 70 0 :
10-08 16:11:50.922 1120 16834 I Hal3Av3 : [get] frmId(1870), IsConvert4MetaResult(2), ret(1), u1CaptureIntent(1), count(111, 35), AwbState(2) AeState(4) FlashState(2) AfState(2) Exp(30001000) ISO(9600) FrameDuration(33350000)
10-08 16:11:50.931 1120 16759 D AE_ALGO : [recfg_smooth_ctrl_v6_s] pline tale is null
10-08 16:11:50.932 1120 1628 E CamMidasService: [ERROR ] midasserviceintf.cpp:122 SetPowerFactor() m_pMIDASService is null
10-08 16:11:50.941 1120 7216 D AdaptCALTM: GetCustomParameters: No Nvram Content!
10-08 16:11:50.941 1120 7216 D AdaptCALTM: GetCustomParameters: No Nvram Content!
10-08 16:11:50.947 1120 16878 D AFAlgo : 4 70 0 :
10-08 16:11:50.955 1120 16834 I Hal3Av3 : [get] frmId(1871), IsConvert4MetaResult(2), ret(1), u1CaptureIntent(1), count(111, 35), AwbState(2) AeState(4) FlashState(2) AfState(2) Exp(30001000) ISO(9600) FrameDuration(33350000)
10-08 16:11:50.964 1120 16759 D AE_ALGO : [recfg_smooth_ctrl_v6_s] pline tale is null
10-08 16:11:50.966 1120 1628 E CamMidasService: [ERROR ] midasserviceintf.cpp:122 SetPowerFactor() m_pMIDASService is null
10-08 16:11:50.974 1120 7216 D AdaptCALTM: GetCustomParameters: No Nvram Content!
10-08 16:11:50.974 1120 7216 D AdaptCALTM: GetCustomParameters: No Nvram Content!
10-08 16:11:50.981 1120 16878 D AFAlgo : 4 70 0 :
10-08 16:11:50.989 1120 16834 I Hal3Av3 : [get] frmId(1872), IsConvert4MetaResult(2), ret(1), u1CaptureIntent(1), count(111, 35), AwbState(2) AeState(4) FlashState(2) AfState(2) Exp(30001000) ISO(9600) FrameDuration(33350000)
10-08 16:11:50.998 1120 16759 D AE_ALGO : [recfg_smooth_ctrl_v6_s] pline tale is null
10-08 16:11:50.999 1120 1628 E CamMidasService: [ERROR ] midasserviceintf.cpp:122 SetPowerFactor() m_pMIDASService is null
10-08 16:11:51.008 1120 7216 D AdaptCALTM: GetCustomParameters: No Nvram Content!
10-08 16:11:51.008 1120 7216 D AdaptCALTM: GetCustomParameters: No Nvram Content!
10-08 16:11:51.015 1120 16878 D AFAlgo : 4 70 0 :
10-08 16:11:51.022 1120 16834 I Hal3Av3 : [get] frmId(1873), IsConvert4MetaResult(2), ret(1), u1CaptureIntent(1), count(111, 35), AwbState(2) AeState(4) FlashState(2) AfState(2) Exp(30001000) ISO(9600) FrameDuration(33350000)
10-08 16:11:51.031 1120 16759 D AE_ALGO : [recfg_smooth_ctrl_v6_s] pline tale is null
10-08 16:11:51.033 1120 1628 E CamMidasService: [ERROR ] midasserviceintf.cpp:122 SetPowerFactor() m_pMIDASService is null
10-08 16:11:51.042 1120 7216 D AdaptCALTM: GetCustomParameters: No Nvram Content!
10-08 16:11:51.042 1120 7216 D AdaptCALTM: GetCustomParameters: No Nvram Content!
10-08 16:11:51.047 1120 16878 D AFAlgo : 4 70 0 :
10-08 16:11:51.056 1120 16834 I Hal3Av3 : [get] frmId(1874), IsConvert4MetaResult(2), ret(1), u1CaptureIntent(1), count(111, 35), AwbState(2) AeState(4) FlashState(2) AfState(2) Exp(30001000) ISO(9600) FrameDuration(33350000)
10-08 16:11:51.064 1120 16759 D AE_ALGO : [recfg_smooth_ctrl_v6_s] pline tale is null
10-08 16:11:51.066 1120 1628 E CamMidasService: [ERROR ] midasserviceintf.cpp:122 SetPowerFactor() m_pMIDASService is null
10-08 16:11:51.073 1120 7216 D AdaptCALTM: GetCustomParameters: No Nvram Content!
10-08 16:11:51.073 1120 7216 D AdaptCALTM: GetCustomParameters: No Nvram Content!
10-08 16:11:51.081 1120 16878 D AFAlgo : 4 70 0 :
10-08 16:11:51.088 1120 16834 I Hal3Av3 : [get] frmId(1875), IsConvert4MetaResult(2), ret(1), u1CaptureIntent(1), count(111, 35), AwbState(2) AeState(4) FlashState(2) AfState(2) Exp(30001000) ISO(9600) FrameDuration(33350000)
10-08 16:11:51.098 1120 16759 D AE_ALGO : [recfg_smooth_ctrl_v6_s] pline tale is null
10-08 16:11:51.100 1120 1628 E CamMidasService: [ERROR ] midasserviceintf.cpp:122 SetPowerFactor() m_pMIDASService is null
10-08 16:11:51.106 1120 7216 D AdaptCALTM: GetCustomParameters: No Nvram Content!
10-08 16:11:51.107 1120 7216 D AdaptCALTM: GetCustomParameters: No Nvram Content!
10-08 16:11:51.114 1120 16878 D AFAlgo : 4 70 0 :
10-08 16:11:51.122 1120 16834 I Hal3Av3 : [get] frmId(1876), IsConvert4MetaResult(2), ret(1), u1CaptureIntent(1), count(111, 35), AwbState(2) AeState(4) FlashState(2) AfState(2) Exp(30001000) ISO(9600) FrameDuration(33350000)
10-08 16:11:51.132 1120 16759 D AE_ALGO : [recfg_smooth_ctrl_v6_s] pline tale is null
10-08 16:11:51.134 1120 7240 E CamMidasService: [ERROR ] midasserviceintf.cpp:122 SetPowerFactor() m_pMIDASService is null
10-08 16:11:51.141 1120 7216 D AdaptCALTM: GetCustomParameters: No Nvram Content!
10-08 16:11:51.141 1120 7216 D AdaptCALTM: GetCustomParameters: No Nvram Content!
10-08 16:11:51.148 1120 16878 D AFAlgo : 4 70 0 :
10-08 16:11:51.148 1120 16878 D AFAlgo : [AFALGO_search_type] set type from 3 to 0, KeepLVDiff 0
10-08 16:11:51.156 1120 16834 I Hal3Av3 : [get] frmId(1877), IsConvert4MetaResult(2), ret(1), u1CaptureIntent(1), count(111, 35), AwbState(2) AeState(4) FlashState(2) AfState(2) Exp(30001000) ISO(9600) FrameDuration(33350000)
10-08 16:11:51.166 1120 16759 D AE_ALGO : [recfg_smooth_ctrl_v6_s] pline tale is null
10-08 16:11:51.167 1120 7240 E CamMidasService: [ERROR ] midasserviceintf.cpp:122 SetPowerFactor() m_pMIDASService is null
10-08 16:11:51.176 1120 7216 D AdaptCALTM: GetCustomParameters: No Nvram Content!
10-08 16:11:51.176 1120 7216 D AdaptCALTM: GetCustomParameters: No Nvram Content!
10-08 16:11:51.182 1120 16878 D AFAlgo : 4 70 0 :
10-08 16:11:51.183 1048 13291 W ServiceManager: Permission failure: android.permission.SYSTEM_CAMERA from uid=10108 pid=14114
10-08 16:11:51.184 1048 13291 I chatty : uid=1047(cameraserver) Binder:1048_8 identical 1 line
10-08 16:11:51.184 1048 13291 W ServiceManager: Permission failure: android.permission.SYSTEM_CAMERA from uid=10108 pid=14114
10-08 16:11:51.189 1120 16876 I FlickerAlgo: [flk_SendCmd] CMD_DETECT
10-08 16:11:51.189 1120 16876 I FlickerAlgo: [DoCmdDetect] type(0) n_win_h(3) n_win_w(6) win_wd(666) win_ht(742) cur_freq(50)
10-08 16:11:51.189 1120 16876 I FlickerAlgo: Freq_out = 4257999, 1145675, 1049642, 208103, 450820, 578517, 150518, 339382, 284558
10-08 16:11:51.190 1120 16834 I Hal3Av3 : [get] frmId(1878), IsConvert4MetaResult(2), ret(1), u1CaptureIntent(1), count(111, 35), AwbState(2) AeState(4) FlashState(2) AfState(2) Exp(30001000) ISO(9600) FrameDuration(33350000)
10-08 16:11:51.199 1120 16759 D AE_ALGO : [recfg_smooth_ctrl_v6_s] pline tale is null
10-08 16:11:51.200 1120 7240 E CamMidasService: [ERROR ] midasserviceintf.cpp:122 SetPowerFactor() m_pMIDASService is null
10-08 16:11:51.209 1120 7216 D AdaptCALTM: GetCustomParameters: No Nvram Content!
10-08 16:11:51.209 1120 7216 D AdaptCALTM: GetCustomParameters: No Nvram Content!
10-08 16:11:51.214 1120 16878 D AFAlgo : 4 70 0 :
10-08 16:11:51.223 1120 16834 I Hal3Av3 : [get] frmId(1879), IsConvert4MetaResult(2), ret(1), u1CaptureIntent(1), count(111, 35), AwbState(1) AeState(4) FlashState(2) AfState(2) Exp(30001000) ISO(9600) FrameDuration(33350000)
10-08 16:11:51.232 1120 16759 D AE_ALGO : [recfg_smooth_ctrl_v6_s] pline tale is null
10-08 16:11:51.233 1120 7240 E CamMidasService: [ERROR ] midasserviceintf.cpp:122 SetPowerFactor() m_pMIDASService is null
10-08 16:11:51.241 1120 7216 D AdaptCALTM: GetCustomParameters: No Nvram Content!
10-08 16:11:51.241 1120 7216 D AdaptCALTM: GetCustomParameters: No Nvram Content!
10-08 16:11:51.248 1120 16878 D AFAlgo : 4 70 0 :
10-08 16:11:51.256 1120 16834 I Hal3Av3 : [get] frmId(1880), IsConvert4MetaResult(2), ret(1), u1CaptureIntent(1), count(111, 35), AwbState(1) AeState(4) FlashState(2) AfState(2) Exp(30001000) ISO(9600) FrameDuration(33350000)
10-08 16:11:51.266 1120 16759 D AE_ALGO : [recfg_smooth_ctrl_v6_s] pline tale is null
10-08 16:11:51.267 1120 7240 E CamMidasService: [ERROR ] midasserviceintf.cpp:122 SetPowerFactor() m_pMIDASService is null
10-08 16:11:51.275 1120 7216 D AdaptCALTM: GetCustomParameters: No Nvram Content!
10-08 16:11:51.275 1120 7216 D AdaptCALTM: GetCustomParameters: No Nvram Content!
10-08 16:11:51.282 1120 16878 D AFAlgo : 4 70 0 :
10-08 16:11:51.289 1120 16834 I Hal3Av3 : [get] frmId(1881), IsConvert4MetaResult(2), ret(1), u1CaptureIntent(1), count(111, 35), AwbState(1) AeState(4) FlashState(2) AfState(2) Exp(30001000) ISO(9600) FrameDuration(33350000)
10-08 16:11:51.299 1120 16759 D AE_ALGO : [recfg_smooth_ctrl_v6_s] pline tale is null
10-08 16:11:51.300 1120 7240 E CamMidasService: [ERROR ] midasserviceintf.cpp:122 SetPowerFactor() m_pMIDASService is null
10-08 16:11:51.310 1120 7216 D AdaptCALTM: GetCustomParameters: No Nvram Content!
10-08 16:11:51.310 1120 7216 D AdaptCALTM: GetCustomParameters: No Nvram Content!
10-08 16:11:51.315 1120 16878 D AFAlgo : 4 70 0 :
10-08 16:11:51.324 1120 16834 I Hal3Av3 : [get] frmId(1882), IsConvert4MetaResult(2), ret(1), u1CaptureIntent(1), count(111, 35), AwbState(1) AeState(4) FlashState(2) AfState(2) Exp(30001000) ISO(9600) FrameDuration(33350000)
10-08 16:11:51.332 1120 16759 D AE_ALGO : [recfg_smooth_ctrl_v6_s] pline tale is null
10-08 16:11:51.334 1120 7240 E CamMidasService: [ERROR ] midasserviceintf.cpp:122 SetPowerFactor() m_pMIDASService is null
10-08 16:11:51.342 1120 7216 D AdaptCALTM: GetCustomParameters: No Nvram Content!
10-08 16:11:51.342 1120 7216 D AdaptCALTM: GetCustomParameters: No Nvram Content!
10-08 16:11:51.348 1120 16878 D AFAlgo : 4 70 0 :
10-08 16:11:51.357 1120 16834 I Hal3Av3 : [get] frmId(1883), IsConvert4MetaResult(2), ret(1), u1CaptureIntent(1), count(111, 35), AwbState(1) AeState(4) FlashState(2) AfState(2) Exp(30001000) ISO(9600) FrameDuration(33350000)
10-08 16:11:51.365 1120 16759 D AE_ALGO : [recfg_smooth_ctrl_v6_s] pline tale is null
10-08 16:11:51.367 1120 7240 E CamMidasService: [ERROR ] midasserviceintf.cpp:122 SetPowerFactor() m_pMIDASService is null
10-08 16:11:51.377 1120 7216 D AdaptCALTM: GetCustomParameters: No Nvram Content!
10-08 16:11:51.377 1120 7216 D AdaptCALTM: GetCustomParameters: No Nvram Content!
10-08 16:11:51.381 1120 16878 D AFAlgo : 4 70 0 :
10-08 16:11:51.390 1120 16834 I Hal3Av3 : [get] frmId(1884), IsConvert4MetaResult(2), ret(1), u1CaptureIntent(1), count(111, 35), AwbState(1) AeState(4) FlashState(2) AfState(2) Exp(30001000) ISO(9600) FrameDuration(33350000)
10-08 16:11:51.399 1120 16759 D AE_ALGO : [recfg_smooth_ctrl_v6_s] pline tale is null
10-08 16:11:51.400 1120 7240 E CamMidasService: [ERROR ] midasserviceintf.cpp:122 SetPowerFactor() m_pMIDASService is null
10-08 16:11:51.409 1120 7216 D AdaptCALTM: GetCustomParameters: No Nvram Content!
10-08 16:11:51.409 1120 7216 D AdaptCALTM: GetCustomParameters: No Nvram Content!
10-08 16:11:51.415 1120 16878 D AFAlgo : 4 70 0 :
10-08 16:11:51.423 1120 16834 I Hal3Av3 : [get] frmId(1885), IsConvert4MetaResult(2), ret(1), u1CaptureIntent(1), count(111, 35), AwbState(1) AeState(4) FlashState(2) AfState(2) Exp(30001000) ISO(9600) FrameDuration(33350000)
10-08 16:11:51.433 1120 16759 D AE_ALGO : [recfg_smooth_ctrl_v6_s] pline tale is null
10-08 16:11:51.434 1120 2106 E CamMidasService: [ERROR ] midasserviceintf.cpp:122 SetPowerFactor() m_pMIDASService is null
10-08 16:11:51.442 1120 7216 D AdaptCALTM: GetCustomParameters: No Nvram Content!
10-08 16:11:51.442 1120 7216 D AdaptCALTM: GetCustomParameters: No Nvram Content!
10-08 16:11:51.448 1120 16878 D AFAlgo : 4 70 0 :
10-08 16:11:51.457 1120 16834 I Hal3Av3 : [get] frmId(1886), IsConvert4MetaResult(2), ret(1), u1CaptureIntent(1), count(111, 35), AwbState(1) AeState(4) FlashState(2) AfState(2) Exp(30001000) ISO(9600) FrameDuration(33350000)
10-08 16:11:51.466 1120 16759 D AE_ALGO : [recfg_smooth_ctrl_v6_s] pline tale is null
10-08 16:11:51.467 1120 2106 E CamMidasService: [ERROR ] midasserviceintf.cpp:122 SetPowerFactor() m_pMIDASService is null
10-08 16:11:51.475 1120 7216 D AdaptCALTM: GetCustomParameters: No Nvram Content!
10-08 16:11:51.475 1120 7216 D AdaptCALTM: GetCustomParameters: No Nvram Content!
10-08 16:11:51.482 1120 16878 D AFAlgo : 4 70 0 :
10-08 16:11:51.491 1120 16834 I Hal3Av3 : [get] frmId(1887), IsConvert4MetaResult(2), ret(1), u1CaptureIntent(1), count(111, 35), AwbState(1) AeState(4) FlashState(2) AfState(2) Exp(30001000) ISO(9600) FrameDuration(33350000)
10-08 16:11:51.500 1120 16759 D AE_ALGO : [recfg_smooth_ctrl_v6_s] pline tale is null
10-08 16:11:51.502 1120 2106 E CamMidasService: [ERROR ] midasserviceintf.cpp:122 SetPowerFactor() m_pMIDASService is null
10-08 16:11:51.506 1048 3380 W ServiceManager: Permission failure: android.permission.SYSTEM_CAMERA from uid=10108 pid=14114
10-08 16:11:51.507 1048 3380 I chatty : uid=1047(cameraserver) Binder:1048_5 identical 1 line
10-08 16:11:51.507 1048 3380 W ServiceManager: Permission failure: android.permission.SYSTEM_CAMERA from uid=10108 pid=14114
10-08 16:11:51.509 1120 7216 D AdaptCALTM: GetCustomParameters: No Nvram Content!
10-08 16:11:51.509 1120 7216 D AdaptCALTM: GetCustomParameters: No Nvram Content!
10-08 16:11:51.516 1120 16878 D AFAlgo : 4 70 0 :
10-08 16:11:51.523 1120 16876 I FlickerAlgo: [flk_SendCmd] CMD_DETECT
10-08 16:11:51.523 1120 16876 I FlickerAlgo: [DoCmdDetect] type(0) n_win_h(3) n_win_w(6) win_wd(666) win_ht(742) cur_freq(50)
10-08 16:11:51.524 1120 16876 I FlickerAlgo: Freq_out = 34672, 1389123, 4401383, 724760, 1532068, 229123, 384203, 123256, 883962
10-08 16:11:51.524 1120 16834 I Hal3Av3 : [get] frmId(1888), IsConvert4MetaResult(2), ret(1), u1CaptureIntent(1), count(111, 35), AwbState(1) AeState(4) FlashState(2) AfState(2) Exp(30001000) ISO(9600) FrameDuration(33350000)
10-08 16:11:51.533 1120 16759 D AE_ALGO : [recfg_smooth_ctrl_v6_s] pline tale is null
10-08 16:11:51.534 1120 2106 E CamMidasService: [ERROR ] midasserviceintf.cpp:122 SetPowerFactor() m_pMIDASService is null
10-08 16:11:51.541 1120 7216 D AdaptCALTM: GetCustomParameters: No Nvram Content!
10-08 16:11:51.541 1120 7216 D AdaptCALTM: GetCustomParameters: No Nvram Content!
10-08 16:11:51.549 1120 16878 D AFAlgo : 4 70 0 :
10-08 16:11:51.557 1120 16834 I Hal3Av3 : [get] frmId(1889), IsConvert4MetaResult(2), ret(1), u1CaptureIntent(1), count(111, 35), AwbState(1) AeState(4) FlashState(2) AfState(2) Exp(30001000) ISO(9600) FrameDuration(33350000)
10-08 16:11:51.566 1120 16759 D AE_ALGO : [recfg_smooth_ctrl_v6_s] pline tale is null
10-08 16:11:51.567 1120 2106 E CamMidasService: [ERROR ] midasserviceintf.cpp:122 SetPowerFactor() m_pMIDASService is null
10-08 16:11:51.574 1120 7216 D AdaptCALTM: GetCustomParameters: No Nvram Content!
10-08 16:11:51.574 1120 7216 D AdaptCALTM: GetCustomParameters: No Nvram Content!
10-08 16:11:51.582 1120 16878 D AFAlgo : 4 70 0 :
10-08 16:11:51.590 1120 16834 I Hal3Av3 : [get] frmId(1890), IsConvert4MetaResult(2), ret(1), u1CaptureIntent(1), count(111, 35), AwbState(1) AeState(4) FlashState(2) AfState(2) Exp(30001000) ISO(9600) FrameDuration(33350000)
10-08 16:11:51.600 1120 16759 D AE_ALGO : [recfg_smooth_ctrl_v6_s] pline tale is null
10-08 16:11:51.602 1120 2106 E CamMidasService: [ERROR ] midasserviceintf.cpp:122 SetPowerFactor() m_pMIDASService is null
10-08 16:11:51.609 1120 7216 D AdaptCALTM: GetCustomParameters: No Nvram Content!
10-08 16:11:51.609 1120 7216 D AdaptCALTM: GetCustomParameters: No Nvram Content!
10-08 16:11:51.616 1120 16878 D AFAlgo : 4 70 0 :
10-08 16:11:51.624 1120 16834 I Hal3Av3 : [get] frmId(1891), IsConvert4MetaResult(2), ret(1), u1CaptureIntent(1), count(111, 35), AwbState(1) AeState(4) FlashState(2) AfState(2) Exp(30001000) ISO(9600) FrameDuration(33350000)
10-08 16:11:51.633 1120 16759 D AE_ALGO : [recfg_smooth_ctrl_v6_s] pline tale is null
10-08 16:11:51.634 1120 2106 E CamMidasService: [ERROR ] midasserviceintf.cpp:122 SetPowerFactor() m_pMIDASService is null
10-08 16:11:51.643 1120 7216 D AdaptCALTM: GetCustomParameters: No Nvram Content!
10-08 16:11:51.643 1120 7216 D AdaptCALTM: GetCustomParameters: No Nvram Content!
10-08 16:11:51.649 1120 16878 D AFAlgo : 4 70 0 :
10-08 16:11:51.657 1120 16834 I Hal3Av3 : [get] frmId(1892), IsConvert4MetaResult(2), ret(1), u1CaptureIntent(1), count(111, 35), AwbState(1) AeState(4) FlashState(2) AfState(2) Exp(30001000) ISO(9600) FrameDuration(33350000)
10-08 16:11:51.666 1120 16759 D AE_ALGO : [recfg_smooth_ctrl_v6_s] pline tale is null
10-08 16:11:51.668 1120 2106 E CamMidasService: [ERROR ] midasserviceintf.cpp:122 SetPowerFactor() m_pMIDASService is null
10-08 16:11:51.677 1120 7216 D AdaptCALTM: GetCustomParameters: No Nvram Content!
10-08 16:11:51.677 1120 7216 D AdaptCALTM: GetCustomParameters: No Nvram Content!
10-08 16:11:51.682 1120 16878 D AFAlgo : 4 70 0 :
10-08 16:11:51.690 1120 16834 I Hal3Av3 : [get] frmId(1893), IsConvert4MetaResult(2), ret(1), u1CaptureIntent(1), count(111, 35), AwbState(2) AeState(4) FlashState(2) AfState(2) Exp(30001000) ISO(9600) FrameDuration(33350000)
10-08 16:11:51.699 1120 16759 D AE_ALGO : [recfg_smooth_ctrl_v6_s] pline tale is null
10-08 16:11:51.701 1120 2106 E CamMidasService: [ERROR ] midasserviceintf.cpp:122 SetPowerFactor() m_pMIDASService is null
10-08 16:11:51.709 1120 7216 D AdaptCALTM: GetCustomParameters: No Nvram Content!
10-08 16:11:51.709 1120 7216 D AdaptCALTM: GetCustomParameters: No Nvram Content!
10-08 16:11:51.716 1120 16878 D AFAlgo : 4 70 0 :
10-08 16:11:51.724 1120 16834 I Hal3Av3 : [get] frmId(1894), IsConvert4MetaResult(2), ret(1), u1CaptureIntent(1), count(111, 35), AwbState(2) AeState(4) FlashState(2) AfState(2) Exp(30001000) ISO(9600) FrameDuration(33350000)
10-08 16:11:51.733 1120 16759 D AE_ALGO : [recfg_smooth_ctrl_v6_s] pline tale is null
10-08 16:11:51.734 1120 2106 E CamMidasService: [ERROR ] midasserviceintf.cpp:122 SetPowerFactor() m_pMIDASService is null
10-08 16:11:51.743 1120 7216 D AdaptCALTM: GetCustomParameters: No Nvram Content!
10-08 16:11:51.743 1120 7216 D AdaptCALTM: GetCustomParameters: No Nvram Content!
10-08 16:11:51.749 1120 16878 D AFAlgo : 4 70 0 :
10-08 16:11:51.757 1120 16834 I Hal3Av3 : [get] frmId(1895), IsConvert4MetaResult(2), ret(1), u1CaptureIntent(1), count(111, 35), AwbState(2) AeState(4) FlashState(2) AfState(2) Exp(30001000) ISO(9600) FrameDuration(33350000)
10-08 16:11:51.767 1120 16759 D AE_ALGO : [recfg_smooth_ctrl_v6_s] pline tale is null
10-08 16:11:51.769 1120 2106 E CamMidasService: [ERROR ] midasserviceintf.cpp:122 SetPowerFactor() m_pMIDASService is null
10-08 16:11:51.776 1120 7216 D AdaptCALTM: GetCustomParameters: No Nvram Content!
10-08 16:11:51.776 1120 7216 D AdaptCALTM: GetCustomParameters: No Nvram Content!
10-08 16:11:51.783 1120 16878 D AFAlgo : 4 70 0 :
10-08 16:11:51.791 1120 16834 I Hal3Av3 : [get] frmId(1896), IsConvert4MetaResult(2), ret(1), u1CaptureIntent(1), count(111, 35), AwbState(2) AeState(4) FlashState(2) AfState(2) Exp(30001000) ISO(9600) FrameDuration(33350000)
10-08 16:11:51.800 1120 16759 D AE_ALGO : [recfg_smooth_ctrl_v6_s] pline tale is null
10-08 16:11:51.802 1120 2106 E CamMidasService: [ERROR ] midasserviceintf.cpp:122 SetPowerFactor() m_pMIDASService is null
10-08 16:11:51.812 1120 7216 D AdaptCALTM: GetCustomParameters: No Nvram Content!
10-08 16:11:51.812 1120 7216 D AdaptCALTM: GetCustomParameters: No Nvram Content!
10-08 16:11:51.816 1120 16878 D AFAlgo : 4 70 0 :
10-08 16:11:51.818 1048 13291 W ServiceManager: Permission failure: android.permission.SYSTEM_CAMERA from uid=10108 pid=14114
10-08 16:11:51.819 1048 13291 I chatty : uid=1047(cameraserver) Binder:1048_8 identical 1 line
10-08 16:11:51.819 1048 13291 W ServiceManager: Permission failure: android.permission.SYSTEM_CAMERA from uid=10108 pid=14114
10-08 16:11:51.824 1120 16834 I Hal3Av3 : [get] frmId(1897), IsConvert4MetaResult(2), ret(1), u1CaptureIntent(1), count(111, 35), AwbState(2) AeState(4) FlashState(2) AfState(2) Exp(30001000) ISO(9600) FrameDuration(33350000)
10-08 16:11:51.834 1120 16759 D AE_ALGO : [recfg_smooth_ctrl_v6_s] pline tale is null
10-08 16:11:51.835 1120 2106 E CamMidasService: [ERROR ] midasserviceintf.cpp:122 SetPowerFactor() m_pMIDASService is null
10-08 16:11:51.843 1120 7216 D AdaptCALTM: GetCustomParameters: No Nvram Content!
10-08 16:11:51.843 1120 7216 D AdaptCALTM: GetCustomParameters: No Nvram Content!
10-08 16:11:51.850 1120 16878 D AFAlgo : 4 70 0 :
10-08 16:11:51.857 1120 16876 I FlickerAlgo: [flk_SendCmd] CMD_DETECT
10-08 16:11:51.857 1120 16876 I FlickerAlgo: [DoCmdDetect] type(0) n_win_h(3) n_win_w(6) win_wd(666) win_ht(742) cur_freq(50)
10-08 16:11:51.858 1120 16834 I Hal3Av3 : [get] frmId(1898), IsConvert4MetaResult(2), ret(1), u1CaptureIntent(1), count(111, 35), AwbState(2) AeState(4) FlashState(2) AfState(2) Exp(30001000) ISO(9600) FrameDuration(33350000)
10-08 16:11:51.858 1120 16876 I FlickerAlgo: Freq_out = 97703, 519207, 1996364, 310561, 112652, 4315445, 3274777, 785120, 1904824
10-08 16:11:51.867 1120 16759 D AE_ALGO : [recfg_smooth_ctrl_v6_s] pline tale is null
10-08 16:11:51.869 1120 1628 E CamMidasService: [ERROR ] midasserviceintf.cpp:122 SetPowerFactor() m_pMIDASService is null
10-08 16:11:51.876 1120 7216 D AdaptCALTM: GetCustomParameters: No Nvram Content!
10-08 16:11:51.877 1120 7216 D AdaptCALTM: GetCustomParameters: No Nvram Content!
10-08 16:11:51.883 1120 16878 D AFAlgo : 4 70 0 :
10-08 16:11:51.891 1120 16834 I Hal3Av3 : [get] frmId(1899), IsConvert4MetaResult(2), ret(1), u1CaptureIntent(1), count(111, 35), AwbState(2) AeState(4) FlashState(2) AfState(2) Exp(30001000) ISO(9600) FrameDuration(33350000)
10-08 16:11:51.900 1120 16759 D AE_ALGO : [recfg_smooth_ctrl_v6_s] pline tale is null
10-08 16:11:51.902 1120 1628 E CamMidasService: [ERROR ] midasserviceintf.cpp:122 SetPowerFactor() m_pMIDASService is null
10-08 16:11:51.910 1120 7216 D AdaptCALTM: GetCustomParameters: No Nvram Content!
10-08 16:11:51.911 1120 7216 D AdaptCALTM: GetCustomParameters: No Nvram Content!
10-08 16:11:51.917 1120 16878 D AFAlgo : 4 70 0 :
10-08 16:11:51.925 1120 16834 I Hal3Av3 : [get] frmId(1900), IsConvert4MetaResult(2), ret(1), u1CaptureIntent(1), count(111, 35), AwbState(2) AeState(4) FlashState(2) AfState(2) Exp(30001000) ISO(9600) FrameDuration(33350000)
10-08 16:11:51.934 1120 16759 D AE_ALGO : [recfg_smooth_ctrl_v6_s] pline tale is null
10-08 16:11:51.935 1120 1628 E CamMidasService: [ERROR ] midasserviceintf.cpp:122 SetPowerFactor() m_pMIDASService is null
10-08 16:11:51.945 1120 7216 D AdaptCALTM: GetCustomParameters: No Nvram Content!
10-08 16:11:51.946 1120 7216 D AdaptCALTM: GetCustomParameters: No Nvram Content!
10-08 16:11:51.951 1120 16878 D AFAlgo : 4 70 0 :
10-08 16:11:51.959 1120 16834 I Hal3Av3 : [get] frmId(1901), IsConvert4MetaResult(2), ret(1), u1CaptureIntent(1), count(111, 35), AwbState(2) AeState(4) FlashState(2) AfState(2) Exp(30001000) ISO(9600) FrameDuration(33350000)
10-08 16:11:51.968 1120 16759 D AE_ALGO : [recfg_smooth_ctrl_v6_s] pline tale is null
10-08 16:11:51.970 1120 1628 E CamMidasService: [ERROR ] midasserviceintf.cpp:122 SetPowerFactor() m_pMIDASService is null
10-08 16:11:51.978 1120 7216 D AdaptCALTM: GetCustomParameters: No Nvram Content!
10-08 16:11:51.978 1120 7216 D AdaptCALTM: GetCustomParameters: No Nvram Content!
10-08 16:11:51.984 1120 16878 D AFAlgo : 4 70 0 :
10-08 16:11:51.992 1120 16834 I Hal3Av3 : [get] frmId(1902), IsConvert4MetaResult(2), ret(1), u1CaptureIntent(1), count(111, 35), AwbState(2) AeState(4) FlashState(2) AfState(2) Exp(30001000) ISO(9600) FrameDuration(33350000)
10-08 16:11:52.000 1120 16759 D AE_ALGO : [recfg_smooth_ctrl_v6_s] pline tale is null
10-08 16:11:52.002 1120 1628 E CamMidasService: [ERROR ] midasserviceintf.cpp:122 SetPowerFactor() m_pMIDASService is null
10-08 16:11:52.011 1120 7216 D AdaptCALTM: GetCustomParameters: No Nvram Content!
10-08 16:11:52.011 1120 7216 D AdaptCALTM: GetCustomParameters: No Nvram Content!
10-08 16:11:52.017 1120 16878 D AFAlgo : 4 70 0 :
10-08 16:11:52.025 1120 16834 I Hal3Av3 : [get] frmId(1903), IsConvert4MetaResult(2), ret(1), u1CaptureIntent(1), count(111, 35), AwbState(2) AeState(4) FlashState(2) AfState(2) Exp(30001000) ISO(9600) FrameDuration(33350000)
10-08 16:11:52.034 1120 16759 D AE_ALGO : [recfg_smooth_ctrl_v6_s] pline tale is null
10-08 16:11:52.035 1120 1628 E CamMidasService: [ERROR ] midasserviceintf.cpp:122 SetPowerFactor() m_pMIDASService is null
10-08 16:11:52.045 1120 7216 D AdaptCALTM: GetCustomParameters: No Nvram Content!
10-08 16:11:52.045 1120 7216 D AdaptCALTM: GetCustomParameters: No Nvram Content!
10-08 16:11:52.050 1120 16878 D AFAlgo : 4 70 0 :
10-08 16:11:52.059 1120 16834 I Hal3Av3 : [get] frmId(1904), IsConvert4MetaResult(2), ret(1), u1CaptureIntent(1), count(111, 35), AwbState(2) AeState(4) FlashState(2) AfState(2) Exp(30001000) ISO(9600) FrameDuration(33350000)
10-08 16:11:52.067 1120 16759 D AE_ALGO : [recfg_smooth_ctrl_v6_s] pline tale is null
10-08 16:11:52.069 1120 2106 E CamMidasService: [ERROR ] midasserviceintf.cpp:122 SetPowerFactor() m_pMIDASService is null
10-08 16:11:52.078 1120 7216 D AdaptCALTM: GetCustomParameters: No Nvram Content!
10-08 16:11:52.078 1120 7216 D AdaptCALTM: GetCustomParameters: No Nvram Content!
10-08 16:11:52.084 1120 16878 D AFAlgo : 4 70 0 :
10-08 16:11:52.092 1120 16834 I Hal3Av3 : [get] frmId(1905), IsConvert4MetaResult(2), ret(1), u1CaptureIntent(1), count(111, 35), AwbState(2) AeState(4) FlashState(2) AfState(2) Exp(30001000) ISO(9600) FrameDuration(33350000)
10-08 16:11:52.101 1120 16759 D AE_ALGO : [recfg_smooth_ctrl_v6_s] pline tale is null
10-08 16:11:52.102 1120 1628 E CamMidasService: [ERROR ] midasserviceintf.cpp:122 SetPowerFactor() m_pMIDASService is null
10-08 16:11:52.112 1120 7216 D AdaptCALTM: GetCustomParameters: No Nvram Content!
10-08 16:11:52.112 1120 7216 D AdaptCALTM: GetCustomParameters: No Nvram Content!
10-08 16:11:52.116 1120 16878 D AFAlgo : 4 70 0 :
10-08 16:11:52.125 1120 16834 I Hal3Av3 : [get] frmId(1906), IsConvert4MetaResult(2), ret(1), u1CaptureIntent(1), count(111, 35), AwbState(2) AeState(4) FlashState(2) AfState(2) Exp(30001000) ISO(9600) FrameDuration(33350000)
10-08 16:11:52.134 1120 16759 D AE_ALGO : [recfg_smooth_ctrl_v6_s] pline tale is null
10-08 16:11:52.136 1120 1628 E CamMidasService: [ERROR ] midasserviceintf.cpp:122 SetPowerFactor() m_pMIDASService is null
10-08 16:11:52.137 1048 3380 W ServiceManager: Permission failure: android.permission.SYSTEM_CAMERA from uid=10108 pid=14114
10-08 16:11:52.138 1048 3380 I chatty : uid=1047(cameraserver) Binder:1048_5 identical 1 line
10-08 16:11:52.139 1048 3380 W ServiceManager: Permission failure: android.permission.SYSTEM_CAMERA from uid=10108 pid=14114
10-08 16:11:52.144 1120 7216 D AdaptCALTM: GetCustomParameters: No Nvram Content!
10-08 16:11:52.144 1120 7216 D AdaptCALTM: GetCustomParameters: No Nvram Content!
10-08 16:11:52.150 1120 16878 D AFAlgo : 4 70 0 :
10-08 16:11:52.158 1120 16834 I Hal3Av3 : [get] frmId(1907), IsConvert4MetaResult(2), ret(1), u1CaptureIntent(1), count(111, 35), AwbState(2) AeState(4) FlashState(2) AfState(2) Exp(30001000) ISO(9600) FrameDuration(33350000)
10-08 16:11:52.168 1120 16759 D AE_ALGO : [recfg_smooth_ctrl_v6_s] pline tale is null
10-08 16:11:52.169 1120 1628 E CamMidasService: [ERROR ] midasserviceintf.cpp:122 SetPowerFactor() m_pMIDASService is null
10-08 16:11:52.169 1126 1126 I thermal_repeater: [recvMdThermalInfo] ret=32, strLen=127, 0, 32767, -127, 0, 32767, 10838
10-08 16:11:52.177 1120 7216 D AdaptCALTM: GetCustomParameters: No Nvram Content!
10-08 16:11:52.177 1120 7216 D AdaptCALTM: GetCustomParameters: No Nvram Content!
10-08 16:11:52.184 1120 16878 D AFAlgo : 4 70 0 :
10-08 16:11:52.191 1120 16876 I FlickerAlgo: [flk_SendCmd] CMD_DETECT
10-08 16:11:52.191 1120 16876 I FlickerAlgo: [DoCmdDetect] type(0) n_win_h(3) n_win_w(6) win_wd(666) win_ht(742) cur_freq(50)
10-08 16:11:52.192 1120 16876 I FlickerAlgo: Freq_out = 7189783, 2907216, 2167441, 1017045, 1858, 1457623, 250039, 1927611, 133413
10-08 16:11:52.192 1120 16834 I Hal3Av3 : [get] frmId(1908), IsConvert4MetaResult(2), ret(1), u1CaptureIntent(1), count(111, 35), AwbState(2) AeState(4) FlashState(2) AfState(2) Exp(30001000) ISO(9600) FrameDuration(33350000)
10-08 16:11:52.201 1120 16759 D AE_ALGO : [recfg_smooth_ctrl_v6_s] pline tale is null
10-08 16:11:52.203 1120 1628 E CamMidasService: [ERROR ] midasserviceintf.cpp:122 SetPowerFactor() m_pMIDASService is null
10-08 16:11:52.210 1120 7216 D AdaptCALTM: GetCustomParameters: No Nvram Content!
10-08 16:11:52.211 1120 7216 D AdaptCALTM: GetCustomParameters: No Nvram Content!
10-08 16:11:52.217 1120 16878 D AFAlgo : 4 70 0 :
10-08 16:11:52.226 1120 16834 I Hal3Av3 : [get] frmId(1909), IsConvert4MetaResult(2), ret(1), u1CaptureIntent(1), count(111, 35), AwbState(1) AeState(4) FlashState(2) AfState(2) Exp(30001000) ISO(9600) FrameDuration(33350000)
10-08 16:11:52.235 1120 16759 D AE_ALGO : [recfg_smooth_ctrl_v6_s] pline tale is null
10-08 16:11:52.236 1120 1628 E CamMidasService: [ERROR ] midasserviceintf.cpp:122 SetPowerFactor() m_pMIDASService is null
10-08 16:11:52.246 1120 7216 D AdaptCALTM: GetCustomParameters: No Nvram Content!
10-08 16:11:52.246 1120 7216 D AdaptCALTM: GetCustomParameters: No Nvram Content!
10-08 16:11:52.251 1120 16878 D AFAlgo : 4 70 0 :
10-08 16:11:52.259 1120 16834 I Hal3Av3 : [get] frmId(1910), IsConvert4MetaResult(2), ret(1), u1CaptureIntent(1), count(111, 35), AwbState(1) AeState(4) FlashState(2) AfState(2) Exp(30001000) ISO(9600) FrameDuration(33350000)
10-08 16:11:52.268 1120 16759 D AE_ALGO : [recfg_smooth_ctrl_v6_s] pline tale is null
10-08 16:11:52.269 1120 7240 E CamMidasService: [ERROR ] midasserviceintf.cpp:122 SetPowerFactor() m_pMIDASService is null
10-08 16:11:52.278 1120 7216 D AdaptCALTM: GetCustomParameters: No Nvram Content!
10-08 16:11:52.278 1120 7216 D AdaptCALTM: GetCustomParameters: No Nvram Content!
10-08 16:11:52.285 1120 16878 D AFAlgo : 4 70 0 :
10-08 16:11:52.292 1120 16834 I Hal3Av3 : [get] frmId(1911), IsConvert4MetaResult(2), ret(1), u1CaptureIntent(1), count(111, 35), AwbState(1) AeState(4) FlashState(2) AfState(2) Exp(30001000) ISO(9600) FrameDuration(33350000)
10-08 16:11:52.302 1120 16759 D AE_ALGO : [recfg_smooth_ctrl_v6_s] pline tale is null
10-08 16:11:52.303 1120 7240 E CamMidasService: [ERROR ] midasserviceintf.cpp:122 SetPowerFactor() m_pMIDASService is null
10-08 16:11:52.311 1120 7216 D AdaptCALTM: GetCustomParameters: No Nvram Content!
10-08 16:11:52.311 1120 7216 D AdaptCALTM: GetCustomParameters: No Nvram Content!
10-08 16:11:52.318 1120 16878 D AFAlgo : 4 70 0 :
10-08 16:11:52.326 1120 16834 I Hal3Av3 : [get] frmId(1912), IsConvert4MetaResult(2), ret(1), u1CaptureIntent(1), count(111, 35), AwbState(1) AeState(4) FlashState(2) AfState(2) Exp(30001000) ISO(9600) FrameDuration(33350000)
10-08 16:11:52.335 1120 16759 D AE_ALGO : [recfg_smooth_ctrl_v6_s] pline tale is null
10-08 16:11:52.336 1120 7240 E CamMidasService: [ERROR ] midasserviceintf.cpp:122 SetPowerFactor() m_pMIDASService is null
10-08 16:11:52.345 1120 7216 D AdaptCALTM: GetCustomParameters: No Nvram Content!
10-08 16:11:52.345 1120 7216 D AdaptCALTM: GetCustomParameters: No Nvram Content!
10-08 16:11:52.351 1120 16878 D AFAlgo : 4 70 0 :
10-08 16:11:52.359 1120 16834 I Hal3Av3 : [get] frmId(1913), IsConvert4MetaResult(2), ret(1), u1CaptureIntent(1), count(111, 35), AwbState(2) AeState(4) FlashState(2) AfState(2) Exp(30001000) ISO(9600) FrameDuration(33350000)
10-08 16:11:52.368 1120 16759 D AE_ALGO : [recfg_smooth_ctrl_v6_s] pline tale is null
10-08 16:11:52.369 1120 7240 E CamMidasService: [ERROR ] midasserviceintf.cpp:122 SetPowerFactor() m_pMIDASService is null
10-08 16:11:52.378 1120 7216 D AdaptCALTM: GetCustomParameters: No Nvram Content!
10-08 16:11:52.378 1120 7216 D AdaptCALTM: GetCustomParameters: No Nvram Content!
10-08 16:11:52.384 1120 16878 D AFAlgo : 4 70 0 :
10-08 16:11:52.392 1120 16834 I Hal3Av3 : [get] frmId(1914), IsConvert4MetaResult(2), ret(1), u1CaptureIntent(1), count(111, 35), AwbState(2) AeState(4) FlashState(2) AfState(2) Exp(30001000) ISO(9600) FrameDuration(33350000)
10-08 16:11:52.401 1120 16759 D AE_ALGO : [recfg_smooth_ctrl_v6_s] pline tale is null
10-08 16:11:52.403 1120 7240 E CamMidasService: [ERROR ] midasserviceintf.cpp:122 SetPowerFactor() m_pMIDASService is null
10-08 16:11:52.411 1120 7216 D AdaptCALTM: GetCustomParameters: No Nvram Content!
10-08 16:11:52.411 1120 7216 D AdaptCALTM: GetCustomParameters: No Nvram Content!
10-08 16:11:52.417 1120 16878 D AFAlgo : 4 70 0 :
10-08 16:11:52.425 1120 16834 I Hal3Av3 : [get] frmId(1915), IsConvert4MetaResult(2), ret(1), u1CaptureIntent(1), count(111, 35), AwbState(2) AeState(4) FlashState(2) AfState(2) Exp(30001000) ISO(9600) FrameDuration(33350000)
10-08 16:11:52.434 1120 16759 D AE_ALGO : [recfg_smooth_ctrl_v6_s] pline tale is null
10-08 16:11:52.436 1120 7240 E CamMidasService: [ERROR ] midasserviceintf.cpp:122 SetPowerFactor() m_pMIDASService is null
10-08 16:11:52.444 1048 1645 W ServiceManager: Permission failure: android.permission.SYSTEM_CAMERA from uid=10108 pid=14114
10-08 16:11:52.445 1048 1645 I chatty : uid=1047(cameraserver) Binder:1048_1 identical 1 line
10-08 16:11:52.445 1048 1645 W ServiceManager: Permission failure: android.permission.SYSTEM_CAMERA from uid=10108 pid=14114
10-08 16:11:52.445 1120 7216 D AdaptCALTM: GetCustomParameters: No Nvram Content!
10-08 16:11:52.446 1120 7216 D AdaptCALTM: GetCustomParameters: No Nvram Content!
10-08 16:11:52.451 1120 16878 D AFAlgo : 4 70 0 :
10-08 16:11:52.459 1120 16834 I Hal3Av3 : [get] frmId(1916), IsConvert4MetaResult(2), ret(1), u1CaptureIntent(1), count(111, 35), AwbState(2) AeState(4) FlashState(2) AfState(2) Exp(30001000) ISO(9600) FrameDuration(33350000)
10-08 16:11:52.468 1120 16759 D AE_ALGO : [recfg_smooth_ctrl_v6_s] pline tale is null
10-08 16:11:52.470 1120 2106 E CamMidasService: [ERROR ] midasserviceintf.cpp:122 SetPowerFactor() m_pMIDASService is null
10-08 16:11:52.478 1120 7216 D AdaptCALTM: GetCustomParameters: No Nvram Content!
10-08 16:11:52.478 1120 7216 D AdaptCALTM: GetCustomParameters: No Nvram Content!
10-08 16:11:52.483 1551 2432 I ColorHansManager : stateRToFFreeze--imporant case: pkgName: io.appium.uiautomator2.server, reason: lastResumeProtect
10-08 16:11:52.485 1120 16878 D AFAlgo : 4 70 0 :
10-08 16:11:52.493 1120 16834 I Hal3Av3 : [get] frmId(1917), IsConvert4MetaResult(2), ret(1), u1CaptureIntent(1), count(111, 35), AwbState(2) AeState(4) FlashState(2) AfState(2) Exp(30001000) ISO(9600) FrameDuration(33350000)
10-08 16:11:52.502 1120 16759 D AE_ALGO : [recfg_smooth_ctrl_v6_s] pline tale is null
10-08 16:11:52.503 1120 2106 E CamMidasService: [ERROR ] midasserviceintf.cpp:122 SetPowerFactor() m_pMIDASService is null
10-08 16:11:52.511 1120 7216 D AdaptCALTM: GetCustomParameters: No Nvram Content!
10-08 16:11:52.511 1120 7216 D AdaptCALTM: GetCustomParameters: No Nvram Content!
10-08 16:11:52.519 1120 16878 D AFAlgo : 4 70 0 :
10-08 16:11:52.525 1120 16876 I FlickerAlgo: [flk_SendCmd] CMD_DETECT
10-08 16:11:52.525 1120 16876 I FlickerAlgo: [DoCmdDetect] type(0) n_win_h(3) n_win_w(6) win_wd(666) win_ht(742) cur_freq(50)
10-08 16:11:52.526 1120 16876 I FlickerAlgo: Freq_out = 8060928, 415216, 8300964, 2204916, 35342, 985424, 171870, 299274, 1647718
10-08 16:11:52.526 1120 16834 I Hal3Av3 : [get] frmId(1918), IsConvert4MetaResult(2), ret(1), u1CaptureIntent(1), count(111, 35), AwbState(2) AeState(4) FlashState(2) AfState(2) Exp(30001000) ISO(9600) FrameDuration(33350000)
10-08 16:11:52.536 1120 16759 D AE_ALGO : [recfg_smooth_ctrl_v6_s] pline tale is null
10-08 16:11:52.537 1120 2106 E CamMidasService: [ERROR ] midasserviceintf.cpp:122 SetPowerFactor() m_pMIDASService is null
10-08 16:11:52.545 1120 7216 D AdaptCALTM: GetCustomParameters: No Nvram Content!
10-08 16:11:52.545 1120 7216 D AdaptCALTM: GetCustomParameters: No Nvram Content!
10-08 16:11:52.552 1120 16878 D AFAlgo : 4 70 0 :
10-08 16:11:52.560 1120 16834 I Hal3Av3 : [get] frmId(1919), IsConvert4MetaResult(2), ret(1), u1CaptureIntent(1), count(111, 35), AwbState(2) AeState(4) FlashState(2) AfState(2) Exp(30001000) ISO(9600) FrameDuration(33350000)
10-08 16:11:52.569 1120 16759 D AE_ALGO : [recfg_smooth_ctrl_v6_s] pline tale is null
10-08 16:11:52.570 1120 2106 E CamMidasService: [ERROR ] midasserviceintf.cpp:122 SetPowerFactor() m_pMIDASService is null
10-08 16:11:52.576 1113 1143 E VirtualSensors: pedo minute, step_count = 0, report_count = 357 move_statust = 0 ,time_gap = 0 , step_run_count = 0 , step_walk_count = 0
10-08 16:11:52.577 2793 2793 V SensorManager: Pedometer minute step counter dispatchSensorEvent step 0.0 to + com.coloros.healthservice.broadcast.a@424c9ec
10-08 16:11:52.577 2793 2793 V SensorManager: Pedometer minute step counter dispatchSensorEvent step 0.0 to + com.coloros.healthservice.c@7e2f49f
10-08 16:11:52.580 1120 7216 D AdaptCALTM: GetCustomParameters: No Nvram Content!
10-08 16:11:52.580 1120 7216 D AdaptCALTM: GetCustomParameters: No Nvram Content!
10-08 16:11:52.585 1120 16878 D AFAlgo : 4 70 0 :
10-08 16:11:52.593 1120 16834 I Hal3Av3 : [get] frmId(1920), IsConvert4MetaResult(2), ret(1), u1CaptureIntent(1), count(111, 35), AwbState(2) AeState(4) FlashState(2) AfState(2) Exp(30001000) ISO(9600) FrameDuration(33350000)
10-08 16:11:52.602 1120 16759 D AE_ALGO : [recfg_smooth_ctrl_v6_s] pline tale is null
10-08 16:11:52.604 1120 2106 E CamMidasService: [ERROR ] midasserviceintf.cpp:122 SetPowerFactor() m_pMIDASService is null
10-08 16:11:52.612 1120 7216 D AdaptCALTM: GetCustomParameters: No Nvram Content!
10-08 16:11:52.612 1120 7216 D AdaptCALTM: GetCustomParameters: No Nvram Content!
10-08 16:11:52.619 1120 16878 D AFAlgo : 4 70 0 :
10-08 16:11:52.620 1120 16878 D AFAlgo : [AFALGO_search_type] set type from 0 to 4, KeepLVDiff 0
10-08 16:11:52.620 1120 16878 D AFAlgo : [AFALGO_search_type] set type from 4 to 3, KeepLVDiff 0
10-08 16:11:52.626 1120 16834 I Hal3Av3 : [get] frmId(1921), IsConvert4MetaResult(2), ret(1), u1CaptureIntent(1), count(111, 35), AwbState(2) AeState(4) FlashState(2) AfState(2) Exp(30001000) ISO(9600) FrameDuration(33350000)
10-08 16:11:52.636 1120 16759 D AE_ALGO : [recfg_smooth_ctrl_v6_s] pline tale is null
10-08 16:11:52.637 1120 2106 E CamMidasService: [ERROR ] midasserviceintf.cpp:122 SetPowerFactor() m_pMIDASService is null
10-08 16:11:52.645 1120 7216 D AdaptCALTM: GetCustomParameters: No Nvram Content!
10-08 16:11:52.645 1120 7216 D AdaptCALTM: GetCustomParameters: No Nvram Content!
10-08 16:11:52.660 1120 16834 I Hal3Av3 : [get] frmId(1922), IsConvert4MetaResult(2), ret(1), u1CaptureIntent(1), count(111, 35), AwbState(2) AeState(4) FlashState(2) AfState(2) Exp(30001000) ISO(9600) FrameDuration(33350000)
10-08 16:11:52.669 1120 16759 D AE_ALGO : [recfg_smooth_ctrl_v6_s] pline tale is null
10-08 16:11:52.670 1120 2106 E CamMidasService: [ERROR ] midasserviceintf.cpp:122 SetPowerFactor() m_pMIDASService is null
10-08 16:11:52.680 1120 7216 D AdaptCALTM: GetCustomParameters: No Nvram Content!
10-08 16:11:52.680 1120 7216 D AdaptCALTM: GetCustomParameters: No Nvram Content!
10-08 16:11:52.694 1120 16834 I Hal3Av3 : [get] frmId(1923), IsConvert4MetaResult(2), ret(1), u1CaptureIntent(1), count(111, 35), AwbState(2) AeState(4) FlashState(2) AfState(2) Exp(30001000) ISO(9600) FrameDuration(33350000)
10-08 16:11:52.703 1120 16759 D AE_ALGO : [recfg_smooth_ctrl_v6_s] pline tale is null
10-08 16:11:52.704 1120 2106 E CamMidasService: [ERROR ] midasserviceintf.cpp:122 SetPowerFactor() m_pMIDASService is null
10-08 16:11:52.714 1120 7216 D AdaptCALTM: GetCustomParameters: No Nvram Content!
10-08 16:11:52.714 1120 7216 D AdaptCALTM: GetCustomParameters: No Nvram Content!
10-08 16:11:52.718 1120 16878 D AFAlgo : 4 70 0 :
10-08 16:11:52.727 1120 16834 I Hal3Av3 : [get] frmId(1924), IsConvert4MetaResult(2), ret(1), u1CaptureIntent(1), count(111, 35), AwbState(2) AeState(4) FlashState(2) AfState(2) Exp(30001000) ISO(9600) FrameDuration(33350000)
10-08 16:11:52.736 1120 16759 D AE_ALGO : [recfg_smooth_ctrl_v6_s] pline tale is null
10-08 16:11:52.738 1120 2106 E CamMidasService: [ERROR ] midasserviceintf.cpp:122 SetPowerFactor() m_pMIDASService is null
10-08 16:11:52.747 1120 7216 D AdaptCALTM: GetCustomParameters: No Nvram Content!
