10-08 16:14:49.311 1120 17607 I CcuDrv : CcuDrv[init] +: logBufMva[0](0xb5d46000), logBufMva[1](0xb5e46000), log_buf_va_0(0x75b5d46000), log_buf_va_1(0x75b5e46000)
10-08 16:14:49.311 1120 17607 D ccuaee : [CcuAeeMgrDlInit] aed dl handle: 0xd00a4f91fe8d3e83
10-08 16:14:49.311 1120 17607 D ccuaee : [CcuAeeMgrDlInit] AeeSystemException func ptr: 0x765df98528
10-08 16:14:49.311 1120 17607 D CcuDrv : CcuDrv[_openCcuKdrv] CCU kernel already opened.
10-08 16:14:49.311 1120 17607 D CcuMemMgr: [importMemoriesToKernel] import buffers into kernel
10-08 16:14:49.311 1120 17607 D CcuMemMgr: [importMemoriesToKernel] import ccu memories to kernel done
10-08 16:14:49.311 1120 17607 I CcuDrv : CcuDrv[loadCcuBinKd] +:loadCcuBinKd
10-08 16:14:49.326 1120 17607 D CcuDrv : CcuDrv[loadCcuBinKd] CCU_IOCTL_LOAD_CCU_BIN 1
10-08 16:14:49.326 1120 17607 I CcuCtrl : [getInstance] Acquire _ccuCtrlInstanceMutex..
10-08 16:14:49.326 1120 17607 D CcuCtrl : [init] init mailBox buffer
10-08 16:14:49.326 1120 17607 I CcuCtrl : [init] CCU mailBoxIn buffer: va(0x75b5f4e000), mva(47608000), sz(10240)
10-08 16:14:49.326 1120 17607 I CcuCtrl : [init] CCU mailBoxOut buffer: va(0x75b5f50800), mva(4760a800), sz(20480)
10-08 16:14:49.326 1120 17607 D CcuMgr : [ccuBoot] +: bootCnt(0)
10-08 16:14:49.326 1120 17607 D CcuDrv : CcuDrv[_createCcuWorkerThread] ApTaskWorkerThreadLoop created, wait for m_taskWorkerThreadReady
10-08 16:14:49.326 1120 17607 D CcuDrv : CcuDrv[_createCcuWorkerThread] m_taskWorkerThreadReady addr: 0x75d13b26f4
10-08 16:14:49.327 1120 17607 D CcuDrv : CcuDrv[_createCcuWorkerThread] m_taskWorkerThreadReady: 1
10-08 16:14:49.327 1120 17607 D CcuDrv : CcuDrv[_setCcuPower] _setCcuPower: setpower(1) cmd done.
10-08 16:14:49.327 1120 17607 I CcuDrv : CcuDrv[loadCcuBinKd] +:loadCcuBinKd
10-08 16:14:49.330 1113 1142 I HfLooper: [1] flush complete
10-08 16:14:49.330 1551 1650 D SensorService: flush complete event sensor==1
10-08 16:14:49.330 1551 1650 I chatty : uid=1000(system) SensorService identical 5 lines
10-08 16:14:49.330 1551 1650 D SensorService: flush complete event sensor==1
10-08 16:14:49.330 1551 1650 D SensorService: First flush event for sensor==1
10-08 16:14:49.331 1120 17607 D CcuDrv : CcuDrv[loadCcuBinKd] CCU_IOCTL_LOAD_CCU_BIN 0
10-08 16:14:49.331 1120 17607 I CcuDrv : CcuDrv[_get_log_taglevel] log_taglevelpre 0
10-08 16:14:49.331 1120 17607 I CcuDrv : CcuDrv[_get_log_taglevel] log_control 35750566
10-08 16:14:49.331 1120 17607 I CcuDrv : CcuDrv[_get_log_taglevel] log_taglevel 22182a6
10-08 16:14:49.331 1120 17607 I CcuDrv : CcuDrv[_setCcuRun] log_level(0), log_taglevel(22182a6)
10-08 16:14:49.332 1120 17607 D CcuMgr : [ccuBoot] -: bootCnt(1)
10-08 16:14:49.332 1120 17607 D CcuMgr : [ccuSetSensorIdx] [ccuSetSensorIdx]+
10-08 16:14:49.332 1120 17607 D CcuMgr : [ccuSetSensorIdx] sensorIdx(1)->tgInfo(1)
10-08 16:14:49.332 1120 17607 D CcuMgr : [ccuSetSensorIdx] [ccuSetSensorIdx]-
10-08 16:14:49.332 1120 17607 D CcuCtrl3ACtrl: [setupTgInt1] +
10-08 16:14:49.332 1120 17607 D CcuCtrl3ACtrl: [setupTgInt1] -
10-08 16:14:49.332 1120 17607 I LMVTuning: [LMVTuning][Cam::1]LMV(1/0xb4000075cb58fc40@0xb4000075bb2f1500),SGG2(1@0xb4000075cb58fc50),isHalBypassControl(1)
10-08 16:14:49.332 1120 17607 I rss_hal : [CreateInstance] MtkCam/P1NodeImp sensorIdx 1
10-08 16:14:49.332 1120 17607 I rss_hal : [RssHalImp] sensorIdx(1)
10-08 16:14:49.332 1120 17607 I rss_hal : [Init] set mBufSize(288, 512)
10-08 16:14:49.332 1120 17607 I MtkCam/P1NodeUtility: [done] [Cam::1] StageCtrl signal(0)
10-08 16:14:49.332 1120 17611 I MtkCam/P1NodeUtility: [wait] [Cam::1] StageCtrl wait(0) OK
10-08 16:14:49.332 1120 17607 D Hal3Av3 : [setupStaticInfo] +
10-08 16:14:49.332 1120 17607 D Hal3Av3 : [buildSceneModeOverride] +
10-08 16:14:49.332 1120 17607 D Hal3Av3 : [buildSceneModeOverride] -
10-08 16:14:49.332 1120 17607 D Hal3Av3 : [setupStaticInfo] -
10-08 16:14:49.333 1120 17607 I FlashMgrM: setManualExposureTime(): manualExp(0).
10-08 16:14:49.333 1120 17607 I FlashMgrM: setManualSensitivity(): ISO(0)
10-08 16:14:49.333 1120 17607 I FlickerHal: setFlickerMode(): mode change(3->0).
10-08 16:14:49.333 1120 17607 I FlickerHal: setTGInfo(): m_sensorDev(2) tgInfo(1) width(2320) height(1744)
10-08 16:14:49.333 1120 17607 I FlickerHal: setSensorMode(): m_sensorDev(2) sensorMode(0) width(2320) height(1744)
10-08 16:14:49.333 1120 17631 W aaa_hal_sttCtrl: [isAFOEnable] afo NOT enable by CPU
10-08 16:14:49.333 1120 17607 W LensDrv : [getCurrLensName] Dev(2) ,DrvName(Dummy)
10-08 16:14:49.333 1120 17631 W afo_buf_mgr: [AFOBufMgrImp] disable AF
10-08 16:14:49.333 1120 17607 W LensDrv : [getCurrLensName] Dev(2) ,DrvFileName(dummy)
10-08 16:14:49.333 1120 17631 I FLKOBufMgr: FLKOBufMgr(): Expo type = FLK_SENSOR_TYPE_NORMAL
10-08 16:14:49.333 1120 17607 I af_mgr_v3: AF-config : Dev(0x0002), SensorID (0x3109), ModuleId (0x0001), LensId (0xffff), LensFileName(dummy)
10-08 16:14:49.334 1120 17607 D SHADING_TRANS_UTIL: [compute_spline] STEP_OK
10-08 16:14:49.334 1120 17607 D SHADING_TRANS_UTIL: [compute_spline] STEP_OK
10-08 16:14:49.335 1120 17632 D awb_algo: [update_awb_param] Error decode moonast nvram
10-08 16:14:49.335 1120 17632 D awb_algo: [Error] Wrong configuration (0)
10-08 16:14:49.335 1120 17632 D Standby_Sync_awb_algo: [UpdateParam] Update StandbySync Param
10-08 16:14:49.335 1120 17632 D CamCalCamCal: ver0923 pCamCalData->deviceID=2
10-08 16:14:49.335 1120 17632 D CamCalCamCal: ver0923 g_lastSensorID=564842 pCamCalData->sensorID=3109
10-08 16:14:49.335 1120 17632 D CamCalCamCal: ver0923 u4Offset=6 u4Length=4 sensorID=3109
10-08 16:14:49.335 1120 17632 D CamCalCamCal: ver0923 Table[0] ID= 0x93, CID = 0x1410062
10-08 16:14:49.335 1120 17632 D CamCalCamCal: ver0923 Table[1] ID= 0x62, CID = 0x1410062
10-08 16:14:49.335 1120 17632 D CamCalCamCal: ver0923 CID Matched! DevID=2, DataVer=2
10-08 16:14:49.335 1120 17632 D CamCalCamCal: ver0923 LayoutType= 0x1
10-08 16:14:49.335 1120 17632 D CamCalCamCal: ver0923 result= 0x0
10-08 16:14:49.335 1120 17632 D CamCalCamCal: ver0923 result = 0, LayoutType = 1
10-08 16:14:49.335 1120 17632 E awb_mgr : m_eSensorDev=2 (start){#848:vendor/mediatek/proprietary/hardware/mtkcam/aaa/source/isp_6s/awb_mgr/awb_mgr.cpp}
10-08 16:14:49.335 1120 17632 E awb_mgr : SensorID(0x3109) MODULE_ID( 0x0) , LensID:0 ,use_CIPAWB: 0 paramCIPID: 0 oppo_prjname: 19131 (start){#898:vendor/mediatek/proprietary/hardware/mtkcam/aaa/source/isp_6s/awb_mgr/awb_mgr.cpp}
10-08 16:14:49.335 1120 17607 D SHADING_TRANS_UTIL: [compute_spline] STEP_OK
10-08 16:14:49.335 1120 17632 D Standby_Sync_awb_algo: [AWBStandbySyncInit] Init StandbySync
10-08 16:14:49.335 1120 17607 E lsc_buf : [setConfig] XNum(0), YNum(0) (setConfig){#365:vendor/mediatek/proprietary/hardware/mtkcam/aaa/source/common/lsc_mgr/LscBufImp.cpp}
10-08 16:14:49.335 1120 17607 E lsc_tbl : [toBuf] Fail to set config (toBuf){#1383:vendor/mediatek/proprietary/hardware/mtkcam/aaa/source/common/lsc_tbl/LscTbl.cpp}
10-08 16:14:49.335 1120 17607 E lsc_buf : [setConfig] XNum(0), YNum(0) (setConfig){#365:vendor/mediatek/proprietary/hardware/mtkcam/aaa/source/common/lsc_mgr/LscBufImp.cpp}
10-08 16:14:49.335 1120 17607 E lsc_tbl : [toBuf] Fail to set config (toBuf){#1383:vendor/mediatek/proprietary/hardware/mtkcam/aaa/source/common/lsc_tbl/LscTbl.cpp}
10-08 16:14:49.335 1120 17607 E lsc_buf : [setConfig] XNum(0), YNum(0) (setConfig){#365:vendor/mediatek/proprietary/hardware/mtkcam/aaa/source/common/lsc_mgr/LscBufImp.cpp}
10-08 16:14:49.335 1120 17607 E lsc_tbl : [toBuf] Fail to set config (toBuf){#1383:vendor/mediatek/proprietary/hardware/mtkcam/aaa/source/common/lsc_tbl/LscTbl.cpp}
10-08 16:14:49.335 1120 17607 D AppTsf : [AppTsf] constructor ; ShadingVersion: 2020.0629.1045 TSF on/off
10-08 16:14:49.335 1120 17632 E AeCalcCtrl: Err: 695: [modifyHistogramWinConfig] error, zoom window and sensor domain is not align, zoom_domain:2000/1000, sensor_domain:2320/1744
10-08 16:14:49.335 1120 17607 D tsf_core: [TsfCore] constructor
10-08 16:14:49.336 1120 17632 D AE_ALGO : [do_algo_init][1] Warning, uninit platform, run as ISP 6s
10-08 16:14:49.336 1120 17632 D AE_ALGO : [ae_algo_init][1] AE full init, version:21042005, base:$Rev: 2016 $
10-08 16:14:49.336 1120 17632 D camerahalserver: [transBinSum_s5k3p9spmipiraw()] + u4Eposuretime:30002 u4AfeGain:3744 u4IspGain:4100 u4ISO:365
10-08 16:14:49.336 1120 17632 W MtkCam/SensorProviderService: (17632)[queryGyroMVInfo] queryGyroMVInfo failed
10-08 16:14:49.336 1120 17632 D AppAISHUTTERME: getInstance
10-08 16:14:49.336 1120 17632 D AppAISHUTTERME: [AppAISHUTTERME] VERSION v1.0.0
10-08 16:14:49.336 1120 17632 D AppAISHUTTERME: constructor
10-08 16:14:49.336 1120 17632 D AppAISHUTTERME: Init
10-08 16:14:49.336 1120 17632 D AppAISHUTTERME: maxMVWidth(144), maxMVHeight(144)
10-08 16:14:49.336 1120 17632 D AppAISHUTTERME: maxSegWidth(120), maxSegHeight(90)
10-08 16:14:49.336 1120 17632 D AppAISHUTTERME: maxAAOWidth(120), maxAAOHeight(90)
10-08 16:14:49.336 1120 17632 D AppAISHUTTERME: [AppAISHUTTERME] initialize
10-08 16:14:49.336 1120 17632 D AppAISHUTTERME: [initializeTuningParam] debugLevel(0)
10-08 16:14:49.336 1120 17632 D AppAISHUTTERME: [initializeTuningParam] logLevel(0)
10-08 16:14:49.336 1120 17632 D AppAISHUTTERME: [getBufferSizeNeeded] buffersize Needed: 640656
10-08 16:14:49.336 1120 17632 D AppAISHUTTERME: [setupBuffer] buf size(640656) buf addr(0xaab0e580)
10-08 16:14:49.337 1120 17607 D AppTsf : [TsfExit] TsfExit ; ShadingVersion: 2020.0629.1045 TSF on/off
10-08 16:14:49.337 1120 17607 D AppTsf : [TsfInit] version: $Id: AppTsf.cpp 62 2020-05-28 11:22:40Z MTK20248 $
10-08 16:14:49.337 1120 17607 D utilMetCtrl: MET TAG is Disabled
10-08 16:14:49.337 1120 17607 D tsf_core: [TsfCoreSetEnvInfo] 8434001 8435001 8435001 8435001 8434001 8434001 5393001
10-08 16:14:49.337 1120 17607 D AppTsf : [TsfReset] TsfReset ; ShadingVersion: 2020.0629.1045 TSF on/off
10-08 16:14:49.337 1120 17632 D ae_mgr : [resetGetISOThresStatus] ISO=365,reset m_u4ISOIdx1StableCount / m_u4ISOIdx2StableCount to 0/0
10-08 16:14:49.337 1120 17607 I FlashMgrM: setBitMode(): mode(1).
10-08 16:14:49.337 1120 17607 I StrobeDrvFlashlight: setCharger(): ready(1).
10-08 16:14:49.337 1120 17607 I StrobeDrvFlashlight: setCharger(): time(10198674).
10-08 16:14:49.337 1120 17607 I FlashPlatformAdapter: m_rAWBStatInfo.i4LinearOutputEn(1).
10-08 16:14:49.337 1120 17607 I FlashHal: setInCharge(): sensorDev(2), inCharge(1).
10-08 16:14:49.337 1120 17607 I FlashMgrM: setInCharge(): sensorDev(2), inCharge(1).
10-08 16:14:49.337 1120 17607 I FlickerHal: config(): m_sensorDev(2)
10-08 16:14:49.337 1120 17607 I FlickerPlatformAdapter: setWindowInfo(): sensorDev(2) sensorId(12553) tg(1) tgImg(2320,1744) configImg(2317,1719) offset(0,20) win(386,572) dma(61776)
10-08 16:14:49.337 1120 17607 I FlickerHal: setWindowInfo(): m_sensorDev(2) flkHwInfo(1)
10-08 16:14:49.337 1120 17607 I aaa_common_custom.cpp: [cust_initSpecialLongExpOnOff] g_bIsSpecialLongExpOn(0) AEEffectiveFrame(0)
10-08 16:14:49.339 1120 17594 W aaa_hal_sttCtrl: [startStt] SensorDev = 2, m_i4SttPortEnable = 63
10-08 16:14:49.339 1120 17594 D isp_tuning_custom_oplus: SetMappingInfo_Custom AppPackageName = com.oppo.attention, AppMenuName = , FB = , supernightMode is
10-08 16:14:49.339 1120 17594 D isp_tuning_custom_oplus: SetMappingInfo_Custom AppPackageName = com.oppo.attention, AppMenuName = , FB = , supernightMode is , m_EApp_Custom 12
10-08 16:14:49.339 1120 17594 I FlickerHal: start(): m_sensorDev(2)
10-08 16:14:49.339 1120 17594 I FlickerHal: attach(): isAttach(1), count(1/1). m_sensorDev(2)
10-08 16:14:49.339 1120 17594 I FlickerAlgo: [DoCmdSetLogLevel] +
10-08 16:14:49.339 1120 17594 I FlickerAlgo: [set_log_level] log_flow(0) log_line_data(0) systrace_en(0)
10-08 16:14:49.339 1120 17594 I FlickerAlgo: [set_log_level_seq] state(0)
10-08 16:14:49.339 1120 17594 I FlickerAlgo: [DoCmdSetLogLevel] -
10-08 16:14:49.339 1120 17594 I FlickerAlgo: [flk_SendCmd] CMD_SET_EXT_PARA
10-08 16:14:49.340 1120 17594 I FlickerAlgo: flicker_freq[]=80 100 120 140 160 170 190 210 230
10-08 16:14:49.340 1120 17594 I FlickerAlgo: flicker_grad_threshold=2223
10-08 16:14:49.340 1120 17594 I FlickerAlgo: flicker_search_range=4
10-08 16:14:49.340 1120 17594 I FlickerAlgo: min_past_frames=3
10-08 16:14:49.340 1120 17594 I FlickerAlgo: max_past_frames=14
10-08 16:14:49.340 1120 17594 I FlickerAlgo: ev50_l50=-194 4721 381 -766
10-08 16:14:49.340 1120 17594 I FlickerAlgo: ev50_l60=1166 398 744 -383
10-08 16:14:49.340 1120 17594 I FlickerAlgo: ev60_l50=1340 435 1150 -466
10-08 16:14:49.340 1120 17594 I FlickerAlgo: ev60_l60=-162 2898 247 -642
10-08 16:14:49.340 1120 17594 I FlickerAlgo: ev50_thresholds=-30 12
10-08 16:14:49.340 1120 17594 I FlickerAlgo: ev60_thresholds=-30 12
10-08 16:14:49.340 1120 17594 I FlickerAlgo: freq_feature_index=2 1
10-08 16:14:49.340 1120 17594 I FlickerAlgo: [flk_SendCmd] CMD_INIT
10-08 16:14:49.340 1120 17594 I FlickerAlgo: Error opening trace file: No such file or directory (2)
10-08 16:14:49.340 1120 17594 I FlickerAlgo: utilTraceInit fail
10-08 16:14:49.340 1120 17594 I FlickerAlgo: [DoCmdInit] type(0) line_length(7152) column_length(1716) window_width(386) pclk(560000000.000000) block_height(0) green_only(0)
10-08 16:14:49.340 1120 17594 I FlickerAlgo: algorithm version(1485)
10-08 16:14:49.340 1120 17594 I FlickerHal: init_algo(): sensorDev(2) sensorId(12553) sensorMode(0) sensorType(0) initFreq(50) ratio(1) clkFreq(560000000) pixelsInLine(7152) imgH(1719) winH(572) winW(386) mUsers(1) period(0 ms)
10-08 16:14:49.340 1120 17594 I FlickerHal: start(): m_decreaseFrameRateType(1)
10-08 16:14:49.340 1120 17594 I FlashMgrM: getFlashMode(): mode(2).
10-08 16:14:49.340 1120 17594 W TaskMgr : [sendEvent] TaskEvent:PreivewStart
10-08 16:14:49.340 1120 17594 W TaskMgr : [sendEvent] PreivewStart check size 1 0
10-08 16:14:49.340 1120 17607 D ltm_algo: [ltm_start] data_addr: 0xb4000075bc400000
10-08 16:14:49.340 1120 17607 D ltm_algo: [ltm_ctrl] error: block size abnormal (0)(0)
10-08 16:14:49.340 1120 17607 D ltm_algo: [ltm_ctrl] error: pre block info (10)(8)
10-08 16:14:49.340 1120 17607 I MtkCam/P1NodeUtility: [wait] [Cam::1] StageCtrl wait(1) OK
10-08 16:14:49.342 1120 17607 W cam_TS : [TimeStamp_reset] WARNING: [0x0]:System-T reset before calibration
10-08 16:14:49.342 1120 17607 I MtkCam/P1NodeImp: [hardwareOps_start] [Cam::1] End - Cam::1 Sensor(2320x1744)(22273371ns) Raw(1,0x3)-Proc(2320x1744)-Pure(2320x1744) Bin(2320x1744) SizeChangedAfterBin=0 TG(0:0) DTwin(1@0)=0 LSM(1) QLV(2) Ratio(6) SensorCfg(i:1 2320x1744 s:0 b:0 c:1, h:0 f:30 t:0 d:0) ConfigPort[7]:(0x2de) InitParam[R:0 B:10 D:1 Nd:0 Ul:0 Pb:1 Rc:x3 Dt:0 Iq:2 F(DataPattern:x0 OffBin:x1 SensorNum:x0 Fus:0 RAW:x10)]AE(Ep:15001 Afe:1873 Ep_se:0 Afe_se:0 Ep_me:0 Afe_me:0 Ep_vse:0 Afe_vse:0)
10-08 16:14:49.342 1120 17607 E MtkCam/P1NodeImp: [OplusConfigSendMenu] [OPPO Menu] config E3ACtrl_SetMappingInfo failed! (OplusConfigSendMenu){#184:vendor/mediatek/proprietary/hardware/mtkcam3/pipeline/hwnode/../../oplus/pipeline/hwnode/p1/OplusP1NodeImp.cpp}
10-08 16:14:49.342 1120 17607 I MtkCam/ppl_context: [launchOneNode] P1Node: restore priority from -20 to 0
10-08 16:14:49.342 1120 7240 I MtkCam/ppl_context: [waitUntilConfigDone] sendFrame: pipeline config done - err:0
10-08 16:14:49.342 1120 7240 I FlashMgrM: [CAT][Event] FlashMode:2
10-08 16:14:49.342 1120 7240 I FlashMgrM: setManualExposureTime(): manualExp(10000).
10-08 16:14:49.342 1120 7240 I FlashMgrM: setManualSensitivity(): ISO(100)
10-08 16:14:49.342 1120 7240 I FlashHal: setSubFlashCustomization(): enable(1).
10-08 16:14:49.342 1120 7240 I FlickerHal: setFlickerMode(): mode change(0->3).
10-08 16:14:49.342 1120 7240 I mtkpower_client: perf_lock_acq, hdl:0, dur:5000, num:4, tid:7240
10-08 16:14:49.343 1120 7240 I mtkpower_client: ret_hdl:2715
10-08 16:14:49.343 808 870 I libPowerHal: [perfLockAcq] idx:5 hdl:2715 hint:-1 pid:1120 duration:5000 => ret_hdl:2715
10-08 16:14:49.343 808 870 I libPowerHal: [PE] scn:5 hdl:2715 lock_user:camerahalserver pid:1120 tid:7240 dur:5000
10-08 16:14:49.344 1120 7240 E mtkcam-PipelineModelSession4Cell-oplus: [4Cell/1::oplusSubmitOneRequest] Gyro InValid! (oplusSubmitOneRequest){#158:vendor/mediatek/proprietary/hardware/mtkcam3/pipeline/model/session/../../../oplus/pipeline/model/session/OplusPipelineModelSession4Cell.cpp}
10-08 16:14:49.344 1120 7240 E CamMidasService: [ERROR ] midasserviceintf.cpp:122 SetPowerFactor() m_pMIDASService is null
10-08 16:14:49.344 1120 7240 I mtkcam-FeatureSettingPolicy: [evaluateCaptureSetting] (0xb40000759d3cac20) capture req#:1
10-08 16:14:49.344 1120 7240 I mtkcam-customer_scenario_mgr: [customer_get_features_table_by_scenario] find features for scenario(5 : MTK_CAMERA_SCENARIO_CAPTURE_CSHOT) in logical map
10-08 16:14:49.345 1120 7240 I mtkcam-FeatureSettingPolicy: [evaluateCaptureSetting] trigger feature:NO_FEATURE_NORMAL(0), feature combination:MTK_FEATURE_COMBINATION_CSHOT(0x10040) for req#1
10-08 16:14:49.345 1120 7240 D isp_tuning_custom_oplus: [OPLUS ISP Profile]cannot get OPPO_APS_FEATURE_TYPE!
10-08 16:14:49.345 1120 7240 D isp_tuning_custom_oplus: [OPLUS ISP Profile]Current apsFeature is -1
10-08 16:14:49.345 1120 7240 D isp_tuning_custom_oplus: [OPLUS ISP Profile]Current APS Feature is -1, do not set custom profile.
10-08 16:14:49.346 1120 7240 I MtkCam3/HwUtils: [boostCPUFreq] already boosting, mLastBoostFrameNo : 0, frameNo : 1
10-08 16:14:49.347 1120 7240 E mtkcam-PipelineModelSession4Cell-oplus: [4Cell/1::oplusSubmitOneRequest] Gyro InValid! (oplusSubmitOneRequest){#158:vendor/mediatek/proprietary/hardware/mtkcam3/pipeline/model/session/../../../oplus/pipeline/model/session/OplusPipelineModelSession4Cell.cpp}
10-08 16:14:49.347 1120 7240 E CamMidasService: [ERROR ] midasserviceintf.cpp:122 SetPowerFactor() m_pMIDASService is null
10-08 16:14:49.347 1120 7240 I mtkcam-FeatureSettingPolicy: [evaluateCaptureSetting] (0xb40000759d3cac20) capture req#:2
10-08 16:14:49.347 1120 7240 I mtkcam-customer_scenario_mgr: [customer_get_features_table_by_scenario] find features for scenario(5 : MTK_CAMERA_SCENARIO_CAPTURE_CSHOT) in logical map
10-08 16:14:49.347 1120 7240 I mtkcam-FeatureSettingPolicy: [evaluateCaptureSetting] trigger feature:NO_FEATURE_NORMAL(0), feature combination:MTK_FEATURE_COMBINATION_CSHOT(0x10040) for req#2
10-08 16:14:49.347 1120 7240 D isp_tuning_custom_oplus: [OPLUS ISP Profile]cannot get OPPO_APS_FEATURE_TYPE!
10-08 16:14:49.347 1120 7240 D isp_tuning_custom_oplus: [OPLUS ISP Profile]Current apsFeature is -1
10-08 16:14:49.347 1120 7240 D isp_tuning_custom_oplus: [OPLUS ISP Profile]Current APS Feature is -1, do not set custom profile.
10-08 16:14:49.448 1120 17594 E idx_cache: [query] [IdxCache::query] pModExpend info missing (query){#297:vendor/mediatek/proprietary/hardware/mtkcam/utils/mapping_mgr/idx_cache/idx_cache.cpp}
10-08 16:14:49.448 1120 17594 E ltm_mgr : [calculateLTM_Metering]Get ISPResult(0x0) Fail
at MagicNum(1) Instead(2) (calculateLTM_Metering){#394:vendor/mediatek/proprietary/hardware/mtkcam/aaa/source/isp_6s/isp_tuning/paramctrl/ltm_mgr/ltm_mgr.cpp}
10-08 16:14:49.448 1120 17594 D AE_ALGO : [recfg_smooth_ctrl_v6_s] pline tale is null
10-08 16:14:49.448 1120 17594 D camerahalserver: [transBinSum_s5k3p9spmipiraw()] + u4Eposuretime:20001 u4AfeGain:4896 u4IspGain:4108 u4ISO:479
10-08 16:14:49.449 1120 17594 D AppTsf : [TsfReset] TsfReset ; ShadingVersion: 2020.0629.1045 TSF on/off
10-08 16:14:49.451 1120 17594 E awb_mgr_oplus: AWB: Write oppo awb debug info success! (getCustomDebugInfo){#806:vendor/mediatek/proprietary/hardware/mtkcam/aaa/source/isp_6s/awb_mgr/../../../../oplus/aaa/isp_6s/awb_mgr/Oplus_awb_mgr.cpp}
10-08 16:14:49.451 1120 17594 D AFAlgo : Working buffer not created. skip all af_Process. dev 0
10-08 16:14:49.454 1120 17594 E HalIspImp: [setP1Params] No ISP Profile: CaptureIntent: 1, Default Profile: 0 (setP1Params){#658:vendor/mediatek/proprietary/hardware/mtkcam/aaa/source/isp_6s/isp_hal/HalIspImp.cpp}
10-08 16:14:49.548 1120 17594 E idx_cache: [query] [IdxCache::query] pModExpend info missing (query){#297:vendor/mediatek/proprietary/hardware/mtkcam/utils/mapping_mgr/idx_cache/idx_cache.cpp}
10-08 16:14:49.548 1120 17594 E ltm_mgr : [calculateLTM_Metering]Get ISPResult(0xb400007592637fc0) Fail
at MagicNum(1) Instead(2) (calculateLTM_Metering){#394:vendor/mediatek/proprietary/hardware/mtkcam/aaa/source/isp_6s/isp_tuning/paramctrl/ltm_mgr/ltm_mgr.cpp}
10-08 16:14:49.548 1120 17594 D AE_ALGO : [recfg_smooth_ctrl_v6_s] pline tale is null
10-08 16:14:49.548 1120 7240 I MtkCam3/HwUtils: [boostCPUFreq] already boosting, mLastBoostFrameNo : 1, frameNo : 2
10-08 16:14:49.548 1120 17594 D camerahalserver: [transBinSum_s5k3p9spmipiraw()] + u4Eposuretime:20001 u4AfeGain:4576 u4IspGain:4108 u4ISO:448
10-08 16:14:49.550 1120 17594 E awb_mgr_oplus: AWB: Write oppo awb debug info success! (getCustomDebugInfo){#806:vendor/mediatek/proprietary/hardware/mtkcam/aaa/source/isp_6s/awb_mgr/../../../../oplus/aaa/isp_6s/awb_mgr/Oplus_awb_mgr.cpp}
10-08 16:14:49.550 1120 17594 D AFAlgo : Working buffer not created. skip all af_Process. dev 0
10-08 16:14:49.550 1120 7240 E CamMidasService: [ERROR ] midasserviceintf.cpp:122 SetPowerFactor() m_pMIDASService is null
10-08 16:14:49.550 1120 7240 I mtkcam-FeatureSettingPolicy: [evaluateCaptureSetting] (0xb40000759d3cac20) capture req#:3
10-08 16:14:49.550 1120 7240 I mtkcam-customer_scenario_mgr: [customer_get_features_table_by_scenario] find features for scenario(5 : MTK_CAMERA_SCENARIO_CAPTURE_CSHOT) in logical map
10-08 16:14:49.551 1120 7240 I mtkcam-FeatureSettingPolicy: [evaluateCaptureSetting] trigger feature:NO_FEATURE_NORMAL(0), feature combination:MTK_FEATURE_COMBINATION_CSHOT(0x10040) for req#3
10-08 16:14:49.551 1120 7240 D isp_tuning_custom_oplus: [OPLUS ISP Profile]cannot get OPPO_APS_FEATURE_TYPE!
10-08 16:14:49.551 1120 7240 D isp_tuning_custom_oplus: [OPLUS ISP Profile]Current apsFeature is -1
10-08 16:14:49.551 1120 7240 D isp_tuning_custom_oplus: [OPLUS ISP Profile]Current APS Feature is -1, do not set custom profile.
10-08 16:14:49.553 1120 17594 E HalIspImp: [setP1Params] No ISP Profile: CaptureIntent: 1, Default Profile: 0 (setP1Params){#658:vendor/mediatek/proprietary/hardware/mtkcam/aaa/source/isp_6s/isp_hal/HalIspImp.cpp}
10-08 16:14:49.636 808 870 I mtkpower@impl: [powerd_req] TIMER_MSG_PERF_LOCK_TIMEOUT hdl:2712
10-08 16:14:49.636 808 870 I libPowerHal: [perfLockRel] hdl:2712, idx:3
10-08 16:14:49.636 808 870 I libPowerHal: [PD] scn:3 hdl:2712 lock_user:camerahalserver pid:1120 tid:7240 dur:500
10-08 16:14:49.636 4008 4475 D HoraeHelper: getAllShellTemps tSize : 4
10-08 16:14:49.636 4008 4475 D HoraeHelper: getAllShellTemps tSize : 4
10-08 16:14:49.648 1120 17594 E idx_cache: [query] [IdxCache::query] pModExpend info missing (query){#297:vendor/mediatek/proprietary/hardware/mtkcam/utils/mapping_mgr/idx_cache/idx_cache.cpp}
10-08 16:14:49.648 1120 17594 E ltm_mgr : [calculateLTM_Metering]Get ISPResult(0xb400007592659280) Fail
at MagicNum(1) Instead(3) (calculateLTM_Metering){#394:vendor/mediatek/proprietary/hardware/mtkcam/aaa/source/isp_6s/isp_tuning/paramctrl/ltm_mgr/ltm_mgr.cpp}
10-08 16:14:49.648 1120 17594 D AE_ALGO : [recfg_smooth_ctrl_v6_s] pline tale is null
10-08 16:14:49.648 1120 7240 I MtkCam3/HwUtils: [boostCPUFreq] already boosting, mLastBoostFrameNo : 2, frameNo : 3
10-08 16:14:49.648 1120 17594 D camerahalserver: [transBinSum_s5k3p9spmipiraw()] + u4Eposuretime:20001 u4AfeGain:4480 u4IspGain:4100 u4ISO:437
10-08 16:14:49.650 1120 17594 E awb_mgr_oplus: AWB: Write oppo awb debug info success! (getCustomDebugInfo){#806:vendor/mediatek/proprietary/hardware/mtkcam/aaa/source/isp_6s/awb_mgr/../../../../oplus/aaa/isp_6s/awb_mgr/Oplus_awb_mgr.cpp}
10-08 16:14:49.650 1120 17594 D AFAlgo : Working buffer not created. skip all af_Process. dev 0
10-08 16:14:49.650 1120 7240 E CamMidasService: [ERROR ] midasserviceintf.cpp:122 SetPowerFactor() m_pMIDASService is null
10-08 16:14:49.650 1120 7240 I mtkcam-FeatureSettingPolicy: [evaluateCaptureSetting] (0xb40000759d3cac20) capture req#:4
10-08 16:14:49.651 1120 7240 I mtkcam-customer_scenario_mgr: [customer_get_features_table_by_scenario] find features for scenario(5 : MTK_CAMERA_SCENARIO_CAPTURE_CSHOT) in logical map
10-08 16:14:49.651 1120 7240 I mtkcam-FeatureSettingPolicy: [evaluateCaptureSetting] trigger feature:NO_FEATURE_NORMAL(0), feature combination:MTK_FEATURE_COMBINATION_CSHOT(0x10040) for req#4
10-08 16:14:49.651 1120 7240 D isp_tuning_custom_oplus: [OPLUS ISP Profile]cannot get OPPO_APS_FEATURE_TYPE!
10-08 16:14:49.651 1120 7240 D isp_tuning_custom_oplus: [OPLUS ISP Profile]Current apsFeature is -1
10-08 16:14:49.651 1120 7240 D isp_tuning_custom_oplus: [OPLUS ISP Profile]Current APS Feature is -1, do not set custom profile.
10-08 16:14:49.653 1120 17594 E HalIspImp: [setP1Params] No ISP Profile: CaptureIntent: 1, Default Profile: 0 (setP1Params){#658:vendor/mediatek/proprietary/hardware/mtkcam/aaa/source/isp_6s/isp_hal/HalIspImp.cpp}
10-08 16:14:49.670 1120 17636 I FlickerHal: update(): skip, not enough frame(1).
10-08 16:14:49.671 1120 17611 I Hal3Av3 : [get] frmId(2), IsConvert4MetaResult(0), ret(1), u1CaptureIntent(1), count(109, 38), AwbState(2) AeState(1) FlashState(0) AfState(0) Exp(20001000) ISO(479) FrameDuration(100050000)
10-08 16:14:49.671 1120 17612 I MtkCam/P2/CaptureNode: [queue] P2C cam 1: (0xb4000075c8c11e80) R/F Num: 0/0
10-08 16:14:49.672 1120 17613 E libc : Access denied finding property "cam.egnsavefile.enable"
10-08 16:14:49.673 1551 1834 I OplusCameraStateBroadcast: notifyCameraState packageName:com.oppo.attention cameraState:1 frontcamera:1
10-08 16:14:49.673 1120 17629 I MtkCam/P2/CaptureProcessor: [onEnque] P2C cam 1 MWFrame:#0 MWReq:#0, frame 0 : Index/Count:-1/0 Feature:0x10040
10-08 16:14:49.673 1120 17629 I MtkCam/P2/CaptureProcessor: [onEnque] P2C cam 1 MWFrame:#0 MWReq:#0, frame 0 : Index/Count:-1/0 isEarlyNotificationTrigger:-1, isCshot:1, feature:cz/hfg
10-08 16:14:49.673 1120 17629 I MtkCam/P2/CaptureProcessor: [onEnque] P2C cam 1 MWFrame:#0 MWReq:#0, frame 0 : enqued request to captureFeaturePipe, R/F Num:0/0
10-08 16:14:49.673 1120 17629 I MtkCam/CapturePipe/Request: [addNodeIO][R/F Num: 0/0] In, nodeId(4)(p2a), typeId(0)(man_full_raw), bufferId(0), reference(1)
10-08 16:14:49.673 1120 17629 I MtkCam/CapturePipe/Request: [addNodeIO][R/F Num: 0/0] In, nodeId(4)(p2a), typeId(1)(man_rsz_raw), bufferId(1), reference(1)
10-08 16:14:49.673 1120 17629 I MtkCam/CapturePipe/Request: [addNodeIO][R/F Num: 0/0] In, nodeId(4)(p2a), typeId(23)(man_lcs), bufferId(2), reference(1)
10-08 16:14:49.673 1120 17629 I MtkCam/CapturePipe/Request: [addNodeIO][R/F Num: 0/0] In, nodeId(4)(p2a), typeId(24)(man_lcesho), bufferId(3), reference(1)
10-08 16:14:49.673 1120 17629 I MtkCam/CapturePipe/Request: [addNodeIO][R/F Num: 0/0] Out nodeId(4)(p2a), typeId(19)(jpeg), bufferId(8), reference(1)
10-08 16:14:49.673 1120 17629 I MtkCam/CapturePipe/Request: [addNodeIO][R/F Num: 0/0] Out nodeId(4)(p2a), typeId(20)(thumbnail), bufferId(10), reference(1)
10-08 16:14:49.673 1120 17629 I MtkCam/CapturePipe/Request: [addNodeIO][R/F Num: 0/0] nodeId(4)(p2a), metaId(0), reference(1)
10-08 16:14:49.673 1120 17629 I MtkCam/CapturePipe/Request: [addNodeIO][R/F Num: 0/0] nodeId(4)(p2a), metaId(1), reference(1)
10-08 16:14:49.673 1120 17629 I MtkCam/CapturePipe/Request: [addNodeIO][R/F Num: 0/0] nodeId(4)(p2a), metaId(2), reference(1)
10-08 16:14:49.673 1120 17629 I MtkCam/CapturePipe/Request: [addNodeIO][R/F Num: 0/0] nodeId(4)(p2a), metaId(3), reference(1)
10-08 16:14:49.673 1120 17629 I MtkCam/CapturePipe/Request: [addNodeIO][R/F Num: 0/0] nodeId(4)(p2a), metaId(4), reference(1)
10-08 16:14:49.673 1120 17629 I MtkCam/CapturePipe/Inference: [evaluate]R/F Num: 0/0, timeconsuming: 0 ms
10-08 16:14:49.673 1120 17629 W MtkCam/CapturePipe/RootNode: get MTK_FEATURE_MULTIFRAMENODE_BYPASSED failed, set to 0
10-08 16:14:49.673 1120 17629 I MtkCam/P2/CaptureProcessor: [notifyRelease] P2C cam 1: notify release, R/F Num:0/0
10-08 16:14:49.673 1120 17626 E ISPProfileMapping: [mappingProfile] No match profile, isProprietary:1/FID=0x0/SenComb=1/Scenario=1/Stage=11 (mappingProfile){#253:vendor/mediatek/proprietary/hardware/mtkcam3/feature/common/utils/ISPProfileMapper.cpp}
10-08 16:14:49.673 1120 17626 W MSNRCore: (17626)[getMsnrMode] Failed to get ISP Profile, use EIspProfile_Capture_Before_Blend as default
10-08 16:14:49.673 1120 17626 I MtkCam/CapturePipe/P2ANode: [checkHasYUVOutput]request has yuv output. type:19, buf:8
10-08 16:14:49.673 1120 17626 I MtkCam/CapturePipe/P2ANode: [onRequestProcess](4) +, R/F/S Num: 0/0/1
10-08 16:14:49.674 1120 17626 W MtkCam/CapturePipe/Request: [acquireBuffer]Output:jpeg already acquired
10-08 16:14:49.674 1120 17626 W MtkCam/CapturePipe/Request: [acquireBuffer]Output:jpeg already acquired
10-08 16:14:49.674 1120 17626 W MtkCam/CapturePipe/Request: [acquireBuffer]Output:thumbnail already acquired
10-08 16:14:49.674 1120 17626 W MtkCam/CapturePipe/P2ANode: [setP2ISP]pBufLCE2CALTM is NULL, hasFeature(DRE): 0, mLCE2CALTM_Size: 52
10-08 16:14:49.674 1120 17626 E paramctrl_validate: DCESO too old, use default setting, u4id(2) DcsFrmId(-1) (validatePerFrameP2){#332:vendor/mediatek/proprietary/hardware/mtkcam/aaa/source/isp_6s/isp_tuning/paramctrl/paramctrl_validate.cpp}
10-08 16:14:49.674 1120 17626 W PDTblGen: [getTbl] dev(2) scenario(0) device is not started, no tables can be output. Please module should be started before getting table
10-08 16:14:49.675 1120 17626 I MtkCam/CapturePipe/P2ANode: [onRequestProcess](4) -, R/F/S Num: 0/0/1
10-08 16:14:49.678 1120 17613 D AppFDFT_SW: isSecureFD is 0
10-08 16:14:49.678 1120 17613 D utilMetCtrl: MET TAG is Disabled
10-08 16:14:49.678 1120 17613 D AppFDFT_SW: [AppFDFT_SW] MajorFaceDecision: 14 (->2) SortTrigger: 5
10-08 16:14:49.678 1120 17613 D AppFDFT_SW: [AppFDFT_SW]OTds: 2, OTtype: 1
10-08 16:14:49.678 1120 17613 D AppFDFT_SW: [AppFDFT_SW]fd model value is 1
10-08 16:14:49.679 1120 17613 D AppFDFT_SW: SetSmoothingPara 1
10-08 16:14:49.679 1120 17613 D AppFDFT_SW: [AppFDFT_SW]SmoothMode: 11, RoundXYPercent: 7, RoundSZPercent: 5
10-08 16:14:49.679 1120 17613 D AppFDFT_SW: SetSmoothingPara 2
10-08 16:14:49.679 1120 17613 D AppFDFT_SW: [AppFDFT_SW]SmoothMode: 11, RoundXYPercent: 6, RoundSZPercent: 4
10-08 16:14:49.679 1120 17613 D AppFDFT_SW: [AppFDFT_SW]ModelVersion: 1936050, NewFaceReliabilityThreshold: 3639, NewFaceFrameCountSpec: 2
10-08 16:14:49.679 1120 17613 D AppFDFT_SW: [AppFDFT_SW]FRAME_COUNT_TH: 1, MAX_TRACK_COUNT: 10, SilentModeFDSkipNum: 0, HistUpdateSkipNum: 1
10-08 16:14:49.679 1120 17613 I MtkCam/fdNodeImp: [RunFaceDetection] check FD frame timestamp : 10198984192000
10-08 16:14:49.679 1120 17613 I MtkCam/fdNodeImp: [RunFaceDetection] check FD count : 0, duration : 0
10-08 16:14:49.683 1120 7216 D MDP : [PQ][PQDSAdaptor(1)] calRegs, getDSConfig time 7 ms
10-08 16:14:49.683 1120 7216 D MDP : [PQ][PQDSAdaptor(1)] calRegs, shp_enable[1] time 7 ms
10-08 16:14:49.683 1120 7216 D MDP : DpEngine_TDSHP: configFrame() time 7 ms
10-08 16:14:49.684 1120 7216 D AdaptCALTM: GetCustomParameters: No Nvram Content!
10-08 16:14:49.695 1120 17621 I MtkCam/CapturePipe/P2ANode: [onP2SuccessCallback](4) R/F/S Num: 0/0/1, task:4, timeconsuming: 19ms
10-08 16:14:49.695 1120 17641 I MtkCam/CapturePipe/P2ANode: [onRequestFinish](4), R/F/S Num: 0/0/1
10-08 16:14:49.695 1120 17641 I MtkCam/CapturePipe/Request: [decNodeReference][R/F Num: 0/0] decNodeReference nodeId(p2a)
10-08 16:14:49.695 1120 17641 I MtkCam/P2/CaptureProcessor: [notifyRelease] P2C cam 1: notify release, R/F Num:0/0
10-08 16:14:49.695 1120 17641 I MtkCam/CapturePipe/Pipe: [onData]R/F Num: 0/0 - dataid=deque, Finished Abort(0)/Fail(0)
10-08 16:14:49.695 1120 17641 I MtkCam/JpegNode: [queue] FrameNo : 0, RequestNo : 0
10-08 16:14:49.695 1120 17641 I MtkCam/P2/CaptureProcessor: [onCompleted] P2C cam 1 MWFrame:#0 MWReq:#0, frame 0-0 : (0xb4000075cc172440) erased a completed request, request count:0, R/F Num:0/0
10-08 16:14:49.695 1120 17616 I MtkCam/JpegNode: [extractRequestLoop] mbRequestDrainedCond wait +
10-08 16:14:49.695 1120 17616 I MtkCam/JpegNode: [extractRequestLoop] mbRequestDrainedCond wait -
10-08 16:14:49.695 1120 17616 I MtkCam/JpegNode: [processJpeg] mReqWaitDoneQueueStillFreeCond wait +
10-08 16:14:49.695 1120 17616 I MtkCam/JpegNode: [processJpeg] mReqWaitDoneQueueStillFreeCond wait -
10-08 16:14:49.695 1120 17616 I mtkcam/exif: [StdExif] property: AppPackageName(com.oppo.attention)
10-08 16:14:49.697 1120 17617 I MtkCam/JpegNode: [waitJpegEncodeReqDone] mReqNewTriggerEncodeCond wait -
10-08 16:14:49.697 1120 17642 W MtkCam/JpegNode: [getJpegParams] no tag: MTK_VSDOF_FEATURE_REFOCUS_CAPTURE_FLOW
10-08 16:14:49.697 1120 17642 E MtkCam/JpegNode: [updateOffsetTimeOrig] offsetDateTime(801200bb) Entry is Empty (updateOffsetTimeOrig){#41:vendor/mediatek/proprietary/hardware/mtkcam3/pipeline/hwnode/p1/../../../oplus/pipeline/hwnode/JpegNode/v2.0/OplusJpegNodeImp.h}
10-08 16:14:49.697 1120 17642 E MtkCam/JpegNode: [updateOffsetTimeOrig] offsetDateTime(801200bb) is +8:00 (updateOffsetTimeOrig){#60:vendor/mediatek/proprietary/hardware/mtkcam3/pipeline/hwnode/p1/../../../oplus/pipeline/hwnode/JpegNode/v2.0/OplusJpegNodeImp.h}
10-08 16:14:49.697 1120 17642 I mtkcam/exif: [init] mpExifParam(0xb4000075cc289068) ImageSize(480x640) FNumber(2000/1000) FocalLegth(3410/1000) AWBMode(0) Strobe(0) AEMeterMode(2) Brightness(81) AEExpBias(0)
10-08 16:14:49.697 1120 17642 I mtkcam/exif: [init] CapExposureTime(20001) AEISOSpeed(479) LightSource(255) ExpProgram(0) SceneCapType(0) Orientation(22) ZoomRatio(100) Facing(1) ICC(0)
10-08 16:14:49.697 1120 17642 I mtkcam/exif: [init] GPS(0), Altitude(0), Latitude(), Longitude(), TimeStamp(), ProcessingMethod()
10-08 16:14:49.697 1120 17642 I mtkcam/exif: [init] FlashFiringStatus(0), FlashReturnDetect(0), FlashMode(2), FlashFunction(0), FlashRedEye(0)
10-08 16:14:49.697 1120 17642 E MEXIF : [ifdExifIFDValInit] Unsupport tag!(0x8831) (ifdExifIFDValInit){#483:vendor/mediatek/proprietary/hardware/mtkcam/utils/exif/common/exif_ifdinit.cpp}
10-08 16:14:49.697 1120 17642 E MEXIF : [exifErrPrint] Error in ifdExifIFDValInit() call, Unsupport tag!, err = fffff4fe
10-08 16:14:49.697 1120 17642 E MEXIF : (exifErrPrint){#365:vendor/mediatek/proprietary/hardware/mtkcam/utils/exif/common/exif_misc.cpp}
10-08 16:14:49.697 1120 17642 E MEXIF : [ifdExifIFDValInit] Unsupport tag!(0x8833) (ifdExifIFDValInit){#483:vendor/mediatek/proprietary/hardware/mtkcam/utils/exif/common/exif_ifdinit.cpp}
10-08 16:14:49.697 1120 17642 E MEXIF : [exifErrPrint] Error in ifdExifIFDValInit() call, Unsupport tag!, err = fffff4fe
10-08 16:14:49.697 1120 17642 E MEXIF : (exifErrPrint){#365:vendor/mediatek/proprietary/hardware/mtkcam/utils/exif/common/exif_misc.cpp}
10-08 16:14:49.697 1120 17642 I MEXIF : [exifApp1SizeGet] app1 size(1664)
10-08 16:14:49.697 1120 17642 E libc : Access denied finding property "jpeg.exif.icc.profile"
10-08 16:14:49.699 1120 17643 W MtkCam/JpegCodec: (17643)[encode] [encode] Ori (width, height) = (176, 132), Aligned (width, height) = (128, 176) u4Transform(7)
10-08 16:14:49.699 1120 17642 D JpgEncHal: ::LevelLock type 2, islock 0, L:195!!
10-08 16:14:49.700 1120 7216 D AdaptCALTM: GetCustomParameters: No Nvram Content!
10-08 16:14:49.700 1120 7216 W MDP : DpMmuHandler::flushMemory flush all not support
10-08 16:14:49.700 1120 7216 W MDP : DpMmuHandler::flushMemory flush all not support
10-08 16:14:49.700 1120 17642 W JpgEncv4l2: [Info] device_open sem_wait + 1
10-08 16:14:49.700 1120 17642 W JpgEncv4l2: open path /dev/video3
10-08 16:14:49.700 1120 17643 W MDP : DpMmuHandler::flushMemory flush all not support
10-08 16:14:49.700 1120 17642 D JpgEncHal: JpgEncHal::LevelLock enc_type 0, L:222!!
10-08 16:14:49.700 1120 17642 D JpgEncHal: Src Addr:0x765e4e2000, 0x765e4a8000, srcFD 340 341, width/height:[480, 640], format:3
10-08 16:14:49.700 1120 17642 D JpgEncHal: Src Size:0x4b000, 0x25800, Stride 1e0 1e0!!
10-08 16:14:49.700 1120 17642 D JpgEncHal: Dst Addr:0x75bf6e8500, dstFD 257, Quality:100, Buffer Size:660800, Need add SOI:0, memType 3!!
10-08 16:14:49.700 1120 17642 E JpgEncv4l2: jpegEncStart devcie_open retrun 352
10-08 16:14:49.700 1120 17642 W JpgEncv4l2: v4l2_set_fmt width 480 height 640 dstFormat 3
10-08 16:14:49.700 1120 17642 W JpgEncv4l2: v4l2_set_fmt bytesperline1 480 sizeimage 307200 dstFormat 3
10-08 16:14:49.700 1120 17642 W JpgEncv4l2: v4l2_set_fmt width 480 height 640 dstFormat 3
10-08 16:14:49.700 1120 17642 W JpgEncv4l2: v4l2_set_control restart interval 0
10-08 16:14:49.700 1120 17642 W JpgEncv4l2: v4l2_set_control quality 100
10-08 16:14:49.700 1120 17642 W JpgEncv4l2: v4l2_set_control enableExif 1
10-08 16:14:49.700 1120 17642 W JpgEncv4l2: v4l2_set_control dst offset 0xa500
10-08 16:14:49.700 1120 17642 W JpgEncv4l2: v4l2_set_selection crop width 480 height 640
10-08 16:14:49.700 1120 17642 W JpgEncv4l2: index: 0, type: 10, memory: 4, length: 2, sequence: 0, ts: 0.000000, byteused: 0, flag: 0x4000, reserved2: [0,0], planes_bytesused:[0,0], planes_length:[307200,153600], planes_data_offset:[0,0], planes_m_fd[0,0]
10-08 16:14:49.700 1120 17642 W JpgEncv4l2: index: 1, type: 10, memory: 4, length: 2, sequence: 0, ts: 0.000000, byteused: 0, flag: 0x4000, reserved2: [0,0], planes_bytesused:[0,0], planes_length:[307200,153600], planes_data_offset:[0,0], planes_m_fd[0,0]
10-08 16:14:49.700 1120 17642 W JpgEncv4l2: index: 2, type: 10, memory: 4, length: 2, sequence: 0, ts: 0.000000, byteused: 0, flag: 0x4000, reserved2: [0,0], planes_bytesused:[0,0], planes_length:[307200,153600], planes_data_offset:[0,0], planes_m_fd[0,0]
10-08 16:14:49.700 1120 17643 D JpgEncHal: ::LevelLock type 1, islock 0, L:195!!
10-08 16:14:49.700 1120 17642 W JpgEncv4l2: index: 3, type: 10, memory: 4, length: 2, sequence: 0, ts: 0.000000, byteused: 0, flag: 0x4000, reserved2: [0,0], planes_bytesused:[0,0], planes_length:[307200,153600], planes_data_offset:[0,0], planes_m_fd[0,0]
10-08 16:14:49.700 1120 17643 D JpgEncHal: JpgEncHal::LevelLock enc_type 1, L:222!!
10-08 16:14:49.700 1120 17642 W JpgEncv4l2: index: 4, type: 10, memory: 4, length: 2, sequence: 0, ts: 0.000000, byteused: 0, flag: 0x4000, reserved2: [0,0], planes_bytesused:[0,0], planes_length:[307200,153600], planes_data_offset:[0,0], planes_m_fd[0,0]
10-08 16:14:49.700 1120 17643 D JpgEncHal: Src Addr:0x765e904000, 0x0, srcFD 351 -1, width/height:[128, 176], format:0
10-08 16:14:49.700 1120 17643 D JpgEncHal: Src Size:0xb000, 0x0, Stride 100 0!!
10-08 16:14:49.700 1120 17642 W JpgEncv4l2: index: 0, type: 9, memory: 4, length: 1, sequence: 0, ts: 0.000000, byteused: 0, flag: 0x4000, reserved2: [0,0], planes_bytesused:[0], planes_length:[660864], planes_data_offset:[0], planes_m_fd[0]
10-08 16:14:49.700 1120 17643 D JpgEncHal: Dst Addr:0x75bf6de680, dstFD 257, Quality:100, Buffer Size:40576, Need add SOI:1, memType 3!!
10-08 16:14:49.700 1120 17642 W JpgEncv4l2: index: 1, type: 9, memory: 4, length: 1, sequence: 0, ts: 0.000000, byteused: 0, flag: 0x4000, reserved2: [0,0], planes_bytesused:[0], planes_length:[660864], planes_data_offset:[0], planes_m_fd[0]
10-08 16:14:49.700 1120 17643 D JpgEncHal: SW Encode Start!!!
10-08 16:14:49.700 1120 17642 W JpgEncv4l2: index: 2, type: 9, memory: 4, length: 1, sequence: 0, ts: 0.000000, byteused: 0, flag: 0x4000, reserved2: [0,0], planes_bytesused:[0], planes_length:[660864], planes_data_offset:[0], planes_m_fd[0]
10-08 16:14:49.700 1120 17642 W JpgEncv4l2: index: 3, type: 9, memory: 4, length: 1, sequence: 0, ts: 0.000000, byteused: 0, flag: 0x4000, reserved2: [0,0], planes_bytesused:[0], planes_length:[660864], planes_data_offset:[0], planes_m_fd[0]
10-08 16:14:49.700 1120 17642 W JpgEncv4l2: index: 4, type: 9, memory: 4, length: 1, sequence: 0, ts: 0.000000, byteused: 0, flag: 0x4000, reserved2: [0,0], planes_bytesused:[0], planes_length:[660864], planes_data_offset:[0], planes_m_fd[0]
10-08 16:14:49.700 1120 17642 W JpgEncv4l2: v4l2_set_dma_in_memory plane 0 fd 340 length 307200 bytesused 307200
10-08 16:14:49.700 1120 17642 W JpgEncv4l2: v4l2_set_dma_in_memory plane 1 fd 341 length 153600 bytesused 153600
10-08 16:14:49.700 1120 17642 W JpgEncv4l2: v4l2_set_dma_out_memory fd 257 length 660864 bytesused 0
10-08 16:14:49.701 1120 17642 W JpgEncv4l2: v4l2_poll before poll (10)wait_event 0x4 pfd.events 0xc
10-08 16:14:49.701 1120 17643 D JpgEncHal: SW Encode Done!!!
10-08 16:14:49.701 1120 17642 W JpgEncv4l2: v4l2_poll after poll (10)wait_event 0x4 pfd.events 0xc 405
10-08 16:14:49.701 1120 17642 W JpgEncv4l2: (10)UNKNOWN
10-08 16:14:49.701 1120 17642 W JpgEncv4l2: poll(10) meet event 0x4 pfd.revents 0x4
10-08 16:14:49.701 1120 17642 W JpgEncv4l2:
10-08 16:14:49.701 1120 17642 W JpgEncv4l2: v4l2_poll before poll (9)wait_event 0x1 pfd.events 0x9
10-08 16:14:49.701 1120 17642 W JpgEncv4l2: v4l2_poll after poll (9)wait_event 0x1 pfd.events 0xb 2
10-08 16:14:49.701 1120 17642 W JpgEncv4l2: (9)UNKNOWN
10-08 16:14:49.701 1120 17642 W JpgEncv4l2: poll(9) meet event 0x1 pfd.revents 0x1
10-08 16:14:49.701 1120 17642 W JpgEncv4l2:
10-08 16:14:49.701 1120 17642 W JpgEncv4l2: v4l2_dq_out_buf VIDIOC_DQBUF out buffer out buf bytesused 70912
10-08 16:14:49.701 1120 17642 D JpgEncHal: JpgEncHal:before ion cache invalidate
10-08 16:14:49.701 1120 17642 D JpgEncHal: JpgEncHal:before ion cache invalidate 2
10-08 16:14:49.701 1120 17642 D imgMmu : ::[ION_SYNC] imgIon_syncDone ionFD 353, handle 0x1, va 0xbf6e8500 size 660800 L:500!!
10-08 16:14:49.701 1120 17642 D JpgEncHal: result:0, size:70883
10-08 16:14:49.701 1120 17642 W JpgEncv4l2: device_close close fd 352
10-08 16:14:49.701 1120 17642 W JpgEncv4l2: [Info] device_close sem_post -1
10-08 16:14:49.701 1120 17642 D JpgEncHal: call free_ion fDstIonHdle 1
10-08 16:14:49.702 1120 17642 I mtkcam/exif: [make] out buffer(0x75bf6de000)
10-08 16:14:49.702 1120 17642 I mtkcam/exif: [updateStdExif] strDateTime(2021:10:08 16:14:49), strSubSecTime(69)
10-08 16:14:49.702 1120 17642 I mtkcam/exif: [updateStdExif] property: make(OPPO), model(PDKM00)
10-08 16:14:49.702 1120 17642 E mtkcam/exif: [make] not support ICC profile 0 (make){#681:vendor/mediatek/proprietary/hardware/mtkcam/utils/exif/v3/StdExif.cpp}
10-08 16:14:49.702 1120 17617 W mtkcam-PreReleaseRequest: [notifyCaptureCompleted] mImgReaderID is -1
10-08 16:14:49.703 1120 17617 I MtkCam/JpegNode: [waitJpegEncodeReqDone] mReqNewTriggerEncodeCond wait +
10-08 16:14:49.704 32713 32733 W gralloc4: Could not find component description for FourCC value 0
10-08 16:14:49.705 32713 32733 D skia : SkJpegCodec::onGetPixels +
10-08 16:14:49.708 32713 32733 D skia : SkJpegCodec::onGetPixels -
10-08 16:14:49.708 32713 32733 D GazeDetect: mobileOrientation: MOBILE_ORIENTATION_UP
10-08 16:14:49.709 32713 32733 D PROCESS : backBitmap Rect(0, 0 - 640, 640) frontBitmap Rect(0, 0 - 480, 640)
10-08 16:14:49.723 1039 10277 I ANNPreparedModel_V1_3: executeSynchronously()
10-08 16:14:49.723 1039 10277 I NeuroEaraMgr: [notifyExecutionBegin] => tid:32713, mid:12970367455080845320 (MTag_12970367455080847232)
10-08 16:14:49.723 1039 10277 I NeuroEaraMgr: [updateBoostValue] step0 @UNKNOWN, minExecTime: 880, suggestExecTime: 0, boostValue: 100 (MTag_12970367455080847232)
10-08 16:14:49.723 1039 10277 I NeuroEaraMgr: [updateBoostValue] step1 @MDLA, minExecTime: 7246, suggestExecTime: 0, boostValue: 100 (MTag_12970367455080847232)
10-08 16:14:49.723 1039 10277 I NeuroEaraMgr: [updateBoostValue] step2 @UNKNOWN, minExecTime: 18306816, suggestExecTime: 0, boostValue: 100 (MTag_12970367455080847232)
10-08 16:14:49.723 1039 10277 I ANNQoS : User priority: 10, EARA priority: 0
10-08 16:14:49.723 1039 10277 I ANNQoS : Use voted job priority: 0
10-08 16:14:49.723 1039 10277 I mtkpower_client: perf_lock_acq, hdl:2710, dur:2000, num:22, tid:10277
10-08 16:14:49.723 1039 10277 I mtkpower_client: ret_hdl:2710
10-08 16:14:49.723 1039 10277 I ANNExecutor: ANNExecutor::run()
10-08 16:14:49.723 808 870 I libPowerHal: [perfLockAcq] idx:1 hdl:2710 hint:-1 pid:1039 duration:2000 => ret_hdl:2710
10-08 16:14:49.735 1039 10277 I ANNExecutor: Completed run normally
10-08 16:14:49.735 1039 10277 I ANNPreparedModelBase: executor.run returned 0
10-08 16:14:49.735 1039 10277 I NeuroEaraMgr: [notifyExecutionEnd] step0 @UNKNOWN, execTime:678, minExecTime:779 (MTag_12970367455080847232)
10-08 16:14:49.735 1039 10277 I NeuroEaraMgr: [notifyExecutionEnd] step1 @MDLA, execTime:4759, minExecTime:6002 (MTag_12970367455080847232)
10-08 16:14:49.735 1039 10277 I NeuroEaraMgr: [notifyExecutionEnd] step2 @UNKNOWN, execTime:12692992, minExecTime:15499904 (MTag_12970367455080847232)
10-08 16:14:49.735 1039 10277 I NeuroEaraMgr: [notifyEaraJobEnd] <= priority: 0, tid:32713, mid:12970367455080845320 (MTag_12970367455080847232)#
10-08 16:14:49.736 32713 32733 D retina : faces number:0
10-08 16:14:49.736 32713 32733 D GazeDetect: RGBImage, size height: 640 width: 480
10-08 16:14:49.736 32713 32733 D GazeDetect: FaceDetect, total 0 faces
10-08 16:14:49.748 1120 17594 E idx_cache: [query] [IdxCache::query] pModExpend info missing (query){#297:vendor/mediatek/proprietary/hardware/mtkcam/utils/mapping_mgr/idx_cache/idx_cache.cpp}
10-08 16:14:49.748 1120 17594 D AE_ALGO : [recfg_smooth_ctrl_v6_s] pline tale is null
10-08 16:14:49.748 1120 7240 I MtkCam3/HwUtils: [boostCPUFreq] already boosting, mLastBoostFrameNo : 3, frameNo : 4
10-08 16:14:49.748 1120 17594 D camerahalserver: [transBinSum_s5k3p9spmipiraw()] + u4Eposuretime:20001 u4AfeGain:4384 u4IspGain:4096 u4ISO:428
10-08 16:14:49.749 1120 7240 E CamMidasService: [ERROR ] midasserviceintf.cpp:122 SetPowerFactor() m_pMIDASService is null
10-08 16:14:49.749 1120 7240 I mtkcam-FeatureSettingPolicy: [evaluateCaptureSetting] (0xb40000759d3cac20) capture req#:5
10-08 16:14:49.749 1120 7240 I mtkcam-customer_scenario_mgr: [customer_get_features_table_by_scenario] find features for scenario(5 : MTK_CAMERA_SCENARIO_CAPTURE_CSHOT) in logical map
10-08 16:14:49.749 1120 7240 I mtkcam-FeatureSettingPolicy: [evaluateCaptureSetting] trigger feature:NO_FEATURE_NORMAL(0), feature combination:MTK_FEATURE_COMBINATION_CSHOT(0x10040) for req#5
10-08 16:14:49.749 1120 7240 D isp_tuning_custom_oplus: [OPLUS ISP Profile]cannot get OPPO_APS_FEATURE_TYPE!
10-08 16:14:49.749 1120 7240 D isp_tuning_custom_oplus: [OPLUS ISP Profile]Current apsFeature is -1
10-08 16:14:49.749 1120 7240 D isp_tuning_custom_oplus: [OPLUS ISP Profile]Current APS Feature is -1, do not set custom profile.
10-08 16:14:49.750 1120 17594 E awb_mgr_oplus: AWB: Write oppo awb debug info success! (getCustomDebugInfo){#806:vendor/mediatek/proprietary/hardware/mtkcam/aaa/source/isp_6s/awb_mgr/../../../../oplus/aaa/isp_6s/awb_mgr/Oplus_awb_mgr.cpp}
10-08 16:14:49.750 1120 17594 D AFAlgo : Working buffer not created. skip all af_Process. dev 0
10-08 16:14:49.752 1120 17594 E HalIspImp: [setP1Params] No ISP Profile: CaptureIntent: 1, Default Profile: 0 (setP1Params){#658:vendor/mediatek/proprietary/hardware/mtkcam/aaa/source/isp_6s/isp_hal/HalIspImp.cpp}
10-08 16:14:49.770 1120 17636 I FlickerHal: update(): skip, not enough frame(2).
10-08 16:14:49.770 1120 17611 I Hal3Av3 : [get] frmId(3), IsConvert4MetaResult(0), ret(1), u1CaptureIntent(1), count(112, 38), AwbState(2) AeState(1) FlashState(0) AfState(0) Exp(20001000) ISO(448) FrameDuration(100050000)
10-08 16:14:49.771 1120 17612 I MtkCam/P2/CaptureNode: [queue] P2C cam 1: (0xb4000075c8c11e80) R/F Num: 1/1
10-08 16:14:49.772 1120 17629 I MtkCam/P2/CaptureProcessor: [onEnque] P2C cam 1 MWFrame:#1 MWReq:#1, frame 1 : Index/Count:-1/0 Feature:0x10040
10-08 16:14:49.772 1120 17629 I MtkCam/P2/CaptureProcessor: [onEnque] P2C cam 1 MWFrame:#1 MWReq:#1, frame 1 : Index/Count:-1/0 isEarlyNotificationTrigger:-1, isCshot:1, feature:cz/hfg
10-08 16:14:49.772 1120 17629 I MtkCam/P2/CaptureProcessor: [onEnque] P2C cam 1 MWFrame:#1 MWReq:#1, frame 1 : enqued request to captureFeaturePipe, R/F Num:1/1
10-08 16:14:49.772 1120 17629 I MtkCam/CapturePipe/Request: [addNodeIO][R/F Num: 1/1] In, nodeId(4)(p2a), typeId(0)(man_full_raw), bufferId(0), reference(1)
10-08 16:14:49.772 1120 17629 I MtkCam/CapturePipe/Request: [addNodeIO][R/F Num: 1/1] In, nodeId(4)(p2a), typeId(1)(man_rsz_raw), bufferId(1), reference(1)
10-08 16:14:49.772 1120 17629 I MtkCam/CapturePipe/Request: [addNodeIO][R/F Num: 1/1] In, nodeId(4)(p2a), typeId(23)(man_lcs), bufferId(2), reference(1)
10-08 16:14:49.772 1120 17629 I MtkCam/CapturePipe/Request: [addNodeIO][R/F Num: 1/1] In, nodeId(4)(p2a), typeId(24)(man_lcesho), bufferId(3), reference(1)
10-08 16:14:49.772 1120 17629 I MtkCam/CapturePipe/Request: [addNodeIO][R/F Num: 1/1] Out nodeId(4)(p2a), typeId(19)(jpeg), bufferId(8), reference(1)
10-08 16:14:49.772 1120 17629 I MtkCam/CapturePipe/Request: [addNodeIO][R/F Num: 1/1] Out nodeId(4)(p2a), typeId(20)(thumbnail), bufferId(10), reference(1)
10-08 16:14:49.772 1120 17629 I MtkCam/CapturePipe/Request: [addNodeIO][R/F Num: 1/1] nodeId(4)(p2a), metaId(0), reference(1)
10-08 16:14:49.772 1120 17629 I MtkCam/CapturePipe/Request: [addNodeIO][R/F Num: 1/1] nodeId(4)(p2a), metaId(1), reference(1)
10-08 16:14:49.772 1120 17629 I MtkCam/CapturePipe/Request: [addNodeIO][R/F Num: 1/1] nodeId(4)(p2a), metaId(2), reference(1)
10-08 16:14:49.772 1120 17629 I MtkCam/CapturePipe/Request: [addNodeIO][R/F Num: 1/1] nodeId(4)(p2a), metaId(3), reference(1)
10-08 16:14:49.772 1120 17629 I MtkCam/CapturePipe/Request: [addNodeIO][R/F Num: 1/1] nodeId(4)(p2a), metaId(4), reference(1)
10-08 16:14:49.772 1120 17629 I MtkCam/CapturePipe/Inference: [evaluate]R/F Num: 1/1, timeconsuming: 0 ms
10-08 16:14:49.772 1120 17629 W MtkCam/CapturePipe/RootNode: get MTK_FEATURE_MULTIFRAMENODE_BYPASSED failed, set to 0
10-08 16:14:49.772 1120 17629 I MtkCam/P2/CaptureProcessor: [notifyRelease] P2C cam 1: notify release, R/F Num:1/1
