10-08 16:14:57.584 808 870 I libPowerHal: [perfLockRel] hdl:2722, idx:0
10-08 16:14:57.584 808 870 I libPowerHal: [PD] scn:0 hdl:2722 lock_user:system_server pid:1551 tid:1828 dur:0
10-08 16:14:57.584 808 870 I libPowerHal: system_server: cpu_ctrl set cpu freq: -1 -1 -1 -1
10-08 16:14:57.584 808 870 I libPowerHal: [PD] system_server update cmd:10000100 param:2
10-08 16:14:57.584 1551 1828 I mtkpower_client: ret_hdl:2723
10-08 16:14:57.584 808 870 I libPowerHal: [perfLockAcq] idx:0 hdl:2723 hint:-1 pid:1551 duration:0 => ret_hdl:2723
10-08 16:14:57.584 808 870 I libPowerHal: [PE] scn:0 hdl:2723 lock_user:system_server pid:1551 tid:1828 dur:0
10-08 16:14:57.584 808 870 I libPowerHal: system_server: cpu_ctrl set cpu freq: -1 -1 2000000 -1
10-08 16:14:57.584 808 870 I libPowerHal: [PE] system_server update cmd:10000100, param:2
10-08 16:14:57.587 1551 1904 D OppoBaseLightsService: notifyFlingerLight color=390code=21005
10-08 16:14:57.588 1551 2550 D InputMethodManagerService: isSecurity: attribute.packageName=com.oppo.launcher
10-08 16:14:57.588 1551 2550 D InputMethodManagerService: isSecurity= false ( enable=true needShow=false inBlackList=false isExist=true )
10-08 16:14:57.589 1551 2550 D OplusVerificationCodeController: notifyImeAttributeChanged: 64false
10-08 16:14:57.592 23722 23722 V PhoneWindow: DecorView setVisiblity: visibility = 8, Parent = android.view.ViewRootImpl@ed1d225, this = DecorView@afbeffa[OppoSecurityInputMethod]
10-08 16:14:57.592 828 828 D OppoExGLESRenderEngine: drawMesh : power on : aIndex 0 , vfxScreenValue 0.000000
10-08 16:14:57.592 5043 17813 I Authzen : [DeviceStateSyncManager] The server is in sync with current state. Nothing to do
10-08 16:14:57.593 2061 2061 D SingleClockView: updateTime, 24hfmt=true, h=16, m=14
10-08 16:14:57.594 1551 2550 E OplusCustomizeRestrictionManagerService: isBiometricDisabled start
10-08 16:14:57.594 17806 17806 E viders.calenda: Unknown bits set in runtime_flags: 0x40000000
10-08 16:14:57.596 1551 3657 E OplusCustomizeRestrictionManagerService: isBiometricDisabled start
10-08 16:14:57.596 1140 1226 D AAL : onBacklightChanged: 0/1023 -> 390/1023(phy:780/4095)
10-08 16:14:57.596 1140 1226 D AAL : onBacklightChanged: change screen state 0(Off) -> 3(On)
10-08 16:14:57.596 1140 1226 D AALLightSensor: AALLightSensor setEnabled 0-->0
10-08 16:14:57.596 1140 1226 D AAL : LABC: LABC after setTarget isSmoothBacklight=0
10-08 16:14:57.597 17806 17806 E viders.calenda: Not starting debugger since process cannot load the jdwp agent.
10-08 16:14:57.598 12484 12484 I WeatherS_WeatherServiceVersionUtils: serviceVersionCode8003001
10-08 16:14:57.598 12484 12484 I chatty : uid=10089(com.coloros.alarmclock) identical 1 line
10-08 16:14:57.598 12484 12484 I WeatherS_WeatherServiceVersionUtils: serviceVersionCode8003001
10-08 16:14:57.602 1551 1741 D OppoWifiClientModeImpl: Adjust rssi from -48 to -45
10-08 16:14:57.606 17806 17806 E RefClass: java.lang.reflect.InvocationTargetException
10-08 16:14:57.606 1551 2432 I ColorHansManager : stateRToFFreeze--imporant case: pkgName: com.tencent.mobileqq, reason: lastResumeProtect
10-08 16:14:57.606 17806 17806 I OneTrace: Mark active for pid=17806? true
10-08 16:14:57.608 828 828 D OppoExGLESRenderEngine: drawMesh : power on : aIndex 1 , vfxScreenValue 0.264160
10-08 16:14:57.609 1551 2432 I ColorHansManager : stateRToFFreeze--imporant case: pkgName: com.sohu.inputmethod.sogou, reason: input
10-08 16:14:57.609 1551 2432 I ColorHansManager : pkg: io.appium.uiautomator2.server,state: R -> F
10-08 16:14:57.610 1551 2432 I ColorHansManager : freeze uid: 11182 package: io.appium.uiautomator2.server reason: S-LcdOn scene: LcdOnScene
10-08 16:14:57.610 5169 8229 D IHansComunication: HANS sendMessageToKernel: threadId = 486184828096, netLinkSetup = 1, type = PKG, targetUid = 11182, pkgCmd = ADD_ONE_UID
10-08 16:14:57.611 1551 2432 I ColorHansManager : stateRToFFreeze--imporant case: pkgName: com.tencent.mm, reason: lastResumeProtect
10-08 16:14:57.611 1551 2432 I ColorHansManager : stateRToFFreeze--imporant case: pkgName: com.alibaba.android.rimet, reason: lastResumeProtect
10-08 16:14:57.615 1551 2429 I ColorHansManager : unfreeze uid: 11182 package: io.appium.uiautomator2.server reason: Wakelock scene: LcdOnScene
10-08 16:14:57.615 1551 2429 I ColorHansManager : pkg: io.appium.uiautomator2.server,state: F -> R
10-08 16:14:57.617 1551 1673 D AlarmWakeupCheck: ACTION_SCREEN_ON CntAlarmWakeup=1
10-08 16:14:57.617 1551 4176 V ActivityManager: New death recipient com.android.server.am.ActivityManagerService$AppDeathRecipient@3886dba for thread android.os.BinderProxy@a61946b
10-08 16:14:57.623 1551 1834 D CompatibilityChangeReporter: Compat change id reported: 135634846; UID 10134; state: DISABLED
10-08 16:14:57.623 1551 1834 D CompatibilityChangeReporter: Compat change id reported: 135754954; UID 10134; state: ENABLED
10-08 16:14:57.623 1551 1589 D CompatibilityChangeReporter: Compat change id reported: 143937733; UID 10134; state: ENABLED
10-08 16:14:57.623 2509 2509 E Launcher.ColorBubbleTextView: mForceHideDot is false
10-08 16:14:57.623 2509 2509 E Launcher.ColorBubbleTextView: mForceHideDot is false
10-08 16:14:57.623 828 828 D OppoExGLESRenderEngine: drawMesh : power on : aIndex 2 , vfxScreenValue 0.386875
10-08 16:14:57.624 17806 17806 I oplus.android.OplusFrameworkFactoryImpl: get feature:IOplusScreenModeFeature
10-08 16:14:57.624 17806 17806 I oplus.android.OplusFrameworkFactoryImpl: getOplusScreenModeFeature
10-08 16:14:57.625 577 17827 D vold : idle maintenance stopped
10-08 16:14:57.625 1551 1711 W OppoStorageManagerFeature: turn screenOn, maintPrepared:false
10-08 16:14:57.629 2470 2470 E NhsAppRILMsger: MSG_REQ_KPI_DONE Error received :com.android.internal.telephony.CommandException: RADIO_NOT_AVAILABLE
10-08 16:14:57.630 1551 1753 I OplusWifiSarManager: Received action: android.intent.action.SCREEN_ON
10-08 16:14:57.630 1551 1753 D OppoWifiClientModeImpl: Adjust rssi from -48 to -45
10-08 16:14:57.630 1551 1753 D OplusWifiSarManager: wifiBand mWifi2gState:false mWifi5gState: true mWifi5gBand:WIFI_5G_BAND2
10-08 16:14:57.630 1551 1753 I OplusWifiSarManager: project: 19131, country: CN
10-08 16:14:57.630 1551 1753 I OplusWifiSarManager: sensor state: earpiece: 0, sensor: FAR, isScreenOn: true
10-08 16:14:57.630 1551 1753 I OplusWifiSarManager: modem state: mCellOn: false mDataOn: false mData5gOn: false
10-08 16:14:57.630 1551 1753 I OplusWifiSarManager: wifi state: mWifiConnected: true mWifiSapEnabled: false mWifiP2pConnected: false mWifi2gState: false mWifi5gState: true mWifi5gBand: WIFI_5G_BAND2
10-08 16:14:57.631 1551 1753 I OplusWifiSarManager: wifisar engineerMode state: enable: false, Regdomain: , modemWorkType(2:4G, 3:5G): -1, sensorWorkType: -1, wifiChannel2.4G: -1, wifiChannel5G: -1
10-08 16:14:57.631 1551 1753 I OplusWifiSarManager: no change: 0
10-08 16:14:57.631 2470 2470 I MdaciManager: UTF LO: OppoAppTrafficInfo{ date=10-08 16:14:57.629 trafficC={com.heyt*********=419, com.coloros.w**************=104, com.nearme.s*************=5358, com.heytap.o*************=104, com.finsh**********=1371946, com.amap.and*************=9942, com.alibaba.*************=239, com.unionpa************=4951, android.uid***********=4610176, com.and********=1911, com.heyta*********=3614626, io.appium.uiau***************=4609216, com.sohu.inpu*************=6349, com.heytap**********=11437, com.jlp********=27718}}
10-08 16:14:57.631 2470 2470 I MdaciManager: UTF CH: OppoAppTrafficInfo{ date=10-08 16:14:57.629 trafficC={com.heyt*********=419, com.coloros.w**************=104, com.nearme.s*************=5358, com.heytap.o*************=104, com.finsh**********=1371946, com.amap.and*************=9942, com.alibaba.*************=239, com.unionpa************=4951, android.uid***********=4610176, com.and********=1911, com.heyta*********=3614626, io.appium.uiau***************=4609216, com.sohu.inpu*************=6349, com.heytap**********=11437, com.jlp********=27718}}
10-08 16:14:57.631 2470 2470 I MdaciManager: UTF LS: OppoAppTrafficInfo{ date=10-08 16:14:57.629 trafficC={com.heyt*********=419, com.coloros.w**************=104, com.nearme.s*************=5358, com.heytap.o*************=104, com.finsh**********=1371946, com.amap.and*************=9942, com.alibaba.*************=239, com.unionpa************=4951, android.uid***********=4610176, com.and********=1911, com.heyta*********=3614626, io.appium.uiau***************=4609216, com.sohu.inpu*************=6349, com.heytap**********=11437, com.jlp********=27718}}
10-08 16:14:57.633 747 747 D Zygote : Forked child process 17828
10-08 16:14:57.635 2470 2470 I MdaciManager: UKF LO: OppoKernelWakeupInfo{ date=10-08 16:14:57.634 qrtrWakeupC={} allWakeupC={Modem=0, Qrtr=0, WiFi=0, Mpss=0, TCPInput=2, TCPOutput=6, TCPInputRetrans=0, TCPOutputRetrans=0}}
10-08 16:14:57.635 2470 2470 I MdaciManager: UKF CH: OppoKernelWakeupInfo{ date=10-08 16:14:57.634 qrtrWakeupC={} allWakeupC={Modem=0, Qrtr=0, WiFi=0, Mpss=0, TCPInput=2, TCPOutput=6, TCPInputRetrans=0, TCPOutputRetrans=0}}
10-08 16:14:57.635 2470 2470 I MdaciManager: UKF LS: OppoKernelWakeupInfo{ date=10-08 16:14:57.634 qrtrWakeupC={} allWakeupC={Modem=0, Qrtr=0, WiFi=0, Mpss=0, TCPInput=2, TCPOutput=6, TCPInputRetrans=0, TCPOutputRetrans=0}}
10-08 16:14:57.637 1551 1589 I ActivityManager: Start proc 17828:com.heytap.pictorial:ui/u0a134 for service {com.heytap.pictorial/com.heytap.pictorial.service.ui.AwakeUIService}
10-08 16:14:57.637 1551 1711 D StorageManagerService: handleMessage:62, handled and finished by oppo storage feature.
10-08 16:14:57.638 1551 1551 D OplusSilenceRecovery: actionandroid.intent.action.SCREEN_ON
10-08 16:14:57.639 828 828 D OppoExGLESRenderEngine: drawMesh : power on : aIndex 3 , vfxScreenValue 0.480500
10-08 16:14:57.640 1551 1744 E OplusQpowerManager: setQpowerMode, getOppoPowerSaveMockable fail, oppoPowerSave = null !
10-08 16:14:57.640 17828 17828 E ap.pictorial:u: Unknown bits set in runtime_flags: 0x40000000
10-08 16:14:57.641 1551 1744 I WifiScanRequestProxy: Scan request from uid= 1000, android
10-08 16:14:57.642 1551 1551 D OplusSlaManager: Received broadcast:android.intent.action.SCREEN_ON
10-08 16:14:57.642 1551 1769 D OplusSlaManager: MSG_SCREEN_STATE_CHANGE
10-08 16:14:57.642 1551 1769 D OplusSlaManager: After sendScreenStateToKernel:result=true screenState=1
10-08 16:14:57.644 17828 17828 E ap.pictorial:u: Not starting debugger since process cannot load the jdwp agent.
10-08 16:14:57.645 2470 2470 I MdaciManager: UAF LO: OppoAppWakeupInfo{ date=10-08 16:14:57.637 inWakeupC={com.unionpa************=1, com.and********=1} outWakeupC={com.alibaba.*************=1, com.nearme.s*************=2, com.unionpa************=1, com.sohu.inpu*************=2}}
10-08 16:14:57.645 1551 1776 E OplusClientModeImpl2: getWifiLinkLayerStats called without an interface
10-08 16:14:57.645 2470 2470 I MdaciManager: UAF CH: OppoAppWakeupInfo{ date=10-08 16:14:57.637 inWakeupC={com.unionpa************=1, com.and********=1} outWakeupC={com.alibaba.*************=1, com.nearme.s*************=2, com.unionpa************=1, com.sohu.inpu*************=2}}
10-08 16:14:57.646 2470 2470 I MdaciManager: UAF LS: OppoAppWakeupInfo{ date=10-08 16:14:57.637 inWakeupC={com.unionpa************=1, com.and********=1} outWakeupC={com.alibaba.*************=1, com.nearme.s*************=2, com.unionpa************=1, com.sohu.inpu*************=2}}
10-08 16:14:57.647 17828 17828 E RefClass: java.lang.reflect.InvocationTargetException
10-08 16:14:57.648 17828 17828 I OneTrace: Mark active for pid=17828? true
10-08 16:14:57.650 1551 1551 D OplusDualHeadPhoneEx: GetOplusDualHeadPhoneEx return exist one.
10-08 16:14:57.650 1551 1551 D AudioSystem: +setParameters(): screen_state=on
10-08 16:14:57.650 766 834 D AudioALSAHardware: +setParameters(): screen_state=on
10-08 16:14:57.650 1551 2392 V ActivityManager: New death recipient com.android.server.am.ActivityManagerService$AppDeathRecipient@95a25e3 for thread android.os.BinderProxy@37f7be0
10-08 16:14:57.651 766 834 D AudioALSAStreamOut: +setScreenState(), flag 2, mode 1
10-08 16:14:57.651 766 834 D AudioALSAStreamOut: +setScreenState(), flag 8, mode 1
10-08 16:14:57.651 766 834 D AudioALSAStreamOut: +setScreenState(), flag 4, mode 1
10-08 16:14:57.651 766 834 D AudioALSAStreamOut: +setScreenState(), flag 32768, mode 1
10-08 16:14:57.651 766 834 D AudioALSAStreamOut: +setScreenState(), flag 65536, mode 1
10-08 16:14:57.651 766 834 D AudioALSAHardware: =====>GetInstance()->MMI_Auto_Test
10-08 16:14:57.651 766 834 D audio_engineer_test: do_audio_test_process Enter all_test[0]:NoneTest in_call:false
10-08 16:14:57.651 766 834 D AudioALSAHardware: -setParameters(): screen_state=on
10-08 16:14:57.651 1551 1744 D WifiClientModeImpl: Rssi change too fast: -1 to 4; Count = 1
10-08 16:14:57.651 1551 1744 D WifiClientModeImpl: Rssi change too fast: so average level to 1
10-08 16:14:57.655 17828 17828 I oplus.android.OplusFrameworkFactoryImpl: get feature:IOplusScreenModeFeature
10-08 16:14:57.655 17828 17828 I oplus.android.OplusFrameworkFactoryImpl: getOplusScreenModeFeature
10-08 16:14:57.656 1912 1912 I wpa_supplicant: wpa_driver_nl80211_driver_cmd: wlan0 recv cmd SETSUSPENDMODE 0
10-08 16:14:57.656 828 828 D OppoExGLESRenderEngine: drawMesh : power on : aIndex 4 , vfxScreenValue 0.553902
10-08 16:14:57.657 7782 7782 E NetworkMonitor: [getConnectionInfo] invoke
10-08 16:14:57.657 7782 7782 E NetworkMonitor: java.lang.Throwable
10-08 16:14:57.657 7782 7782 E NetworkMonitor: at com.tencent.mobileqq.qmethodmonitor.monitor.NetworkMonitor.getConnectionInfo(P:22)
10-08 16:14:57.657 7782 7782 E NetworkMonitor: at com.tencent.mobileqq.msf.core.u.D(P:676)
10-08 16:14:57.657 7782 7782 E NetworkMonitor: at com.tencent.mobileqq.msf.core.u$d.onReceive(P:665)
10-08 16:14:57.657 7782 7782 E NetworkMonitor: at android.app.LoadedApk$ReceiverDispatcher$Args.lambda$getRunnable$0$LoadedApk$ReceiverDispatcher$Args(LoadedApk.java:1706)
10-08 16:14:57.657 7782 7782 E NetworkMonitor: at android.app.-$$Lambda$LoadedApk$ReceiverDispatcher$Args$_BumDX2UKsnxLVrE6UJsJZkotuA.run(Unknown Source:2)
10-08 16:14:57.657 7782 7782 E NetworkMonitor: at android.os.Handler.handleCallback(Handler.java:938)
10-08 16:14:57.657 7782 7782 E NetworkMonitor: at android.os.Handler.dispatchMessage(Handler.java:99)
10-08 16:14:57.657 7782 7782 E NetworkMonitor: at android.os.Looper.loop(Looper.java:264)
10-08 16:14:57.657 7782 7782 E NetworkMonitor: at android.app.ActivityThread.main(ActivityThread.java:8262)
10-08 16:14:57.657 7782 7782 E NetworkMonitor: at java.lang.reflect.Method.invoke(Native Method)
10-08 16:14:57.657 7782 7782 E NetworkMonitor: at com.android.internal.os.RuntimeInit$MethodAndArgsCaller.run(RuntimeInit.java:632)
10-08 16:14:57.657 7782 7782 E NetworkMonitor: at com.android.internal.os.ZygoteInit.main(ZygoteInit.java:1049)
10-08 16:14:57.657 7782 7782 D PrivacyInvokeMonitor: report switch has been closed!
10-08 16:14:57.662 17828 17828 D ApplicationLoaders: Returning zygote-cached class loader: /system/framework/android.test.base.jar
10-08 16:14:57.662 17828 17828 D ApplicationLoaders: Returning zygote-cached class loader: /system/framework/android.test.base.jar
10-08 16:14:57.663 17828 17828 I ap.pictorial:u: The ClassLoaderContext is a special shared library.
10-08 16:14:57.663 2061 2897 D WifiStatusTracker: handleBroadcast: shouldUpdateLabel: true
10-08 16:14:57.663 1912 1912 I wpa_supplicant: wpa_driver_nl80211_driver_cmd: ret = 0 used = 2 total = 512 buf =
10-08 16:14:57.664 17828 17828 D ApplicationLoaders: Returning zygote-cached class loader: /system/framework/android.test.base.jar
10-08 16:14:57.664 17828 17828 D ApplicationLoaders: Returning zygote-cached class loader: /system/framework/android.test.base.jar
10-08 16:14:57.665 17828 17828 I ap.pictorial:u: The ClassLoaderContext is a special shared library.
10-08 16:14:57.669 1551 1551 D LMServiceThreadHandler: onScreenStatusChange:true
10-08 16:14:57.667 17828 17828 I ap.pictorial:u: The ClassLoaderContext is a special shared library.
10-08 16:14:57.672 828 828 D OppoExGLESRenderEngine: drawMesh : power on : aIndex 5 , vfxScreenValue 0.613116
10-08 16:14:57.673 1551 1551 D OppoPowerMonitor: Receive broadcast android.intent.action.SCREEN_ON
10-08 16:14:57.675 17806 17806 D NetworkSecurityConfig: No Network Security Config specified, using platform default
10-08 16:14:57.681 1551 2569 W ContextImpl: Calling a method in the system process without a qualified user: android.app.ContextImpl.startService:1701 com.oplus.util.OplusStatisticsImpl.startService:216 com.oplus.util.OplusStatisticsImpl.sendDataToDCS:192 com.oplus.util.OplusStatisticsImpl.onCommonSync:84 com.oplus.util.OplusStatisticsImpl$1.run:124
10-08 16:14:57.676 17806 17806 D NetworkSecurityConfig: No Network Security Config specified, using platform default
10-08 16:14:57.683 17828 17828 D NetworkSecurityConfig: Using Network Security Config from resource network_security_config debugBuild: false
10-08 16:14:57.684 17828 17828 D NetworkSecurityConfig: Using Network Security Config from resource network_security_config debugBuild: false
10-08 16:14:57.684 17828 17828 D PictorialApplication: attachBaseContext
10-08 16:14:57.684 2530 2658 I [0]DCS-StrategyManager: isNeedUpload: false, type: 2006, appID: 20120, logTag: 30101, eventID: cacheLocationData
10-08 16:14:57.684 2530 2658 W [0]DCS : Record event failed. DCS reject event: [appId=20120,logTag=30101,eventId=cacheLocationData] . Pls check server config.
10-08 16:14:57.685 1551 1882 V OplusLocationBlacklistUtil: block status:android=false
10-08 16:14:57.687 1551 1882 D LocationManagerService: request c100236 network Request[POWER_LOW network interval=0 fastestInterval=0] from android(1000 foreground)
10-08 16:14:57.687 1551 1882 D OplusNlpProxy: OplusNlpProxy setRequest! NLP is: nlp
10-08 16:14:57.687 1551 1882 D OplusNlpProxy: add MSG_FNLP_REPORT_DELAY!
10-08 16:14:57.688 808 831 I mtkpower@impl: [setMode] type:1, enabled:1
10-08 16:14:57.688 808 831 E mtkpower@impl: [setMode] unknown type
10-08 16:14:57.689 828 828 D OppoExGLESRenderEngine: drawMesh : power on : aIndex 6 , vfxScreenValue 0.665184
10-08 16:14:57.690 17828 17851 D Common : getUuidFromPhone HeytapIDSDK init....
10-08 16:14:57.693 17828 17828 I FBEManager: [initFBE] init = true
10-08 16:14:57.693 1551 1551 D OppoNwPowerService: Received broadcast:android.intent.action.SCREEN_ON
10-08 16:14:57.696 1242 17812 D android.hardware.biometrics.fingerprint@2.1-service: DcsInfo enter into FINGERPRINT_AUTHENTICATED CommonDcsmsg
10-08 16:14:57.696 17806 17806 I CalendarProvider2: Created com.android.providers.calendar.a@893998a(com.android.providers.calendar.CalendarProvider2@a5c9bfb)
10-08 16:14:57.697 2006 2006 V GestureMonitorController: onDeviceStateChanged
10-08 16:14:57.697 1242 17812 D android.hardware.biometrics.fingerprint@2.1-service: DcsInfo send fingerprint auth dcsmsg
10-08 16:14:57.698 1551 1816 D CommonDcsUploader: notifyMsgToCommonDcs, logTag: 20120fingerprint_auth_dcsmsg
10-08 16:14:57.698 1551 2569 W ContextImpl: Calling a method in the system process without a qualified user: android.app.ContextImpl.startService:1701 com.oplus.util.OplusStatisticsImpl.startService:216 com.oplus.util.OplusStatisticsImpl.sendDataToDCS:192 com.oplus.util.OplusStatisticsImpl.onCommonSync:84 com.oplus.util.OplusStatisticsImpl$1.run:124
10-08 16:14:57.698 2006 2006 D ScreenOffGestureService: mWakeUpArouseReceiver action= android.intent.action.SCREEN_ON mScreenOnByLiftHand = false
10-08 16:14:57.698 2006 2006 D ScreenOffGestureService: onReceive: LIMIT = 1633680897698
10-08 16:14:57.698 2006 2006 I ScreenOffGestureService: unregisterTiltSensor + mIsRegisterSensorTilt = false
10-08 16:14:57.698 17828 17828 D PictorialApplication: onCreate
10-08 16:14:57.699 17828 17828 I UIApplicationImpl: [onCreate] ui application
10-08 16:14:57.702 2530 2658 I [0]DCS-StrategyManager: isNeedUpload: true, type: 2006, appID: 20120, logTag: 20120, eventID: fingerprint_auth_dcsmsg
10-08 16:14:57.705 828 828 D OppoExGLESRenderEngine: drawMesh : power on : aIndex 7 , vfxScreenValue 0.712769
10-08 16:14:57.713 17828 17854 E OplusCustomizeRestrictionManager: sInstance is null, start a new sInstance
10-08 16:14:57.722 828 828 D OppoExGLESRenderEngine: drawMesh : power on : aIndex 8 , vfxScreenValue 0.751774
10-08 16:14:57.722 1551 1834 D OppoDisplayPolicy: com.android.systemui, change system app cutoutMode: color always
10-08 16:14:57.722 17828 17854 E ThemeUtils: View class com.airbnb.lottie.LottieAnimationView is an AppCompat widget that can only be used with a Theme.AppCompat theme (or descendant).
10-08 16:14:57.727 17828 17854 I oplus.android.OplusFrameworkFactoryImpl: getOplusRedPacketManager
10-08 16:14:57.732 2793 3753 V SensorManager: RegisterListener PEDO_MINUTE type:33171034 delay:20000us by com.coloros.healthservice.broadcast.a
10-08 16:14:57.735 1551 1834 W SensorService: SensorEventConnection sensor handle=23, package = com.coloros.healthservice.broadcast.b enable
10-08 16:14:57.735 1551 1834 D SensorService: enable sensor send lastEvent 23
10-08 16:14:57.736 2793 2793 V SensorManager: Pedometer minute step counter dispatchSensorEvent step 0.0 to + com.coloros.healthservice.broadcast.a@424c9ec
10-08 16:14:57.736 1551 1834 D SensorService: OplusSensorServiceUtils, sensorType=33171034
10-08 16:14:57.736 1551 1834 D SensorService: Calling batch handle==23 flags=0rate=20000000 timeout== 0
10-08 16:14:57.736 1551 1834 D SensorService: SensorDevice::batch: ident=0xb400007b90244ac0, handle=0x00000017, flags=0, period_ns=20000000 timeout=0
10-08 16:14:57.736 1551 1834 D SensorService: >>> curr_period=200000000 min_period=20000000 curr_timeout=0 min_timeout=0
10-08 16:14:57.736 1551 1834 D SensorService: >>> actuating h/w BATCH 0x00000017 20000000 0
10-08 16:14:57.736 1551 4192 D CompatibilityChangeReporter: Compat change id reported: 135634846; UID 10263; state: DISABLED
10-08 16:14:57.736 1551 4192 D CompatibilityChangeReporter: Compat change id reported: 135754954; UID 10263; state: ENABLED
10-08 16:14:57.736 1113 1113 I VirtualSensors: batch: handle:81, flag:0,samplingPeriodNs:20000000 maxBatchReportLatencyNs:0
10-08 16:14:57.736 1551 1589 D CompatibilityChangeReporter: Compat change id reported: 143937733; UID 10263; state: ENABLED
10-08 16:14:57.738 1551 1834 D SensorService: recordConnection in enable
10-08 16:14:57.738 1551 1834 D SensorService: Calling activate on 23
10-08 16:14:57.738 1551 1834 D SensorService: SensorDevice::activate: ident=0xb400007b90244ac0, handle=0x00000017, enabled=1, count=2
10-08 16:14:57.738 1551 1834 D SensorService: enable index=0
10-08 16:14:57.738 1551 1834 D SensorService: SensorDevice::checkForIdent info.numActiveClients()=2, ident=0xb400007b90244ac0, handle=23, eanble=1, isFusion=0
10-08 16:14:57.738 1551 1834 D SensorService: 0xb400007b90244ac0 addFd fd=664
10-08 16:14:57.738 828 828 D OppoExGLESRenderEngine: drawMesh : power on : aIndex 9 , vfxScreenValue 0.786508
10-08 16:14:57.740 3718 5806 I System.out: [OkHttp] sendRequest>>
10-08 16:14:57.740 3718 5806 I System.out: [OkHttp] sendRequest<<
10-08 16:14:57.742 1551 1572 D OplusAppBwCore: onUidImportance: 10263, 400
10-08 16:14:57.748 3924 3924 D BluetoothAdapter: 247829230: getState(). Returning ON
10-08 16:14:57.748 3924 3924 I AF.APP.ScreenReceiver: Screen on and bluetooth enabled: true
10-08 16:14:57.748 3924 3924 I AF.APP.ScreenReceiver: start scanning when screen on and bluetooth on
10-08 16:14:57.748 3924 3924 I AF : core commit id is 7f72807 time i 210809
10-08 16:14:57.748 3924 3924 D BluetoothAdapter: 247829230: getState(). Returning ON
10-08 16:14:57.753 17828 17828 D common.log: Log.init cachePath:/data/user/0/com.heytap.pictorial/cache/xlog, logPath:/storage/emulated/0/Android/data/com.heytap.pictorial/files/xlog/pictorial/xlog
10-08 16:14:57.755 828 828 D OppoExGLESRenderEngine: drawMesh : power on : aIndex 10 , vfxScreenValue 0.815907
10-08 16:14:57.756 3924 3924 I AF.APP.a: clearAndUpdateScanFilters, plugin count: 2
10-08 16:14:57.756 3924 3924 I AF.CORE.a: create scan request, low_latency: 0, balance: 300000, low_power: 1500000
10-08 16:14:57.756 3924 3924 I AF.APP.ScanService: clear cachedDevice
10-08 16:14:57.756 3924 3924 I AF.CORE.g: cleanResources
10-08 16:14:57.756 3924 3924 I AF.CORE.g: getDeviceTags: size: 0
10-08 16:14:57.756 3924 3924 I AF.APP.a: clearExcept, size from 0 to 0
10-08 16:14:57.756 3924 3924 I AF.APP.ScanService: startBleScan, inner: true
10-08 16:14:57.756 3924 4584 D BluetoothAdapter: 247829230: getState(). Returning ON
10-08 16:14:57.756 3924 4584 D BluetoothAdapter: 247829230: getState(). Returning ON
10-08 16:14:57.756 3924 3924 D BluetoothAdapter: 247829230: getState(). Returning ON
10-08 16:14:57.759 3924 4591 I AF.APP.ScanService: onScanStarted, inner: true
10-08 16:14:57.760 747 747 D Zygote : Forked child process 17870
10-08 16:14:57.763 1551 1589 I ActivityManager: Start proc 17870:com.coloros.eyeprotect/u0a263 for broadcast {com.coloros.eyeprotect/com.color.eyeprotect.receiver.ColorEyeAlarmReceiver}
10-08 16:14:57.764 1551 2392 I ColorAppSwitchManagerService: appswitch registerAppSwitchObserver pName = com@@heytap@@accessory observer = com.oplus.app.IOplusAppSwitchObserver$Stub$Proxy@e19eda3 config = OplusAppSwitchConfig = { mConfigs = {1=[TOM@@CO@@wirelesssettings@@bluetooth@@DevicePickerActivity, TOM@@android@@incallui@@OppoInCallActivity], 2=[TOM@@CO@@oshare, TOM@@android@@incallui]} observerFingerPrint = 179628838}
10-08 16:14:57.764 1551 2392 I ColorAppSwitchStateDispatcher: registerAppSwitchObserver addDynamicListener OK, info = ColorAppSwitchRuleInfo = { observer = com.oplus.app.IOplusAppSwitchObserver$Stub$Proxy@e19eda3 observerFingerPrint = 179628838} rule size =0
10-08 16:14:57.771 828 828 D OppoExGLESRenderEngine: drawMesh : power on : aIndex 11 , vfxScreenValue 0.843743
10-08 16:14:57.773 3924 3924 I AF.APP.AutoConnectionManager: eventReceiver Intent Action: android.intent.action.SCREEN_ON
10-08 16:14:57.775 17828 17854 I EffectiveAnimation: OplusLog, DEBUG_DRAW : false; DEBUG_COMPOSITION : false; DEBUG_KEYPATH : false; DEBUG_BUILD_LAYER = false
10-08 16:14:57.776 2481 2506 W TelephonyPermissions: reportAccessDeniedToReadIdentifiers:com.heytap.pictorial:getImeiForSlot:-1
10-08 16:14:57.776 17870 17870 E oros.eyeprotec: Unknown bits set in runtime_flags: 0x40000000
10-08 16:14:57.779 2793 4829 W OppoGuardElf: OppoGuardElfMonitor: onReceiver action=android.intent.action.SCREEN_ON
10-08 16:14:57.780 2793 4829 W OppoGuardElf: Affair: post action finally act = 202
10-08 16:14:57.781 2793 4968 W OppoGuardElf: ThermalControllHandler: MSG_THERMAL_CONTROL_STATUS_CHANGED,msg:4
10-08 16:14:57.781 2481 2506 W TelephonyPermissions: reportAccessDeniedToReadIdentifiers:com.heytap.pictorial:getImeiForSlot:-1
10-08 16:14:57.781 758 758 E vendor.oplus.hardware.charger@1.0-service: notifyScreenStatus: 1
10-08 16:14:57.781 758 758 D vendor.oplus.hardware.charger@1.0-service: read_errorasdads
10-08 16:14:57.783 3896 4264 I PAS127384e210622.ScreenStateHelper: ScreenBroadcastReceiver onReceive action:android.intent.action.SCREEN_ON
10-08 16:14:57.783 3896 17188 I PAS127384e210622.ResourceTrigger: resourceOnChange, resourceId is 10117
10-08 16:14:57.786 2793 3822 W OppoGuardElf: ControllerCenter: status change to ACTIVE
10-08 16:14:57.787 17828 17879 I EffectiveAnimation: Load anim composition done,setting result!!!
10-08 16:14:57.788 828 828 D OppoExGLESRenderEngine: drawMesh : power on : aIndex 12 , vfxScreenValue 0.868800
10-08 16:14:57.788 17870 17870 E oros.eyeprotec: Not starting debugger since process cannot load the jdwp agent.
10-08 16:14:57.789 1551 2392 W TelephonyPermissions: reportAccessDeniedToReadIdentifiers:com.heytap.pictorial:getSerial:-1
10-08 16:14:57.792 1551 2550 D AS.AudioService: getParameters() keyValuePairs:OPLUS_AUDIO_GET_FOCUS_STACK
10-08 16:14:57.793 17828 17855 I ORRegionJudge: init mIsEurope = false, mIsWxVersion = false, mIsInVersion = false
10-08 16:14:57.793 2793 4968 W OppoGuardElf: ThermalControllHandler: tempLevel=3,userMode=3,gameUserMode=-1,appType=-1,envTempType=0,appStates=[]
10-08 16:14:57.794 2793 4968 W OppoGuardElf: ThermalControllerCenter: mSafetyState=10000
10-08 16:14:57.794 2793 4968 W OppoGuardElf: ThermalControllHandler: tempGear=3,configItemName=common_config
10-08 16:14:57.796 2593 6968 D FloatWindowToastHelper: onConfigChange path=/oppoguardelf/network_applist.xml selfChange=false userId:0
10-08 16:14:57.796 2593 6968 D FloatWindowToastHelper: currentUserid=0
10-08 16:14:57.796 17870 17870 E RefClass: java.lang.reflect.InvocationTargetException
10-08 16:14:57.797 17870 17870 I OneTrace: Mark active for pid=17870? true
10-08 16:14:57.798 17828 17856 I MMKV : current API level = 30
10-08 16:14:57.798 17828 17856 I MMKV : version v1.2.7 page size:4096
10-08 16:14:57.798 17828 17856 I MMKV : armv8 AES instructions is supported
10-08 16:14:57.798 17828 17856 I MMKV : armv8 CRC32 instructions is supported
10-08 16:14:57.798 17828 17856 I MMKV : root dir: /data/user/0/com.heytap.pictorial/files/mmkv
10-08 16:14:57.799 2593 6968 D FloatWindowToastHelper: onConfigChange path=/oppoguardelf/network_local_data.xml selfChange=false userId:0
10-08 16:14:57.800 1551 4192 V ActivityManager: New death recipient com.android.server.am.ActivityManagerService$AppDeathRecipient@72d6e1b for thread android.os.BinderProxy@9c64bb8
10-08 16:14:57.800 2593 6968 D FloatWindowToastHelper: currentUserid=0
10-08 16:14:57.801 17828 17856 I LoginManagerDelegate: serverEnv login: 0 isDebug: false
10-08 16:14:57.802 17828 17828 I EffectiveAnimation: EffectiveAnimationDrawable::setComposition
10-08 16:14:57.804 17828 17856 D PrivateConstants: JNI_OnLoad-1
10-08 16:14:57.804 828 828 D OppoExGLESRenderEngine: drawMesh : power on : aIndex 13 , vfxScreenValue 0.891149
10-08 16:14:57.804 17828 17856 D PrivateConstants: RegisterNatives Success
10-08 16:14:57.804 17828 17856 D PrivateConstants: JNI_OnLoad-2
10-08 16:14:57.807 17828 17856 I LoginManagerDelegate: serverEnv login: 0 isDebug: false
10-08 16:14:57.808 17870 17870 I oplus.android.OplusFrameworkFactoryImpl: get feature:IOplusScreenModeFeature
10-08 16:14:57.809 17870 17870 I oplus.android.OplusFrameworkFactoryImpl: getOplusScreenModeFeature
10-08 16:14:57.810 2593 6968 D FloatWindowToastHelper: onConfigChange path=/oppoguardelf/network_status.xml selfChange=false userId:0
10-08 16:14:57.810 2593 6968 D FloatWindowToastHelper: currentUserid=0
10-08 16:14:57.811 2622 4803 D OplusNotificationManager: getOpenid--pkg:com.heytap.pictorial,uid:10134,type:OUID
10-08 16:14:57.811 4305 4488 E OpenID : com.heytap.pictorial:OUID:ret:T
10-08 16:14:57.812 4305 4488 E OpenID : com.heytap.pictorial:OUID_STATUS:ret:T
10-08 16:14:57.818 3630 3630 I PhoneScreenStateManager: Health_Screen is ON
10-08 16:14:57.818 3630 3630 I PhoneScreenStateManager: Health_Current pid=3630, lastPid=3630
10-08 16:14:57.819 3630 17200 I ScreenStateRepository: Health_Screen file cache not full, length=21827
10-08 16:14:57.819 4305 4488 E OpenID : com.heytap.pictorial:DUID:ret:T
10-08 16:14:57.820 17828 17851 D Common : getUuidFromPhone HeytapIDSDK.isSupported true mUuid: null mOuid: 81BB831D485B4D149EDFA6025BC7783B2774a3b1b1b94f07a66ad9c9ab29ff3b mOuidStatus true mDuid: 9AE15C03999E4E6FB95F0FD9385D2E43EC7D424979CC9C5193318A6E3C50C693
10-08 16:14:57.820 828 828 D OppoExGLESRenderEngine: drawMesh : power on : aIndex 14 , vfxScreenValue 0.909075
10-08 16:14:57.823 3630 3630 I AF.h.TPLog.AutoConnecti: Health_eventReceiver Intent Action: android.intent.action.SCREEN_ON
10-08 16:14:57.824 1551 1686 E InputReader: POWER Key comes, notifyKey - eventTime=10207161024000, deviceId=2, source=0x101, policyFlags=0x0, action=0x0, flags=0x8, keyCode=0x1a, scanCode=0x74, metaState=0x0, downTime=10207161024000
10-08 16:14:57.824 1551 1686 D OppoPhoneWindowManager: interceptKeyBeforeQueueing:KeyEvent { action=ACTION_DOWN, keyCode=KEYCODE_POWER, scanCode=116, metaState=0, flags=0x8, repeatCount=0, eventTime=10207161, downTime=10207161, deviceId=2, source=0x101, displayId=-1 }mSosPowerKeyEnabled = falsemWalletPowerKeyEnabled = falsemWalletQuickLaunch = true
10-08 16:14:57.825 1551 1686 W ColorGameSpaceManager: mInterceptGamepadKey is false
10-08 16:14:57.826 1551 1686 I DefaultDialerCache: getSystemDialerApplication: mSystemDialerComponentName = ComponentInfo{com.android.incallui/com.android.incallui.OppoInCallServiceImpl}
10-08 16:14:57.827 1551 3657 D OpenID : check auth getOpenId --> pkg = com.heytap.pictorial , uid = 10134 , only check pkg = false
10-08 16:14:57.827 4305 4488 E OpenID : com.heytap.pictorial:WhiteList Not
10-08 16:14:57.827 1551 6596 D ColorScreenOffTorchHelper: handle with turnOffFlashlight,flashlight is not enable.need not turn off
10-08 16:14:57.827 4305 4488 E OpenID : com.heytap.pictorial:GUID:ret:F
10-08 16:14:57.827 17828 17856 I UIBinderService: [bindService] finish
10-08 16:14:57.832 4305 4488 E OpenID : com.heytap.pictorial:DUID:ret:T
10-08 16:14:57.832 17828 17900 I TetheringManager: registerTetheringEventCallback:com.heytap.pictorial
10-08 16:14:57.836 828 828 D OppoExGLESRenderEngine: drawMesh : power on : aIndex 15 , vfxScreenValue 0.923965
10-08 16:14:57.836 2793 2793 D CustomLogManagerService: onReceive android.intent.action.SCREEN_ON
10-08 16:14:57.844 2793 2793 I QualityProtectService: onReceive begin now
10-08 16:14:57.844 2793 2793 D QualityProtectService: SCREEN_ON
10-08 16:14:57.844 2793 2793 I QualityProtectService: screen on onReceive end now
10-08 16:14:57.845 2622 4803 D OplusNotificationManager: getOpenid--pkg:com.heytap.pictorial,uid:10134,type:AUID
10-08 16:14:57.846 4305 4488 E OpenID : com.heytap.pictorial:AUID:ret:T
10-08 16:14:57.847 6166 6231 I RemoteGuardClient.DWB.ActivityMonitor: handleScreenOnOffChange action = android.intent.action.SCREEN_ON,isScreenOnWithoutKeyguard=true
10-08 16:14:57.847 4305 4488 E OpenID : com.heytap.pictorial:OUID_STATUS:ret:T
10-08 16:14:57.851 1551 2554 V ActivityManager: Has totaly same connectionRecord, just reuse it!
10-08 16:14:57.852 2622 4803 D OplusNotificationManager: getOpenid--pkg:com.heytap.pictorial,uid:10134,type:OUID
10-08 16:14:57.852 17828 17828 I UIBinderService: [bindService] finish
10-08 16:14:57.852 4305 4488 E OpenID : com.heytap.pictorial:OUID:ret:T
10-08 16:14:57.853 828 828 D OppoExGLESRenderEngine: drawMesh : power on : aIndex 16 , vfxScreenValue 0.940007
10-08 16:14:57.857 17828 17828 I ExportWebViewUtils: ServerConfigManager.KEY_BROWSER_KERNEL_DISABLED = 0
10-08 16:14:57.858 17828 17828 I ObSdk : setForceUseSysWebview: true
10-08 16:14:57.858 3924 3924 D BluetoothAdapter: isLeEnabled(): ON
10-08 16:14:57.859 17828 17828 I ObSdk : initKernelEnvironment sdk version: 4.0.1.8 required kernel:70.7200.0.4.20200229080000
10-08 16:14:57.859 2036 2761 I bt_stack: [INFO:gatt_api.cc(950)] GATT_Register 78de98c0-145c-b5fd-69d1-a56dfee50392
10-08 16:14:57.860 2036 2761 I bt_stack: [INFO:gatt_api.cc(970)] allocated gatt_if=7
10-08 16:14:57.860 3924 10825 D BluetoothLeScanner: onScannerRegistered() - status=0 scannerId=7 mScannerId=0
10-08 16:14:57.860 2036 19641 D BluetoothAdapter: 125760063: getState(). Returning ON
10-08 16:14:57.862 2036 19641 I AppScanStats: BLE_SCAN_STATE_CHANGED[7]noteBleScanStarted=false
10-08 16:14:57.862 3924 3924 I AF.CORE.d: timeout start, mode: 1, duration: 300000
10-08 16:14:57.863 2036 2726 D CustomScanStrategy: dont resetWIFITrafficeState
10-08 16:14:57.863 17828 17828 I ObSdk : onCreate isClient: true isMainProcess: false
10-08 16:14:57.863 17828 17828 I ObSdk : initKernelEnvironmentForClient force use system webview, abort initKernelEnvironmentForClient
10-08 16:14:57.864 17828 17828 I ObSdk : initKernelEnvironment onFailure 0
10-08 16:14:57.864 17828 17828 I ObSdk : setForceUseSysWebview: true
10-08 16:14:57.865 17828 17855 I UIApplicationImpl: [initTask] onCreate inited
10-08 16:14:57.867 17828 17828 I ProxyUtils: invokeMethod: tag: CoreBuildInfoProxy instance:null method: null
10-08 16:14:57.867 17828 17828 E CoreBuildInfoProxy: sdk proxy error method null
10-08 16:14:57.867 17870 17870 D NetworkSecurityConfig: No Network Security Config specified, using platform default
10-08 16:14:57.867 17828 17828 I ProxyUtils: invokeMethod: tag: CoreBuildInfoProxy instance:null method: null
10-08 16:14:57.867 17828 17828 E CoreBuildInfoProxy: sdk proxy error method null
10-08 16:14:57.868 17870 17870 D NetworkSecurityConfig: No Network Security Config specified, using platform default
10-08 16:14:57.868 17828 17828 I ProxyUtils: invokeMethod: tag: CoreBuildInfoProxy instance:null method: null
10-08 16:14:57.868 17828 17828 E CoreBuildInfoProxy: sdk proxy error method null
10-08 16:14:57.868 2036 2726 D CustomScanStrategy: dont startWatchWIFITraffic
10-08 16:14:57.868 2036 2726 D BtGatt.ScanManager: startWatchWIFITraffic
10-08 16:14:57.869 17828 17828 I ProxyUtils: invokeMethod: tag: LoggerProxy instance:null method: null
10-08 16:14:57.869 17828 17828 E LoggerProxy: sdk proxy error method null
10-08 16:14:57.869 828 828 D OppoExGLESRenderEngine: drawMesh : power on : aIndex 17 , vfxScreenValue 0.951633
10-08 16:14:57.869 17828 17828 I ObSdk : kernel info: [aar: , hash: , version: ]
10-08 16:14:57.869 2036 2726 D CustomScanStrategy: getCurrAction: 0
10-08 16:14:57.874 17828 17828 I ObSdk : useSystemWebView: true
10-08 16:14:57.882 17828 17828 I WebViewFactory: Loading com.google.android.webview version 83.0.4103.106 (code 410410683)
10-08 16:14:57.886 828 828 D OppoExGLESRenderEngine: drawMesh : power on : aIndex 18 , vfxScreenValue 0.963362
10-08 16:14:57.892 7782 7782 D StandbyModeManager: onReceive action: android.intent.action.SCREEN_ON
10-08 16:14:57.893 17828 17856 I UIApplicationImpl: registerReceiver finish
10-08 16:14:57.893 7782 7782 D MSF.C.DeepSleepDetector: onScreenOn hasInDeepSleep false
10-08 16:14:57.895 7782 7782 D MSF.C.LogManager: onReceive broadcastreceiver.action = android.intent.action.SCREEN_ON
10-08 16:14:57.896 17828 17856 D Cloud.SDK.CloudCollectManager: cloud collect init
10-08 16:14:57.902 828 828 D OppoExGLESRenderEngine: drawMesh : power on : aIndex 19 , vfxScreenValue 0.972533
10-08 16:14:57.918 828 828 D OppoExGLESRenderEngine: drawMesh : power on : aIndex 20 , vfxScreenValue 0.980473
10-08 16:14:57.934 828 828 D OppoExGLESRenderEngine: drawMesh : power on : aIndex 21 , vfxScreenValue 0.985983
10-08 16:14:57.937 17828 17908 I cr_LibraryLoader: Loaded native library version number "83.0.4103.106"
10-08 16:14:57.937 17828 17908 I cr_CachingUmaRecorder: Flushed 3 samples from 3 histograms.
10-08 16:14:57.944 1551 4192 W SettingsProvider: You shouldn't keep your settings in the secure settings. This will soon become an error!!!
10-08 16:14:57.945 1551 4183 W SettingsProvider: You shouldn't keep your settings in the secure settings. This will soon become an error!!!
10-08 16:14:57.946 1551 4192 W SettingsProvider: You shouldn't keep your settings in the secure settings. This will soon become an error!!!
10-08 16:14:57.947 1551 4192 W SettingsProvider: You shouldn't keep your settings in the secure settings. This will soon become an error!!!
10-08 16:14:57.949 1551 1834 W SettingsProvider: You shouldn't keep your settings in the secure settings. This will soon become an error!!!
10-08 16:14:57.952 828 828 D OppoExGLESRenderEngine: drawMesh : power on : aIndex 22 , vfxScreenValue 0.991255
10-08 16:14:57.962 1551 4192 D CompatibilityChangeReporter: Compat change id reported: 135634846; UID 10134; state: DISABLED
10-08 16:14:57.962 1551 1589 D CompatibilityChangeReporter: Compat change id reported: 143937733; UID 10134; state: ENABLED
10-08 16:14:57.968 828 828 D OppoExGLESRenderEngine: drawMesh : power on : aIndex 23 , vfxScreenValue 0.995326
10-08 16:14:57.970 5043 5243 W OplusExSystemServiceHelper: checkOplusExSystemService intent getComponent is null
10-08 16:14:57.971 2267 2267 D Zygote : Forked child process 17921
10-08 16:14:57.973 5043 5043 D BoundBrokerSvc: onBind: Intent { act=com.google.android.gms.safetynet.service.START pkg=com.google.android.gms }
10-08 16:14:57.973 5043 5043 D BoundBrokerSvc: Loading bound service for intent: Intent { act=com.google.android.gms.safetynet.service.START pkg=com.google.android.gms }
10-08 16:14:57.976 1551 1834 W SettingsProvider: You shouldn't keep your settings in the secure settings. This will soon become an error!!!
10-08 16:14:57.977 17921 17921 E ocessService0:: Unknown bits set in runtime_flags: 0x40000000
10-08 16:14:57.979 1551 1589 I ActivityManager: Start proc 17921:com.google.android.webview:sandboxed_process0:org.chromium.content.app.SandboxedProcessService0:0/u0i43 for {com.heytap.pictorial/org.chromium.content.app.SandboxedProcessService0:0}
10-08 16:14:57.979 1551 1572 D OplusAppBwCore: onUidImportance: 99043, 400
10-08 16:14:57.980 17921 17921 E ocessService0:: Not starting debugger since process cannot load the jdwp agent.
10-08 16:14:57.981 2530 2658 I [0]DCS-StrategyManager: isNeedUpload: true, type: 2006, appID: 20130, logTag: 20130, eventID: display_settings_static
10-08 16:14:57.983 17921 17921 E RefClass: java.lang.reflect.InvocationTargetException
10-08 16:14:57.984 17921 17921 I OneTrace: Mark active for pid=17921? true
10-08 16:14:57.984 828 828 D OppoExGLESRenderEngine: drawMesh : power on : aIndex 24 , vfxScreenValue 0.997851
10-08 16:14:57.986 1551 2550 V ActivityManager: New death recipient com.android.server.am.ActivityManagerService$AppDeathRecipient@3fd51a7 for thread android.os.BinderProxy@fe6d654
10-08 16:14:57.988 1551 2252 V OplusNlpProxy: handleMessage what - 110
10-08 16:14:57.993 17921 17921 I oplus.android.OplusFrameworkFactoryImpl: get feature:IOplusScreenModeFeature
10-08 16:14:57.993 17921 17921 I oplus.android.OplusFrameworkFactoryImpl: getOplusScreenModeFeature
10-08 16:14:58.001 828 828 D OppoExGLESRenderEngine: drawMesh : power on : aIndex 25 , vfxScreenValue 0.999571
10-08 16:14:58.017 828 828 D OppoExGLESRenderEngine: drawMesh : power on : aIndex 26 , vfxScreenValue 1.000000
10-08 16:14:58.024 17921 17921 D NetworkSecurityConfig: No Network Security Config specified, using platform default
10-08 16:14:58.025 17921 17921 D NetworkSecurityConfig: No Network Security Config specified, using platform default
10-08 16:14:58.028 1551 4183 D OplusNlpProxy: OplusNlpProxy onlocation changed!! location:Location[network 22.53****,113.95**** hAcc=100 et=+6h0m27s529ms vAcc=??? sAcc=??? bAcc=???]
10-08 16:14:58.028 1551 4183 D LocationManagerService: incoming location from: network
10-08 16:14:58.028 1551 4183 D LocationManagerService: incoming location from: network
10-08 16:14:58.030 17921 17921 I cr_ChildProcessService: Creating new ChildProcessService pid=17921
10-08 16:14:58.033 828 828 D OppoExGLESRenderEngine: drawMesh : power on : aIndex 27 , vfxScreenValue 1.000000
10-08 16:14:58.035 1551 1876 D Ethernet: got request NetworkRequest [ TRACK_DEFAULT id=223, [ Capabilities: INTERNET&NOT_RESTRICTED&TRUSTED Uid: 10134 AdministratorUids: [] RequestorUid: 10134 RequestorPackageName: com.heytap.pictorial] ] with score 79 and providerId 6
10-08 16:14:58.035 1551 1744 D WifiNetworkFactory: got request NetworkRequest [ TRACK_DEFAULT id=223, [ Capabilities: INTERNET&NOT_RESTRICTED&TRUSTED Uid: 10134 AdministratorUids: [] RequestorUid: 10134 RequestorPackageName: com.heytap.pictorial] ] with score 79 and providerId 6
10-08 16:14:58.035 1551 1776 D OplusWifiNetworkFactory2: got request NetworkRequest [ TRACK_DEFAULT id=223, [ Capabilities: INTERNET&NOT_RESTRICTED&TRUSTED Uid: 10134 AdministratorUids: [] RequestorUid: 10134 RequestorPackageName: com.heytap.pictorial] ] with score 79 and providerId 6
10-08 16:14:58.036 1551 1744 D UntrustedWifiNetworkFactory: got request NetworkRequest [ TRACK_DEFAULT id=223, [ Capabilities: INTERNET&NOT_RESTRICTED&TRUSTED Uid: 10134 AdministratorUids: [] RequestorUid: 10134 RequestorPackageName: com.heytap.pictorial] ] with score 79 and providerId 6
10-08 16:14:58.036 1044 1693 D MNLD : mnld_nfw_mnl2agps_location_sync: ret = 37
10-08 16:14:58.036 1551 1882 I LocationManagerService: remove c100236
10-08 16:14:58.036 2481 2481 D PhoneSwitcherNetworkRequstListener: got request NetworkRequest [ TRACK_DEFAULT id=223, [ Capabilities: INTERNET&NOT_RESTRICTED&TRUSTED Uid: 10134 AdministratorUids: [] RequestorUid: 10134 RequestorPackageName: com.heytap.pictorial] ] with score 79 and providerId 6
10-08 16:14:58.037 1551 1882 D OplusNlpProxy: OplusNlpProxy setRequest! NLP is: nlp
10-08 16:14:58.040 1551 1562 W System : A resource failed to call release.
10-08 16:14:58.040 1551 1562 I chatty : uid=1000(system) FinalizerDaemon identical 10 lines
10-08 16:14:58.040 1551 1562 W System : A resource failed to call release.
10-08 16:14:58.041 1551 1562 W System : A resource failed to call close.
10-08 16:14:58.041 1551 1562 W System : A resource failed to call close.
10-08 16:14:58.048 828 828 D OppoExLayer: ~Layer() sequence=3822, name=Surface(name=45bc124 StatusBar)/@0xd60b6f9 - animation-leash#0@0xb400007657a26000
10-08 16:14:58.048 828 828 D OppoExLayer: ~Layer() sequence=3823, name=Surface(name=6fe9210 NavigationBar0)/@0x783f63e - animation-leash#1@0xb400007657af2000
10-08 16:14:58.049 2470 2470 I MdaciManager: UMF LO: OppoModemActivityInfo{ date=10-08 16:14:57.949 modemPowermA[]=[0,0,0] sleepTimeMs=283408 idleTimeMs=0 rxTimeMs=0 5gRxTimeMs=0 txTimeMs[]=[0, 0, 0, 0, 0] 5gTxTimeMs[]=[0, 0, 0, 0, 0] mtkTxTimeMs[]=[0, 0, 0, 0, 0, 0, 0, 0] mtk5gTxTimeMs[]=[0, 0, 0, 0, 0, 0, 0, 0] techTimeMs[]=[0, 0, 0, 0, 0, 0, 0, 0, 0] rrcConn10sC[]=[0, 0] rrcConn20sC[]=[0, 0] rrcConnMore20sC[]=[0, 0] rrcConnC[]=[0, 0] csChangedC[]=[0, 0] psChangedC[]=[0, 0] iRatC[]=[0, 0] cellUpdateC[]=[0, 0] nwSrchC[]=[0, 0] nwSrchT[]=[0, 0] lteRrcConnT[]=[0, 0] psRegT[]=[0, 0] csRegT[]=[0, 0] psNoRegT[]=[0, 0] csNoRegT[]=[0, 0] sigGrid0T[]=[0, 0] endcActT[]=[0, 0] saActT[]=[0, 0] gpsTimeMs=0 wlanTimeMs=0}
10-08 16:14:58.049 2470 2470 I MdaciManager: UMF CH: OppoModemActivityInfo{ date=10-08 16:14:57.949 modemPowermA[]=[0,0,0] sleepTimeMs=283408 idleTimeMs=0 rxTimeMs=0 5gRxTimeMs=0 txTimeMs[]=[0, 0, 0, 0, 0] 5gTxTimeMs[]=[0, 0, 0, 0, 0] mtkTxTimeMs[]=[0, 0, 0, 0, 0, 0, 0, 0] mtk5gTxTimeMs[]=[0, 0, 0, 0, 0, 0, 0, 0] techTimeMs[]=[0, 0, 0, 0, 0, 0, 0, 0, 0] rrcConn10sC[]=[0, 0] rrcConn20sC[]=[0, 0] rrcConnMore20sC[]=[0, 0] rrcConnC[]=[0, 0] csChangedC[]=[0, 0] psChangedC[]=[0, 0] iRatC[]=[0, 0] cellUpdateC[]=[0, 0] nwSrchC[]=[0, 0] nwSrchT[]=[0, 0] lteRrcConnT[]=[0, 0] psRegT[]=[0, 0] csRegT[]=[0, 0] psNoRegT[]=[0, 0] csNoRegT[]=[0, 0] sigGrid0T[]=[0, 0] endcActT[]=[0, 0] saActT[]=[0, 0] gpsTimeMs=0 wlanTimeMs=0}
10-08 16:14:58.049 2470 2470 I MdaciManager: UMF LS: OppoModemActivityInfo{ date=10-08 16:14:57.949 modemPowermA[]=[0,0,0] sleepTimeMs=283408 idleTimeMs=0 rxTimeMs=0 5gRxTimeMs=0 txTimeMs[]=[0, 0, 0, 0, 0] 5gTxTimeMs[]=[0, 0, 0, 0, 0] mtkTxTimeMs[]=[0, 0, 0, 0, 0, 0, 0, 0] mtk5gTxTimeMs[]=[0, 0, 0, 0, 0, 0, 0, 0] techTimeMs[]=[0, 0, 0, 0, 0, 0, 0, 0, 0] rrcConn10sC[]=[0, 0] rrcConn20sC[]=[0, 0] rrcConnMore20sC[]=[0, 0] rrcConnC[]=[0, 0] csChangedC[]=[0, 0] psChangedC[]=[0, 0] iRatC[]=[0, 0] cellUpdateC[]=[0, 0] nwSrchC[]=[0, 0] nwSrchT[]=[0, 0] lteRrcConnT[]=[0, 0] psRegT[]=[0, 0] csRegT[]=[0, 0] psNoRegT[]=[0, 0] csNoRegT[]=[0, 0] sigGrid0T[]=[0, 0] endcActT[]=[0, 0] saActT[]=[0, 0] gpsTimeMs=0 wlanTimeMs=0}
10-08 16:14:58.050 828 828 D OppoExGLESRenderEngine: drawMesh : power on : aIndex 28 , vfxScreenValue 1.000000
10-08 16:14:58.063 1551 1686 E InputReader: POWER Key comes, notifyKey - eventTime=10207399327000, deviceId=2, source=0x101, policyFlags=0x0, action=0x1, flags=0x8, keyCode=0x1a, scanCode=0x74, metaState=0x0, downTime=10207161024000
10-08 16:14:58.063 1551 1686 D OppoPhoneWindowManager: interceptKeyBeforeQueueing:KeyEvent { action=ACTION_UP, keyCode=KEYCODE_POWER, scanCode=116, metaState=0, flags=0x8, repeatCount=0, eventTime=10207399, downTime=10207161, deviceId=2, source=0x101, displayId=-1 }mSosPowerKeyEnabled = falsemWalletPowerKeyEnabled = falsemWalletQuickLaunch = true
10-08 16:14:58.063 1551 1686 W ColorGameSpaceManager: mInterceptGamepadKey is false
10-08 16:14:58.063 1551 1686 I HwShutdownRecord: RecoverSqlFunc running start, setprop false
10-08 16:14:58.063 1551 1686 D OppoPhoneWindowManager: send check wallet message failed by exp version or not support nfc
10-08 16:14:58.063 1551 1686 D WindowManager: powerPress: eventTime=10207161 interactive=true count=1 beganFromNonInteractive=false mShortPressOnPowerBehavior=1
10-08 16:14:58.063 1551 2628 I OplusEngineerService: handleMessage msg = 100002
10-08 16:14:58.063 1551 1686 I PowerManager: goToSleepBy |----android.os.OplusBasePowerManager.printStackTraceInfo(OplusBasePowerManager.java:178)
10-08 16:14:58.064 1551 1686 I PowerManager: goToSleepBy |----android.os.PowerManager.goToSleep(PowerManager.java:1337)
10-08 16:14:58.064 1551 1686 I PowerManager: goToSleepBy |----com.android.server.policy.PhoneWindowManager.goToSleep(PhoneWindowManager.java:1363)
10-08 16:14:58.064 1551 1686 I PowerManager: goToSleepBy |----com.android.server.policy.PhoneWindowManager.goToSleepFromPowerButton(PhoneWindowManager.java:1357)
10-08 16:14:58.064 1551 1686 I PowerManager: goToSleepBy |----com.android.server.policy.PhoneWindowManager.powerPress(PhoneWindowManager.java:1295)
10-08 16:14:58.064 1551 1686 I PowerManagerService: check mAodUserSetEnable =0, mFingerprintUnlock:0
10-08 16:14:58.064 1551 1686 D OppoPowerManagerHelper: [notifyPowerKeyPressed] reason = power
10-08 16:14:58.064 1551 1686 D Assassin: [oppoIntercepetGoToSleepEarly] 1 reason = 4, needIntercepet = false
10-08 16:14:58.064 1551 1686 D OppoPowerManagerHelper: goToSleepNoUpdateLocked needIntercepet: false
10-08 16:14:58.064 1551 1686 D OppoPowerManagerHelper: [notifyPowerKeyPressed] reason = power
10-08 16:14:58.064 1551 1686 D Assassin: [oppoIntercepetGoToSleepEarly] 1 reason = 4, needIntercepet = false
10-08 16:14:58.064 1551 1686 D OppoPowerManagerHelper: goToSleepNoUpdateLocked needIntercepet: false
