11-18 14:04:43.682 1470 1595 I OplusMirageDisplayManagerService: onAnimationFinished:
11-18 14:04:43.684 15549 15764 E libEGL : Invalid file path for libcolorx-loader.so
11-18 14:04:43.685 15549 15764 I chatty : uid=11378(com.jlpay.merch) RenderThread identical 10 lines
11-18 14:04:43.685 15549 15764 E libEGL : Invalid file path for libcolorx-loader.so
11-18 14:04:43.685 5545 5548 E IHansComunication: HANS printMessageBody: RCVed message body: type = 0, port = 86870, caller_pid = 1470, caller_uid = 1000, target_pid = 15718, target_uid = 11365, pkg_cmd = -1
11-18 14:04:43.685 15549 15764 E libEGL : Invalid file path for libcolorx-loader.so
11-18 14:04:43.686 15549 15764 I chatty : uid=11378(com.jlpay.merch) RenderThread identical 25 lines
11-18 14:04:43.686 15549 15764 E libEGL : Invalid file path for libcolorx-loader.so
11-18 14:04:43.686 5545 5548 E IHansComunication: HANS printMessageBody: RCVed message body: type = 0, port = 86870, caller_pid = 1470, caller_uid = 1000, target_pid = 15718, target_uid = 11365, pkg_cmd = -1
11-18 14:04:43.686 15549 15764 E libEGL : Invalid file path for libcolorx-loader.so
11-18 14:04:43.687 15549 15764 I chatty : uid=11378(com.jlpay.merch) RenderThread identical 7 lines
11-18 14:04:43.687 15549 15764 E libEGL : Invalid file path for libcolorx-loader.so
11-18 14:04:43.687 841 841 D OppoExLayer: ~Layer() sequence=61783, name=Surface(name=Task=2)/@0x56cae47 - animation-leash#0@0xb400007329429000
11-18 14:04:43.687 15549 15764 E libEGL : Invalid file path for libcolorx-loader.so
11-18 14:04:43.687 841 841 D OppoExLayer: ~Layer() sequence=61782, name=Surface(name=Task=18211)/@0x7e177c3 - animation-leash#0@0xb400007329424000
11-18 14:04:43.687 15549 15764 E libEGL : Invalid file path for libcolorx-loader.so
11-18 14:04:43.687 15549 15764 I chatty : uid=11378(com.jlpay.merch) RenderThread identical 13 lines
11-18 14:04:43.687 15549 15764 E libEGL : Invalid file path for libcolorx-loader.so
11-18 14:04:43.687 5545 5548 E IHansComunication: HANS printMessageBody: RCVed message body: type = 0, port = 86870, caller_pid = 1470, caller_uid = 1000, target_pid = 15718, target_uid = 11365, pkg_cmd = -1
11-18 14:04:43.688 841 900 I BufferQueueProducer: [com.jlpay.merch/com.jlpay.merch.ui.start.SplashActivity#0](id:349000020c3,api:1,p:15549,c:841) connect(): api=1 producerControlledByApp=false
11-18 14:04:43.691 841 3662 I BufferQueueProducer: [#0](id:349000020c0,api:1,p:20261,c:841) disconnect(): api=1
11-18 14:04:43.692 15549 15771 W SQLiteLog: (28) double-quoted string literal: "9B78C915D769800156BDA4A0D7CAD150"
11-18 14:04:43.692 15549 15771 W SQLiteLog: (28) double-quoted string literal: ""
11-18 14:04:43.692 15549 15771 W SQLiteLog: (28) double-quoted string literal: "9B78C915D769800156BDA4A0D7CAD150"
11-18 14:04:43.692 15549 15771 W SQLiteLog: (28) double-quoted string literal: "-1"
11-18 14:04:43.694 841 3662 I BufferQueueProducer: [com.oppo.launcher/com.oppo.launcher.Launcher#0](id:349000020c1,api:1,p:2515,c:841) disconnect(): api=1
11-18 14:04:43.694 15549 15764 E ion : ioctl c0044901 failed with code -1: Invalid argument
11-18 14:04:43.702 15549 15775 W com.jlpay.merc: Accessing hidden method Lcom/android/org/conscrypt/OpenSSLSocketImpl;->getAlpnSelectedProtocol()[B (greylist-max-q,core-platform-api, reflection, allowed)
11-18 14:04:43.703 31557 31557 V PhoneWindow: DecorView setVisiblity: visibility = 8, Parent = android.view.ViewRootImpl@bb459d, this = DecorView@a937e7c[InputMethod]
11-18 14:04:43.730 841 3662 D DispPerfService: onframeavailable pid=15549, slot=0, seq=61790, name=com.jlpay.merch:com.jlpay.merch/com.jlpay.merch.ui.start.SplashActivity#0
11-18 14:04:43.730 1470 1572 W ActivityManager: setGlThreads detect 15549 15764
11-18 14:04:43.740 1470 1572 D OppoDisplayPolicy: com.jlpay.merch, setting cutoutMode: color always
11-18 14:04:43.742 841 899 D DispPerfService: get hint proc=com.jlpay.merch, idx=0 none
11-18 14:04:43.742 841 899 I BufferQueueConsumer: [](id:349000020c4,api:0,p:-1,c:841) connect(): controlledByApp=false
11-18 14:04:43.742 841 899 I BufferQueue: [unnamed-841-8388](this:0xb400007334b6a058,id:8388,api:0,p:-1,c:-1) BufferQueue core=(841:/system/bin/surfaceflinger)
11-18 14:04:43.746 15549 15549 V OplusZoomWindowDecorViewHelper: setLastReportedMergedConfiguration mZoomDisplayHeight: 2400 getDecorView.DecorView@6a3bd48[SplashActivity]
11-18 14:04:43.747 841 900 I BufferQueueProducer: [com.jlpay.merch/com.jlpay.merch.ui.start.SplashActivity#1](id:349000020c4,api:1,p:15549,c:841) connect(): api=1 producerControlledByApp=false
11-18 14:04:43.749 5545 5548 E IHansComunication: HANS printMessageBody: RCVed message body: type = 0, port = 86870, caller_pid = 1470, caller_uid = 1000, target_pid = 15718, target_uid = 11365, pkg_cmd = -1
11-18 14:04:43.752 5545 5548 I chatty : uid=1000(system) /system_ext/bin/hans identical 3 lines
11-18 14:04:43.753 5545 5548 E IHansComunication: HANS printMessageBody: RCVed message body: type = 0, port = 86870, caller_pid = 1470, caller_uid = 1000, target_pid = 15718, target_uid = 11365, pkg_cmd = -1
11-18 14:04:43.754 1470 4264 I InputDispatcher: Window went away: com.jlpay.merch/com.jlpay.merch.ui.start.SplashActivity#1
11-18 14:04:43.786 841 2967 D DispPerfService: onframeavailable pid=15549, slot=4, seq=61791, name=com.jlpay.merch:com.jlpay.merch/com.jlpay.merch.ui.start.SplashActivity#1
11-18 14:04:43.792 1470 1604 D ArtManagerInternalImpl: /data/misc/iorapd/com.jlpay.merch/65/com.jlpay.merch.ui.start.SplashActivity/compiled_traces/compiled_trace.pb doesn't exist
11-18 14:04:43.792 841 899 D DispPerfService: get hint proc=Surface(name=d361f83 com.jlpay.merch, idx=0 none
11-18 14:04:43.793 841 899 D DispPerfService: get hint proc=, idx=0 none
11-18 14:04:43.793 1470 1604 I ActivityTaskManager: Displayed com.jlpay.merch/.ui.start.SplashActivity: +457ms
11-18 14:04:43.794 841 899 D DispPerfService: get hint proc=Surface(name=Dim Layer for - Task=18211), idx=0 none
11-18 14:04:43.795 1470 2457 I ColorHansManager : unfreeze uid: 10071 package: com.redteamobile.roaming reason: F-direct scene: FastFreezerScene
11-18 14:04:43.796 1470 2457 I ColorHansManager : unfreeze uid: 10095 package: com.nearme.gamecenter reason: F-direct scene: FastFreezerScene
11-18 14:04:43.796 1470 1595 D View : [Warning] assignParent to null: this = DecorView@47b4b0[merch]
11-18 14:04:43.796 1470 2457 I ColorHansManager : unfreeze uid: 10177 package: com.heytap.health reason: F-direct scene: FastFreezerScene
11-18 14:04:43.796 15759 15761 I cmd : oneway function results will be dropped but finished with status OK and parcel size 4
11-18 14:04:43.797 1470 2457 I ColorHansManager : unfreeze uid: 11365 package: io.appium.uiautomator2.server reason: F-direct scene: FastFreezerScene
11-18 14:04:43.797 1470 2457 I ColorHansManager : unfreeze uid: 10963 package: com.tencent.mm reason: F-direct scene: FastFreezerScene
11-18 14:04:43.798 841 2967 I BufferQueueProducer: [Splash Screen com.jlpay.merch#0](id:349000020c2,api:2,p:1470,c:841) disconnect(): api=2
11-18 14:04:43.798 1470 2457 I ColorHansManager : uid: 10963, state: M -> D
11-18 14:04:43.798 841 2967 D DispPerfService: get hint proc=Surface(name=1dbe557 Splash Screen com.jlpay.merch), idx=0 none
11-18 14:04:43.799 1470 2457 I ColorHansManager : unfreeze uid: 10494 package: com.alibaba.android.rimet reason: F-direct scene: FastFreezerScene
11-18 14:04:43.799 1470 2457 I ColorHansManager : exit fastfreezer, reason:F-direct
11-18 14:04:43.799 1470 2457 D OppoBasePowerManagerService: do restore jobs
11-18 14:04:43.799 1470 2461 I ColorHansManager : stateRToFFreeze--imporant case: pkgName: com.tencent.mm, reason: lastResumeProtect
11-18 14:04:43.800 15549 15775 D PRETTY_LOGGER: โ”Œโ”€โ”€โ”€โ”€โ”€โ”€โ”€โ”€โ”€โ”€โ”€โ”€โ”€โ”€โ”€โ”€โ”€โ”€โ”€โ”€โ”€โ”€โ”€โ”€โ”€โ”€โ”€โ”€โ”€โ”€โ”€โ”€โ”€โ”€โ”€โ”€โ”€โ”€โ”€โ”€โ”€โ”€โ”€โ”€โ”€โ”€โ”€โ”€โ”€โ”€โ”€โ”€โ”€โ”€โ”€โ”€โ”€โ”€โ”€โ”€โ”€โ”€โ”€โ”€โ”€โ”€โ”€โ”€โ”€โ”€โ”€โ”€โ”€โ”€โ”€โ”€โ”€โ”€โ”€โ”€โ”€โ”€โ”€โ”€โ”€โ”€โ”€โ”€โ”€โ”€โ”€โ”€โ”€โ”€โ”€โ”€โ”€โ”€โ”€โ”€โ”€โ”€โ”€โ”€โ”€โ”€โ”€โ”€โ”€โ”€โ”€โ”€
11-18 14:04:43.800 1470 2461 I ColorHansManager : stateRToFFreeze--imporant case: pkgName: io.appium.uiautomator2.server, reason: lastResumeProtect
11-18 14:04:43.800 15549 15775 D PRETTY_LOGGER: โ”‚ LogUtils.json (LogUtils.java:59)
11-18 14:04:43.800 15549 15775 D PRETTY_LOGGER: โ”‚ LogUtils.json (LogUtils.java:63)
11-18 14:04:43.800 15549 15775 D PRETTY_LOGGER: โ”œโ”„โ”„โ”„โ”„โ”„โ”„โ”„โ”„โ”„โ”„โ”„โ”„โ”„โ”„โ”„โ”„โ”„โ”„โ”„โ”„โ”„โ”„โ”„โ”„โ”„โ”„โ”„โ”„โ”„โ”„โ”„โ”„โ”„โ”„โ”„โ”„โ”„โ”„โ”„โ”„โ”„โ”„โ”„โ”„โ”„โ”„โ”„โ”„โ”„โ”„โ”„โ”„โ”„โ”„โ”„โ”„โ”„โ”„โ”„โ”„โ”„โ”„โ”„โ”„โ”„โ”„โ”„โ”„โ”„โ”„โ”„โ”„โ”„โ”„โ”„โ”„โ”„โ”„โ”„โ”„โ”„โ”„โ”„โ”„โ”„โ”„โ”„โ”„โ”„โ”„โ”„โ”„โ”„โ”„โ”„โ”„โ”„โ”„โ”„โ”„โ”„โ”„โ”„โ”„โ”„โ”„โ”„โ”„โ”„โ”„โ”„โ”„
11-18 14:04:43.800 15549 15775 D PRETTY_LOGGER: โ”‚ {
11-18 14:04:43.800 15549 15775 D PRETTY_LOGGER: โ”‚ "data": [
11-18 14:04:43.800 15549 15775 D PRETTY_LOGGER: โ”‚ {
11-18 14:04:43.800 15549 15775 D PRETTY_LOGGER: โ”‚ "url": "https:\/\/static.jlpay.com\/privacyPolicy\/agreement_ls.html",
11-18 14:04:43.800 15549 15775 D PRETTY_LOGGER: โ”‚ "version": "1",
11-18 14:04:43.800 15549 15775 D PRETTY_LOGGER: โ”‚ "type": "1",
11-18 14:04:43.800 15549 15549 I OplusFeatureCache: Milliseconds spent on init(): 9
11-18 14:04:43.800 15549 15775 D PRETTY_LOGGER: โ”‚ "type_desc": "็ซ‹ๅˆท"
11-18 14:04:43.800 15549 15775 D PRETTY_LOGGER: โ”‚ },
11-18 14:04:43.800 1470 2461 I ColorHansManager : stateRToFFreeze--imporant case: pkgName: com.alibaba.android.rimet, reason: lastResumeProtect
11-18 14:04:43.800 15549 15775 D PRETTY_LOGGER: โ”‚ {
11-18 14:04:43.800 15549 15775 D PRETTY_LOGGER: โ”‚ "url": "https:\/\/static.jlpay.com\/privacyPolicy\/agreement_lsp.html",
11-18 14:04:43.800 1470 1595 I InputTransport: Destroy ARC handle: 0xb4000076ac0ed1a0
11-18 14:04:43.801 15549 15775 D PRETTY_LOGGER: โ”‚ "version": "1",
11-18 14:04:43.801 15549 15775 D PRETTY_LOGGER: โ”‚ "type": "2",
11-18 14:04:43.801 15549 15775 D PRETTY_LOGGER: โ”‚ "type_desc": "็ซ‹ๅˆทๅ•†ๆˆท็‰ˆ"
11-18 14:04:43.801 15549 15775 D PRETTY_LOGGER: โ”‚ },
11-18 14:04:43.801 15549 15775 D PRETTY_LOGGER: โ”‚ {
11-18 14:04:43.801 15549 15775 D PRETTY_LOGGER: โ”‚ "url": "https:\/\/static.jlpay.com\/privacyPolicy\/agreement_partner.html",
11-18 14:04:43.801 15549 15775 D PRETTY_LOGGER: โ”‚ "version": "1",
11-18 14:04:43.801 15549 15775 D PRETTY_LOGGER: โ”‚ "type": "3",
11-18 14:04:43.801 15549 15775 D PRETTY_LOGGER: โ”‚ "type_desc": "ๅ˜‰่”ๅˆไผ™ไบบ"
11-18 14:04:43.801 15549 15775 D PRETTY_LOGGER: โ”‚ },
11-18 14:04:43.801 15549 15775 D PRETTY_LOGGER: โ”‚ {
11-18 14:04:43.801 15549 15775 D PRETTY_LOGGER: โ”‚ "url": "https:\/\/static.jlpay.com\/privacyPolicy\/agreement_jlpay.html",
11-18 14:04:43.801 15549 15775 D PRETTY_LOGGER: โ”‚ "version": "1",
11-18 14:04:43.801 15549 15775 D PRETTY_LOGGER: โ”‚ "type": "4",
11-18 14:04:43.801 15549 15775 D PRETTY_LOGGER: โ”‚ "type_desc": "ๅ˜‰่”ๆ”ฏไป˜"
11-18 14:04:43.801 15549 15775 D PRETTY_LOGGER: โ”‚ }
11-18 14:04:43.801 15549 15775 D PRETTY_LOGGER: โ”‚ ],
11-18 14:04:43.801 15549 15775 D PRETTY_LOGGER: โ”‚ "config_desc": "้š็งๆƒ้™็‰ˆๆœฌ้…็ฝฎๆ–‡ไปถ,้…็ฝฎ่ฏดๆ˜Ž๏ผš url(้š็งๆ”ฟ็ญ–้“พๆŽฅ), version(้š็งๆ”ฟ็ญ–็‰ˆๆœฌๅท๏ผŒๆœ‰ๆ›ดๆ–ฐๆ—ถๅŠ 1๏ผ‰,type๏ผˆApp็ฑปๅž‹1็ซ‹ๅˆท๏ผŒ2.็ซ‹ๅˆทๅ•†ๆˆท็‰ˆ๏ผŒ3ๅˆไผ™ไบบ๏ผŒ4ๅ˜‰่”ๆ”ฏไป˜๏ผ‰๏ผŒtype_desc๏ผˆApp็ฑปๅž‹่ฏดๆ˜Žๆ่ฟฐ๏ผ‰",
11-18 14:04:43.801 15549 15775 D PRETTY_LOGGER: โ”‚ "referer_list": [
11-18 14:04:43.801 15549 15775 D PRETTY_LOGGER: โ”‚ {
11-18 14:04:43.801 15549 15775 D PRETTY_LOGGER: โ”‚ "url": "https:\/\/static.am.xiaojukeji.com",
11-18 14:04:43.801 15549 15775 D PRETTY_LOGGER: โ”‚ "referer": "https:\/\/static.am.xiaojukeji.com"
11-18 14:04:43.801 15549 15775 D PRETTY_LOGGER: โ”‚ },
11-18 14:04:43.801 15549 15775 D PRETTY_LOGGER: โ”‚ {
11-18 14:04:43.801 15549 15775 D PRETTY_LOGGER: โ”‚ "url": "https:\/\/ms.czb365.com",
11-18 14:04:43.801 15549 15775 D PRETTY_LOGGER: โ”‚ "referer": "https:\/\/ms.czb365.com\/pay"
11-18 14:04:43.801 15549 15775 D PRETTY_LOGGER: โ”‚ },
11-18 14:04:43.801 15549 15775 D PRETTY_LOGGER: โ”‚ {
11-18 14:04:43.801 15549 15775 D PRETTY_LOGGER: โ”‚ "url": "https:\/\/activity.m.duiba.com.cn",
11-18 14:04:43.801 15549 15775 D PRETTY_LOGGER: โ”‚ "referer": "https:\/\/activity.m.duiba.com.cn"
11-18 14:04:43.801 15549 15775 D PRETTY_LOGGER: โ”‚ },
11-18 14:04:43.801 15549 15775 D PRETTY_LOGGER: โ”‚ {
11-18 14:04:43.801 15549 15775 D PRETTY_LOGGER: โ”‚ "url": "https:\/\/api.uaryd.com",
11-18 14:04:43.801 15549 15775 D PRETTY_LOGGER: โ”‚ "referer": "https:\/\/api.uaryd.com"
11-18 14:04:43.801 15549 15775 D PRETTY_LOGGER: โ”‚ },
11-18 14:04:43.801 15549 15775 D PRETTY_LOGGER: โ”‚ {
11-18 14:04:43.801 15549 15775 D PRETTY_LOGGER: โ”‚ "url": "http:\/\/static.jlpay.com",
11-18 14:04:43.801 15549 15775 D PRETTY_LOGGER: โ”‚ "referer": "http:\/\/static.jlpay.com"
11-18 14:04:43.801 15549 15775 D PRETTY_LOGGER: โ”‚ },
11-18 14:04:43.801 15549 15775 D PRETTY_LOGGER: โ”‚ {
11-18 14:04:43.801 15549 15775 D PRETTY_LOGGER: โ”‚ "url": "https:\/\/merchant.jlpay.com",
11-18 14:04:43.801 15549 15775 D PRETTY_LOGGER: โ”‚ "referer": "https:\/\/merchant.jlpay.com"
11-18 14:04:43.801 15549 15775 D PRETTY_LOGGER: โ”‚ }
11-18 14:04:43.801 15549 15775 D PRETTY_LOGGER: โ”‚ ]
11-18 14:04:43.801 15549 15775 D PRETTY_LOGGER: โ”‚ }
11-18 14:04:43.801 15549 15775 D PRETTY_LOGGER: โ””โ”€โ”€โ”€โ”€โ”€โ”€โ”€โ”€โ”€โ”€โ”€โ”€โ”€โ”€โ”€โ”€โ”€โ”€โ”€โ”€โ”€โ”€โ”€โ”€โ”€โ”€โ”€โ”€โ”€โ”€โ”€โ”€โ”€โ”€โ”€โ”€โ”€โ”€โ”€โ”€โ”€โ”€โ”€โ”€โ”€โ”€โ”€โ”€โ”€โ”€โ”€โ”€โ”€โ”€โ”€โ”€โ”€โ”€โ”€โ”€โ”€โ”€โ”€โ”€โ”€โ”€โ”€โ”€โ”€โ”€โ”€โ”€โ”€โ”€โ”€โ”€โ”€โ”€โ”€โ”€โ”€โ”€โ”€โ”€โ”€โ”€โ”€โ”€โ”€โ”€โ”€โ”€โ”€โ”€โ”€โ”€โ”€โ”€โ”€โ”€โ”€โ”€โ”€โ”€โ”€โ”€โ”€โ”€โ”€โ”€โ”€โ”€
11-18 14:04:43.803 1470 2436 I InputDispatcher: Focus entered window: Window{d361f83 u0 com.jlpay.merch/com.jlpay.merch.ui.start.SplashActivity} in display 0
11-18 14:04:43.808 841 2967 I BufferQueueProducer: [com.jlpay.merch/com.jlpay.merch.ui.start.SplashActivity#1](id:349000020c4,api:1,p:15549,c:841) disconnect(): api=1
11-18 14:04:43.808 15718 15750 I appium : channel read: GET /wd/hub/session/48f6a8a8-93b4-40c2-8c7a-a35989fcd518/appium/device/pixel_ratio
11-18 14:04:43.809 841 899 I BufferQueueProducer: [com.jlpay.merch/com.jlpay.merch.ui.start.SplashActivity#1](id:349000020c4,api:1,p:15549,c:841) connect(): api=1 producerControlledByApp=false
11-18 14:04:43.810 15718 15750 I appium : GetDevicePixelRatio command
11-18 14:04:43.812 1470 2436 I InputDispatcher: Window went away: Window{1dbe557 u0 Splash Screen com.jlpay.merch}
11-18 14:04:43.814 15718 15750 I appium : AppiumResponse: {"sessionId":"48f6a8a8-93b4-40c2-8c7a-a35989fcd518","value":3.0}
11-18 14:04:43.820 1470 3037 D InputMethodManagerService: isSecurity: attribute.packageName=com.jlpay.merch
11-18 14:04:43.820 1470 3037 D InputMethodManagerService: isSecurity= false ( enable=false needShow=false inBlackList=false isExist=true )
11-18 14:04:43.799 1470 2457 I chatty : uid=1000(system) HansManagerHand identical 1 line
11-18 14:04:43.799 1470 2457 D OppoBasePowerManagerService: do restore jobs
11-18 14:04:43.820 1470 3037 D ColorInputMethodManagerServiceEx: onHandleImeWindowVisibleStatus handledVis: 0, switcher visible: 0, switcher active: 0, needsToShowImeSwitcher: false
11-18 14:04:43.820 1470 3037 D OplusVerificationCodeController: notifyImeAttributeChanged: 64false
11-18 14:04:43.821 841 841 E OppoExLayer: using cid as pid, cid=1470, name=Dim Layer for - Task=18211#0
11-18 14:04:43.822 809 820 I mtkpower@impl: [setMode] type:5, enabled:0
11-18 14:04:43.822 809 875 I libPowerHal: [perfLockRel] hdl:40365, idx:1
11-18 14:04:43.822 809 875 I libPowerHal: [PD] scn:1 hdl:40365 hint:11 comm:mtkpower@1.0-se pid:809
11-18 14:04:43.822 15718 15750 I appium : channel read: GET /wd/hub/session/48f6a8a8-93b4-40c2-8c7a-a35989fcd518/appium/device/system_bars
11-18 14:04:43.822 809 875 I libPowerHal: [PD] LAUNCH update cmd:300c000 param:0
11-18 14:04:43.820 1470 3037 D ColorInputMethodManagerServiceEx: onHandleImeWindowVisibleStatus handledVis: 0, switcher visible: 0, switcher active: 0, needsToShowImeSwitcher: false
11-18 14:04:43.823 1470 3037 I ActivityTaskManager: perfNotifyAppState STOP ActivityRecord{e39e91 u0 com.oppo.launcher/.Launcher t2}
11-18 14:04:43.823 15718 15750 I appium : GetSystemBars command
11-18 14:04:43.824 809 819 I mtkpower@impl: [mtkPowerHint] hint:22, hold:0, ext:30, ext_hold:2000
11-18 14:04:43.824 809 875 I libPowerHal: [perfLockRel] hdl:40366, idx:2
11-18 14:04:43.824 809 875 I libPowerHal: [PD] scn:2 hdl:40366 hint:22 comm:mtkpower@1.0-se pid:809
11-18 14:04:43.824 809 875 I libPowerHal: [PD] MTKPOWER_HINT_PACK_SWITCH update cmd:1000000, param:-1
11-18 14:04:43.824 809 875 I libPowerHal: [PD] MTKPOWER_HINT_PACK_SWITCH update cmd:1408300 param:0
11-18 14:04:43.824 809 875 I libPowerHal: [PD] MTKPOWER_HINT_PACK_SWITCH update cmd:1000000 param:-1
11-18 14:04:43.825 1470 1592 D OplusAppBwCore: onUidImportance: 10062, 125
11-18 14:04:43.826 809 875 I libPowerHal: [perfLockAcq] idx:1 hdl:40370 hint:30 pid:809 duration:2000 => ret_hdl:40370
11-18 14:04:43.826 809 875 I libPowerHal: [PE] scn:1 hdl:40370 hint:30 comm:mtkpower@1.0-se pid:809
11-18 14:04:43.826 809 875 I libPowerHal: [PE] MTKPOWER_HINT_EXT_LAUNCH update cmd:1000000, param:1
11-18 14:04:43.826 31557 31557 E libEGL : Invalid file path for libcolorx-loader.so
11-18 14:04:43.826 809 875 I libPowerHal: [PE] MTKPOWER_HINT_EXT_LAUNCH update cmd:2020000, param:15
11-18 14:04:43.826 809 875 I libPowerHal: [PE] MTKPOWER_HINT_EXT_LAUNCH update cmd:1408300, param:40
11-18 14:04:43.826 31557 31557 E libEGL : Invalid file path for libcolorx-loader.so
11-18 14:04:43.826 31557 31557 E libEGL : Invalid file path for libcolorx-loader.so
11-18 14:04:43.827 15549 15775 D PRETTY_LOGGER: โ”Œโ”€โ”€โ”€โ”€โ”€โ”€โ”€โ”€โ”€โ”€โ”€โ”€โ”€โ”€โ”€โ”€โ”€โ”€โ”€โ”€โ”€โ”€โ”€โ”€โ”€โ”€โ”€โ”€โ”€โ”€โ”€โ”€โ”€โ”€โ”€โ”€โ”€โ”€โ”€โ”€โ”€โ”€โ”€โ”€โ”€โ”€โ”€โ”€โ”€โ”€โ”€โ”€โ”€โ”€โ”€โ”€โ”€โ”€โ”€โ”€โ”€โ”€โ”€โ”€โ”€โ”€โ”€โ”€โ”€โ”€โ”€โ”€โ”€โ”€โ”€โ”€โ”€โ”€โ”€โ”€โ”€โ”€โ”€โ”€โ”€โ”€โ”€โ”€โ”€โ”€โ”€โ”€โ”€โ”€โ”€โ”€โ”€โ”€โ”€โ”€โ”€โ”€โ”€โ”€โ”€โ”€โ”€โ”€โ”€โ”€โ”€โ”€
11-18 14:04:43.827 809 875 I libPowerHal: [PE] MTKPOWER_HINT_EXT_LAUNCH update cmd:1000000 param:1
11-18 14:04:43.827 15549 15775 D PRETTY_LOGGER: โ”‚ LogUtils.d (LogUtils.java:41)
11-18 14:04:43.827 15549 15775 D PRETTY_LOGGER: โ”‚ LogUtils.d (LogUtils.java:45)
11-18 14:04:43.827 15549 15775 D PRETTY_LOGGER: โ”œโ”„โ”„โ”„โ”„โ”„โ”„โ”„โ”„โ”„โ”„โ”„โ”„โ”„โ”„โ”„โ”„โ”„โ”„โ”„โ”„โ”„โ”„โ”„โ”„โ”„โ”„โ”„โ”„โ”„โ”„โ”„โ”„โ”„โ”„โ”„โ”„โ”„โ”„โ”„โ”„โ”„โ”„โ”„โ”„โ”„โ”„โ”„โ”„โ”„โ”„โ”„โ”„โ”„โ”„โ”„โ”„โ”„โ”„โ”„โ”„โ”„โ”„โ”„โ”„โ”„โ”„โ”„โ”„โ”„โ”„โ”„โ”„โ”„โ”„โ”„โ”„โ”„โ”„โ”„โ”„โ”„โ”„โ”„โ”„โ”„โ”„โ”„โ”„โ”„โ”„โ”„โ”„โ”„โ”„โ”„โ”„โ”„โ”„โ”„โ”„โ”„โ”„โ”„โ”„โ”„โ”„โ”„โ”„โ”„โ”„โ”„โ”„
11-18 14:04:43.827 15549 15775 D PRETTY_LOGGER: โ”‚ ้š็งๅ่ฎฎๅทฒๆ›ดๆ–ฐ:{"type":"4","type_desc":"ๅ˜‰่”ๆ”ฏไป˜","url":"https://static.jlpay.com/privacyPolicy/agreement_jlpay.html","version":"1"}
11-18 14:04:43.827 15549 15775 D PRETTY_LOGGER: โ””โ”€โ”€โ”€โ”€โ”€โ”€โ”€โ”€โ”€โ”€โ”€โ”€โ”€โ”€โ”€โ”€โ”€โ”€โ”€โ”€โ”€โ”€โ”€โ”€โ”€โ”€โ”€โ”€โ”€โ”€โ”€โ”€โ”€โ”€โ”€โ”€โ”€โ”€โ”€โ”€โ”€โ”€โ”€โ”€โ”€โ”€โ”€โ”€โ”€โ”€โ”€โ”€โ”€โ”€โ”€โ”€โ”€โ”€โ”€โ”€โ”€โ”€โ”€โ”€โ”€โ”€โ”€โ”€โ”€โ”€โ”€โ”€โ”€โ”€โ”€โ”€โ”€โ”€โ”€โ”€โ”€โ”€โ”€โ”€โ”€โ”€โ”€โ”€โ”€โ”€โ”€โ”€โ”€โ”€โ”€โ”€โ”€โ”€โ”€โ”€โ”€โ”€โ”€โ”€โ”€โ”€โ”€โ”€โ”€โ”€โ”€โ”€
11-18 14:04:43.827 31557 31557 E libEGL : Invalid file path for libcolorx-loader.so
11-18 14:04:43.828 31557 31557 E libEGL : Invalid file path for libcolorx-loader.so
11-18 14:04:43.829 15718 15750 I appium : AppiumResponse: {"sessionId":"48f6a8a8-93b4-40c2-8c7a-a35989fcd518","value":{"statusBar":112}}
11-18 14:04:43.829 2515 2515 V PhoneWindow: DecorView setVisiblity: visibility = 4, Parent = android.view.ViewRootImpl@4720906, this = DecorView@3f1dbc7[Launcher]
11-18 14:04:43.830 31557 31557 E libEGL : Invalid file path for libcolorx-loader.so
11-18 14:04:43.830 31557 31557 I InputTransport: Create ARC handle: 0x775cb8a1a0
11-18 14:04:43.831 1470 4264 D OppoDisplayPolicy: com.android.systemui, change system app cutoutMode: color always
11-18 14:04:43.833 15718 15750 I appium : channel read: GET /wd/hub/session/48f6a8a8-93b4-40c2-8c7a-a35989fcd518/window/current/size
11-18 14:04:43.833 15718 15750 I appium : GetDeviceSize command
11-18 14:04:43.833 15718 15750 I appium : Get window size of the device
11-18 14:04:43.834 841 2967 D DispPerfService: get hint proc=Surface(name=9e67e93 InputMethod), idx=0 none
11-18 14:04:43.835 15718 15750 I appium : AppiumResponse: {"sessionId":"48f6a8a8-93b4-40c2-8c7a-a35989fcd518","value":{"height":2288,"width":1080}}
11-18 14:04:43.839 1470 2436 D ColorInputMethodManagerServiceEx: onHandleImeWindowVisibleStatus handledVis: 0, switcher visible: 0, switcher active: 0, needsToShowImeSwitcher: false
11-18 14:04:43.839 31557 31557 V PhoneWindow: DecorView setVisiblity: visibility = 8, Parent = android.view.ViewRootImpl@bb459d, this = DecorView@a937e7c[InputMethod]
11-18 14:04:43.842 20726 18198 I RemoteGuardClient.DWB.ActivityMonitor: onForegroundActivitiesChanged 2515,10062,foreground false pkg= oppo.uid.launcher:10062
11-18 14:04:43.843 20726 20763 I RemoteGuardClient.DWB.ActivityMonitor: topActivities = [com.jlpay.merch]
11-18 14:04:43.845 841 841 I BufferQueueConsumer: [com.oppo.launcher/com.oppo.launcher.Launcher#0](id:349000020c1,api:0,p:-1,c:841) disconnect()
11-18 14:04:43.845 841 841 I BufferQueue: [com.oppo.launcher/com.oppo.launcher.Launcher#0](this:0xb400007334a1a658,id:8385,api:1,p:-1,c:-1) onDestructor()
11-18 14:04:43.845 841 841 D OppoExLayer: ~Layer() sequence=61769, name=com.oppo.launcher/com.oppo.launcher.Launcher#0@0xb400007334b86000
11-18 14:04:43.845 841 841 I BufferQueueConsumer: [#0](id:349000020c0,api:0,p:-1,c:841) disconnect()
11-18 14:04:43.845 841 841 I BufferQueue: [#0](this:0xb400007334b67658,id:8384,api:1,p:-1,c:-1) onDestructor()
11-18 14:04:43.845 841 841 D OppoExLayer: ~Layer() sequence=61768, name=#0@0xb400007336822000
11-18 14:04:43.845 1470 2436 I InputDispatcher: Window went away: #0
11-18 14:04:43.845 1470 2436 I InputDispatcher: Window went away: com.oppo.launcher/com.oppo.launcher.Launcher#0
11-18 14:04:43.846 1470 2436 D OppoDisplayPolicy: com.android.systemui, change system app cutoutMode: color always
11-18 14:04:43.878 15718 15750 I appium : channel read: GET /wd/hub/session/48f6a8a8-93b4-40c2-8c7a-a35989fcd518/window/current/size
11-18 14:04:43.879 15718 15750 I appium : GetDeviceSize command
11-18 14:04:43.879 15718 15750 I appium : Get window size of the device
11-18 14:04:43.880 15718 15750 I appium : AppiumResponse: {"sessionId":"48f6a8a8-93b4-40c2-8c7a-a35989fcd518","value":{"height":2288,"width":1080}}
11-18 14:04:43.957 1470 1829 I mtkpower_client: perf_lock_rel, hdl:40369, tid:1829
11-18 14:04:43.957 1470 1829 I mtkpower_client: perf_lock_acq, hdl:40369, dur:0, num:12, tid:1829
11-18 14:04:43.958 809 875 I libPowerHal: [perfLockRel] hdl:40369, idx:0
11-18 14:04:43.958 809 875 I libPowerHal: [PD] scn:0 hdl:40369 lock_user:system_server pid:1470 tid:1829 dur:0
11-18 14:04:43.958 809 875 I libPowerHal: system_server: cpu_ctrl set cpu freq: -1 -1 -1 -1
11-18 14:04:43.958 809 875 I libPowerHal: [PD] system_server update cmd:1c3c000, param:1
11-18 14:04:43.958 809 875 I libPowerHal: [PD] system_server update cmd:10000100 param:2
11-18 14:04:43.959 1470 1829 I mtkpower_client: ret_hdl:40371
11-18 14:04:43.959 809 875 I libPowerHal: [perfLockAcq] idx:0 hdl:40371 hint:-1 pid:1470 duration:0 => ret_hdl:40371
11-18 14:04:43.959 809 875 I libPowerHal: [PE] scn:0 hdl:40371 lock_user:system_server pid:1470 tid:1829 dur:0
11-18 14:04:43.960 809 875 I libPowerHal: system_server: cpu_ctrl set cpu freq: 2000000 -1 2000000 -1
11-18 14:04:43.960 809 875 I libPowerHal: [PE] system_server update cmd:1410000, param:1
11-18 14:04:43.960 809 875 I libPowerHal: [PE] system_server update cmd:1c3c000, param:0
11-18 14:04:43.960 809 875 I libPowerHal: [PE] system_server update cmd:10000100, param:2
11-18 14:04:43.967 1470 1829 I mtkpower_client: perf_lock_rel, hdl:40371, tid:1829
11-18 14:04:43.967 1470 1829 I mtkpower_client: perf_lock_acq, hdl:40371, dur:0, num:4, tid:1829
11-18 14:04:43.968 809 875 I libPowerHal: [perfLockRel] hdl:40371, idx:0
11-18 14:04:43.968 809 875 I libPowerHal: [PD] scn:0 hdl:40371 lock_user:system_server pid:1470 tid:1829 dur:0
11-18 14:04:43.968 809 875 I libPowerHal: system_server: cpu_ctrl set cpu freq: -1 -1 -1 -1
11-18 14:04:43.968 809 875 I libPowerHal: [PD] system_server update cmd:1410000 param:0
11-18 14:04:43.968 809 875 I libPowerHal: [PD] system_server update cmd:1c3c000, param:1
11-18 14:04:43.968 809 875 I libPowerHal: [PD] system_server update cmd:10000100 param:2
11-18 14:04:43.968 1470 1829 I mtkpower_client: ret_hdl:40372
11-18 14:04:43.969 809 875 I libPowerHal: [perfLockAcq] idx:0 hdl:40372 hint:-1 pid:1470 duration:0 => ret_hdl:40372
11-18 14:04:43.969 809 875 I libPowerHal: [PE] scn:0 hdl:40372 lock_user:system_server pid:1470 tid:1829 dur:0
11-18 14:04:43.969 809 875 I libPowerHal: [PE] system_server update cmd:10000100, param:2
11-18 14:04:43.995 841 841 D OppoExLayer: ~Layer() sequence=61795, name=Surface(name=1dbe557 Splash Screen com.jlpay.merch)/@0x6b2ef1d - animation-leash#0@0xb40000733603b000
11-18 14:04:43.995 841 841 D OppoExLayer: ~Layer() sequence=61780, name=1dbe557 Splash Screen com.jlpay.merch#0@0xb4000073298e3000
11-18 14:04:43.996 1470 4264 I InputDispatcher: Window went away: Splash Screen com.jlpay.merch#0
11-18 14:04:43.996 841 841 I BufferQueueConsumer: [Splash Screen com.jlpay.merch#0](id:349000020c2,api:0,p:-1,c:841) disconnect()
11-18 14:04:43.996 841 841 I BufferQueue: [Splash Screen com.jlpay.merch#0](this:0xb400007329d18858,id:8386,api:2,p:-1,c:-1) onDestructor()
11-18 14:04:43.996 841 841 D OppoExLayer: ~Layer() sequence=61781, name=Splash Screen com.jlpay.merch#0@0xb400007329976000
11-18 14:04:44.028 841 841 D OppoExLayer: ~Layer() sequence=61792, name=Surface(name=d361f83 com.jlpay.merch/com.jlpay.merch.ui.start.SplashActivity)/@0xffd39c4 - animation-leash#0@0xb4000073360c2000
11-18 14:04:44.037 841 841 D OppoExLayer: ~Layer() sequence=61794, name=Surface(name=Dim Layer for - Task=18211)/@0xe7de82e - animation-leash#0@0xb40000733609b000
11-18 14:04:44.493 841 3662 I BufferQueueProducer: [NavigationBar0#0](this:0xb400007348959658,id:6,api:1,p:2069,c:841) queueBuffer: fps=2.49 dur=28126.99 max=27527.27 min=5.48
11-18 14:04:44.644 1470 1629 D BatteryLed: getLightInColorState, oppoLightMgr empty!
11-18 14:04:44.867 1470 1618 D OppoThermalStats: REPORT_UPDATE_CPU -> phoneTemp:310 preHeatThreshold:400
11-18 14:04:44.899 841 841 I BufferQueueProducer: [FramebufferSurface](this:0xb400007348832ed0,id:-1,api:1,p:841,c:841) queueBuffer: fps=31.01 dur=1483.47 max=959.87 min=7.67
11-18 14:04:44.986 1470 1823 D JobScheduler.Temperature: get temperature=30.937
11-18 14:04:45.171 1139 1251 D ULogGuard: Monitoring: 7 threads, 0 requests, 0 time-bombs; 1 guards. ResetFlags = 0x7
11-18 14:04:45.356 1470 2591 I ColorGameSpaceManager: in handleApplicationSwitchInner ---- gamemode = 0 ----mModeStatus = 0
11-18 14:04:45.364 3812 5370 I Athena : MemoryGuardAction: triggerMemory:2400MB, availMemory:3853MB
11-18 14:04:45.486 1135 1163 W AString : ctor got NULL, using empty string instead
11-18 14:04:45.486 1135 1163 I SensorSavedChannel: [-1104,-1333,-483,19182,44263,27610]==>gyro_temp.json
11-18 14:04:45.486 1135 1163 W AString : ctor got NULL, using empty string instead
11-18 14:04:45.487 1135 1163 I SensorSavedChannel: [-1622,304,1217]==>gyro_bias.json
11-18 14:04:45.824 841 2967 I BufferQueueProducer: [StatusBar#0](this:0xb400007334a18a58,id:7,api:1,p:2069,c:841) queueBuffer: fps=0.11 dur=9034.54 max=9034.54 min=9034.54
11-18 14:04:45.829 809 875 I mtkpower@impl: [powerd_req] TIMER_MSG_PERF_LOCK_TIMEOUT hdl:40370
11-18 14:04:45.829 809 875 I libPowerHal: [perfLockRel] hdl:40370, idx:1
11-18 14:04:45.829 809 875 I libPowerHal: [PD] scn:1 hdl:40370 hint:30 comm:mtkpower@1.0-se pid:809
11-18 14:04:45.829 809 875 I libPowerHal: [PD] MTKPOWER_HINT_EXT_LAUNCH update cmd:1000000, param:-1
11-18 14:04:45.829 809 875 I libPowerHal: [PD] MTKPOWER_HINT_EXT_LAUNCH update cmd:2020000 param:1
11-18 14:04:45.829 809 875 I libPowerHal: [PD] MTKPOWER_HINT_EXT_LAUNCH update cmd:1408300 param:0
11-18 14:04:45.830 809 875 I libPowerHal: [PD] MTKPOWER_HINT_EXT_LAUNCH update cmd:1000000 param:-1
11-18 14:04:45.908 841 841 I BufferQueueProducer: [FramebufferSurface](this:0xb400007348832ed0,id:-1,api:1,p:841,c:841) queueBuffer: fps=0.99 dur=1008.81 max=1008.81 min=1008.81
11-18 14:04:46.387 15549 15576 D LeakCanary: Setting up flushing for Thread[work_thread,5,main]
11-18 14:04:46.388 15549 15576 D LeakCanary: Setting up flushing for Thread[NetWorkSender,5,main]
11-18 14:04:46.904 1470 2461 I ColorHansManager : stateRToFFreeze--imporant case: pkgName: com.jlpay.merch, reason: top
11-18 14:04:46.944 1470 2461 I ColorHansManager : stateRToFFreeze--imporant case: pkgName: io.appium.uiautomator2.server, reason: lastResumeProtect
11-18 14:04:46.946 1470 2461 I ColorHansManager : stateRToFFreeze--imporant case: pkgName: com.alibaba.android.rimet, reason: lastResumeProtect
11-18 14:04:47.038 841 841 D OppoExSurfaceFlinger: hecate traverse disp:61790,com.jlpay.merch/com.jlpay.merch.ui.start.SplashActivity#0,1
11-18 14:04:47.038 841 841 D OppoExSurfaceFlinger: hecate traverse disp:61793,Dim Layer for - Task=18211#0,0
11-18 14:04:47.038 841 841 D OppoExSurfaceFlinger: hecate traverse disp:61791,com.jlpay.merch/com.jlpay.merch.ui.start.SplashActivity#1,2
11-18 14:04:47.039 841 841 D OppoExSurfaceFlinger: hecate traverse disp:61790,com.jlpay.merch/com.jlpay.merch.ui.start.SplashActivity#0,1
11-18 14:04:47.039 841 841 D OppoExSurfaceFlinger: hecate traverse disp:61793,Dim Layer for - Task=18211#0,0
11-18 14:04:47.039 841 841 D OppoExSurfaceFlinger: hecate traverse disp:61791,com.jlpay.merch/com.jlpay.merch.ui.start.SplashActivity#1,2
11-18 14:04:47.061 841 1224 D OppoExSurfaceFlinger: hecate pixels[0,0]=0xff666666
11-18 14:04:47.134 1470 2461 I ColorHansManager : stateRToFFreeze--imporant case: pkgName: io.appium.uiautomator2.server, reason: lastResumeProtect
11-18 14:04:47.473 20949 21001 D HoraeHelper: getAllShellTemps tSize : 4
11-18 14:04:47.474 20949 21001 D HoraeHelper: getAllShellTemps tSize : 4
11-18 14:04:47.475 20949 21001 D HoraeHelper: Thermal length:1
11-18 14:04:47.482 20949 21001 D HoraeHelper: Thermal length:1
11-18 14:04:48.174 1139 1251 D ULogGuard: Monitoring: 7 threads, 0 requests, 0 time-bombs; 1 guards. ResetFlags = 0x7
11-18 14:04:48.855 841 2967 I BufferQueueProducer: [StatusBar#0](this:0xb400007334a18a58,id:7,api:1,p:2069,c:841) queueBuffer: fps=0.33 dur=3031.28 max=3031.28 min=3031.28
11-18 14:04:48.945 841 841 I BufferQueueProducer: [FramebufferSurface](this:0xb400007348832ed0,id:-1,api:1,p:841,c:841) queueBuffer: fps=0.33 dur=3036.92 max=3036.92 min=3036.92
11-18 14:04:49.127 2467 2467 E OplusNecManagerHelper: com.oplus.nec.OplusNecManager.notifyOrigSignalStrengthChanged [class android.telephony.SignalStrength, int]
11-18 14:04:49.979 15718 15750 I appium : channel read: GET /wd/hub/session/48f6a8a8-93b4-40c2-8c7a-a35989fcd518/window/current/size
11-18 14:04:49.980 15718 15750 I appium : GetDeviceSize command
11-18 14:04:49.980 15718 15750 I appium : Get window size of the device
11-18 14:04:49.986 15718 15750 I appium : AppiumResponse: {"sessionId":"48f6a8a8-93b4-40c2-8c7a-a35989fcd518","value":{"height":2288,"width":1080}}
11-18 14:04:50.005 15718 15750 I appium : channel read: GET /wd/hub/session/48f6a8a8-93b4-40c2-8c7a-a35989fcd518/source
11-18 14:04:50.008 15718 15750 I appium : Source command
11-18 14:04:50.010 15718 15750 I appium : Waiting up to 10000ms for the device to idle
11-18 14:04:50.194 15718 15750 I appium : AppiumResponse: {"sessionId":"48f6a8a8-93b4-40c2-8c7a-a35989fcd518","value":"\r\n\r\n \r\n\r\n gyro_temp.json
11-18 14:04:51.648 1135 1163 W AString : ctor got NULL, using empty string instead
11-18 14:04:51.648 1135 1163 I SensorSavedChannel: [-1384,383,1341]==>gyro_bias.json
11-18 14:04:51.662 15813 15813 E ion : ioctl c0044901 failed with code -1: Invalid argument
11-18 14:04:51.788 1470 2461 I ColorHansManager : stateRToFFreeze--imporant case: pkgName: com.sohu.inputmethod.sogou, reason: input
11-18 14:04:51.974 15813 15813 D RefBase : RefBase: Explicit destruction, weak count = 0 (in 0x7ceaa3e240)
11-18 14:04:51.979 15813 15813 D RefBase : #00 pc 00000000000de7c4 /apex/com.android.runtime/lib64/bionic/libc.so (__cxa_finalize+148)
11-18 14:04:51.979 15813 15813 D RefBase : #01 pc 00000000000d9438 /apex/com.android.runtime/lib64/bionic/libc.so (exit+24)
11-18 14:04:51.979 15813 15813 D RefBase : #02 pc 0000000000073e28 /apex/com.android.runtime/lib64/bionic/libc.so (__libc_init+112)
11-18 14:04:52.029 863 878 D ccci_mdinit: (1):monitor_time_update_thread round:14177 ########
11-18 14:04:52.074 15718 15750 I appium : AppiumResponse: {"sessionId":"48f6a8a8-93b4-40c2-8c7a-a35989fcd518","value":"iVBORw0KGgoAAAANSUhEUgAABDgAAAlgCAYAAABtGofVAAAAAXNSR0IArs4c6QAAAARzQklUCAgI\nCHwIZIgAACAASURBVHic7N15fFTV3T/wz7lzZ7KvZGMNSQiLLAmroOJesG7g+lSKWxXU1vbRoj9b\nq20tah8X7PO0Wiy4VahFKyhWbAVRUawgW0gQCQSyEchG9mWSmXvP749ZMjOZhCwzIVc/776mmblz\n17nBzโ€ฆ
11-18 14:04:52.565 20949 20992 D HoraeHelper: getAllShellTemps tSize : 4
11-18 14:04:52.566 20949 20992 D HoraeHelper: getAllShellTemps tSize : 4
11-18 14:04:52.846 15718 15750 I appium : channel read: POST /wd/hub/session/48f6a8a8-93b4-40c2-8c7a-a35989fcd518/element
11-18 14:04:52.847 15718 15750 I appium : FindElement command
11-18 14:04:52.852 15718 15750 I appium : method: 'xpath', selector: '//android.widget.Button[@resource-id='com.jlpay.merch:id/positive_button' and @text='ๅŒๆ„' and @class='android.widget.Button']'
11-18 14:04:52.854 15718 15750 I appium : Waiting up to 10000ms for the device to idle
11-18 14:04:52.860 15718 15750 I appium : The following attributes will be included to the page source: [resource-id, text, class]
11-18 14:04:53.056 15718 15750 I appium : Took 5ms to retrieve 1 matches for '//android.widget.Button[@resource-id='com.jlpay.merch:id/positive_button' and @text='ๅŒๆ„' and @class='android.widget.Button']' XPath query
11-18 14:04:53.070 15718 15750 W tomator2.serve: Accessing hidden field Landroid/view/accessibility/AccessibilityNodeInfo;->mSourceNodeId:J (greylist, reflection, allowed)
11-18 14:04:53.079 15718 15750 I appium : AppiumResponse: {"sessionId":"48f6a8a8-93b4-40c2-8c7a-a35989fcd518","value":{"ELEMENT":"00000000-0000-1540-ffff-ffff00000014","element-6066-11e4-a52e-4f735466cecf":"00000000-0000-1540-ffff-ffff00000014"}}
11-18 14:04:53.112 15718 15750 I appium : channel read: POST /wd/hub/session/48f6a8a8-93b4-40c2-8c7a-a35989fcd518/element/00000000-0000-1540-ffff-ffff00000014/click
11-18 14:04:53.114 15718 15750 I appium : Click command
11-18 14:04:53.140 841 2967 D OppoExSurfaceFlinger: applyTransactionState timed out try= 1, 0, 1
11-18 14:04:51.399 1470 4264 I chatty : uid=1000(system) Binder:1470_1B identical 3 lines
11-18 14:04:51.401 1470 4264 I OplusCustomizeService: pkg:com.android.systemui isPlatformSigned, return true drectly
11-18 14:04:53.150 15549 15549 D ViewRootImpl: enqueueInputEventMotionEvent { action=ACTION_DOWN, actionButton=0, id[0]=0, x[0]=780.0, y[0]=1010.0, toolType[0]=TOOL_TYPE_FINGER, buttonState=0, classification=NONE, metaState=0, flags=0x0, edgeFlags=0x0, pointerCount=1, historySize=0, eventTime=425671653, downTime=425671652, deviceId=-1, source=0x1002, displayId=0 }
11-18 14:04:53.151 15549 15549 D ViewRootImpl[SplashActivity]: processMotionEvent MotionEvent { action=ACTION_DOWN, actionButton=0, id[0]=0, x[0]=780.0, y[0]=1010.0, toolType[0]=TOOL_TYPE_FINGER, buttonState=0, classification=NONE, metaState=0, flags=0x0, edgeFlags=0x0, pointerCount=1, historySize=0, eventTime=425671653, downTime=425671652, deviceId=-1, source=0x1002, displayId=0 }
11-18 14:04:53.158 809 875 I libPowerHal: [perfLockAcq] idx:1 hdl:40373 hint:25 pid:809 duration:10000 => ret_hdl:40373
11-18 14:04:53.158 809 875 I libPowerHal: [PE] scn:1 hdl:40373 hint:25 comm:mtkpower@1.0-se pid:809
11-18 14:04:53.158 809 875 I libPowerHal: [PE] MTKPOWER_HINT_APP_TOUCH update cmd:3408600 param:1
11-18 14:04:53.160 15549 15549 D ViewRootImpl[SplashActivity]: dispatchPointerEvent handled=true, event=MotionEvent { action=ACTION_DOWN, actionButton=0, id[0]=0, x[0]=780.0, y[0]=1010.0, toolType[0]=TOOL_TYPE_FINGER, buttonState=0, classification=NONE, metaState=0, flags=0x0, edgeFlags=0x0, pointerCount=1, historySize=0, eventTime=425671653, downTime=425671652, deviceId=-1, source=0x1002, displayId=0 }
11-18 14:04:53.161 809 875 I libPowerHal: [perfLockRel] hdl:40373, idx:1
11-18 14:04:53.161 809 875 I libPowerHal: [PD] scn:1 hdl:40373 hint:25 comm:mtkpower@1.0-se pid:809
11-18 14:04:53.162 809 875 I libPowerHal: [PD] MTKPOWER_HINT_APP_TOUCH update cmd:3408600 param:0
11-18 14:04:53.162 15549 15549 D ViewRootImpl[SplashActivity]: processMotionEvent MotionEvent { action=ACTION_UP, actionButton=0, id[0]=0, x[0]=780.0, y[0]=1010.0, toolType[0]=TOOL_TYPE_FINGER, buttonState=0, classification=NONE, metaState=0, flags=0x0, edgeFlags=0x0, pointerCount=1, historySize=0, eventTime=425671653, downTime=425671652, deviceId=-1, source=0x1002, displayId=0 }
11-18 14:04:53.162 15549 15549 D ViewRootImpl[SplashActivity]: dispatchPointerEvent handled=true, event=MotionEvent { action=ACTION_UP, actionButton=0, id[0]=0, x[0]=780.0, y[0]=1010.0, toolType[0]=TOOL_TYPE_FINGER, buttonState=0, classification=NONE, metaState=0, flags=0x0, edgeFlags=0x0, pointerCount=1, historySize=0, eventTime=425671653, downTime=425671652, deviceId=-1, source=0x1002, displayId=0 }
11-18 14:04:53.165 841 3662 D OppoExSurfaceFlinger: applyTransactionState timed out try= 1, 0, 1
11-18 14:04:53.168 15718 15750 I appium : Waiting up to 10000ms for the device to idle
11-18 14:04:53.169 841 3662 I BufferQueueProducer: [com.jlpay.merch/com.jlpay.merch.ui.start.SplashActivity#1](id:349000020c4,api:1,p:15549,c:841) disconnect(): api=1
11-18 14:04:53.169 15549 15549 D View : [Warning] assignParent to null: this = DecorView@6a3bd48[SplashActivity]
11-18 14:04:53.170 15718 15750 I appium : AppiumResponse: {"sessionId":"48f6a8a8-93b4-40c2-8c7a-a35989fcd518","value":null}
11-18 14:04:53.170 841 3662 D DispPerfService: get hint proc=Surface(name=d361f83 com.jlpay.merch, idx=0 none
11-18 14:04:53.171 1470 4256 W WindowManager: Changing focus fromWindow{d361f83 u0 com.jlpay.merch/com.jlpay.merch.ui.start.SplashActivity EXITING} to Window{c1b85a6 u0 com.jlpay.merch/com.jlpay.merch.ui.start.SplashActivity} displayId=0 Callers=com.android.server.wm.RootWindowContainer.updateFocusedWindowLocked:509 com.android.server.wm.WindowManagerService.updateFocusedWindowLocked:6073 com.android.server.wm.WindowState.setupWindowForRemoveOnExit:2542 com.android.server.wm.WindowState.removeIfPossible:2507
11-18 14:04:53.171 841 3662 D DispPerfService: get hint proc=Surface(name=8eb967f StatusBar), idx=0 none
11-18 14:04:53.172 841 3662 D DispPerfService: get hint proc=Surface(name=c91655d NavigationBar0), idx=0 none
11-18 14:04:53.174 1470 4256 D Theia.NoFocusWindow: FocusWindowErrorScene cancelCheckFreezeScreen
11-18 14:04:53.174 1470 4264 I InputDispatcher: Focus left window: Window{d361f83 u0 com.jlpay.merch/com.jlpay.merch.ui.start.SplashActivity} in display 0
11-18 14:04:53.174 1470 4264 I InputDispatcher: Window went away: Window{d361f83 u0 com.jlpay.merch/com.jlpay.merch.ui.start.SplashActivity}
11-18 14:04:53.175 841 3662 D DispPerfService: get hint proc=Surface(name=Dim Layer for - Task=18211), idx=0 none
11-18 14:04:53.178 15549 15549 I InputTransport: Destroy ARC handle: 0xb40000775cb818c0
11-18 14:04:53.180 15549 15549 I PRETTY_LOGGER: โ”Œโ”€โ”€โ”€โ”€โ”€โ”€โ”€โ”€โ”€โ”€โ”€โ”€โ”€โ”€โ”€โ”€โ”€โ”€โ”€โ”€โ”€โ”€โ”€โ”€โ”€โ”€โ”€โ”€โ”€โ”€โ”€โ”€โ”€โ”€โ”€โ”€โ”€โ”€โ”€โ”€โ”€โ”€โ”€โ”€โ”€โ”€โ”€โ”€โ”€โ”€โ”€โ”€โ”€โ”€โ”€โ”€โ”€โ”€โ”€โ”€โ”€โ”€โ”€โ”€โ”€โ”€โ”€โ”€โ”€โ”€โ”€โ”€โ”€โ”€โ”€โ”€โ”€โ”€โ”€โ”€โ”€โ”€โ”€โ”€โ”€โ”€โ”€โ”€โ”€โ”€โ”€โ”€โ”€โ”€โ”€โ”€โ”€โ”€โ”€โ”€โ”€โ”€โ”€โ”€โ”€โ”€โ”€โ”€โ”€โ”€โ”€โ”€
11-18 14:04:53.181 15549 15549 I PRETTY_LOGGER: โ”‚ LogUtils.i (LogUtils.java:27)
11-18 14:04:53.181 15549 15549 I PRETTY_LOGGER: โ”‚ LogUtils.i (LogUtils.java:21)
11-18 14:04:53.181 15549 15549 I PRETTY_LOGGER: โ”œโ”„โ”„โ”„โ”„โ”„โ”„โ”„โ”„โ”„โ”„โ”„โ”„โ”„โ”„โ”„โ”„โ”„โ”„โ”„โ”„โ”„โ”„โ”„โ”„โ”„โ”„โ”„โ”„โ”„โ”„โ”„โ”„โ”„โ”„โ”„โ”„โ”„โ”„โ”„โ”„โ”„โ”„โ”„โ”„โ”„โ”„โ”„โ”„โ”„โ”„โ”„โ”„โ”„โ”„โ”„โ”„โ”„โ”„โ”„โ”„โ”„โ”„โ”„โ”„โ”„โ”„โ”„โ”„โ”„โ”„โ”„โ”„โ”„โ”„โ”„โ”„โ”„โ”„โ”„โ”„โ”„โ”„โ”„โ”„โ”„โ”„โ”„โ”„โ”„โ”„โ”„โ”„โ”„โ”„โ”„โ”„โ”„โ”„โ”„โ”„โ”„โ”„โ”„โ”„โ”„โ”„โ”„โ”„โ”„โ”„โ”„โ”„
11-18 14:04:53.181 15549 15549 I PRETTY_LOGGER: โ”‚ push PushHelper init
11-18 14:04:53.181 15549 15549 I PRETTY_LOGGER: โ””โ”€โ”€โ”€โ”€โ”€โ”€โ”€โ”€โ”€โ”€โ”€โ”€โ”€โ”€โ”€โ”€โ”€โ”€โ”€โ”€โ”€โ”€โ”€โ”€โ”€โ”€โ”€โ”€โ”€โ”€โ”€โ”€โ”€โ”€โ”€โ”€โ”€โ”€โ”€โ”€โ”€โ”€โ”€โ”€โ”€โ”€โ”€โ”€โ”€โ”€โ”€โ”€โ”€โ”€โ”€โ”€โ”€โ”€โ”€โ”€โ”€โ”€โ”€โ”€โ”€โ”€โ”€โ”€โ”€โ”€โ”€โ”€โ”€โ”€โ”€โ”€โ”€โ”€โ”€โ”€โ”€โ”€โ”€โ”€โ”€โ”€โ”€โ”€โ”€โ”€โ”€โ”€โ”€โ”€โ”€โ”€โ”€โ”€โ”€โ”€โ”€โ”€โ”€โ”€โ”€โ”€โ”€โ”€โ”€โ”€โ”€โ”€
11-18 14:04:53.190 15549 15549 W com.jlpay.merc: Class com.tencent.bugly.proguard.ba failed lock verification and will run slower.
11-18 14:04:53.191 1470 2436 I InputDispatcher: Focus entered window: Window{c1b85a6 u0 com.jlpay.merch/com.jlpay.merch.ui.start.SplashActivity} in display 0
11-18 14:04:53.194 841 841 I BufferQueueProducer: [FramebufferSurface](this:0xb400007348832ed0,id:-1,api:1,p:841,c:841) queueBuffer: fps=0.58 dur=1725.16 max=1725.16 min=1725.16
11-18 14:04:53.197 841 2967 I BufferQueueProducer: [StatusBar#0](this:0xb400007334a18a58,id:7,api:1,p:2069,c:841) queueBuffer: fps=0.55 dur=1822.06 max=1822.06 min=1822.06
11-18 14:04:53.222 15549 15549 D StrictMode: StrictMode policy violation: android.os.strictmode.IncorrectContextUseViolation: Visual services, such as WindowManager, WallpaperService or LayoutInflater should be accessed from Activity or other visual Context. Use an Activity or a Context created with Context#createWindowContext(int, Bundle), which are adjusted to the configuration and visual bounds of an area on screen.
11-18 14:04:53.222 15549 15549 D StrictMode: at android.os.StrictMode.onIncorrectContextUsed(StrictMode.java:2192)
11-18 14:04:53.222 15549 15549 D StrictMode: at android.app.ContextImpl.getSystemService(ContextImpl.java:1972)
11-18 14:04:53.222 15549 15549 D StrictMode: at android.content.ContextWrapper.getSystemService(ContextWrapper.java:813)
11-18 14:04:53.222 15549 15549 D StrictMode: at com.tencent.tinker.loader.app.TinkerApplication.getSystemService(TinkerApplication.java:249)
11-18 14:04:53.222 15549 15549 D StrictMode: at com.tencent.bugly.beta.global.e.a(BUGLY:16)
11-18 14:04:53.222 15549 15549 D StrictMode: at com.tencent.bugly.beta.Beta.init(BUGLY:107)
11-18 14:04:53.222 15549 15549 D StrictMode: at com.tencent.bugly.beta.Beta.init(BUGLY:155)
11-18 14:04:53.222 15549 15549 D StrictMode: at com.tencent.bugly.b.a(BUGLY:47)
11-18 14:04:53.222 15549 15549 D StrictMode: at com.tencent.bugly.Bugly.init(BUGLY:10)
11-18 14:04:53.222 15549 15549 D StrictMode: at com.tencent.bugly.Bugly.init(BUGLY:1)
11-18 14:04:53.222 15549 15549 D StrictMode: at com.jlpay.merch.application.JLPayApplication.initBugly(JLPayApplication.java:198)
11-18 14:04:53.222 15549 15549 D StrictMode: at com.jlpay.merch.application.JLPayApplication.initOtherLibs(JLPayApplication.java:143)
11-18 14:04:53.222 15549 15549 D StrictMode: at com.jlpay.merch.ui.start.SplashActivity$2.accept(SplashActivity.java:79)
11-18 14:04:53.222 15549 15549 D StrictMode: at com.jlpay.merch.ui.start.SplashActivity$2.accept(SplashActivity.java:75)
11-18 14:04:53.222 15549 15549 D StrictMode: at io.reactivex.internal.observers.LambdaObserver.onNext(LambdaObserver.java:63)
11-18 14:04:53.222 15549 15549 D StrictMode: at io.reactivex.internal.operators.observable.ObservableOnErrorReturn$OnErrorReturnObserver.onNext(ObservableOnErrorReturn.java:65)
11-18 14:04:53.222 15549 15549 D StrictMode: at io.reactivex.internal.operators.observable.ObservableFlatMap$MergeObserver.tryEmit(ObservableFlatMap.java:265)
11-18 14:04:53.222 15549 15549 D StrictMode: at io.reactivex.internal.operators.observable.ObservableFlatMap$InnerObserver.onNext(ObservableFlatMap.java:577)
11-18 14:04:53.222 15549 15549 D StrictMode: at io.reactivex.internal.operators.observable.ObservableCreate$CreateEmitter.onNext(ObservableCreate.java:66)
11-18 14:04:53.222 15549 15549 D StrictMode: at com.jlpay.merch.utils.PrivaceHelper$4.onClick(PrivaceHelper.java:186)
11-18 14:04:53.222 15549 15549 D StrictMode: at com.jlpay.merch.widget.CustomDialog$Builder$1.onClick(CustomDialog.java:141)
11-18 14:04:53.222 15549 15549 D StrictMode: at android.view.View.performClick(View.java:7575)
11-18 14:04:53.222 15549 15549 D StrictMode: at android.view.View.performClickInternal(View.java:7531)
11-18 14:04:53.222 15549 15549 D StrictMode: at android.view.View.access$3900(View.java:842)
11-18 14:04:53.222 15549 15549 D StrictMode: at android.view.View$PerformClick.run(View.java:28866)
11-18 14:04:53.222 15549 15549 D StrictMode: at android.os.Handler.handleCallback(Handler.java:938)
11-18 14:04:53.222 15549 15549 D StrictMode: at android.os.Handler.dispatchMessage(Handler.java:99)
11-18 14:04:53.222 15549 15549 D StrictMode: at android.os.Looper.loop(Looper.java:264)
11-18 14:04:53.222 15549 15549 D StrictMode: at android.app.ActivityThread.main(ActivityThread.java:8262)
11-18 14:04:53.222 15549 15549 D StrictMode: at java.lang.reflect.Method.invoke(Native Method)
11-18 14:04:53.222 15549 15549 D StrictMode: at com.android.internal.os.RuntimeInit$MethodAndArgsCaller.run(RuntimeInit.java:632)
11-18 14:04:53.222 15549 15549 D StrictMode: at com.android.internal.os.ZygoteInit.main(ZygoteInit.java:1049)
11-18 14:04:53.222 15549 15549 D StrictMode: Caused by: java.lang.IllegalAccessException: Tried to access visual service WindowManager from a non-visual Context:com.jlpay.merch.application.MyApplication@f5f8cb5
11-18 14:04:53.222 15549 15549 D StrictMode: at android.app.ContextImpl.getSystemService(ContextImpl.java:1971)
11-18 14:04:53.222 15549 15549 D StrictMode: ... 30 more
11-18 14:04:53.223 15549 15549 E ContextImpl: Tried to access visual service WindowManager from a non-visual Context:com.jlpay.merch.application.MyApplication@f5f8cb5 Visual services, such as WindowManager, WallpaperService or LayoutInflater should be accessed from Activity or other visual Context. Use an Activity or a Context created with Context#createWindowContext(int, Bundle), which are adjusted to the configuration and visual bounds of an area on screen.
11-18 14:04:53.223 15549 15549 E ContextImpl: java.lang.IllegalAccessException: Tried to access visual service WindowManager from a non-visual Context:com.jlpay.merch.application.MyApplication@f5f8cb5
11-18 14:04:53.223 15549 15549 E ContextImpl: at android.app.ContextImpl.getSystemService(ContextImpl.java:1971)
11-18 14:04:53.223 15549 15549 E ContextImpl: at android.content.ContextWrapper.getSystemService(ContextWrapper.java:813)
11-18 14:04:53.223 15549 15549 E ContextImpl: at com.tencent.tinker.loader.app.TinkerApplication.getSystemService(TinkerApplication.java:249)
11-18 14:04:53.223 15549 15549 E ContextImpl: at com.tencent.bugly.beta.global.e.a(BUGLY:16)
11-18 14:04:53.223 15549 15549 E ContextImpl: at com.tencent.bugly.beta.Beta.init(BUGLY:107)
11-18 14:04:53.223 15549 15549 E ContextImpl: at com.tencent.bugly.beta.Beta.init(BUGLY:155)
11-18 14:04:53.223 15549 15549 E ContextImpl: at com.tencent.bugly.b.a(BUGLY:47)
11-18 14:04:53.223 15549 15549 E ContextImpl: at com.tencent.bugly.Bugly.init(BUGLY:10)
11-18 14:04:53.223 15549 15549 E ContextImpl: at com.tencent.bugly.Bugly.init(BUGLY:1)
11-18 14:04:53.223 15549 15549 E ContextImpl: at com.jlpay.merch.application.JLPayApplication.initBugly(JLPayApplication.java:198)
11-18 14:04:53.223 15549 15549 E ContextImpl: at com.jlpay.merch.application.JLPayApplication.initOtherLibs(JLPayApplication.java:143)
11-18 14:04:53.223 15549 15549 E ContextImpl: at com.jlpay.merch.ui.start.SplashActivity$2.accept(SplashActivity.java:79)
11-18 14:04:53.223 15549 15549 E ContextImpl: at com.jlpay.merch.ui.start.SplashActivity$2.accept(SplashActivity.java:75)
11-18 14:04:53.223 15549 15549 E ContextImpl: at io.reactivex.internal.observers.LambdaObserver.onNext(LambdaObserver.java:63)
11-18 14:04:53.223 15549 15549 E ContextImpl: at io.reactivex.internal.operators.observable.ObservableOnErrorReturn$OnErrorReturnObserver.onNext(ObservableOnErrorReturn.java:65)
11-18 14:04:53.223 15549 15549 E ContextImpl: at io.reactivex.internal.operators.observable.ObservableFlatMap$MergeObserver.tryEmit(ObservableFlatMap.java:265)
11-18 14:04:53.223 15549 15549 E ContextImpl: at io.reactivex.internal.operators.observable.ObservableFlatMap$InnerObserver.onNext(ObservableFlatMap.java:577)
11-18 14:04:53.223 15549 15549 E ContextImpl: at io.reactivex.internal.operators.observable.ObservableCreate$CreateEmitter.onNext(ObservableCreate.java:66)
11-18 14:04:53.223 15549 15549 E ContextImpl: at com.jlpay.merch.utils.PrivaceHelper$4.onClick(PrivaceHelper.java:186)
11-18 14:04:53.223 15549 15549 E ContextImpl: at com.jlpay.merch.widget.CustomDialog$Builder$1.onClick(CustomDialog.java:141)
11-18 14:04:53.223 15549 15549 E ContextImpl: at android.view.View.performClick(View.java:7575)
11-18 14:04:53.223 15549 15549 E ContextImpl: at android.view.View.performClickInternal(View.java:7531)
11-18 14:04:53.223 15549 15549 E ContextImpl: at android.view.View.access$3900(View.java:842)
11-18 14:04:53.223 15549 15549 E ContextImpl: at android.view.View$PerformClick.run(View.java:28866)
11-18 14:04:53.223 15549 15549 E ContextImpl: at android.os.Handler.handleCallback(Handler.java:938)
11-18 14:04:53.223 15549 15549 E ContextImpl: at android.os.Handler.dispatchMessage(Handler.java:99)
