11-18 14:03:03.148 1470 3038 I InputDispatcher: Focus left window: Window{f5c4ef u0 com.jlpay.merch/com.jlpay.merch.ui.home.bill.BillActivity} in display 0
11-18 14:03:03.148 1470 3038 I InputDispatcher: Window went away: Window{f5c4ef u0 com.jlpay.merch/com.jlpay.merch.ui.home.bill.BillActivity}
11-18 14:03:03.149 841 899 D DispPerfService: get hint proc=Surface(name=f5c4ef com.jlpay.merch, idx=0 none
11-18 14:03:03.082 1470 4244 D ColorInputMethodManagerServiceEx: onHandleImeWindowVisibleStatus handledVis: 0, switcher visible: 0, switcher active: 0, needsToShowImeSwitcher: false
11-18 14:03:03.151 1470 4244 W WindowManager: Changing focus fromWindow{f5c4ef u0 com.jlpay.merch/com.jlpay.merch.ui.home.bill.BillActivity EXITING} to Window{f8921a u0 com.jlpay.merch/com.jlpay.merch.ui.home.bill.BillActivity} displayId=0 Callers=com.android.server.wm.RootWindowContainer.updateFocusedWindowLocked:509 com.android.server.wm.WindowManagerService.updateFocusedWindowLocked:6073 com.android.server.wm.WindowState.setupWindowForRemoveOnExit:2542 com.android.server.wm.WindowState.removeIfPossible:2507
11-18 14:03:03.152 841 899 D DispPerfService: get hint proc=Surface(name=8eb967f StatusBar), idx=0 none
11-18 14:03:03.154 841 899 D DispPerfService: get hint proc=Surface(name=c91655d NavigationBar0), idx=0 none
11-18 14:03:03.155 14697 15151 I PRETTY_LOGGER: โ”Œโ”€โ”€โ”€โ”€โ”€โ”€โ”€โ”€โ”€โ”€โ”€โ”€โ”€โ”€โ”€โ”€โ”€โ”€โ”€โ”€โ”€โ”€โ”€โ”€โ”€โ”€โ”€โ”€โ”€โ”€โ”€โ”€โ”€โ”€โ”€โ”€โ”€โ”€โ”€โ”€โ”€โ”€โ”€โ”€โ”€โ”€โ”€โ”€โ”€โ”€โ”€โ”€โ”€โ”€โ”€โ”€โ”€โ”€โ”€โ”€โ”€โ”€โ”€โ”€โ”€โ”€โ”€โ”€โ”€โ”€โ”€โ”€โ”€โ”€โ”€โ”€โ”€โ”€โ”€โ”€โ”€โ”€โ”€โ”€โ”€โ”€โ”€โ”€โ”€โ”€โ”€โ”€โ”€โ”€โ”€โ”€โ”€โ”€โ”€โ”€โ”€โ”€โ”€โ”€โ”€โ”€โ”€โ”€โ”€โ”€โ”€โ”€
11-18 14:03:03.156 14697 15151 I PRETTY_LOGGER: โ”‚ LogUtils.i (LogUtils.java:27)
11-18 14:03:03.156 14697 15151 I PRETTY_LOGGER: โ”‚ LogUtils.i (LogUtils.java:21)
11-18 14:03:03.156 14697 15151 I PRETTY_LOGGER: โ”œโ”„โ”„โ”„โ”„โ”„โ”„โ”„โ”„โ”„โ”„โ”„โ”„โ”„โ”„โ”„โ”„โ”„โ”„โ”„โ”„โ”„โ”„โ”„โ”„โ”„โ”„โ”„โ”„โ”„โ”„โ”„โ”„โ”„โ”„โ”„โ”„โ”„โ”„โ”„โ”„โ”„โ”„โ”„โ”„โ”„โ”„โ”„โ”„โ”„โ”„โ”„โ”„โ”„โ”„โ”„โ”„โ”„โ”„โ”„โ”„โ”„โ”„โ”„โ”„โ”„โ”„โ”„โ”„โ”„โ”„โ”„โ”„โ”„โ”„โ”„โ”„โ”„โ”„โ”„โ”„โ”„โ”„โ”„โ”„โ”„โ”„โ”„โ”„โ”„โ”„โ”„โ”„โ”„โ”„โ”„โ”„โ”„โ”„โ”„โ”„โ”„โ”„โ”„โ”„โ”„โ”„โ”„โ”„โ”„โ”„โ”„โ”„
11-18 14:03:03.156 14697 15151 I PRETTY_LOGGER: โ”‚ ๅ“ๅบ”๏ผšhttps://merchant-dev.jlpay.com/boss_trans/tradeTodayBillRpc
11-18 14:03:03.156 14697 15151 I PRETTY_LOGGER: โ”‚
11-18 14:03:03.156 14697 15151 I PRETTY_LOGGER: โ”‚ {"biz_context":"{\"ret_code\":\"00\",\"ret_msg\":\"่ฏทๆฑ‚ๆˆๅŠŸ\",\"rows\":[],\"success\":true,\"total\":0}","ret_code":"00","ret_msg":"่ฏทๆฑ‚ๆˆๅŠŸ"}
11-18 14:03:03.156 14697 15151 I PRETTY_LOGGER: โ””โ”€โ”€โ”€โ”€โ”€โ”€โ”€โ”€โ”€โ”€โ”€โ”€โ”€โ”€โ”€โ”€โ”€โ”€โ”€โ”€โ”€โ”€โ”€โ”€โ”€โ”€โ”€โ”€โ”€โ”€โ”€โ”€โ”€โ”€โ”€โ”€โ”€โ”€โ”€โ”€โ”€โ”€โ”€โ”€โ”€โ”€โ”€โ”€โ”€โ”€โ”€โ”€โ”€โ”€โ”€โ”€โ”€โ”€โ”€โ”€โ”€โ”€โ”€โ”€โ”€โ”€โ”€โ”€โ”€โ”€โ”€โ”€โ”€โ”€โ”€โ”€โ”€โ”€โ”€โ”€โ”€โ”€โ”€โ”€โ”€โ”€โ”€โ”€โ”€โ”€โ”€โ”€โ”€โ”€โ”€โ”€โ”€โ”€โ”€โ”€โ”€โ”€โ”€โ”€โ”€โ”€โ”€โ”€โ”€โ”€โ”€โ”€
11-18 14:03:03.157 1470 4244 D Theia.NoFocusWindow: FocusWindowErrorScene cancelCheckFreezeScreen
11-18 14:03:03.162 14697 14697 I InputTransport: Destroy ARC handle: 0xb4000076fa879c80
11-18 14:03:03.163 841 841 D OppoExLayer: ~Layer() sequence=61598, name=Surface(name=f5c4ef com.jlpay.merch/com.jlpay.merch.ui.home.bill.BillActivity)/@0xa1ae8da - animation-leash#0@0xb400007329534000
11-18 14:03:03.166 14697 14697 D BillActivity: updateTimeRange:2021-11-18
11-18 14:03:03.167 1142 1142 I thermal_repeater: [recvMdThermalInfo] ret=32, strLen=127, 0, 32767, -127, 0, 32767, 10838
11-18 14:03:03.173 1470 4244 I InputDispatcher: Focus entered window: Window{f8921a u0 com.jlpay.merch/com.jlpay.merch.ui.home.bill.BillActivity} in display 0
11-18 14:03:03.179 14697 14697 D BillActivity: updateTimeRange:2021-11-18
11-18 14:03:03.192 1470 3038 D InputMethodManagerService: isSecurity: attribute.packageName=com.jlpay.merch
11-18 14:03:03.192 1470 3038 D InputMethodManagerService: isSecurity= false ( enable=false needShow=false inBlackList=false isExist=true )
11-18 14:03:03.192 1470 3038 D ColorInputMethodManagerServiceEx: onHandleImeWindowVisibleStatus handledVis: 0, switcher visible: 0, switcher active: 0, needsToShowImeSwitcher: false
11-18 14:03:03.192 1470 3038 D OplusVerificationCodeController: notifyImeAttributeChanged: 64false
11-18 14:03:03.194 841 899 D DispPerfService: get hint proc=Surface(name=9e67e93 InputMethod), idx=0 none
11-18 14:03:03.199 1470 4262 D OppoDisplayPolicy: com.android.systemui, change system app cutoutMode: color always
11-18 14:03:03.201 31557 31557 V PhoneWindow: DecorView setVisiblity: visibility = 8, Parent = android.view.ViewRootImpl@bb459d, this = DecorView@a937e7c[InputMethod]
11-18 14:03:03.205 841 841 D OppoExLayer: ~Layer() sequence=61599, name=Surface(name=9e67e93 InputMethod)/@0xa906ec9 - animation-leash#1@0xb40000732953b000
11-18 14:03:03.207 1470 4262 D OppoDisplayPolicy: com.android.systemui, change system app cutoutMode: color always
11-18 14:03:03.314 1470 4262 I InputDispatcher: Window went away: com.jlpay.merch/com.jlpay.merch.ui.home.bill.BillActivity#0
11-18 14:03:03.322 841 841 D OppoExLayer: ~Layer() sequence=61594, name=f5c4ef com.jlpay.merch/com.jlpay.merch.ui.home.bill.BillActivity#0@0xb40000732943f000
11-18 14:03:03.322 841 841 D OppoExLayer: ~Layer() sequence=61600, name=Surface(name=f5c4ef com.jlpay.merch/com.jlpay.merch.ui.home.bill.BillActivity)/@0xa1ae8da - animation-leash#1@0xb400007336010000
11-18 14:03:03.322 841 841 I BufferQueueConsumer: [com.jlpay.merch/com.jlpay.merch.ui.home.bill.BillActivity#0](id:349000020aa,api:0,p:-1,c:841) disconnect()
11-18 14:03:03.323 841 841 I BufferQueue: [com.jlpay.merch/com.jlpay.merch.ui.home.bill.BillActivity#0](this:0xb400007334b66858,id:8362,api:1,p:-1,c:-1) onDestructor()
11-18 14:03:03.323 841 841 D OppoExLayer: ~Layer() sequence=61597, name=com.jlpay.merch/com.jlpay.merch.ui.home.bill.BillActivity#0@0xb400007336106000
11-18 14:03:03.424 841 841 I BufferQueueProducer: [FramebufferSurface](this:0xb400007348832ed0,id:-1,api:1,p:841,c:841) queueBuffer: fps=0.79 dur=1268.15 max=1268.15 min=1268.15
11-18 14:03:03.770 14900 14932 I appium : AppiumResponse: {"sessionId":"9ba62e7b-8703-4eba-a850-4b2105d05fc4","value":null}
11-18 14:03:04.298 14900 14932 I appium : channel read: GET /wd/hub/session/9ba62e7b-8703-4eba-a850-4b2105d05fc4/source
11-18 14:03:04.298 14900 14932 I appium : Source command
11-18 14:03:04.299 14900 14932 I appium : Waiting up to 10000ms for the device to idle
11-18 14:03:04.417 14900 14932 I appium : AppiumResponse: {"sessionId":"9ba62e7b-8703-4eba-a850-4b2105d05fc4","value":"\r\n\r\n ret_hdl:40294
11-18 14:03:05.617 809 875 I libPowerHal: [PE] scn:1 hdl:40294 hint:25 comm:mtkpower@1.0-se pid:809
11-18 14:03:05.617 809 875 I libPowerHal: [PE] MTKPOWER_HINT_APP_TOUCH update cmd:3408600 param:1
11-18 14:03:05.618 14697 14697 D ViewRootImpl: enqueueInputEventMotionEvent { action=ACTION_DOWN, actionButton=0, id[0]=0, x[0]=417.0, y[0]=343.0, toolType[0]=TOOL_TYPE_FINGER, buttonState=0, classification=NONE, metaState=0, flags=0x0, edgeFlags=0x0, pointerCount=1, historySize=0, eventTime=425564123, downTime=425564122, deviceId=-1, source=0x1002, displayId=0 }
11-18 14:03:05.619 14697 14697 D ViewRootImpl[BillActivity]: processMotionEvent MotionEvent { action=ACTION_DOWN, actionButton=0, id[0]=0, x[0]=417.0, y[0]=343.0, toolType[0]=TOOL_TYPE_FINGER, buttonState=0, classification=NONE, metaState=0, flags=0x0, edgeFlags=0x0, pointerCount=1, historySize=0, eventTime=425564123, downTime=425564122, deviceId=-1, source=0x1002, displayId=0 }
11-18 14:03:05.620 14697 14697 D ViewRootImpl[BillActivity]: dispatchPointerEvent handled=true, event=MotionEvent { action=ACTION_DOWN, actionButton=0, id[0]=0, x[0]=417.0, y[0]=343.0, toolType[0]=TOOL_TYPE_FINGER, buttonState=0, classification=NONE, metaState=0, flags=0x0, edgeFlags=0x0, pointerCount=1, historySize=0, eventTime=425564123, downTime=425564122, deviceId=-1, source=0x1002, displayId=0 }
11-18 14:03:05.622 809 875 I libPowerHal: [perfLockRel] hdl:40294, idx:1
11-18 14:03:05.622 809 875 I libPowerHal: [PD] scn:1 hdl:40294 hint:25 comm:mtkpower@1.0-se pid:809
11-18 14:03:05.622 809 875 I libPowerHal: [PD] MTKPOWER_HINT_APP_TOUCH update cmd:3408600 param:0
11-18 14:03:05.623 14697 14697 D ViewRootImpl[BillActivity]: processMotionEvent MotionEvent { action=ACTION_UP, actionButton=0, id[0]=0, x[0]=417.0, y[0]=343.0, toolType[0]=TOOL_TYPE_FINGER, buttonState=0, classification=NONE, metaState=0, flags=0x0, edgeFlags=0x0, pointerCount=1, historySize=0, eventTime=425564123, downTime=425564122, deviceId=-1, source=0x1002, displayId=0 }
11-18 14:03:05.623 14697 14697 D ViewRootImpl[BillActivity]: dispatchPointerEvent handled=true, event=MotionEvent { action=ACTION_UP, actionButton=0, id[0]=0, x[0]=417.0, y[0]=343.0, toolType[0]=TOOL_TYPE_FINGER, buttonState=0, classification=NONE, metaState=0, flags=0x0, edgeFlags=0x0, pointerCount=1, historySize=0, eventTime=425564123, downTime=425564122, deviceId=-1, source=0x1002, displayId=0 }
11-18 14:03:05.630 841 900 D OppoExSurfaceFlinger: applyTransactionState timed out try= 1, 0, 1
11-18 14:03:05.634 14900 14932 I appium : Waiting up to 10000ms for the device to idle
11-18 14:03:05.634 841 900 I SurfaceFlinger: [SF client] NEW(0xb400007329d697c0) for (14697:com.jlpay.merch)
11-18 14:03:05.636 14697 14697 D ColorViewRootUtil: initSwipState, isDisplayCompatApp false
11-18 14:03:05.636 14697 14697 D ColorViewRootUtil: mScreenHeight 2400, mScreenWidth 1080
11-18 14:03:05.638 14697 14697 D ViewRootImpl[BillActivity]: hardware acceleration = true , fakeHwAccelerated = false, sRendererDisabled = false, forceHwAccelerated = false, sSystemRendererDisabled = false
11-18 14:03:05.639 1470 4262 D OppoDisplayPolicy: com.jlpay.merch, setting cutoutMode: color always
11-18 14:03:05.639 841 3662 D DispPerfService: get hint proc=711085c com.jlpay.merch, idx=0 none
11-18 14:03:05.640 1470 4262 W WindowManager: Changing focus fromWindow{f8921a u0 com.jlpay.merch/com.jlpay.merch.ui.home.bill.BillActivity} to Window{711085c u0 com.jlpay.merch/com.jlpay.merch.ui.home.bill.BillActivity} displayId=0 Callers=com.android.server.wm.RootWindowContainer.updateFocusedWindowLocked:509 com.android.server.wm.WindowManagerService.updateFocusedWindowLocked:6073 com.android.server.wm.WindowManagerService.addWindow:1941 com.android.server.wm.Session.addToDisplayAsUser:184
11-18 14:03:05.641 841 900 D DispPerfService: get hint proc=Surface(name=8eb967f StatusBar), idx=0 none
11-18 14:03:05.642 841 3662 D DispPerfService: get hint proc=Surface(name=c91655d NavigationBar0), idx=0 none
11-18 14:03:05.643 1470 4262 D Theia.NoFocusWindow: FocusWindowErrorScene cancelCheckFreezeScreen
11-18 14:03:05.644 14697 14697 E libEGL : Invalid file path for libcolorx-loader.so
11-18 14:03:05.644 14697 14697 I chatty : uid=11378(com.jlpay.merch) identical 4 lines
11-18 14:03:05.644 14697 14697 E libEGL : Invalid file path for libcolorx-loader.so
11-18 14:03:05.644 14697 14697 I InputTransport: Create ARC handle: 0xb4000076fa87a780
11-18 14:03:05.650 14697 14697 V PhoneWindow: DecorView setVisiblity: visibility = 0, Parent = android.view.ViewRootImpl@f73baae, this = DecorView@7bbb04f[BillActivity]
11-18 14:03:05.651 14697 15180 I PRETTY_LOGGER: โ”Œโ”€โ”€โ”€โ”€โ”€โ”€โ”€โ”€โ”€โ”€โ”€โ”€โ”€โ”€โ”€โ”€โ”€โ”€โ”€โ”€โ”€โ”€โ”€โ”€โ”€โ”€โ”€โ”€โ”€โ”€โ”€โ”€โ”€โ”€โ”€โ”€โ”€โ”€โ”€โ”€โ”€โ”€โ”€โ”€โ”€โ”€โ”€โ”€โ”€โ”€โ”€โ”€โ”€โ”€โ”€โ”€โ”€โ”€โ”€โ”€โ”€โ”€โ”€โ”€โ”€โ”€โ”€โ”€โ”€โ”€โ”€โ”€โ”€โ”€โ”€โ”€โ”€โ”€โ”€โ”€โ”€โ”€โ”€โ”€โ”€โ”€โ”€โ”€โ”€โ”€โ”€โ”€โ”€โ”€โ”€โ”€โ”€โ”€โ”€โ”€โ”€โ”€โ”€โ”€โ”€โ”€โ”€โ”€โ”€โ”€โ”€โ”€
11-18 14:03:05.651 14697 15180 I PRETTY_LOGGER: โ”‚ LogUtils.i (LogUtils.java:27)
11-18 14:03:05.651 14697 15180 I PRETTY_LOGGER: โ”‚ LogUtils.i (LogUtils.java:21)
11-18 14:03:05.651 14697 15180 I PRETTY_LOGGER: โ”œโ”„โ”„โ”„โ”„โ”„โ”„โ”„โ”„โ”„โ”„โ”„โ”„โ”„โ”„โ”„โ”„โ”„โ”„โ”„โ”„โ”„โ”„โ”„โ”„โ”„โ”„โ”„โ”„โ”„โ”„โ”„โ”„โ”„โ”„โ”„โ”„โ”„โ”„โ”„โ”„โ”„โ”„โ”„โ”„โ”„โ”„โ”„โ”„โ”„โ”„โ”„โ”„โ”„โ”„โ”„โ”„โ”„โ”„โ”„โ”„โ”„โ”„โ”„โ”„โ”„โ”„โ”„โ”„โ”„โ”„โ”„โ”„โ”„โ”„โ”„โ”„โ”„โ”„โ”„โ”„โ”„โ”„โ”„โ”„โ”„โ”„โ”„โ”„โ”„โ”„โ”„โ”„โ”„โ”„โ”„โ”„โ”„โ”„โ”„โ”„โ”„โ”„โ”„โ”„โ”„โ”„โ”„โ”„โ”„โ”„โ”„โ”„
11-18 14:03:05.651 14697 15180 I PRETTY_LOGGER: โ”‚ ่ฏทๆฑ‚๏ผšhttps://merchant-dev.jlpay.com/boss_trans/tradeBillRpc
11-18 14:03:05.651 14697 15180 I PRETTY_LOGGER: โ”‚
11-18 14:03:05.651 14697 15180 I PRETTY_LOGGER: โ”‚ {"app_id":"162575608951564","rid":"1121323","format":"json","timestamp":1637215385649,"version":"1822","sign_type":"RSA2","sign":"1822","nonce_str":"ac8be143edc6478ab3469b7e82bebba5","biz_content":{"merch_no":"84944037011A00O","offset":"0","limit":"20","start_time":"20211112000000","end_time":"20211118235959","token":"eyJ2ZXIiOiIxIiwidHlwIjoiSldUIiwicGxhdCI6ImFwcF9ib3NzIiwiYWxnIjoiU00zV2l0aFNNMiJ9.eyJ1aWQiOiIyMDE5MDUyMjEwMDA3NTgxIiwibmJmIjoxNjM3MjE1MzYwLCJ1bmFtZSI6IumcsuWonCIsImlzcyI6IkpMUEFZIiwidXR5cGUiOiIxIiwibW5hbWUiOiLpnLLlqJzluqblgYfmnZE2IiwiZXhwIjoxNjM5ODA3MzYwLCJkZXZpY2VJZCI6IjEwMjlkYTVlLWYyNmYtNDdjMS1iMzg3LTM3OGY5MDBhM2MwZCIsImlhdCI6MTYzNzIxNTM2MCwianRpIjoiMTAyOWRhNWUtZjI2Zi00N2MxLWIzODctMzc4ZjkwMGEzYzBkIiwiY2lkIjoiNDQwMzA1MTkwNTIyMTAwMTMwMzEiLCJtbm8iOiI4NDk0NDAzNzAxMUEwME8ifQ.MEUCIQC4lx9qoTmCUDi4-4m4KC9ko_GuoNt8We370geP_ol4cgIgFb6A-jlqPLuyc2aRq-DOqSt2mpbqKLeMYkITvJnqQL0","os_type":"ANDROID","os_version":"11","device_no":"1029da5e-f26f-47c1-b387-378f900a3c0d","device_type":"PDKM00","app_version":"2.8.4"}}
11-18 14:03:05.651 14697 15180 I PRETTY_LOGGER: โ””โ”€โ”€โ”€โ”€โ”€โ”€โ”€โ”€โ”€โ”€โ”€โ”€โ”€โ”€โ”€โ”€โ”€โ”€โ”€โ”€โ”€โ”€โ”€โ”€โ”€โ”€โ”€โ”€โ”€โ”€โ”€โ”€โ”€โ”€โ”€โ”€โ”€โ”€โ”€โ”€โ”€โ”€โ”€โ”€โ”€โ”€โ”€โ”€โ”€โ”€โ”€โ”€โ”€โ”€โ”€โ”€โ”€โ”€โ”€โ”€โ”€โ”€โ”€โ”€โ”€โ”€โ”€โ”€โ”€โ”€โ”€โ”€โ”€โ”€โ”€โ”€โ”€โ”€โ”€โ”€โ”€โ”€โ”€โ”€โ”€โ”€โ”€โ”€โ”€โ”€โ”€โ”€โ”€โ”€โ”€โ”€โ”€โ”€โ”€โ”€โ”€โ”€โ”€โ”€โ”€โ”€โ”€โ”€โ”€โ”€โ”€โ”€
11-18 14:03:05.654 14697 14949 D UMLog : ๅฝ“ๅ‰ๅ‘้€็ญ–็•ฅไธบ: ้—ด้š”ๅ‘้€ใ€‚้—ด้š”ๆ—ถ้—ดไธบ๏ผš90็ง’ใ€‚่ฏฆ่ง้“พๆŽฅ https://developer.umeng.com/docs/66632/detail/66976?um_channel=sdk
11-18 14:03:05.654 14697 15146 I PRETTY_LOGGER: โ”Œโ”€โ”€โ”€โ”€โ”€โ”€โ”€โ”€โ”€โ”€โ”€โ”€โ”€โ”€โ”€โ”€โ”€โ”€โ”€โ”€โ”€โ”€โ”€โ”€โ”€โ”€โ”€โ”€โ”€โ”€โ”€โ”€โ”€โ”€โ”€โ”€โ”€โ”€โ”€โ”€โ”€โ”€โ”€โ”€โ”€โ”€โ”€โ”€โ”€โ”€โ”€โ”€โ”€โ”€โ”€โ”€โ”€โ”€โ”€โ”€โ”€โ”€โ”€โ”€โ”€โ”€โ”€โ”€โ”€โ”€โ”€โ”€โ”€โ”€โ”€โ”€โ”€โ”€โ”€โ”€โ”€โ”€โ”€โ”€โ”€โ”€โ”€โ”€โ”€โ”€โ”€โ”€โ”€โ”€โ”€โ”€โ”€โ”€โ”€โ”€โ”€โ”€โ”€โ”€โ”€โ”€โ”€โ”€โ”€โ”€โ”€โ”€
11-18 14:03:05.655 14697 15146 I PRETTY_LOGGER: โ”‚ LogUtils.i (LogUtils.java:27)
11-18 14:03:05.655 14697 15146 I PRETTY_LOGGER: โ”‚ LogUtils.i (LogUtils.java:21)
11-18 14:03:05.655 14697 15146 I PRETTY_LOGGER: โ”œโ”„โ”„โ”„โ”„โ”„โ”„โ”„โ”„โ”„โ”„โ”„โ”„โ”„โ”„โ”„โ”„โ”„โ”„โ”„โ”„โ”„โ”„โ”„โ”„โ”„โ”„โ”„โ”„โ”„โ”„โ”„โ”„โ”„โ”„โ”„โ”„โ”„โ”„โ”„โ”„โ”„โ”„โ”„โ”„โ”„โ”„โ”„โ”„โ”„โ”„โ”„โ”„โ”„โ”„โ”„โ”„โ”„โ”„โ”„โ”„โ”„โ”„โ”„โ”„โ”„โ”„โ”„โ”„โ”„โ”„โ”„โ”„โ”„โ”„โ”„โ”„โ”„โ”„โ”„โ”„โ”„โ”„โ”„โ”„โ”„โ”„โ”„โ”„โ”„โ”„โ”„โ”„โ”„โ”„โ”„โ”„โ”„โ”„โ”„โ”„โ”„โ”„โ”„โ”„โ”„โ”„โ”„โ”„โ”„โ”„โ”„โ”„
11-18 14:03:05.655 14697 15146 I PRETTY_LOGGER: โ”‚ ่ฏทๆฑ‚๏ผšhttps://merchant-dev.jlpay.com/boss_trans/tradeDayTotalRpc
11-18 14:03:05.655 14697 15146 I PRETTY_LOGGER: โ”‚
11-18 14:03:05.655 14697 15146 I PRETTY_LOGGER: โ”‚ {"app_id":"162575608951564","rid":"1121323","format":"json","timestamp":1637215385653,"version":"1822","sign_type":"RSA2","sign":"1822","nonce_str":"aa7022ae77954cde9b644a21ec6fadda","biz_content":{"merch_no":"84944037011A00O","start_time":"20211112000000","end_time":"20211118235959","token":"eyJ2ZXIiOiIxIiwidHlwIjoiSldUIiwicGxhdCI6ImFwcF9ib3NzIiwiYWxnIjoiU00zV2l0aFNNMiJ9.eyJ1aWQiOiIyMDE5MDUyMjEwMDA3NTgxIiwibmJmIjoxNjM3MjE1MzYwLCJ1bmFtZSI6IumcsuWonCIsImlzcyI6IkpMUEFZIiwidXR5cGUiOiIxIiwibW5hbWUiOiLpnLLlqJzluqblgYfmnZE2IiwiZXhwIjoxNjM5ODA3MzYwLCJkZXZpY2VJZCI6IjEwMjlkYTVlLWYyNmYtNDdjMS1iMzg3LTM3OGY5MDBhM2MwZCIsImlhdCI6MTYzNzIxNTM2MCwianRpIjoiMTAyOWRhNWUtZjI2Zi00N2MxLWIzODctMzc4ZjkwMGEzYzBkIiwiY2lkIjoiNDQwMzA1MTkwNTIyMTAwMTMwMzEiLCJtbm8iOiI4NDk0NDAzNzAxMUEwME8ifQ.MEUCIQC4lx9qoTmCUDi4-4m4KC9ko_GuoNt8We370geP_ol4cgIgFb6A-jlqPLuyc2aRq-DOqSt2mpbqKLeMYkITvJnqQL0","os_type":"ANDROID","os_version":"11","device_no":"1029da5e-f26f-47c1-b387-378f900a3c0d","device_type":"PDKM00","app_version":"2.8.4"}}
11-18 14:03:05.655 14697 15146 I PRETTY_LOGGER: โ””โ”€โ”€โ”€โ”€โ”€โ”€โ”€โ”€โ”€โ”€โ”€โ”€โ”€โ”€โ”€โ”€โ”€โ”€โ”€โ”€โ”€โ”€โ”€โ”€โ”€โ”€โ”€โ”€โ”€โ”€โ”€โ”€โ”€โ”€โ”€โ”€โ”€โ”€โ”€โ”€โ”€โ”€โ”€โ”€โ”€โ”€โ”€โ”€โ”€โ”€โ”€โ”€โ”€โ”€โ”€โ”€โ”€โ”€โ”€โ”€โ”€โ”€โ”€โ”€โ”€โ”€โ”€โ”€โ”€โ”€โ”€โ”€โ”€โ”€โ”€โ”€โ”€โ”€โ”€โ”€โ”€โ”€โ”€โ”€โ”€โ”€โ”€โ”€โ”€โ”€โ”€โ”€โ”€โ”€โ”€โ”€โ”€โ”€โ”€โ”€โ”€โ”€โ”€โ”€โ”€โ”€โ”€โ”€โ”€โ”€โ”€โ”€
11-18 14:03:05.656 1470 3544 I InputDispatcher: Focus left window: Window{f8921a u0 com.jlpay.merch/com.jlpay.merch.ui.home.bill.BillActivity} in display 0
11-18 14:03:05.660 841 900 I BufferQueueProducer: [com.jlpay.merch/com.jlpay.merch.ui.home.bill.BillActivity#1](this:0xb400007334a1d058,id:8361,api:1,p:14697,c:841) queueBuffer: fps=1.15 dur=2619.21 max=2466.27 min=13.66
11-18 14:03:05.660 1470 3544 D OppoDisplayPolicy: com.jlpay.merch, setting cutoutMode: color always
11-18 14:03:05.662 841 899 D DispPerfService: get hint proc=com.jlpay.merch, idx=0 none
11-18 14:03:05.662 841 899 I BufferQueueConsumer: [](id:349000020ab,api:0,p:-1,c:841) connect(): controlledByApp=false
11-18 14:03:05.662 841 899 I BufferQueue: [unnamed-841-8363](this:0xb4000073361f7458,id:8363,api:0,p:-1,c:-1) BufferQueue core=(841:/system/bin/surfaceflinger)
11-18 14:03:05.667 14697 14697 V OplusZoomWindowDecorViewHelper: setLastReportedMergedConfiguration mZoomDisplayHeight: 2400 getDecorView.DecorView@7bbb04f[BillActivity]
11-18 14:03:05.668 841 900 I BufferQueueProducer: [com.jlpay.merch/com.jlpay.merch.ui.home.bill.BillActivity#0](id:349000020ab,api:1,p:14697,c:841) connect(): api=1 producerControlledByApp=false
11-18 14:03:05.673 1470 4244 I InputDispatcher: Window went away: com.jlpay.merch/com.jlpay.merch.ui.home.bill.BillActivity#0
11-18 14:03:05.674 841 900 D DispPerfService: onframeavailable pid=14697, slot=0, seq=61607, name=com.jlpay.merch:com.jlpay.merch/com.jlpay.merch.ui.home.bill.BillActivity#0
11-18 14:03:05.676 31557 31557 V PhoneWindow: DecorView setVisiblity: visibility = 8, Parent = android.view.ViewRootImpl@bb459d, this = DecorView@a937e7c[InputMethod]
11-18 14:03:05.677 841 2967 D DispPerfService: get hint proc=Surface(name=711085c com.jlpay.merch, idx=0 none
11-18 14:03:05.680 841 841 D OppoExLayer: ~Layer() sequence=61601, name=Surface(name=8eb967f StatusBar)/@0x65f64c4 - animation-leash#1@0xb40000733606c000
11-18 14:03:05.680 841 841 D OppoExLayer: ~Layer() sequence=61602, name=Surface(name=c91655d NavigationBar0)/@0xae9cfad - animation-leash#0@0xb4000073360c3000
11-18 14:03:05.681 1470 4244 I InputDispatcher: Focus entered window: Window{711085c u0 com.jlpay.merch/com.jlpay.merch.ui.home.bill.BillActivity} in display 0
11-18 14:03:05.683 1470 4244 D InputMethodManagerService: isSecurity: attribute.packageName=com.jlpay.merch
11-18 14:03:05.683 1470 4244 D InputMethodManagerService: isSecurity= false ( enable=false needShow=false inBlackList=false isExist=true )
11-18 14:03:05.683 1470 4244 D ColorInputMethodManagerServiceEx: onHandleImeWindowVisibleStatus handledVis: 0, switcher visible: 0, switcher active: 0, needsToShowImeSwitcher: false
11-18 14:03:05.683 1470 4244 D OplusVerificationCodeController: notifyImeAttributeChanged: 64false
11-18 14:03:05.684 841 899 D DispPerfService: get hint proc=Surface(name=9e67e93 InputMethod), idx=0 none
11-18 14:03:05.690 1470 3544 D OppoDisplayPolicy: com.android.systemui, change system app cutoutMode: color always
11-18 14:03:05.692 31557 31557 V PhoneWindow: DecorView setVisiblity: visibility = 8, Parent = android.view.ViewRootImpl@bb459d, this = DecorView@a937e7c[InputMethod]
11-18 14:03:05.697 841 841 D OppoExLayer: ~Layer() sequence=61603, name=Surface(name=9e67e93 InputMethod)/@0xa906ec9 - animation-leash#0@0xb400007336135000
11-18 14:03:05.699 1470 3544 D OppoDisplayPolicy: com.android.systemui, change system app cutoutMode: color always
11-18 14:03:05.781 14697 15180 I PRETTY_LOGGER: โ”Œโ”€โ”€โ”€โ”€โ”€โ”€โ”€โ”€โ”€โ”€โ”€โ”€โ”€โ”€โ”€โ”€โ”€โ”€โ”€โ”€โ”€โ”€โ”€โ”€โ”€โ”€โ”€โ”€โ”€โ”€โ”€โ”€โ”€โ”€โ”€โ”€โ”€โ”€โ”€โ”€โ”€โ”€โ”€โ”€โ”€โ”€โ”€โ”€โ”€โ”€โ”€โ”€โ”€โ”€โ”€โ”€โ”€โ”€โ”€โ”€โ”€โ”€โ”€โ”€โ”€โ”€โ”€โ”€โ”€โ”€โ”€โ”€โ”€โ”€โ”€โ”€โ”€โ”€โ”€โ”€โ”€โ”€โ”€โ”€โ”€โ”€โ”€โ”€โ”€โ”€โ”€โ”€โ”€โ”€โ”€โ”€โ”€โ”€โ”€โ”€โ”€โ”€โ”€โ”€โ”€โ”€โ”€โ”€โ”€โ”€โ”€โ”€
11-18 14:03:05.782 14697 15180 I PRETTY_LOGGER: โ”‚ LogUtils.i (LogUtils.java:27)
11-18 14:03:05.782 14697 15180 I PRETTY_LOGGER: โ”‚ LogUtils.i (LogUtils.java:21)
11-18 14:03:05.782 14697 15180 I PRETTY_LOGGER: โ”œโ”„โ”„โ”„โ”„โ”„โ”„โ”„โ”„โ”„โ”„โ”„โ”„โ”„โ”„โ”„โ”„โ”„โ”„โ”„โ”„โ”„โ”„โ”„โ”„โ”„โ”„โ”„โ”„โ”„โ”„โ”„โ”„โ”„โ”„โ”„โ”„โ”„โ”„โ”„โ”„โ”„โ”„โ”„โ”„โ”„โ”„โ”„โ”„โ”„โ”„โ”„โ”„โ”„โ”„โ”„โ”„โ”„โ”„โ”„โ”„โ”„โ”„โ”„โ”„โ”„โ”„โ”„โ”„โ”„โ”„โ”„โ”„โ”„โ”„โ”„โ”„โ”„โ”„โ”„โ”„โ”„โ”„โ”„โ”„โ”„โ”„โ”„โ”„โ”„โ”„โ”„โ”„โ”„โ”„โ”„โ”„โ”„โ”„โ”„โ”„โ”„โ”„โ”„โ”„โ”„โ”„โ”„โ”„โ”„โ”„โ”„โ”„
11-18 14:03:05.782 14697 15180 I PRETTY_LOGGER: โ”‚ ๅ“ๅบ”๏ผšhttps://merchant-dev.jlpay.com/boss_trans/tradeBillRpc
11-18 14:03:05.782 14697 15180 I PRETTY_LOGGER: โ”‚
11-18 14:03:05.783 14697 15180 I PRETTY_LOGGER: โ”‚ {"biz_context":"{\"ret_code\":\"00\",\"ret_msg\":\"่ฏทๆฑ‚ๆˆๅŠŸ\",\"rows\":[],\"success\":true,\"total\":0}","ret_code":"00","ret_msg":"่ฏทๆฑ‚ๆˆๅŠŸ"}
11-18 14:03:05.783 14697 15180 I PRETTY_LOGGER: โ””โ”€โ”€โ”€โ”€โ”€โ”€โ”€โ”€โ”€โ”€โ”€โ”€โ”€โ”€โ”€โ”€โ”€โ”€โ”€โ”€โ”€โ”€โ”€โ”€โ”€โ”€โ”€โ”€โ”€โ”€โ”€โ”€โ”€โ”€โ”€โ”€โ”€โ”€โ”€โ”€โ”€โ”€โ”€โ”€โ”€โ”€โ”€โ”€โ”€โ”€โ”€โ”€โ”€โ”€โ”€โ”€โ”€โ”€โ”€โ”€โ”€โ”€โ”€โ”€โ”€โ”€โ”€โ”€โ”€โ”€โ”€โ”€โ”€โ”€โ”€โ”€โ”€โ”€โ”€โ”€โ”€โ”€โ”€โ”€โ”€โ”€โ”€โ”€โ”€โ”€โ”€โ”€โ”€โ”€โ”€โ”€โ”€โ”€โ”€โ”€โ”€โ”€โ”€โ”€โ”€โ”€โ”€โ”€โ”€โ”€โ”€โ”€
11-18 14:03:05.792 841 899 I BufferQueueProducer: [com.jlpay.merch/com.jlpay.merch.ui.home.bill.BillActivity#0](id:349000020ab,api:1,p:14697,c:841) disconnect(): api=1
11-18 14:03:05.794 14697 14697 D View : [Warning] assignParent to null: this = DecorView@7bbb04f[BillActivity]
11-18 14:03:05.797 841 1311 D DispPerfService: get hint proc=Surface(name=711085c com.jlpay.merch, idx=0 none
11-18 14:03:05.797 14697 15146 I PRETTY_LOGGER: โ”Œโ”€โ”€โ”€โ”€โ”€โ”€โ”€โ”€โ”€โ”€โ”€โ”€โ”€โ”€โ”€โ”€โ”€โ”€โ”€โ”€โ”€โ”€โ”€โ”€โ”€โ”€โ”€โ”€โ”€โ”€โ”€โ”€โ”€โ”€โ”€โ”€โ”€โ”€โ”€โ”€โ”€โ”€โ”€โ”€โ”€โ”€โ”€โ”€โ”€โ”€โ”€โ”€โ”€โ”€โ”€โ”€โ”€โ”€โ”€โ”€โ”€โ”€โ”€โ”€โ”€โ”€โ”€โ”€โ”€โ”€โ”€โ”€โ”€โ”€โ”€โ”€โ”€โ”€โ”€โ”€โ”€โ”€โ”€โ”€โ”€โ”€โ”€โ”€โ”€โ”€โ”€โ”€โ”€โ”€โ”€โ”€โ”€โ”€โ”€โ”€โ”€โ”€โ”€โ”€โ”€โ”€โ”€โ”€โ”€โ”€โ”€โ”€
11-18 14:03:05.798 14697 15146 I PRETTY_LOGGER: โ”‚ LogUtils.i (LogUtils.java:27)
11-18 14:03:05.798 14697 15146 I PRETTY_LOGGER: โ”‚ LogUtils.i (LogUtils.java:21)
11-18 14:03:05.798 14697 15146 I PRETTY_LOGGER: โ”œโ”„โ”„โ”„โ”„โ”„โ”„โ”„โ”„โ”„โ”„โ”„โ”„โ”„โ”„โ”„โ”„โ”„โ”„โ”„โ”„โ”„โ”„โ”„โ”„โ”„โ”„โ”„โ”„โ”„โ”„โ”„โ”„โ”„โ”„โ”„โ”„โ”„โ”„โ”„โ”„โ”„โ”„โ”„โ”„โ”„โ”„โ”„โ”„โ”„โ”„โ”„โ”„โ”„โ”„โ”„โ”„โ”„โ”„โ”„โ”„โ”„โ”„โ”„โ”„โ”„โ”„โ”„โ”„โ”„โ”„โ”„โ”„โ”„โ”„โ”„โ”„โ”„โ”„โ”„โ”„โ”„โ”„โ”„โ”„โ”„โ”„โ”„โ”„โ”„โ”„โ”„โ”„โ”„โ”„โ”„โ”„โ”„โ”„โ”„โ”„โ”„โ”„โ”„โ”„โ”„โ”„โ”„โ”„โ”„โ”„โ”„โ”„
11-18 14:03:05.798 14697 15146 I PRETTY_LOGGER: โ”‚ ๅ“ๅบ”๏ผšhttps://merchant-dev.jlpay.com/boss_trans/tradeDayTotalRpc
11-18 14:03:05.798 14697 15146 I PRETTY_LOGGER: โ”‚
11-18 14:03:05.798 14697 15146 I PRETTY_LOGGER: โ”‚ {"biz_context":"{\"detail\":{\"total_amt\":0,\"count\":0},\"ret_code\":\"00\",\"ret_msg\":\"่ฏทๆฑ‚ๆˆๅŠŸ\",\"success\":true}","ret_code":"00","ret_msg":"่ฏทๆฑ‚ๆˆๅŠŸ"}
11-18 14:03:05.798 14697 15146 I PRETTY_LOGGER: โ””โ”€โ”€โ”€โ”€โ”€โ”€โ”€โ”€โ”€โ”€โ”€โ”€โ”€โ”€โ”€โ”€โ”€โ”€โ”€โ”€โ”€โ”€โ”€โ”€โ”€โ”€โ”€โ”€โ”€โ”€โ”€โ”€โ”€โ”€โ”€โ”€โ”€โ”€โ”€โ”€โ”€โ”€โ”€โ”€โ”€โ”€โ”€โ”€โ”€โ”€โ”€โ”€โ”€โ”€โ”€โ”€โ”€โ”€โ”€โ”€โ”€โ”€โ”€โ”€โ”€โ”€โ”€โ”€โ”€โ”€โ”€โ”€โ”€โ”€โ”€โ”€โ”€โ”€โ”€โ”€โ”€โ”€โ”€โ”€โ”€โ”€โ”€โ”€โ”€โ”€โ”€โ”€โ”€โ”€โ”€โ”€โ”€โ”€โ”€โ”€โ”€โ”€โ”€โ”€โ”€โ”€โ”€โ”€โ”€โ”€โ”€โ”€
11-18 14:03:05.799 1470 4262 I InputDispatcher: Focus left window: Window{711085c u0 com.jlpay.merch/com.jlpay.merch.ui.home.bill.BillActivity} in display 0
11-18 14:03:05.799 1470 4262 I InputDispatcher: Window went away: Window{711085c u0 com.jlpay.merch/com.jlpay.merch.ui.home.bill.BillActivity}
11-18 14:03:05.691 1470 4244 D ColorInputMethodManagerServiceEx: onHandleImeWindowVisibleStatus handledVis: 0, switcher visible: 0, switcher active: 0, needsToShowImeSwitcher: false
11-18 14:03:05.800 1470 3544 W WindowManager: Changing focus fromWindow{711085c u0 com.jlpay.merch/com.jlpay.merch.ui.home.bill.BillActivity EXITING} to Window{f8921a u0 com.jlpay.merch/com.jlpay.merch.ui.home.bill.BillActivity} displayId=0 Callers=com.android.server.wm.RootWindowContainer.updateFocusedWindowLocked:509 com.android.server.wm.WindowManagerService.updateFocusedWindowLocked:6073 com.android.server.wm.WindowState.setupWindowForRemoveOnExit:2542 com.android.server.wm.WindowState.removeIfPossible:2507
11-18 14:03:05.802 841 1311 D DispPerfService: get hint proc=Surface(name=8eb967f StatusBar), idx=0 none
11-18 14:03:05.803 841 1311 D DispPerfService: get hint proc=Surface(name=c91655d NavigationBar0), idx=0 none
11-18 14:03:05.809 1470 3544 D Theia.NoFocusWindow: FocusWindowErrorScene cancelCheckFreezeScreen
11-18 14:03:05.816 14697 14697 I InputTransport: Destroy ARC handle: 0xb4000076fa87a780
11-18 14:03:05.821 14697 14697 D BillActivity: updateTimeRange:2021-11-12
11-18 14:03:05.822 841 841 D OppoExLayer: ~Layer() sequence=61608, name=Surface(name=711085c com.jlpay.merch/com.jlpay.merch.ui.home.bill.BillActivity)/@0xd1ea0eb - animation-leash#0@0xb40000733611b000
11-18 14:03:05.832 1470 4262 I InputDispatcher: Focus entered window: Window{f8921a u0 com.jlpay.merch/com.jlpay.merch.ui.home.bill.BillActivity} in display 0
11-18 14:03:05.835 14697 14697 D BillActivity: updateTimeRange:2021-11-12
11-18 14:03:05.846 1470 4262 D InputMethodManagerService: isSecurity: attribute.packageName=com.jlpay.merch
11-18 14:03:05.846 1470 4262 D InputMethodManagerService: isSecurity= false ( enable=false needShow=false inBlackList=false isExist=true )
11-18 14:03:05.847 1470 4262 D ColorInputMethodManagerServiceEx: onHandleImeWindowVisibleStatus handledVis: 0, switcher visible: 0, switcher active: 0, needsToShowImeSwitcher: false
11-18 14:03:05.847 1470 4262 D OplusVerificationCodeController: notifyImeAttributeChanged: 64false
11-18 14:03:05.849 841 899 D DispPerfService: get hint proc=Surface(name=9e67e93 InputMethod), idx=0 none
11-18 14:03:05.858 1470 4262 D OppoDisplayPolicy: com.android.systemui, change system app cutoutMode: color always
11-18 14:03:05.858 1470 3544 D ColorInputMethodManagerServiceEx: onHandleImeWindowVisibleStatus handledVis: 0, switcher visible: 0, switcher active: 0, needsToShowImeSwitcher: false
11-18 14:03:05.861 31557 31557 V PhoneWindow: DecorView setVisiblity: visibility = 8, Parent = android.view.ViewRootImpl@bb459d, this = DecorView@a937e7c[InputMethod]
11-18 14:03:05.863 841 841 D OppoExLayer: ~Layer() sequence=61609, name=Surface(name=9e67e93 InputMethod)/@0xa906ec9 - animation-leash#1@0xb4000073361e7000
11-18 14:03:05.867 1470 4244 D OppoDisplayPolicy: com.android.systemui, change system app cutoutMode: color always
11-18 14:03:05.964 1470 4262 I InputDispatcher: Window went away: com.jlpay.merch/com.jlpay.merch.ui.home.bill.BillActivity#0
11-18 14:03:05.972 841 841 D OppoExLayer: ~Layer() sequence=61610, name=Surface(name=711085c com.jlpay.merch/com.jlpay.merch.ui.home.bill.BillActivity)/@0xd1ea0eb - animation-leash#1@0xb4000073295a0000
11-18 14:03:05.972 841 841 D OppoExLayer: ~Layer() sequence=61604, name=711085c com.jlpay.merch/com.jlpay.merch.ui.home.bill.BillActivity#0@0xb400007336129000
11-18 14:03:05.973 841 841 I BufferQueueConsumer: [com.jlpay.merch/com.jlpay.merch.ui.home.bill.BillActivity#0](id:349000020ab,api:0,p:-1,c:841) disconnect()
11-18 14:03:05.973 841 841 I BufferQueue: [com.jlpay.merch/com.jlpay.merch.ui.home.bill.BillActivity#0](this:0xb4000073361f7458,id:8363,api:1,p:-1,c:-1) onDestructor()
11-18 14:03:05.973 841 841 D OppoExLayer: ~Layer() sequence=61607, name=com.jlpay.merch/com.jlpay.merch.ui.home.bill.BillActivity#0@0xb4000073361b1000
11-18 14:03:06.066 841 841 I BufferQueueProducer: [FramebufferSurface](this:0xb400007348832ed0,id:-1,api:1,p:841,c:841) queueBuffer: fps=0.38 dur=2641.49 max=2641.49 min=2641.49
11-18 14:03:06.107 1139 1251 D ULogGuard: Monitoring: 7 threads, 0 requests, 0 time-bombs; 1 guards. ResetFlags = 0x7
11-18 14:03:06.427 14900 14932 I appium : AppiumResponse: {"sessionId":"9ba62e7b-8703-4eba-a850-4b2105d05fc4","value":null}
11-18 14:03:06.951 14900 14932 I appium : channel read: GET /wd/hub/session/9ba62e7b-8703-4eba-a850-4b2105d05fc4/source
11-18 14:03:06.954 14900 14932 I appium : Source command
11-18 14:03:06.954 14900 14932 I appium : Waiting up to 10000ms for the device to idle
11-18 14:03:07.083 14900 14932 I appium : AppiumResponse: {"sessionId":"9ba62e7b-8703-4eba-a850-4b2105d05fc4","value":"\r\n\r\n gyro_temp.json
11-18 14:03:07.146 1135 1163 W AString : ctor got NULL, using empty string instead
11-18 14:03:07.146 1135 1163 I SensorSavedChannel: [-1431,407,1244]==>gyro_bias.json
11-18 14:03:07.353 14900 14932 I appium : channel read: GET /wd/hub/session/9ba62e7b-8703-4eba-a850-4b2105d05fc4/screenshot
11-18 14:03:07.354 14900 14932 I appium : CaptureScreenshot command
11-18 14:03:07.472 20949 21001 D HoraeHelper: getAllShellTemps tSize : 4
11-18 14:03:07.473 20949 21001 D HoraeHelper: getAllShellTemps tSize : 4
11-18 14:03:07.473 20949 21001 D HoraeHelper: Thermal length:1
11-18 14:03:07.476 20949 21001 D HoraeHelper: Thermal length:1
11-18 14:03:07.548 15390 15390 D AVStageFactory: Opened liboplusavenhancements.so
11-18 14:03:07.548 15390 15390 D AVStageFactory: createInstance(64bit): createVendorAVFactory success!
11-18 14:03:07.548 15390 15390 D AVStageUtils: Opened liboplusavenhancements.so
11-18 14:03:07.548 15390 15390 D AVStageUtils: createInstance(64bit): createVendorAVUtils success!
11-18 14:03:07.548 15390 15390 D OplusUtils: OplusUtils [83]:
11-18 14:03:07.549 15390 15390 D AVMediaServiceFactory: Opened liboplusavenhancements.so
11-18 14:03:07.549 15390 15390 D AVMediaServiceFactory: createInstance(64bit): createExtendedMediaServiceFactory success!
11-18 14:03:07.550 15390 15390 D AVNuFactory: Opened liboplusavenhancements.so
11-18 14:03:07.550 15390 15390 D AVNuFactory: createInstance(64bit): createExtendedNuFactory success!
11-18 14:03:07.550 15390 15390 D AVStageFactory: createInstance(64bit): createVendorAVFactory success!
11-18 14:03:07.550 15390 15390 D AVStageUtils: createInstance(64bit): createVendorAVUtils success!
11-18 14:03:07.550 15390 15390 D OplusUtils: OplusUtils [83]:
11-18 14:03:07.550 15390 15390 D AVMediaServiceFactory: createInstance(64bit): createExtendedMediaServiceFactory success!
11-18 14:03:07.550 15390 15390 D AVNuFactory: createInstance(64bit): createExtendedNuFactory success!
11-18 14:03:07.550 15390 15390 D AVStageFactory: Opened liboplusavenhancements.so
11-18 14:03:07.550 15390 15390 D AVStageFactory: createInstance(64bit): createVendorAVFactory success!
11-18 14:03:07.550 15390 15390 D AVStageUtils: createInstance(64bit): createVendorAVUtils success!
11-18 14:03:07.550 15390 15390 D OplusUtils: OplusUtils [83]:
11-18 14:03:07.593 15390 15390 E ion : ioctl c0044901 failed with code -1: Invalid argument
11-18 14:03:07.883 15390 15390 D RefBase : RefBase: Explicit destruction, weak count = 0 (in 0x778ecf9240)
11-18 14:03:07.888 15390 15390 D RefBase : #00 pc 00000000000de7c4 /apex/com.android.runtime/lib64/bionic/libc.so (__cxa_finalize+148)
11-18 14:03:07.888 15390 15390 D RefBase : #01 pc 00000000000d9438 /apex/com.android.runtime/lib64/bionic/libc.so (exit+24)
11-18 14:03:07.888 15390 15390 D RefBase : #02 pc 0000000000073e28 /apex/com.android.runtime/lib64/bionic/libc.so (__libc_init+112)
11-18 14:03:07.925 14900 14932 I appium : AppiumResponse: {"sessionId":"9ba62e7b-8703-4eba-a850-4b2105d05fc4","value":"iVBORw0KGgoAAAANSUhEUgAABDgAAAlgCAYAAABtGofVAAAAAXNSR0IArs4c6QAAAARzQklUCAgI\nCHwIZIgAACAASURBVHic7N13fBRl/gfwz8zupjdKhFACoYsgUhSQIogoIGBoIgh4HiDqeViQw4oe\nIvVUFCtF/YGgcECidBVQmolnEEHQgHRISEJISN1kd+b5/TG7k91k03cTVj/ve+0lMzvlmWwkO599\nnu8jCโ€ฆ
11-18 14:03:08.139 14900 14932 I appium : channel read: POST /wd/hub/session/9ba62e7b-8703-4eba-a850-4b2105d05fc4/element
11-18 14:03:08.141 14900 14932 I appium : FindElement command
11-18 14:03:08.146 14900 14932 I appium : method: 'xpath', selector: '//android.widget.TextView[@resource-id='com.jlpay.merch:id/tv_choose_3' and @text='่ฟ‘1ๆœˆ' and @class='android.widget.TextView']'
11-18 14:03:08.147 14900 14932 I appium : Waiting up to 10000ms for the device to idle
11-18 14:03:08.151 14900 14932 I appium : The following attributes will be included to the page source: [resource-id, text, class]
11-18 14:03:08.255 14900 14932 I appium : Took 9ms to retrieve 1 matches for '//android.widget.TextView[@resource-id='com.jlpay.merch:id/tv_choose_3' and @text='่ฟ‘1ๆœˆ' and @class='android.widget.TextView']' XPath query
11-18 14:03:08.263 14900 14932 I appium : AppiumResponse: {"sessionId":"9ba62e7b-8703-4eba-a850-4b2105d05fc4","value":{"ELEMENT":"00000000-0000-151d-ffff-ffff000001b9","element-6066-11e4-a52e-4f735466cecf":"00000000-0000-151d-ffff-ffff000001b9"}}
11-18 14:03:08.285 14900 14932 I appium : channel read: POST /wd/hub/session/9ba62e7b-8703-4eba-a850-4b2105d05fc4/element/00000000-0000-151d-ffff-ffff000001b9/click
11-18 14:03:08.287 14900 14932 I appium : Click command
11-18 14:03:08.303 841 1311 D OppoExSurfaceFlinger: applyTransactionState timed out try= 1, 0, 1
11-18 14:03:08.308 809 875 I libPowerHal: [perfLockAcq] idx:1 hdl:40295 hint:25 pid:809 duration:10000 => ret_hdl:40295
11-18 14:03:08.308 809 875 I libPowerHal: [PE] scn:1 hdl:40295 hint:25 comm:mtkpower@1.0-se pid:809
11-18 14:03:08.309 809 875 I libPowerHal: [PE] MTKPOWER_HINT_APP_TOUCH update cmd:3408600 param:1
11-18 14:03:08.310 14697 14697 D ViewRootImpl: enqueueInputEventMotionEvent { action=ACTION_DOWN, actionButton=0, id[0]=0, x[0]=664.0, y[0]=343.0, toolType[0]=TOOL_TYPE_FINGER, buttonState=0, classification=NONE, metaState=0, flags=0x0, edgeFlags=0x0, pointerCount=1, historySize=0, eventTime=425566817, downTime=425566816, deviceId=-1, source=0x1002, displayId=0 }
11-18 14:03:08.310 14697 14697 D ViewRootImpl[BillActivity]: processMotionEvent MotionEvent { action=ACTION_DOWN, actionButton=0, id[0]=0, x[0]=664.0, y[0]=343.0, toolType[0]=TOOL_TYPE_FINGER, buttonState=0, classification=NONE, metaState=0, flags=0x0, edgeFlags=0x0, pointerCount=1, historySize=0, eventTime=425566817, downTime=425566816, deviceId=-1, source=0x1002, displayId=0 }
11-18 14:03:08.312 14697 14697 D ViewRootImpl[BillActivity]: dispatchPointerEvent handled=true, event=MotionEvent { action=ACTION_DOWN, actionButton=0, id[0]=0, x[0]=664.0, y[0]=343.0, toolType[0]=TOOL_TYPE_FINGER, buttonState=0, classification=NONE, metaState=0, flags=0x0, edgeFlags=0x0, pointerCount=1, historySize=0, eventTime=425566817, downTime=425566816, deviceId=-1, source=0x1002, displayId=0 }
11-18 14:03:08.314 809 875 I libPowerHal: [perfLockRel] hdl:40295, idx:1
11-18 14:03:08.314 809 875 I libPowerHal: [PD] scn:1 hdl:40295 hint:25 comm:mtkpower@1.0-se pid:809
11-18 14:03:08.314 809 875 I libPowerHal: [PD] MTKPOWER_HINT_APP_TOUCH update cmd:3408600 param:0
11-18 14:03:08.314 14697 14697 D ViewRootImpl[BillActivity]: processMotionEvent MotionEvent { action=ACTION_UP, actionButton=0, id[0]=0, x[0]=664.0, y[0]=343.0, toolType[0]=TOOL_TYPE_FINGER, buttonState=0, classification=NONE, metaState=0, flags=0x0, edgeFlags=0x0, pointerCount=1, historySize=0, eventTime=425566817, downTime=425566816, deviceId=-1, source=0x1002, displayId=0 }
11-18 14:03:08.315 14697 14697 D ViewRootImpl[BillActivity]: dispatchPointerEvent handled=true, event=MotionEvent { action=ACTION_UP, actionButton=0, id[0]=0, x[0]=664.0, y[0]=343.0, toolType[0]=TOOL_TYPE_FINGER, buttonState=0, classification=NONE, metaState=0, flags=0x0, edgeFlags=0x0, pointerCount=1, historySize=0, eventTime=425566817, downTime=425566816, deviceId=-1, source=0x1002, displayId=0 }
11-18 14:03:08.324 841 1311 D OppoExSurfaceFlinger: applyTransactionState timed out try= 1, 0, 1
11-18 14:03:08.326 841 1311 I SurfaceFlinger: [SF client] NEW(0xb400007348877940) for (14697:com.jlpay.merch)
11-18 14:03:08.327 14900 14932 I appium : Waiting up to 10000ms for the device to idle
11-18 14:03:08.327 14697 14697 D ColorViewRootUtil: initSwipState, isDisplayCompatApp false
11-18 14:03:08.327 14697 14697 D ColorViewRootUtil: mScreenHeight 2400, mScreenWidth 1080
11-18 14:03:08.329 14697 14697 D ViewRootImpl[BillActivity]: hardware acceleration = true , fakeHwAccelerated = false, sRendererDisabled = false, forceHwAccelerated = false, sSystemRendererDisabled = false
11-18 14:03:08.330 1470 4244 D OppoDisplayPolicy: com.jlpay.merch, setting cutoutMode: color always
11-18 14:03:08.331 841 899 D DispPerfService: get hint proc=af2c089 com.jlpay.merch, idx=0 none
11-18 14:03:08.332 1470 4244 W WindowManager: Changing focus fromWindow{f8921a u0 com.jlpay.merch/com.jlpay.merch.ui.home.bill.BillActivity} to Window{af2c089 u0 com.jlpay.merch/com.jlpay.merch.ui.home.bill.BillActivity} displayId=0 Callers=com.android.server.wm.RootWindowContainer.updateFocusedWindowLocked:509 com.android.server.wm.WindowManagerService.updateFocusedWindowLocked:6073 com.android.server.wm.WindowManagerService.addWindow:1941 com.android.server.wm.Session.addToDisplayAsUser:184
11-18 14:03:08.332 841 899 D DispPerfService: get hint proc=Surface(name=8eb967f StatusBar), idx=0 none
11-18 14:03:08.333 841 899 D DispPerfService: get hint proc=Surface(name=c91655d NavigationBar0), idx=0 none
11-18 14:03:08.334 1470 4244 D Theia.NoFocusWindow: FocusWindowErrorScene cancelCheckFreezeScreen
11-18 14:03:08.335 14697 14697 E libEGL : Invalid file path for libcolorx-loader.so
11-18 14:03:08.336 14697 14697 I chatty : uid=11378(com.jlpay.merch) identical 4 lines
11-18 14:03:08.336 14697 14697 E libEGL : Invalid file path for libcolorx-loader.so
11-18 14:03:08.336 14697 14697 I InputTransport: Create ARC handle: 0xb4000076fa9cb740
11-18 14:03:08.341 14697 14697 V PhoneWindow: DecorView setVisiblity: visibility = 0, Parent = android.view.ViewRootImpl@21030a4, this = DecorView@28ede0d[BillActivity]
11-18 14:03:08.342 14697 15020 I PRETTY_LOGGER: โ”Œโ”€โ”€โ”€โ”€โ”€โ”€โ”€โ”€โ”€โ”€โ”€โ”€โ”€โ”€โ”€โ”€โ”€โ”€โ”€โ”€โ”€โ”€โ”€โ”€โ”€โ”€โ”€โ”€โ”€โ”€โ”€โ”€โ”€โ”€โ”€โ”€โ”€โ”€โ”€โ”€โ”€โ”€โ”€โ”€โ”€โ”€โ”€โ”€โ”€โ”€โ”€โ”€โ”€โ”€โ”€โ”€โ”€โ”€โ”€โ”€โ”€โ”€โ”€โ”€โ”€โ”€โ”€โ”€โ”€โ”€โ”€โ”€โ”€โ”€โ”€โ”€โ”€โ”€โ”€โ”€โ”€โ”€โ”€โ”€โ”€โ”€โ”€โ”€โ”€โ”€โ”€โ”€โ”€โ”€โ”€โ”€โ”€โ”€โ”€โ”€โ”€โ”€โ”€โ”€โ”€โ”€โ”€โ”€โ”€โ”€โ”€โ”€
11-18 14:03:08.342 14697 15020 I PRETTY_LOGGER: โ”‚ LogUtils.i (LogUtils.java:27)
11-18 14:03:08.342 14697 15020 I PRETTY_LOGGER: โ”‚ LogUtils.i (LogUtils.java:21)
11-18 14:03:08.342 14697 15020 I PRETTY_LOGGER: โ”œโ”„โ”„โ”„โ”„โ”„โ”„โ”„โ”„โ”„โ”„โ”„โ”„โ”„โ”„โ”„โ”„โ”„โ”„โ”„โ”„โ”„โ”„โ”„โ”„โ”„โ”„โ”„โ”„โ”„โ”„โ”„โ”„โ”„โ”„โ”„โ”„โ”„โ”„โ”„โ”„โ”„โ”„โ”„โ”„โ”„โ”„โ”„โ”„โ”„โ”„โ”„โ”„โ”„โ”„โ”„โ”„โ”„โ”„โ”„โ”„โ”„โ”„โ”„โ”„โ”„โ”„โ”„โ”„โ”„โ”„โ”„โ”„โ”„โ”„โ”„โ”„โ”„โ”„โ”„โ”„โ”„โ”„โ”„โ”„โ”„โ”„โ”„โ”„โ”„โ”„โ”„โ”„โ”„โ”„โ”„โ”„โ”„โ”„โ”„โ”„โ”„โ”„โ”„โ”„โ”„โ”„โ”„โ”„โ”„โ”„โ”„โ”„
11-18 14:03:08.342 14697 15020 I PRETTY_LOGGER: โ”‚ ่ฏทๆฑ‚๏ผšhttps://merchant-dev.jlpay.com/boss_trans/tradeBillRpc
11-18 14:03:08.342 14697 15020 I PRETTY_LOGGER: โ”‚
11-18 14:03:08.342 14697 15020 I PRETTY_LOGGER: โ”‚ {"app_id":"162575608951564","rid":"1121323","format":"json","timestamp":1637215388340,"version":"1822","sign_type":"RSA2","sign":"1822","nonce_str":"00221f3634c24e0994b8e6b41b860894","biz_content":{"merch_no":"84944037011A00O","offset":"0","limit":"20","start_time":"20211018000000","end_time":"20211118235959","token":"eyJ2ZXIiOiIxIiwidHlwIjoiSldUIiwicGxhdCI6ImFwcF9ib3NzIiwiYWxnIjoiU00zV2l0aFNNMiJ9.eyJ1aWQiOiIyMDE5MDUyMjEwMDA3NTgxIiwibmJmIjoxNjM3MjE1MzYwLCJ1bmFtZSI6IumcsuWonCIsImlzcyI6IkpMUEFZIiwidXR5cGUiOiIxIiwibW5hbWUiOiLpnLLlqJzluqblgYfmnZE2IiwiZXhwIjoxNjM5ODA3MzYwLCJkZXZpY2VJZCI6IjEwMjlkYTVlLWYyNmYtNDdjMS1iMzg3LTM3OGY5MDBhM2MwZCIsImlhdCI6MTYzNzIxNTM2MCwianRpIjoiMTAyOWRhNWUtZjI2Zi00N2MxLWIzODctMzc4ZjkwMGEzYzBkIiwiY2lkIjoiNDQwMzA1MTkwNTIyMTAwMTMwMzEiLCJtbm8iOiI4NDk0NDAzNzAxMUEwME8ifQ.MEUCIQC4lx9qoTmCUDi4-4m4KC9ko_GuoNt8We370geP_ol4cgIgFb6A-jlqPLuyc2aRq-DOqSt2mpbqKLeMYkITvJnqQL0","os_type":"ANDROID","os_version":"11","device_no":"1029da5e-f26f-47c1-b387-378f900a3c0d","device_type":"PDKM00","app_version":"2.8.4"}}
11-18 14:03:08.342 14697 15020 I PRETTY_LOGGER: โ””โ”€โ”€โ”€โ”€โ”€โ”€โ”€โ”€โ”€โ”€โ”€โ”€โ”€โ”€โ”€โ”€โ”€โ”€โ”€โ”€โ”€โ”€โ”€โ”€โ”€โ”€โ”€โ”€โ”€โ”€โ”€โ”€โ”€โ”€โ”€โ”€โ”€โ”€โ”€โ”€โ”€โ”€โ”€โ”€โ”€โ”€โ”€โ”€โ”€โ”€โ”€โ”€โ”€โ”€โ”€โ”€โ”€โ”€โ”€โ”€โ”€โ”€โ”€โ”€โ”€โ”€โ”€โ”€โ”€โ”€โ”€โ”€โ”€โ”€โ”€โ”€โ”€โ”€โ”€โ”€โ”€โ”€โ”€โ”€โ”€โ”€โ”€โ”€โ”€โ”€โ”€โ”€โ”€โ”€โ”€โ”€โ”€โ”€โ”€โ”€โ”€โ”€โ”€โ”€โ”€โ”€โ”€โ”€โ”€โ”€โ”€โ”€
11-18 14:03:08.345 14697 14949 D UMLog : ๅฝ“ๅ‰ๅ‘้€็ญ–็•ฅไธบ: ้—ด้š”ๅ‘้€ใ€‚้—ด้š”ๆ—ถ้—ดไธบ๏ผš90็ง’ใ€‚่ฏฆ่ง้“พๆŽฅ https://developer.umeng.com/docs/66632/detail/66976?um_channel=sdk
11-18 14:03:08.346 14697 15148 I PRETTY_LOGGER: โ”Œโ”€โ”€โ”€โ”€โ”€โ”€โ”€โ”€โ”€โ”€โ”€โ”€โ”€โ”€โ”€โ”€โ”€โ”€โ”€โ”€โ”€โ”€โ”€โ”€โ”€โ”€โ”€โ”€โ”€โ”€โ”€โ”€โ”€โ”€โ”€โ”€โ”€โ”€โ”€โ”€โ”€โ”€โ”€โ”€โ”€โ”€โ”€โ”€โ”€โ”€โ”€โ”€โ”€โ”€โ”€โ”€โ”€โ”€โ”€โ”€โ”€โ”€โ”€โ”€โ”€โ”€โ”€โ”€โ”€โ”€โ”€โ”€โ”€โ”€โ”€โ”€โ”€โ”€โ”€โ”€โ”€โ”€โ”€โ”€โ”€โ”€โ”€โ”€โ”€โ”€โ”€โ”€โ”€โ”€โ”€โ”€โ”€โ”€โ”€โ”€โ”€โ”€โ”€โ”€โ”€โ”€โ”€โ”€โ”€โ”€โ”€โ”€
11-18 14:03:08.346 14697 15148 I PRETTY_LOGGER: โ”‚ LogUtils.i (LogUtils.java:27)
11-18 14:03:08.346 14697 15148 I PRETTY_LOGGER: โ”‚ LogUtils.i (LogUtils.java:21)
11-18 14:03:08.346 14697 15148 I PRETTY_LOGGER: โ”œโ”„โ”„โ”„โ”„โ”„โ”„โ”„โ”„โ”„โ”„โ”„โ”„โ”„โ”„โ”„โ”„โ”„โ”„โ”„โ”„โ”„โ”„โ”„โ”„โ”„โ”„โ”„โ”„โ”„โ”„โ”„โ”„โ”„โ”„โ”„โ”„โ”„โ”„โ”„โ”„โ”„โ”„โ”„โ”„โ”„โ”„โ”„โ”„โ”„โ”„โ”„โ”„โ”„โ”„โ”„โ”„โ”„โ”„โ”„โ”„โ”„โ”„โ”„โ”„โ”„โ”„โ”„โ”„โ”„โ”„โ”„โ”„โ”„โ”„โ”„โ”„โ”„โ”„โ”„โ”„โ”„โ”„โ”„โ”„โ”„โ”„โ”„โ”„โ”„โ”„โ”„โ”„โ”„โ”„โ”„โ”„โ”„โ”„โ”„โ”„โ”„โ”„โ”„โ”„โ”„โ”„โ”„โ”„โ”„โ”„โ”„โ”„
11-18 14:03:08.346 14697 15148 I PRETTY_LOGGER: โ”‚ ่ฏทๆฑ‚๏ผšhttps://merchant-dev.jlpay.com/boss_trans/tradeDayTotalRpc
11-18 14:03:08.346 14697 15148 I PRETTY_LOGGER: โ”‚
11-18 14:03:08.346 14697 15148 I PRETTY_LOGGER: โ”‚ {"app_id":"162575608951564","rid":"1121323","format":"json","timestamp":1637215388343,"version":"1822","sign_type":"RSA2","sign":"1822","nonce_str":"55aa57a4679848f1a1689382ad963d16","biz_content":{"merch_no":"84944037011A00O","start_time":"20211018000000","end_time":"20211118235959","token":"eyJ2ZXIiOiIxIiwidHlwIjoiSldUIiwicGxhdCI6ImFwcF9ib3NzIiwiYWxnIjoiU00zV2l0aFNNMiJ9.eyJ1aWQiOiIyMDE5MDUyMjEwMDA3NTgxIiwibmJmIjoxNjM3MjE1MzYwLCJ1bmFtZSI6IumcsuWonCIsImlzcyI6IkpMUEFZIiwidXR5cGUiOiIxIiwibW5hbWUiOiLpnLLlqJzluqblgYfmnZE2IiwiZXhwIjoxNjM5ODA3MzYwLCJkZXZpY2VJZCI6IjEwMjlkYTVlLWYyNmYtNDdjMS1iMzg3LTM3OGY5MDBhM2MwZCIsImlhdCI6MTYzNzIxNTM2MCwianRpIjoiMTAyOWRhNWUtZjI2Zi00N2MxLWIzODctMzc4ZjkwMGEzYzBkIiwiY2lkIjoiNDQwMzA1MTkwNTIyMTAwMTMwMzEiLCJtbm8iOiI4NDk0NDAzNzAxMUEwME8ifQ.MEUCIQC4lx9qoTmCUDi4-4m4KC9ko_GuoNt8We370geP_ol4cgIgFb6A-jlqPLuyc2aRq-DOqSt2mpbqKLeMYkITvJnqQL0","os_type":"ANDROID","os_version":"11","device_no":"1029da5e-f26f-47c1-b387-378f900a3c0d","device_type":"PDKM00","app_version":"2.8.4"}}
11-18 14:03:08.346 14697 15148 I PRETTY_LOGGER: โ””โ”€โ”€โ”€โ”€โ”€โ”€โ”€โ”€โ”€โ”€โ”€โ”€โ”€โ”€โ”€โ”€โ”€โ”€โ”€โ”€โ”€โ”€โ”€โ”€โ”€โ”€โ”€โ”€โ”€โ”€โ”€โ”€โ”€โ”€โ”€โ”€โ”€โ”€โ”€โ”€โ”€โ”€โ”€โ”€โ”€โ”€โ”€โ”€โ”€โ”€โ”€โ”€โ”€โ”€โ”€โ”€โ”€โ”€โ”€โ”€โ”€โ”€โ”€โ”€โ”€โ”€โ”€โ”€โ”€โ”€โ”€โ”€โ”€โ”€โ”€โ”€โ”€โ”€โ”€โ”€โ”€โ”€โ”€โ”€โ”€โ”€โ”€โ”€โ”€โ”€โ”€โ”€โ”€โ”€โ”€โ”€โ”€โ”€โ”€โ”€โ”€โ”€โ”€โ”€โ”€โ”€โ”€โ”€โ”€โ”€โ”€โ”€
11-18 14:03:08.347 1470 4262 I InputDispatcher: Focus left window: Window{f8921a u0 com.jlpay.merch/com.jlpay.merch.ui.home.bill.BillActivity} in display 0
11-18 14:03:08.350 841 899 I BufferQueueProducer: [com.jlpay.merch/com.jlpay.merch.ui.home.bill.BillActivity#1](this:0xb400007334a1d058,id:8361,api:1,p:14697,c:841) queueBuffer: fps=1.11 dur=2690.91 max=2502.30 min=12.90
11-18 14:03:08.351 1470 4262 D OppoDisplayPolicy: com.jlpay.merch, setting cutoutMode: color always
11-18 14:03:08.354 841 899 D DispPerfService: get hint proc=com.jlpay.merch, idx=0 none
11-18 14:03:08.354 841 899 I BufferQueueConsumer: [](id:349000020ac,api:0,p:-1,c:841) connect(): controlledByApp=false
11-18 14:03:08.354 841 899 I BufferQueue: [unnamed-841-8364](this:0xb4000073361f8258,id:8364,api:0,p:-1,c:-1) BufferQueue core=(841:/system/bin/surfaceflinger)
11-18 14:03:08.358 14697 14697 V OplusZoomWindowDecorViewHelper: setLastReportedMergedConfiguration mZoomDisplayHeight: 2400 getDecorView.DecorView@28ede0d[BillActivity]
11-18 14:03:08.359 841 1311 I BufferQueueProducer: [com.jlpay.merch/com.jlpay.merch.ui.home.bill.BillActivity#0](id:349000020ac,api:1,p:14697,c:841) connect(): api=1 producerControlledByApp=false
11-18 14:03:08.365 841 3662 D DispPerfService: onframeavailable pid=14697, slot=0, seq=61617, name=com.jlpay.merch:com.jlpay.merch/com.jlpay.merch.ui.home.bill.BillActivity#0
11-18 14:03:08.367 31557 31557 V PhoneWindow: DecorView setVisiblity: visibility = 8, Parent = android.view.ViewRootImpl@bb459d, this = DecorView@a937e7c[InputMethod]
11-18 14:03:08.368 841 3662 D DispPerfService: get hint proc=Surface(name=af2c089 com.jlpay.merch, idx=0 none
11-18 14:03:08.371 841 841 D OppoExLayer: ~Layer() sequence=61612, name=Surface(name=c91655d NavigationBar0)/@0xae9cfad - animation-leash#0@0xb40000732944a000
11-18 14:03:08.372 841 841 D OppoExLayer: ~Layer() sequence=61611, name=Surface(name=8eb967f StatusBar)/@0x65f64c4 - animation-leash#1@0xb4000073295a3000
11-18 14:03:08.372 1470 4244 I InputDispatcher: Focus entered window: Window{af2c089 u0 com.jlpay.merch/com.jlpay.merch.ui.home.bill.BillActivity} in display 0
11-18 14:03:08.372 1470 4244 I InputDispatcher: Window went away: com.jlpay.merch/com.jlpay.merch.ui.home.bill.BillActivity#0
11-18 14:03:08.374 1470 4244 D InputMethodManagerService: isSecurity: attribute.packageName=com.jlpay.merch
11-18 14:03:08.374 1470 4244 D InputMethodManagerService: isSecurity= false ( enable=false needShow=false inBlackList=false isExist=true )
11-18 14:03:08.374 1470 4244 D ColorInputMethodManagerServiceEx: onHandleImeWindowVisibleStatus handledVis: 0, switcher visible: 0, switcher active: 0, needsToShowImeSwitcher: false
11-18 14:03:08.374 1470 4244 D OplusVerificationCodeController: notifyImeAttributeChanged: 64false
11-18 14:03:08.375 841 1311 D DispPerfService: get hint proc=Surface(name=9e67e93 InputMethod), idx=0 none
11-18 14:03:08.382 1470 4262 D OppoDisplayPolicy: com.android.systemui, change system app cutoutMode: color always
11-18 14:03:08.382 31557 31557 V PhoneWindow: DecorView setVisiblity: visibility = 8, Parent = android.view.ViewRootImpl@bb459d, this = DecorView@a937e7c[InputMethod]
11-18 14:03:08.388 841 841 D OppoExLayer: ~Layer() sequence=61613, name=Surface(name=9e67e93 InputMethod)/@0xa906ec9 - animation-leash#0@0xb4000073361ef000
11-18 14:03:08.389 1470 4262 D OppoDisplayPolicy: com.android.systemui, change system app cutoutMode: color always
11-18 14:03:08.476 14697 15148 I PRETTY_LOGGER: โ”Œโ”€โ”€โ”€โ”€โ”€โ”€โ”€โ”€โ”€โ”€โ”€โ”€โ”€โ”€โ”€โ”€โ”€โ”€โ”€โ”€โ”€โ”€โ”€โ”€โ”€โ”€โ”€โ”€โ”€โ”€โ”€โ”€โ”€โ”€โ”€โ”€โ”€โ”€โ”€โ”€โ”€โ”€โ”€โ”€โ”€โ”€โ”€โ”€โ”€โ”€โ”€โ”€โ”€โ”€โ”€โ”€โ”€โ”€โ”€โ”€โ”€โ”€โ”€โ”€โ”€โ”€โ”€โ”€โ”€โ”€โ”€โ”€โ”€โ”€โ”€โ”€โ”€โ”€โ”€โ”€โ”€โ”€โ”€โ”€โ”€โ”€โ”€โ”€โ”€โ”€โ”€โ”€โ”€โ”€โ”€โ”€โ”€โ”€โ”€โ”€โ”€โ”€โ”€โ”€โ”€โ”€โ”€โ”€โ”€โ”€โ”€โ”€
11-18 14:03:08.476 14697 15148 I PRETTY_LOGGER: โ”‚ LogUtils.i (LogUtils.java:27)
11-18 14:03:08.476 14697 15148 I PRETTY_LOGGER: โ”‚ LogUtils.i (LogUtils.java:21)
11-18 14:03:08.476 14697 15148 I PRETTY_LOGGER: โ”œโ”„โ”„โ”„โ”„โ”„โ”„โ”„โ”„โ”„โ”„โ”„โ”„โ”„โ”„โ”„โ”„โ”„โ”„โ”„โ”„โ”„โ”„โ”„โ”„โ”„โ”„โ”„โ”„โ”„โ”„โ”„โ”„โ”„โ”„โ”„โ”„โ”„โ”„โ”„โ”„โ”„โ”„โ”„โ”„โ”„โ”„โ”„โ”„โ”„โ”„โ”„โ”„โ”„โ”„โ”„โ”„โ”„โ”„โ”„โ”„โ”„โ”„โ”„โ”„โ”„โ”„โ”„โ”„โ”„โ”„โ”„โ”„โ”„โ”„โ”„โ”„โ”„โ”„โ”„โ”„โ”„โ”„โ”„โ”„โ”„โ”„โ”„โ”„โ”„โ”„โ”„โ”„โ”„โ”„โ”„โ”„โ”„โ”„โ”„โ”„โ”„โ”„โ”„โ”„โ”„โ”„โ”„โ”„โ”„โ”„โ”„โ”„
11-18 14:03:08.476 14697 15148 I PRETTY_LOGGER: โ”‚ ๅ“ๅบ”๏ผšhttps://merchant-dev.jlpay.com/boss_trans/tradeDayTotalRpc
11-18 14:03:08.476 14697 15148 I PRETTY_LOGGER: โ”‚
11-18 14:03:08.476 14697 15148 I PRETTY_LOGGER: โ”‚ {"biz_context":"{\"detail\":{\"total_amt\":-999,\"count\":2},\"ret_code\":\"00\",\"ret_msg\":\"่ฏทๆฑ‚ๆˆๅŠŸ\",\"success\":true}","ret_code":"00","ret_msg":"่ฏทๆฑ‚ๆˆๅŠŸ"}
11-18 14:03:08.476 14697 15148 I PRETTY_LOGGER: โ””โ”€โ”€โ”€โ”€โ”€โ”€โ”€โ”€โ”€โ”€โ”€โ”€โ”€โ”€โ”€โ”€โ”€โ”€โ”€โ”€โ”€โ”€โ”€โ”€โ”€โ”€โ”€โ”€โ”€โ”€โ”€โ”€โ”€โ”€โ”€โ”€โ”€โ”€โ”€โ”€โ”€โ”€โ”€โ”€โ”€โ”€โ”€โ”€โ”€โ”€โ”€โ”€โ”€โ”€โ”€โ”€โ”€โ”€โ”€โ”€โ”€โ”€โ”€โ”€โ”€โ”€โ”€โ”€โ”€โ”€โ”€โ”€โ”€โ”€โ”€โ”€โ”€โ”€โ”€โ”€โ”€โ”€โ”€โ”€โ”€โ”€โ”€โ”€โ”€โ”€โ”€โ”€โ”€โ”€โ”€โ”€โ”€โ”€โ”€โ”€โ”€โ”€โ”€โ”€โ”€โ”€โ”€โ”€โ”€โ”€โ”€โ”€
11-18 14:03:08.486 841 3662 I BufferQueueProducer: [com.jlpay.merch/com.jlpay.merch.ui.home.bill.BillActivity#0](id:349000020ac,api:1,p:14697,c:841) disconnect(): api=1
11-18 14:03:08.487 14697 14697 D View : [Warning] assignParent to null: this = DecorView@28ede0d[BillActivity]
11-18 14:03:08.489 1470 3544 I InputDispatcher: Focus left window: Window{af2c089 u0 com.jlpay.merch/com.jlpay.merch.ui.home.bill.BillActivity} in display 0
11-18 14:03:08.489 1470 3544 I InputDispatcher: Window went away: Window{af2c089 u0 com.jlpay.merch/com.jlpay.merch.ui.home.bill.BillActivity}
11-18 14:03:08.490 841 2967 D DispPerfService: get hint proc=Surface(name=af2c089 com.jlpay.merch, idx=0 none
11-18 14:03:08.382 1470 4244 D ColorInputMethodManagerServiceEx: onHandleImeWindowVisibleStatus handledVis: 0, switcher visible: 0, switcher active: 0, needsToShowImeSwitcher: false
