11-18 14:04:16.307 841 1311 D DispPerfService: get hint proc=Surface(name=WallpaperWindowToken{ef305b9 token=android.os.Binder@94abb80}), idx=0 none
11-18 14:04:16.309 2515 2882 D ActivityManagerWrapper: startRecentsActivity onAnimationStart
11-18 14:04:16.309 841 1311 E SurfaceFlinger: Permission Denial: can't access SurfaceFlinger pid=0, uid=10062
11-18 14:04:16.309 841 1311 I surfaceflinger: oneway function results will be dropped but finished with status PERMISSION_DENIED and parcel size 0
11-18 14:04:16.309 1470 1829 E ORMS_CORE: Unsupported action!!!
11-18 14:04:16.312 1470 4554 I WindowManager: Relayout Window{c6aacdb u0 com.coloros.assistantscreen}: oldVis=8 newVis=0 focusMayChange = true
11-18 14:04:16.312 2515 2515 D RecentsOrientedState: current RecentsOrientedState: [this=RecentsOrientedState@3628c62 mOrientationHandler=PortraitPagedViewHandler@d87d1f3 mDisplayRotation=0 mTouchRotation=0 mRecentsActivityRotation=0 isRecentsActivityRotationAllowed=false mSystemRotation=true mFlags=43]
11-18 14:04:16.312 2515 2515 D RecentsOrientedState: current RecentsOrientedState: [this=RecentsOrientedState@3628c62 mOrientationHandler=PortraitPagedViewHandler@d87d1f3 mDisplayRotation=0 mTouchRotation=0 mRecentsActivityRotation=0 isRecentsActivityRotationAllowed=false mSystemRotation=true mFlags=43]
11-18 14:04:16.315 841 1311 D SurfaceFlinger: cid 1470 createSurface name is null
11-18 14:04:16.315 841 1311 D DispPerfService: get hint proc=, idx=0 none
11-18 14:04:16.315 841 1311 I BufferQueueConsumer: [](id:349000020b8,api:0,p:-1,c:841) connect(): controlledByApp=false
11-18 14:04:16.316 841 1311 I BufferQueue: [unnamed-841-8376](this:0xb4000073c9cf1458,id:8376,api:0,p:-1,c:-1) BufferQueue core=(841:/system/bin/surfaceflinger)
11-18 14:04:16.320 841 1311 I BufferQueueProducer: [#0](id:349000020b8,api:1,p:20261,c:841) connect(): api=1 producerControlledByApp=false
11-18 14:04:16.321 1470 1592 D OplusAppBwCore: onUidImportance: 10062, 100
11-18 14:04:16.322 20726 18198 I RemoteGuardClient.DWB.ActivityMonitor: onForegroundActivitiesChanged 2515,10062,foreground true pkg= oppo.uid.launcher:10062
11-18 14:04:16.323 2515 2515 V PhoneWindow: DecorView setVisiblity: visibility = 0, Parent = android.view.ViewRootImpl@4720906, this = DecorView@3f1dbc7[Launcher]
11-18 14:04:16.323 20726 20763 I RemoteGuardClient.DWB.ActivityMonitor: topActivities = [com.jlpay.merch]
11-18 14:04:16.325 1470 4554 I WindowManager: Relayout Window{f1ec59d u0 com.oppo.launcher/com.oppo.launcher.Launcher}: oldVis=8 newVis=0 focusMayChange = true
11-18 14:04:16.326 1470 4257 I InputDispatcher: Window went away: #0
11-18 14:04:16.327 841 3662 D DispPerfService: get hint proc=com.oppo.launcher, idx=0 none
11-18 14:04:16.327 841 3662 I BufferQueueConsumer: [](id:349000020b9,api:0,p:-1,c:841) connect(): controlledByApp=false
11-18 14:04:16.327 841 3662 I BufferQueue: [unnamed-841-8377](this:0xb400007334b69258,id:8377,api:0,p:-1,c:-1) BufferQueue core=(841:/system/bin/surfaceflinger)
11-18 14:04:16.330 841 899 D DispPerfService: onframeavailable pid=20261, slot=0, seq=61714, name=com.coloros.assistantscreen:#0
11-18 14:04:16.330 841 2967 I BufferQueueProducer: [com.oppo.launcher/com.oppo.launcher.Launcher#0](id:349000020b9,api:1,p:2515,c:841) connect(): api=1 producerControlledByApp=false
11-18 14:04:16.331 2515 2515 E Launcher.ColorBubbleTextView: mForceHideDot is false
11-18 14:04:16.331 2515 2515 I chatty : uid=10062(com.oppo.launcher) identical 4 lines
11-18 14:04:16.331 2515 2515 E Launcher.ColorBubbleTextView: mForceHideDot is false
11-18 14:04:16.340 841 1311 D DispPerfService: onframeavailable pid=2515, slot=0, seq=61715, name=com.oppo.launcher:com.oppo.launcher/com.oppo.launcher.Launcher#0
11-18 14:04:16.343 1470 4554 I InputDispatcher: Window went away: com.oppo.launcher/com.oppo.launcher.Launcher#0
11-18 14:04:16.346 2515 2515 D RecentsOrientedState: current RecentsOrientedState: [this=RecentsOrientedState@3628c62 mOrientationHandler=PortraitPagedViewHandler@d87d1f3 mDisplayRotation=0 mTouchRotation=0 mRecentsActivityRotation=0 isRecentsActivityRotationAllowed=false mSystemRotation=true mFlags=107]
11-18 14:04:16.346 2515 2515 D RecentsOrientedState: current RecentsOrientedState: [this=RecentsOrientedState@3628c62 mOrientationHandler=PortraitPagedViewHandler@d87d1f3 mDisplayRotation=0 mTouchRotation=0 mRecentsActivityRotation=0 isRecentsActivityRotationAllowed=false mSystemRotation=true mFlags=107]
11-18 14:04:16.347 2515 2515 D RecentsOrientedState: current RecentsOrientedState: [this=RecentsOrientedState@cc24b68 mOrientationHandler=PortraitPagedViewHandler@d87d1f3 mDisplayRotation=0 mTouchRotation=0 mRecentsActivityRotation=0 isRecentsActivityRotationAllowed=false mSystemRotation=true mFlags=43]
11-18 14:04:16.347 2515 2515 D RecentsOrientedState: current RecentsOrientedState: [this=RecentsOrientedState@cc24b68 mOrientationHandler=PortraitPagedViewHandler@d87d1f3 mDisplayRotation=0 mTouchRotation=0 mRecentsActivityRotation=0 isRecentsActivityRotationAllowed=false mSystemRotation=true mFlags=43]
11-18 14:04:16.347 2515 2515 D ColorTaskThumbnailView: bind: pkg = com.jlpay.merch, lightning = false
11-18 14:04:16.347 2515 2515 D ColorTaskThumbnailView: bind: pkg = com.android.settings, lightning = false
11-18 14:04:16.348 1470 1470 D ColorInputMethodManagerServiceEx: onHandleImeWindowVisibleStatus handledVis: 0, switcher visible: 0, switcher active: 0, needsToShowImeSwitcher: false
11-18 14:04:16.351 3788 3788 D SystemDialogReceiver: onReceive()
11-18 14:04:16.352 1470 1604 D ArtManagerInternalImpl: /data/misc/iorapd/com.oppo.launcher/11100/com.oppo.launcher.Launcher/compiled_traces/compiled_trace.pb doesn't exist
11-18 14:04:16.354 3788 3788 I FloatBarHandler: updateVisibility() visible = true, mTarget == null ? false
11-18 14:04:16.354 20261 20261 I AstScreen.RxSystemKeyEventMonitor: HomeKey Receiver Reason = recentapps
11-18 14:04:16.355 1470 4257 D OppoDisplayPolicy: com.android.systemui, change system app cutoutMode: color always
11-18 14:04:16.355 20261 20261 I AstScreen.AssistantWindowContentView: setDefaultBackgroundViewAlphaIfNeed alpha:0.0
11-18 14:04:16.357 20261 20261 I AstScreen.AssistantViewCtrlWindow: endScrollToLauncher mAssistantViewCtrl = null
11-18 14:04:16.358 2069 2069 W BiometricPrompt/AuthController: ACTION_CLOSE_SYSTEM_DIALOGS received
11-18 14:04:16.358 2069 2069 V ShadeControllerImpl: NotificationShadeWindow: com.android.systemui.statusbar.phone.NotificationShadeWindowView{566eb13 I.E...... ......ID 0,0-1080,2400} canPanelBeCollapsed(): false
11-18 14:04:16.360 1470 4554 I InputDispatcher: Focus left window: Window{3bcdab8 u0 com.jlpay.merch/com.jlpay.merch.ui.login.LoginActivity} in display 0
11-18 14:04:16.360 1470 4554 I InputDispatcher: Focus entered window: recents_animation_input_consumer in display 0
11-18 14:04:16.362 1470 3544 D OppoDisplayPolicy: com.android.systemui, change system app cutoutMode: color always
11-18 14:04:16.366 841 1311 I BufferQueueProducer: [NavigationBar0#0](this:0xb400007348959658,id:6,api:1,p:2069,c:841) queueBuffer: fps=0.33 dur=95916.93 max=95660.75 min=6.36
11-18 14:04:16.380 841 841 I BufferQueueProducer: [FramebufferSurface](this:0xb400007348832ed0,id:-1,api:1,p:841,c:841) queueBuffer: fps=0.15 dur=6615.98 max=6615.98 min=6615.98
11-18 14:04:16.387 809 875 I libPowerHal: [perfLockRel] hdl:40326, idx:2
11-18 14:04:16.387 809 875 I libPowerHal: [PD] scn:2 hdl:40326 hint:25 comm:mtkpower@1.0-se pid:809
11-18 14:04:16.388 809 875 I libPowerHal: [PD] MTKPOWER_HINT_APP_TOUCH update cmd:3408600 param:0
11-18 14:04:16.389 841 2967 I BufferQueueProducer: [StatusBar#0](this:0xb400007334a18a58,id:7,api:1,p:2069,c:841) queueBuffer: fps=10.06 dur=1589.82 max=1464.34 min=8.02
11-18 14:04:16.395 2515 2515 D IconConfigParser: parseConfig::icon config =: IconConfig = [ isForeign : false,theme : 2,iconSize : 5000,iconShape : 0,foregroundSize : 5000,artPlusOn : 0,iconRadius ๏ผš36,darkModeIcon:0 ]
11-18 14:04:16.395 2515 2515 E SimulationInteractor: tryGetAnimationPainterInstance error:com.coloros.painteranimationpanel.api.AnimPainterInstance
11-18 14:04:16.395 2515 2515 I chatty : uid=10062(com.oppo.launcher) identical 2 lines
11-18 14:04:16.396 2515 2515 E SimulationInteractor: tryGetAnimationPainterInstance error:com.coloros.painteranimationpanel.api.AnimPainterInstance
11-18 14:04:16.403 2515 2515 E Launcher.ColorBubbleTextView: mForceHideDot is true
11-18 14:04:16.403 2515 2515 E Launcher.ColorBubbleTextView: mForceHideDot is false
11-18 14:04:16.411 2515 2515 E Launcher.ColorBubbleTextView: mForceHideDot is true
11-18 14:04:16.800 841 841 D OppoExLayer: ~Layer() sequence=61463, name=Surface(name=9e67e93 InputMethod)/@0xa906ec9 - animation-leash#1@0xb400007334bb8000
11-18 14:04:16.865 2515 2515 D RecentsOrientedState: current RecentsOrientedState: [this=RecentsOrientedState@3628c62 mOrientationHandler=PortraitPagedViewHandler@d87d1f3 mDisplayRotation=0 mTouchRotation=0 mRecentsActivityRotation=0 isRecentsActivityRotationAllowed=false mSystemRotation=true mFlags=299]
11-18 14:04:16.865 2515 2515 I chatty : uid=10062(com.oppo.launcher) identical 2 lines
11-18 14:04:16.865 2515 2515 D RecentsOrientedState: current RecentsOrientedState: [this=RecentsOrientedState@3628c62 mOrientationHandler=PortraitPagedViewHandler@d87d1f3 mDisplayRotation=0 mTouchRotation=0 mRecentsActivityRotation=0 isRecentsActivityRotationAllowed=false mSystemRotation=true mFlags=299]
11-18 14:04:16.869 20488 20508 I [0]DCS-StrategyManager: isNeedUpload: true, type: 2006, appID: 20058, logTag: 200583, eventID: launch
11-18 14:04:16.871 2515 2515 D RecentsOrientedState: current RecentsOrientedState: [this=RecentsOrientedState@3628c62 mOrientationHandler=PortraitPagedViewHandler@d87d1f3 mDisplayRotation=0 mTouchRotation=0 mRecentsActivityRotation=0 isRecentsActivityRotationAllowed=false mSystemRotation=true mFlags=299]
11-18 14:04:16.871 2515 2515 I chatty : uid=10062(com.oppo.launcher) identical 4 lines
11-18 14:04:16.871 2515 2515 D RecentsOrientedState: current RecentsOrientedState: [this=RecentsOrientedState@3628c62 mOrientationHandler=PortraitPagedViewHandler@d87d1f3 mDisplayRotation=0 mTouchRotation=0 mRecentsActivityRotation=0 isRecentsActivityRotationAllowed=false mSystemRotation=true mFlags=299]
11-18 14:04:16.871 1470 4554 I BufferQueueConsumer: [](id:5be00000073,api:0,p:-1,c:1470) connect(): controlledByApp=true
11-18 14:04:16.872 1470 1893 I BufferQueueProducer: [ImageReader-1080x2400f1u256m2-1470-77](id:5be00000073,api:1,p:1470,c:1470) connect(): api=1 producerControlledByApp=true
11-18 14:04:16.879 809 875 I libPowerHal: [perfLockAcq] idx:2 hdl:40328 hint:25 pid:809 duration:10000 => ret_hdl:40328
11-18 14:04:16.879 809 875 I libPowerHal: [PE] scn:2 hdl:40328 hint:25 comm:mtkpower@1.0-se pid:809
11-18 14:04:16.879 809 875 I libPowerHal: [PE] MTKPOWER_HINT_APP_TOUCH update cmd:3408600 param:1
11-18 14:04:16.885 1470 1893 E FrameEvents: updateAcquireFence: Did not find frame.
11-18 14:04:16.886 1470 1893 I BufferQueueProducer: [ImageReader-1080x2400f1u256m2-1470-77](id:5be00000073,api:1,p:1470,c:1470) disconnect(): api=1
11-18 14:04:16.886 1470 4554 I BufferQueueConsumer: [ImageReader-1080x2400f1u256m2-1470-77](id:5be00000073,api:0,p:-1,c:1470) disconnect()
11-18 14:04:16.888 809 820 I mtkpower@impl: [setMode] type:5, enabled:0
11-18 14:04:16.888 809 875 I libPowerHal: [perfLockRel] hdl:40327, idx:3
11-18 14:04:16.888 809 875 I libPowerHal: [PD] scn:3 hdl:40327 hint:11 comm:mtkpower@1.0-se pid:809
11-18 14:04:16.888 2515 2515 E Launcher.ColorBubbleTextView: mForceHideDot is false
11-18 14:04:16.888 2515 2515 E Launcher.ColorBubbleTextView: mForceHideDot is false
11-18 14:04:16.888 809 875 I libPowerHal: LAUNCH: cpu_ctrl set cpu freq: -1 -1 -1 -1
11-18 14:04:16.888 2515 2515 E Launcher.ColorBubbleTextView: mForceHideDot is false
11-18 14:04:16.888 809 875 I libPowerHal: [PD] LAUNCH update cmd:1000000, param:1
11-18 14:04:16.889 2515 2515 E Launcher.ColorBubbleTextView: mForceHideDot is false
11-18 14:04:16.889 2515 2515 E Launcher.ColorBubbleTextView: mForceHideDot is true
11-18 14:04:16.889 2515 2515 E Launcher.ColorBubbleTextView: mForceHideDot is false
11-18 14:04:16.889 809 875 I libPowerHal: [PD] LAUNCH update cmd:1408300 param:40
11-18 14:04:16.350 1470 1470 D ColorInputMethodManagerServiceEx: onHandleImeWindowVisibleStatus handledVis: 0, switcher visible: 0, switcher active: 0, needsToShowImeSwitcher: false
11-18 14:04:16.889 1470 4554 W WindowManager: Changing focus fromWindow{3bcdab8 u0 com.jlpay.merch/com.jlpay.merch.ui.login.LoginActivity} to Window{f1ec59d u0 com.oppo.launcher/com.oppo.launcher.Launcher} displayId=0 Callers=com.android.server.wm.RootWindowContainer.updateFocusedWindowLocked:509 com.android.server.wm.WindowManagerService.updateFocusedWindowLocked:6073 com.android.server.wm.DisplayContent.layoutAndAssignWindowLayersIfNeeded:3600 com.android.server.wm.ActivityStack.positionChildAtTop:3564
11-18 14:04:16.890 809 875 I libPowerHal: [PD] LAUNCH update cmd:300c000 param:0
11-18 14:04:16.890 841 2967 D DispPerfService: get hint proc=Surface(name=8eb967f StatusBar), idx=0 none
11-18 14:04:16.890 809 875 I libPowerHal: [PD] LAUNCH update cmd:1000000 param:1
11-18 14:04:16.891 2515 2515 D FlingAndToggleTouchController: canInterceptTouch: cameFromNavBar = false, mStartState = 0
11-18 14:04:16.891 1470 4257 I system_server: oneway function results will be dropped but finished with status OK and parcel size 4
11-18 14:04:16.894 2515 2515 E Launcher.ColorBubbleTextView: mForceHideDot is false
11-18 14:04:16.895 841 899 D DispPerfService: get hint proc=Surface(name=c91655d NavigationBar0), idx=0 none
11-18 14:04:16.898 1470 4554 D Theia.NoFocusWindow: FocusWindowErrorScene cancelCheckFreezeScreen
11-18 14:04:16.898 1470 4554 I InputDispatcher: setFocusedApplication displayId=0 ActivityRecord{e39e91 u0 com.oppo.launcher/.Launcher t2}
11-18 14:04:16.901 1470 4554 I ColorHansManager : ColorHansManager : resume pkg: com.oppo.launcher, uid:10062, prev pkg: com.jlpay.merch, prev uid: 11378
11-18 14:04:16.901 1470 2457 I ColorHansManager : enter fastfreezer
11-18 14:04:16.904 2515 2515 V PhoneWindow: DecorView setVisiblity: visibility = 0, Parent = android.view.ViewRootImpl@4720906, this = DecorView@3f1dbc7[Launcher]
11-18 14:04:16.905 1470 2457 I ColorHansManager : freeze uid: 10177 package: com.heytap.health reason: fastfreezer|10062 scene: FastFreezerScene
11-18 14:04:16.905 1470 1829 I mtkpower_client: perf_lock_rel, hdl:40325, tid:1829
11-18 14:04:16.905 1470 1829 I mtkpower_client: perf_lock_acq, hdl:40325, dur:0, num:10, tid:1829
11-18 14:04:16.906 1470 2457 I ColorHansManager : freeze uid: 10071 package: com.redteamobile.roaming reason: fastfreezer|10062 scene: FastFreezerScene
11-18 14:04:16.906 809 875 I libPowerHal: [perfLockRel] hdl:40324, idx:1
11-18 14:04:16.906 809 875 I libPowerHal: [PD] scn:1 hdl:40324 hint:30 comm:mtkpower@1.0-se pid:809
11-18 14:04:16.906 809 875 I libPowerHal: [PD] MTKPOWER_HINT_EXT_LAUNCH update cmd:1000000, param:-1
11-18 14:04:16.906 809 875 I libPowerHal: [PD] MTKPOWER_HINT_EXT_LAUNCH update cmd:2020000 param:1
11-18 14:04:16.907 809 875 I libPowerHal: [PD] MTKPOWER_HINT_EXT_LAUNCH update cmd:1408300 param:0
11-18 14:04:16.907 809 875 I libPowerHal: [PD] MTKPOWER_HINT_EXT_LAUNCH update cmd:1000000 param:-1
11-18 14:04:16.907 1470 4554 V ColorZoomWindowManagerService: onAnimationFinished: r = ActivityRecord{aee3546 u0 com.jlpay.merch/.ui.login.LoginActivity t18209}
11-18 14:04:16.907 1470 4554 I OplusMirageDisplayManagerService: onAnimationFinished:
11-18 14:04:16.907 1470 2457 I ColorHansManager : freeze uid: 11365 package: io.appium.uiautomator2.server reason: fastfreezer|10062 scene: FastFreezerScene
11-18 14:04:16.907 809 875 I libPowerHal: [perfLockAcq] idx:3 hdl:40329 hint:22 pid:809 duration:10000 => ret_hdl:40329
11-18 14:04:16.907 809 875 I libPowerHal: [PE] scn:3 hdl:40329 hint:22 comm:mtkpower@1.0-se pid:809
11-18 14:04:16.907 1470 4554 I ColorAppSwitchManagerService: handleAppVisible , r = ActivityRecord{e39e91 u0 com.oppo.launcher/.Launcher t2}
11-18 14:04:16.907 809 875 I libPowerHal: MTKPOWER_HINT_PACK_SWITCH: cpu_ctrl set cpu freq: 2000000 -1 2000000 -1
11-18 14:04:16.907 809 875 I libPowerHal: [PE] MTKPOWER_HINT_PACK_SWITCH update cmd:1000000, param:0
11-18 14:04:16.908 809 875 I libPowerHal: [PE] MTKPOWER_HINT_PACK_SWITCH update cmd:1408300, param:100
11-18 14:04:16.908 809 875 I libPowerHal: [PE] MTKPOWER_HINT_PACK_SWITCH update cmd:1000000 param:0
11-18 14:04:16.908 1470 2457 I ColorHansManager : freeze uid: 10095 package: com.nearme.gamecenter reason: fastfreezer|10062 scene: FastFreezerScene
11-18 14:04:16.909 809 819 I mtkpower@impl: [check_work_req] i:0, msg:1 hdl:40325, wait
11-18 14:04:16.909 809 875 I libPowerHal: [perfLockRel] hdl:40325, idx:0
11-18 14:04:16.909 809 875 I libPowerHal: [PD] scn:0 hdl:40325 lock_user:system_server pid:1470 tid:1829 dur:0
11-18 14:04:16.909 809 875 I libPowerHal: [PD] system_server update cmd:10000100 param:2
11-18 14:04:16.910 1470 1594 E OppoThermalStats: Error getting package info: com.oppo.launcher
11-18 14:04:16.911 1470 1829 I mtkpower_client: ret_hdl:40330
11-18 14:04:16.911 1470 2457 I ColorHansManager : freeze uid: 10494 package: com.alibaba.android.rimet reason: fastfreezer|10062 scene: FastFreezerScene
11-18 14:04:16.911 809 875 I libPowerHal: [perfLockAcq] idx:0 hdl:40330 hint:-1 pid:1470 duration:0 => ret_hdl:40330
11-18 14:04:16.911 809 875 I libPowerHal: [PE] scn:0 hdl:40330 lock_user:system_server pid:1470 tid:1829 dur:0
11-18 14:04:16.911 809 875 I libPowerHal: [PE] system_server update cmd:1c3c000, param:0
11-18 14:04:16.912 809 875 I libPowerHal: [PE] system_server update cmd:10000100, param:2
11-18 14:04:16.913 1470 2457 I ColorHansManager : unfreeze uid: 10071 package: com.redteamobile.roaming reason: F-direct scene: FastFreezerScene
11-18 14:04:16.914 1470 3544 I ActivityTaskManager: perfNotifyAppState TopResumedActivityChanged ActivityRecord{e39e91 u0 com.oppo.launcher/.Launcher t2}
11-18 14:04:16.915 20488 20508 I [0]DCS-StrategyManager: isNeedUpload: true, type: 1, appID: 0, logTag: , eventID:
11-18 14:04:16.916 20488 20508 I [0]DCS-BackgroundAppData: sendAppBgEvent: has no pkgName=com.oppo.launcher
11-18 14:04:16.916 14697 14697 D MotuCrashSDK: onActivityPaused๏ผšcom.jlpay.merch.ui.login.LoginActivity
11-18 14:04:16.916 1470 2457 I ColorHansManager : unfreeze uid: 10095 package: com.nearme.gamecenter reason: F-direct scene: FastFreezerScene
11-18 14:04:16.917 2515 2515 D RecentsOrientedState: current RecentsOrientedState: [this=RecentsOrientedState@3628c62 mOrientationHandler=PortraitPagedViewHandler@d87d1f3 mDisplayRotation=0 mTouchRotation=0 mRecentsActivityRotation=0 isRecentsActivityRotationAllowed=false mSystemRotation=true mFlags=299]
11-18 14:04:16.917 2515 2515 D RecentsOrientedState: current RecentsOrientedState: [this=RecentsOrientedState@3628c62 mOrientationHandler=PortraitPagedViewHandler@d87d1f3 mDisplayRotation=0 mTouchRotation=0 mRecentsActivityRotation=0 isRecentsActivityRotationAllowed=false mSystemRotation=true mFlags=299]
11-18 14:04:16.917 841 841 D OppoExLayer: ~Layer() sequence=61713, name=Surface(name=WallpaperWindowToken{ef305b9 token=android.os.Binder@94abb80})/@0x4bbe7e3 - animation-leash#0@0xb4000073298e3000
11-18 14:04:16.917 841 841 D OppoExLayer: ~Layer() sequence=61711, name=Surface(name=Task=2)/@0x56cae47 - animation-leash#0@0xb40000732981e000
11-18 14:04:16.917 841 841 D OppoExLayer: ~Layer() sequence=61712, name=Surface(name=Task=18209)/@0x6fb142b - animation-leash#0@0xb400007329831000
11-18 14:04:16.918 1470 4265 I InputDispatcher: Focus left window: recents_animation_input_consumer in display 0
11-18 14:04:16.918 1470 4265 I InputDispatcher: Focus entered window: Window{f1ec59d u0 com.oppo.launcher/com.oppo.launcher.Launcher} in display 0
11-18 14:04:16.918 1470 4265 I InputDispatcher: Window went away: Window{3bcdab8 u0 com.jlpay.merch/com.jlpay.merch.ui.login.LoginActivity}
11-18 14:04:16.918 31557 31557 V PhoneWindow: DecorView setVisiblity: visibility = 8, Parent = android.view.ViewRootImpl@bb459d, this = DecorView@a937e7c[InputMethod]
11-18 14:04:16.919 1470 4262 I ActivityTaskManager: perfNotifyAppState STOP ActivityRecord{aee3546 u0 com.jlpay.merch/.ui.login.LoginActivity t18209}
11-18 14:04:16.919 1470 1594 D OomAdjuster: TOP_APP is ProcessRecord{133788a 2515:com.oppo.launcher/u0a62} uid is 10062
11-18 14:04:16.919 1470 2657 I ColorResourcePreloadManager: resume pkg: com.oppo.launcher, uid:10062, prev pkg: com.jlpay.merch, prev uid: 11378
11-18 14:04:16.921 20608 20632 D ZoomAppController: ignore onAppEnter: Invalid cvActionFlag = 0
11-18 14:04:16.921 809 875 I libPowerHal: [perfNotifyAppState] foreground:com.oppo.launcher, pid:2515, uid:10062
11-18 14:04:16.921 809 875 E UxUtility: notifyAppState error = NULL
11-18 14:04:16.921 2785 28242 W OppoGuardElf: ThermalControlUtils: mForegroundPkg=com.oppo.launcher
11-18 14:04:16.921 809 875 I TouchUtility: notifyAppState error = NULL
11-18 14:04:16.922 809 875 I libPowerHal: [perfNotifyAppState] [activity updated] pack:com.oppo.launcher, act:com.oppo.launcher.Launcher
11-18 14:04:16.922 809 875 I libPowerHal: Act_Match:0, Common_index:-1
11-18 14:04:16.922 809 819 I mtkpower@impl: [notifyAppState] pc:0, com.jlpay.merch => com.oppo.launcher
11-18 14:04:16.923 809 819 I mtkpower@impl: [mtkPowerHint] hint:22, hold:0, ext:30, ext_hold:2000
11-18 14:04:16.924 5545 5548 E IHansComunication: HANS printMessageBody: RCVed message body: type = 0, port = 86870, caller_pid = 1470, caller_uid = 1000, target_pid = 14900, target_uid = 11365, pkg_cmd = -1
11-18 14:04:16.925 841 841 D OppoExLayer: ~Layer() sequence=61704, name=Surface(name=8eb967f StatusBar)/@0x65f64c4 - animation-leash#0@0xb400007336199000
11-18 14:04:16.926 841 841 D OppoExLayer: ~Layer() sequence=61705, name=Surface(name=c91655d NavigationBar0)/@0xae9cfad - animation-leash#1@0xb4000073361dd000
11-18 14:04:16.927 1470 4257 D InputMethodManagerService: isSecurity: attribute.packageName=com.oppo.launcher
11-18 14:04:16.927 1470 4257 D InputMethodManagerService: isSecurity= false ( enable=false needShow=false inBlackList=false isExist=true )
11-18 14:04:16.928 1470 4257 D ColorInputMethodManagerServiceEx: onHandleImeWindowVisibleStatus handledVis: 0, switcher visible: 0, switcher active: 0, needsToShowImeSwitcher: false
11-18 14:04:16.928 1470 4257 D OplusVerificationCodeController: notifyImeAttributeChanged: 64false
11-18 14:04:16.928 809 875 I libPowerHal: [perfLockRel] hdl:40329, idx:3
11-18 14:04:16.928 809 875 I libPowerHal: [PD] scn:3 hdl:40329 hint:22 comm:mtkpower@1.0-se pid:809
11-18 14:04:16.928 809 875 I libPowerHal: [PD] MTKPOWER_HINT_PACK_SWITCH update cmd:1000000, param:-1
11-18 14:04:16.929 809 875 I libPowerHal: [PD] MTKPOWER_HINT_PACK_SWITCH update cmd:1408300 param:0
11-18 14:04:16.930 809 875 I libPowerHal: [PD] MTKPOWER_HINT_PACK_SWITCH update cmd:1000000 param:-1
11-18 14:04:16.932 841 2967 I BufferQueueProducer: [com.jlpay.merch/com.jlpay.merch.ui.login.LoginActivity#0](id:349000020b7,api:1,p:14697,c:841) disconnect(): api=1
11-18 14:04:16.933 1470 2457 I ColorHansManager : unfreeze uid: 10177 package: com.heytap.health reason: F-direct scene: FastFreezerScene
11-18 14:04:16.933 841 2967 D DispPerfService: get hint proc=Surface(name=9e67e93 InputMethod), idx=0 none
11-18 14:04:16.936 1470 2457 I ColorHansManager : unfreeze uid: 11365 package: io.appium.uiautomator2.server reason: F-direct scene: FastFreezerScene
11-18 14:04:16.937 1470 2457 I ColorHansManager : unfreeze uid: 10494 package: com.alibaba.android.rimet reason: F-direct scene: FastFreezerScene
11-18 14:04:16.939 14697 14949 W SQLiteLog: (28) double-quoted string literal: "
11-18 14:04:16.939 14697 14949 W SQLiteLog: (28) double-quoted string literal: "90636363EFF3B783FF0C44D127FE17FE"
11-18 14:04:16.939 809 875 I libPowerHal: [perfLockAcq] idx:1 hdl:40331 hint:30 pid:809 duration:2000 => ret_hdl:40331
11-18 14:04:16.939 809 875 I libPowerHal: [PE] scn:1 hdl:40331 hint:30 comm:mtkpower@1.0-se pid:809
11-18 14:04:16.939 809 875 I libPowerHal: [PE] MTKPOWER_HINT_EXT_LAUNCH update cmd:1000000, param:1
11-18 14:04:16.939 1470 2457 I ColorHansManager : uid: 10494, state: M -> D
11-18 14:04:16.939 1470 2457 I ColorHansManager : exit fastfreezer, reason:F-direct
11-18 14:04:16.939 809 875 I libPowerHal: [PE] MTKPOWER_HINT_EXT_LAUNCH update cmd:2020000, param:15
11-18 14:04:16.939 809 875 I libPowerHal: [PE] MTKPOWER_HINT_EXT_LAUNCH update cmd:1408300, param:40
11-18 14:04:16.928 1470 4257 D ColorInputMethodManagerServiceEx: onHandleImeWindowVisibleStatus handledVis: 0, switcher visible: 0, switcher active: 0, needsToShowImeSwitcher: false
11-18 14:04:16.939 1470 2457 D OppoBasePowerManagerService: do restore jobs
11-18 14:04:16.940 809 875 I libPowerHal: [PE] MTKPOWER_HINT_EXT_LAUNCH update cmd:1000000 param:1
11-18 14:04:16.940 1470 2461 I ColorHansManager : stateRToFFreeze--imporant case: pkgName: io.appium.uiautomator2.server, reason: lastResumeProtect
11-18 14:04:16.942 1470 4262 D OppoDisplayPolicy: com.android.systemui, change system app cutoutMode: color always
11-18 14:04:16.945 1470 2461 I ColorHansManager : stateRToFFreeze--imporant case: pkgName: com.alibaba.android.rimet, reason: lastResumeProtect
11-18 14:04:16.945 2515 2515 E Launcher.ColorBubbleTextView: mForceHideDot is false
11-18 14:04:16.940 1470 2457 I chatty : uid=1000(system) HansManagerHand identical 1 line
11-18 14:04:16.940 1470 2457 D OppoBasePowerManagerService: do restore jobs
11-18 14:04:16.949 1470 4262 D ColorInputMethodManagerServiceEx: onHandleImeWindowVisibleStatus handledVis: 0, switcher visible: 0, switcher active: 0, needsToShowImeSwitcher: false
11-18 14:04:16.948 2515 2515 I chatty : uid=10062(com.oppo.launcher) identical 3 lines
11-18 14:04:16.948 2515 2515 E Launcher.ColorBubbleTextView: mForceHideDot is false
11-18 14:04:16.950 841 841 D OppoExLayer: ~Layer() sequence=61710, name=Surface(name=9e67e93 InputMethod)/@0xa906ec9 - animation-leash#1@0xb400007328d57000
11-18 14:04:16.951 2515 2515 E Launcher.ColorBubbleTextView: mForceHideDot is false
11-18 14:04:16.954 1470 4554 E NotificationService: Suppressing toast from package com.jlpay.merch by user request.
11-18 14:04:16.953 2515 2515 E Launcher.ColorBubbleTextView: mForceHideDot is false
11-18 14:04:16.955 1470 3038 D AS.AudioService: getParameters() keyValuePairs:OPLUS_AUDIO_GET_FOCUS_STACK
11-18 14:04:16.955 1470 1592 D OplusAppBwCore: onUidImportance: 11378, 230
11-18 14:04:16.956 2785 28242 W OppoGuardElf: ThermalControllHandler: tempLevel=3,userMode=2,gameUserMode=-1,appType=-1,envTempType=0,appStates=[]
11-18 14:04:16.957 2785 28242 W OppoGuardElf: ThermalControllerCenter: mSafetyState=10000
11-18 14:04:16.957 14697 14697 D MotuCrashSDK: onActivityStopped๏ผšcom.jlpay.merch.ui.login.LoginActivity
11-18 14:04:16.959 2785 28242 W OppoGuardElf: ThermalControllHandler: tempGear=3,configItemName=common_config
11-18 14:04:16.959 2785 4816 W OppoGuardElf: ThermalControllHandler: MSG_THERMAL_CONTROL_CATEGORY_CHANGED
11-18 14:04:16.959 14697 14697 D MotuCrashSDK: onActivitySaveInstanceState๏ผšcom.jlpay.merch.ui.login.LoginActivity
11-18 14:04:16.960 14697 14697 V PhoneWindow: DecorView setVisiblity: visibility = 4, Parent = android.view.ViewRootImpl@ff42908, this = DecorView@426cbf0[LoginActivity]
11-18 14:04:16.960 31557 31557 V PhoneWindow: DecorView setVisiblity: visibility = 8, Parent = android.view.ViewRootImpl@bb459d, this = DecorView@a937e7c[InputMethod]
11-18 14:04:16.961 3455 3455 E oiface : packageSwitch pkg com.oppo.launcher, enter
11-18 14:04:16.961 3455 3455 E oiface : current package is com.oppo.launcher and pid is 2515
11-18 14:04:16.969 1470 3038 D OppoDisplayPolicy: com.android.systemui, change system app cutoutMode: color always
11-18 14:04:16.974 14697 14697 D Tinker.DefaultAppLike: onTrimMemory level:20
11-18 14:04:16.978 3455 3468 E oiface : Average freq 899363 for 174s.
11-18 14:04:16.979 3455 3468 E oiface : Average freq 721733 for 174s.
11-18 14:04:16.979 1470 4554 E ORMS_Platform : OplusResourceManagerPlatformUtils: readFile function exception:/d/ged/hal/gpu_utilization: open failed: ENOENT (No such file or directory)
11-18 14:04:16.979 3455 3468 E oiface : get gpu freq table failed
11-18 14:04:16.980 20726 18198 I RemoteGuardClient.DWB.ActivityMonitor: onForegroundActivitiesChanged 14697,11378,foreground false pkg= com.jlpay.merch
11-18 14:04:16.981 3455 3468 E oiface : client not found, skipped
11-18 14:04:16.981 3455 3468 D oiface : forground package is com.oppo.launcher
11-18 14:04:16.984 841 841 I BufferQueueConsumer: [com.jlpay.merch/com.jlpay.merch.ui.login.LoginActivity#0](id:349000020b7,api:0,p:-1,c:841) disconnect()
11-18 14:04:16.984 841 841 I BufferQueue: [com.jlpay.merch/com.jlpay.merch.ui.login.LoginActivity#0](this:0xb400007334a1a658,id:8375,api:1,p:-1,c:-1) onDestructor()
11-18 14:04:16.984 841 841 D OppoExLayer: ~Layer() sequence=61703, name=com.jlpay.merch/com.jlpay.merch.ui.login.LoginActivity#0@0xb400007336196000
11-18 14:04:16.984 1470 3038 I InputDispatcher: Window went away: com.jlpay.merch/com.jlpay.merch.ui.login.LoginActivity#0
11-18 14:04:16.985 20726 20763 I RemoteGuardClient.DWB.ActivityMonitor: pkg name = com.jlpay.merch not in foreground
11-18 14:04:16.985 20726 20763 E RemoteGuardClient.DWB.ActivityMonitor: startGameAppMonitor failed! Failed resolution of: Lcom/oplus/remoteguardservice/GameIndulgeMonitorManager;
11-18 14:04:16.986 20726 20763 I RemoteGuardClient.DWB.ActivityMonitor: topActivities = []
11-18 14:04:16.993 2515 2515 E Launcher.ColorBubbleTextView: mForceHideDot is false
11-18 14:04:16.997 1470 4265 E ORMS_Platform : OplusResourceManagerPlatformUtils: readFile function exception:/d/ged/hal/gpu_utilization: open failed: ENOENT (No such file or directory)
11-18 14:04:16.997 2515 2533 W System : A resource failed to call release.
11-18 14:04:16.997 3455 3468 E oiface : get gpu freq table failed
11-18 14:04:16.998 2515 2533 W System : A resource failed to call release.
11-18 14:04:16.998 2515 2533 I chatty : uid=10062(com.oppo.launcher) FinalizerDaemon identical 2 lines
11-18 14:04:16.998 2515 2533 W System : A resource failed to call release.
11-18 14:04:17.000 841 841 D OppoExLayer: ~Layer() sequence=61127, name=Surface(name=Task=2)/@0x56cae47 - animation-leash#0@0xb400007328cb6000
11-18 14:04:17.000 841 841 D OppoExLayer: ~Layer() sequence=61126, name=Surface(name=Task=18205)/@0x98dfa58 - animation-leash#0@0xb4000073295f4000
11-18 14:04:17.000 841 841 D OppoExLayer: ~Layer() sequence=61416, name=Surface(name=Task=2)/@0x56cae47 - animation-leash#0@0xb40000733608d000
11-18 14:04:17.000 841 841 D OppoExLayer: ~Layer() sequence=61417, name=Surface(name=Task=18207)/@0xb79c225 - animation-leash#0@0xb4000073360a1000
11-18 14:04:17.001 841 841 D OppoExLayer: ~Layer() sequence=61428, name=Surface(name=WallpaperWindowToken{ef305b9 token=android.os.Binder@94abb80})/@0x4bbe7e3 - animation-leash#0@0xb400007336118000
11-18 14:04:17.024 1470 4554 D ColorAppListInterceptManager: shouldFilterTask
11-18 14:04:17.024 1470 4554 D ColorAppListInterceptManager: shouldFilterTask::packageName = com.jlpay.merch
11-18 14:04:17.024 1470 4554 D ColorAppListInterceptManager: shouldFilterTask
11-18 14:04:17.024 1470 4554 D ColorAppListInterceptManager: shouldFilterTask::packageName = com.android.settings
11-18 14:04:17.025 2069 2081 I ndroid.systemu: NativeAlloc concurrent copying GC freed 200499(7810KB) AllocSpace objects, 0(0B) LOS objects, 49% free, 19MB/38MB, paused 87us total 137.748ms
11-18 14:04:17.028 2069 2083 W System : A resource failed to call release.
11-18 14:04:17.028 2069 2083 I chatty : uid=10079(com.android.systemui) FinalizerDaemon identical 1 line
11-18 14:04:17.028 2069 2083 W System : A resource failed to call release.
11-18 14:04:17.033 841 841 D OppoExLayer: ~Layer() sequence=61341, name=Surface(name=9e67e93 InputMethod)/@0xa906ec9 - animation-leash#0@0xb400007329362000
11-18 14:04:17.034 841 841 D OppoExLayer: ~Layer() sequence=61488, name=Surface(name=9e67e93 InputMethod)/@0xa906ec9 - animation-leash#1@0xb40000732990d000
11-18 14:04:17.034 841 841 D OppoExLayer: ~Layer() sequence=61531, name=Surface(name=9e67e93 InputMethod)/@0xa906ec9 - animation-leash#1@0xb4000073299c8000
11-18 14:04:17.043 2515 2515 E Launcher.ColorBubbleTextView: mForceHideDot is false
11-18 14:04:17.043 2515 2515 I chatty : uid=10062(com.oppo.launcher) identical 1 line
11-18 14:04:17.043 2515 2515 E Launcher.ColorBubbleTextView: mForceHideDot is false
11-18 14:04:17.074 2785 28242 W CursorWindow: Window is full: requested allocation 72 bytes, free space 20 bytes, window size 2097152 bytes
11-18 14:04:17.081 14697 15219 I RestApi : RestAPI start send log!
11-18 14:04:17.082 14697 15219 I RestApi : RestAPI build data succ!
11-18 14:04:17.083 14697 15219 I RestApi : send url :ak=333341675&av=2.8.4&avsys=2.8.4&c=jlpay_apm&d=XgtwoZSz4p8DALQWBLfYHKP0&sv=6.5.1.3
11-18 14:04:17.084 14697 15219 I RestApi : packRequest success!
11-18 14:04:17.084 14697 15219 D RestApi : sendRequest use adashx, bytes length : 309
11-18 14:04:17.085 1470 1888 D IAtlas : IAtlas::init CallingPid 1470
11-18 14:04:17.085 14697 15219 D RestApi : signValue:1e6b40af3642653d54ac3765457b14f9d2b0dff8
11-18 14:04:17.085 1470 1888 D IAtlas : IAtlas::init this 0xb4000076c2dd2570
11-18 14:04:17.084 1107 1107 W Binder:1107_3: type=1400 audit(0.0:564161): avc: denied { search } for name="1470" dev="proc" ino=23538 scontext=u:r:atlasservice:s0 tcontext=u:r:system_server:s0 tclass=dir permissive=0
11-18 14:04:17.086 1107 12851 E MMListParser: open file /proc/1470/cmdline err 13
11-18 14:04:17.086 1470 1888 I BpBinder: onLastStrongRef automatically unlinking death recipients:
11-18 14:04:17.086 1470 1888 D system_server: ##Make: options.fQuality:95,quality:95,encoderMgr->imageprocessing_flag:0
11-18 14:04:17.086 1470 1888 D system_server: Resolution: 1080 x 2400; FLAG:0
11-18 14:04:17.088 14697 15219 I System.out: [OkHttp] sendRequest>>
11-18 14:04:17.089 14697 15219 I System.out: [OkHttp] sendRequest<<
11-18 14:04:17.114 1470 1888 W Bitmap : Called getWidth() on a recycle()'d bitmap! This is undefined behavior!
11-18 14:04:17.114 1470 1888 W Bitmap : Called getHeight() on a recycle()'d bitmap! This is undefined behavior!
11-18 14:04:17.124 1470 1888 D IAtlas : IAtlas::init CallingPid 1470
11-18 14:04:17.124 1470 1888 D IAtlas : IAtlas::init this 0xb4000076c2dd2570
11-18 14:04:17.125 1107 12851 E MMListParser: open file /proc/1470/cmdline err 13
11-18 14:04:17.120 1107 1107 W Binder:1107_3: type=1400 audit(0.0:564162): avc: denied { search } for name="1470" dev="proc" ino=23538 scontext=u:r:atlasservice:s0 tcontext=u:r:system_server:s0 tclass=dir permissive=0
11-18 14:04:17.125 1470 1888 I BpBinder: onLastStrongRef automatically unlinking death recipients:
11-18 14:04:17.125 1470 1888 D system_server: ##Make: options.fQuality:95,quality:95,encoderMgr->imageprocessing_flag:0
11-18 14:04:17.125 1470 1888 D system_server: Resolution: 540 x 1200; FLAG:0
11-18 14:04:17.132 1470 2461 I ColorHansManager : stateRToFFreeze--imporant case: pkgName: io.appium.uiautomator2.server, reason: lastResumeProtect
11-18 14:04:17.139 14697 15219 D RestApi : errCode:0
11-18 14:04:17.191 2515 2515 I BufferQueueConsumer: [](id:9d300000064,api:0,p:-1,c:2515) connect(): controlledByApp=true
11-18 14:04:17.191 2515 2786 I BufferQueueProducer: [ImageReader-186x186f1u256m2-2515-100](id:9d300000064,api:1,p:2515,c:2515) connect(): api=1 producerControlledByApp=true
11-18 14:04:17.196 2515 2786 E FrameEvents: updateAcquireFence: Did not find frame.
11-18 14:04:17.196 2515 2786 I BufferQueueProducer: [ImageReader-186x186f1u256m2-2515-100](id:9d300000064,api:1,p:2515,c:2515) disconnect(): api=1
11-18 14:04:17.196 2515 2515 I BufferQueueConsumer: [ImageReader-186x186f1u256m2-2515-100](id:9d300000064,api:0,p:-1,c:2515) disconnect()
11-18 14:04:17.196 2515 2515 I OplusBaseSystemVibrator: SystemVibrator vibrate is uid= 10062,opPkg =com.oppo.launcher,duration=50,effect=OneShot{mDuration=50, mAmplitude=-1},Binder.getCallingPid()=2515
11-18 14:04:17.197 822 822 D Vibrator: Vibrator off
11-18 14:04:17.197 822 822 D Vibrator: Vibrator using LED trigger
11-18 14:04:17.198 822 822 I Vibrator: Vibrator on for timeoutMs: 50
11-18 14:04:17.198 822 822 D Vibrator: Vibrator using LED trigger
11-18 14:04:17.204 1470 3546 D ColorInputMethodManagerServiceEx: onHandleImeWindowVisibleStatus handledVis: 0, switcher visible: 0, switcher active: 0, needsToShowImeSwitcher: false
11-18 14:04:17.210 1470 4265 D OppoDisplayPolicy: com.android.systemui, change system app cutoutMode: color always
11-18 14:04:17.249 822 822 D Vibrator: Vibrator off
11-18 14:04:17.249 822 822 D Vibrator: Vibrator using LED trigger
11-18 14:04:17.345 841 1311 I BufferQueueProducer: [com.oppo.launcher/com.oppo.launcher.Launcher#0](this:0xb400007334b69258,id:8377,api:1,p:2515,c:841) queueBuffer: fps=85.52 dur=1005.66 max=172.06 min=1.68
11-18 14:04:17.412 1470 1829 I mtkpower_client: perf_lock_rel, hdl:40330, tid:1829
11-18 14:04:17.412 1470 1829 I mtkpower_client: perf_lock_acq, hdl:40330, dur:0, num:4, tid:1829
11-18 14:04:17.412 809 875 I libPowerHal: [perfLockRel] hdl:40330, idx:0
11-18 14:04:17.412 809 875 I libPowerHal: [PD] scn:0 hdl:40330 lock_user:system_server pid:1470 tid:1829 dur:0
11-18 14:04:17.413 809 875 I libPowerHal: system_server: cpu_ctrl set cpu freq: -1 -1 -1 -1
11-18 14:04:17.413 809 875 I libPowerHal: [PD] system_server update cmd:1c3c000, param:1
11-18 14:04:17.413 809 875 I libPowerHal: [PD] system_server update cmd:10000100 param:2
11-18 14:04:17.414 1470 1829 I mtkpower_client: ret_hdl:40332
11-18 14:04:17.414 809 875 I libPowerHal: [perfLockAcq] idx:0 hdl:40332 hint:-1 pid:1470 duration:0 => ret_hdl:40332
11-18 14:04:17.414 809 875 I libPowerHal: [PE] scn:0 hdl:40332 lock_user:system_server pid:1470 tid:1829 dur:0
11-18 14:04:17.414 809 875 I libPowerHal: [PE] system_server update cmd:10000100, param:2
11-18 14:04:17.472 20949 21011 D HoraeHelper: getAllShellTemps tSize : 4
11-18 14:04:17.473 20949 21011 D HoraeHelper: getAllShellTemps tSize : 4
11-18 14:04:17.474 20949 21011 D HoraeHelper: Thermal length:1
11-18 14:04:17.481 20949 21011 D HoraeHelper: Thermal length:1
11-18 14:04:17.502 841 841 I BufferQueueProducer: [FramebufferSurface](this:0xb400007348832ed0,id:-1,api:1,p:841,c:841) queueBuffer: fps=21.39 dur=1122.22 max=932.91 min=6.77
11-18 14:04:17.505 809 875 I libPowerHal: [perfLockRel] hdl:40328, idx:2
11-18 14:04:17.505 809 875 I libPowerHal: [PD] scn:2 hdl:40328 hint:25 comm:mtkpower@1.0-se pid:809
11-18 14:04:17.507 809 875 I libPowerHal: [PD] MTKPOWER_HINT_APP_TOUCH update cmd:3408600 param:0
11-18 14:04:17.620 2515 2515 E Launcher.ColorBubbleTextView: mForceHideDot is true
11-18 14:04:17.779 1470 1829 I mtkpower_client: perf_lock_rel, hdl:40332, tid:1829
11-18 14:04:17.779 2515 2515 D ViewRootImpl: enqueueInputEventMotionEvent { action=ACTION_DOWN, actionButton=0, id[0]=0, x[0]=252.0, y[0]=973.0, toolType[0]=TOOL_TYPE_FINGER, buttonState=0, classification=NONE, metaState=0, flags=0x2, edgeFlags=0x0, pointerCount=1, historySize=0, eventTime=425636296, downTime=425636296, deviceId=3, source=0x1002, displayId=0 }
11-18 14:04:17.780 2515 2515 D ViewRootImpl[Launcher]: processMotionEvent MotionEvent { action=ACTION_DOWN, actionButton=0, id[0]=0, x[0]=252.0, y[0]=973.0, toolType[0]=TOOL_TYPE_FINGER, buttonState=0, classification=NONE, metaState=0, flags=0x2, edgeFlags=0x0, pointerCount=1, historySize=0, eventTime=425636296, downTime=425636296, deviceId=3, source=0x1002, displayId=0 }
11-18 14:04:17.780 2515 2515 D FlingAndToggleTouchController: canInterceptTouch: cameFromNavBar = false, mStartState = 0
11-18 14:04:17.780 1470 1829 I mtkpower_client: perf_lock_acq, hdl:40332, dur:0, num:12, tid:1829
11-18 14:04:17.780 2515 2515 D ViewRootImpl[Launcher]: dispatchPointerEvent handled=true, event=MotionEvent { action=ACTION_DOWN, actionButton=0, id[0]=0, x[0]=252.0, y[0]=973.0, toolType[0]=TOOL_TYPE_FINGER, buttonState=0, classification=NONE, metaState=0, flags=0x2, edgeFlags=0x0, pointerCount=1, historySize=0, eventTime=425636296, downTime=425636296, deviceId=3, source=0x1002, displayId=0 }
11-18 14:04:17.781 809 875 I libPowerHal: [perfLockAcq] idx:2 hdl:40333 hint:25 pid:809 duration:10000 => ret_hdl:40333
11-18 14:04:17.781 809 875 I libPowerHal: [PE] scn:2 hdl:40333 hint:25 comm:mtkpower@1.0-se pid:809
11-18 14:04:17.782 809 875 I libPowerHal: [PE] MTKPOWER_HINT_APP_TOUCH update cmd:3408600 param:1
11-18 14:04:17.783 809 819 I mtkpower@impl: [check_work_req] i:0, msg:1 hdl:40332, wait
11-18 14:04:17.783 809 875 I libPowerHal: [perfLockRel] hdl:40332, idx:0
11-18 14:04:17.783 809 875 I libPowerHal: [PD] scn:0 hdl:40332 lock_user:system_server pid:1470 tid:1829 dur:0
11-18 14:04:17.783 809 875 I libPowerHal: [PD] system_server update cmd:10000100 param:2
11-18 14:04:17.785 1470 1829 I mtkpower_client: ret_hdl:40334
11-18 14:04:17.785 809 875 I libPowerHal: [perfLockAcq] idx:0 hdl:40334 hint:-1 pid:1470 duration:0 => ret_hdl:40334
11-18 14:04:17.785 809 875 I libPowerHal: [PE] scn:0 hdl:40334 lock_user:system_server pid:1470 tid:1829 dur:0
11-18 14:04:17.786 809 875 I libPowerHal: system_server: cpu_ctrl set cpu freq: 2000000 -1 2000000 -1
11-18 14:04:17.786 809 875 I libPowerHal: [PE] system_server update cmd:1410000, param:1
11-18 14:04:17.786 809 875 I libPowerHal: [PE] system_server update cmd:1c3c000, param:0
11-18 14:04:17.786 809 875 I libPowerHal: [PE] system_server update cmd:10000100, param:2
11-18 14:04:17.844 809 875 I libPowerHal: [perfLockRel] hdl:40333, idx:2
11-18 14:04:17.844 809 875 I libPowerHal: [PD] scn:2 hdl:40333 hint:25 comm:mtkpower@1.0-se pid:809
11-18 14:04:17.844 809 875 I libPowerHal: [PD] MTKPOWER_HINT_APP_TOUCH update cmd:3408600 param:0
11-18 14:04:17.844 2515 2515 D ViewRootImpl[Launcher]: processMotionEvent MotionEvent { action=ACTION_UP, actionButton=0, id[0]=0, x[0]=252.0, y[0]=973.0, toolType[0]=TOOL_TYPE_FINGER, buttonState=0, classification=NONE, metaState=0, flags=0x2, edgeFlags=0x0, pointerCount=1, historySize=0, eventTime=425636362, downTime=425636296, deviceId=3, source=0x1002, displayId=0 }
11-18 14:04:17.844 2515 2515 D ViewRootImpl[Launcher]: dispatchPointerEvent handled=true, event=MotionEvent { action=ACTION_UP, actionButton=0, id[0]=0, x[0]=252.0, y[0]=973.0, toolType[0]=TOOL_TYPE_FINGER, buttonState=0, classification=NONE, metaState=0, flags=0x2, edgeFlags=0x0, pointerCount=1, historySize=0, eventTime=425636362, downTime=425636296, deviceId=3, source=0x1002, displayId=0 }
11-18 14:04:17.846 1470 1829 I mtkpower_client: perf_lock_rel, hdl:40334, tid:1829
11-18 14:04:17.846 1470 3546 I ActivityTaskManager: START u0 {act=android.settings.APPLICATION_DETAILS_SETTINGS dat=package:com.jlpay.merch flg=0x10008000 cmp=com.android.settings/.applications.InstalledAppDetails bnds=[174,907][354,1072] mCallingUid=10062} from uid 10062 and from pid 2515
11-18 14:04:17.846 1470 1829 I mtkpower_client: perf_lock_acq, hdl:40334, dur:0, num:12, tid:1829
11-18 14:04:17.846 809 819 I mtkpower@impl: [check_work_req] i:0, msg:1 hdl:40334, wait
11-18 14:04:17.847 809 875 I libPowerHal: [perfLockRel] hdl:40334, idx:0
11-18 14:04:17.847 809 875 I libPowerHal: [PD] scn:0 hdl:40334 lock_user:system_server pid:1470 tid:1829 dur:0
11-18 14:04:17.847 809 875 I libPowerHal: system_server: cpu_ctrl set cpu freq: -1 -1 -1 -1
11-18 14:04:17.847 809 875 I libPowerHal: [PD] system_server update cmd:1410000 param:0
11-18 14:04:17.847 809 875 I libPowerHal: [PD] system_server update cmd:1c3c000, param:1
11-18 14:04:17.847 809 875 I libPowerHal: [PD] system_server update cmd:10000100 param:2
11-18 14:04:17.847 1470 3546 E ColorZoomWindowManagerService: onConfigurationChanged rotation not changed - prevRotation: 0
11-18 14:04:17.847 841 1311 D DispPerfService: get hint proc=, idx=0 none
11-18 14:04:17.849 1470 1829 I mtkpower_client: ret_hdl:40335
11-18 14:04:17.849 809 875 I libPowerHal: [perfLockAcq] idx:0 hdl:40335 hint:-1 pid:1470 duration:0 => ret_hdl:40335
11-18 14:04:17.849 809 875 I libPowerHal: [PE] scn:0 hdl:40335 lock_user:system_server pid:1470 tid:1829 dur:0
11-18 14:04:17.849 809 875 I libPowerHal: system_server: cpu_ctrl set cpu freq: 2000000 -1 2000000 -1
11-18 14:04:17.849 809 875 I libPowerHal: [PE] system_server update cmd:1410000, param:1
11-18 14:04:17.849 809 875 I libPowerHal: [PE] system_server update cmd:1c3c000, param:0
11-18 14:04:17.850 809 875 I libPowerHal: [PE] system_server update cmd:10000100, param:2
11-18 14:04:17.850 841 1311 D DispPerfService: get hint proc=ActivityRecord{92accb1 u0 com.android.settings, idx=0 none
11-18 14:04:17.851 809 820 I mtkpower@impl: [setMode] type:5, enabled:1
11-18 14:04:17.849 1470 3546 E ColorZoomWindowManagerService: onConfigurationChanged rotation not changed - prevRotation: 0
11-18 14:04:17.851 1470 3546 V ColorZoomWindowManagerService: windowMode: 0 ,stack: Task{37d4596 #18210 visible=true type=standard mode=fullscreen translucent=true A=1000:.applications.InstalledAppDetailsTop U=0 StackId=18210 sz=1}
11-18 14:04:17.851 809 875 I libPowerHal: [perfLockAcq] idx:2 hdl:40336 hint:11 pid:809 duration:30000 => ret_hdl:40336
11-18 14:04:17.851 809 875 I libPowerHal: [PE] scn:2 hdl:40336 hint:11 comm:mtkpower@1.0-se pid:809
11-18 14:04:17.851 809 875 I libPowerHal: [PE] LAUNCH update cmd:1000000, param:0
11-18 14:04:17.851 809 875 I libPowerHal: [PE] LAUNCH update cmd:1408300, param:100
11-18 14:04:17.852 809 875 I libPowerHal: [PE] LAUNCH update cmd:300c000, param:15
11-18 14:04:17.852 809 875 I libPowerHal: [PE] LAUNCH update cmd:1000000 param:0
11-18 14:04:17.852 809 875 I libPowerHal: [perfLockRel] hdl:40331, idx:1
11-18 14:04:17.852 809 875 I libPowerHal: [PD] scn:1 hdl:40331 hint:30 comm:mtkpower@1.0-se pid:809
11-18 14:04:17.852 809 875 I libPowerHal: [PD] MTKPOWER_HINT_EXT_LAUNCH update cmd:2020000 param:1
11-18 14:04:17.853 809 875 I libPowerHal: [perfLockAcq] idx:3 hdl:40337 hint:22 pid:809 duration:10000 => ret_hdl:40337
11-18 14:04:17.853 809 875 I libPowerHal: [PE] scn:3 hdl:40337 hint:22 comm:mtkpower@1.0-se pid:809
11-18 14:04:17.857 20488 20508 I [0]DCS-StrategyManager: isNeedUpload: true, type: 2006, appID: 20058, logTag: 200581, eventID: click_shortcut_info
11-18 14:04:17.860 841 899 I SurfaceFlinger: [SF client] NEW(0xb400007334bec900) for (1470:system_server)
11-18 14:04:17.861 1470 4554 V SensorManager: setScreenShotDisableImpl
11-18 14:04:17.861 1470 4554 D SensorService: debug_oplusGeminiProximity setScreenShotDisable in SensorService
11-18 14:04:17.861 1470 1829 I mtkpower_client: perf_lock_rel, hdl:40335, tid:1829
11-18 14:04:17.861 1470 4554 I ColorHansManager : ColorHansManager : resume pkg: com.android.settings, uid:1000, prev pkg: com.oppo.launcher, prev uid: 10062
11-18 14:04:17.861 1470 1595 D ColorViewRootUtil: initSwipState, isDisplayCompatApp false
11-18 14:04:17.861 1470 4554 W ActivityTaskManager: Tried to set launchTime (0) < mLastActivityLaunchTime (425457207)
11-18 14:04:17.861 1470 1829 I mtkpower_client: perf_lock_acq, hdl:40335, dur:0, num:12, tid:1829
11-18 14:04:17.861 1470 1595 D ColorViewRootUtil: mScreenHeight 2400, mScreenWidth 1080
11-18 14:04:17.861 809 875 I libPowerHal: [perfLockRel] hdl:40335, idx:0
11-18 14:04:17.861 809 875 I libPowerHal: [PD] scn:0 hdl:40335 lock_user:system_server pid:1470 tid:1829 dur:0
11-18 14:04:17.861 809 875 I libPowerHal: [PD] system_server update cmd:1410000 param:0
11-18 14:04:17.861 809 875 I libPowerHal: [PD] system_server update cmd:1c3c000, param:1
11-18 14:04:17.861 809 875 I libPowerHal: [PD] system_server update cmd:10000100 param:2
11-18 14:04:17.862 1470 1829 I mtkpower_client: ret_hdl:40338
11-18 14:04:17.863 1470 1595 D ViewRootImpl[settings]: hardware acceleration = false , fakeHwAccelerated = true, sRendererDisabled = false, forceHwAccelerated = false, sSystemRendererDisabled = false
11-18 14:04:17.865 809 875 I libPowerHal: [perfLockAcq] idx:0 hdl:40338 hint:-1 pid:1470 duration:0 => ret_hdl:40338
11-18 14:04:17.865 809 875 I libPowerHal: [PE] scn:0 hdl:40338 lock_user:system_server pid:1470 tid:1829 dur:0
11-18 14:04:17.865 809 875 I libPowerHal: [PE] system_server update cmd:1410000, param:1
11-18 14:04:17.865 809 875 I libPowerHal: [PE] system_server update cmd:1c3c000, param:0
11-18 14:04:17.865 809 875 I libPowerHal: [PE] system_server update cmd:10000100, param:2
11-18 14:04:17.866 1470 4554 I ActivityTaskManager: perfNotifyAppState TopResumedActivityChanged ActivityRecord{92accb1 u0 com.android.settings/.applications.InstalledAppDetails t18210}
11-18 14:04:17.866 1470 1829 I mtkpower_client: perf_lock_rel, hdl:40338, tid:1829
11-18 14:04:17.866 1470 1829 I mtkpower_client: perf_lock_acq, hdl:40338, dur:0, num:10, tid:1829
11-18 14:04:17.866 1470 4554 I InputDispatcher: setFocusedApplication displayId=0
11-18 14:04:17.866 1470 4554 W WindowManager: Changing focus fromWindow{f1ec59d u0 com.oppo.launcher/com.oppo.launcher.Launcher} to null displayId=0 Callers=com.android.server.wm.RootWindowContainer.updateFocusedWindowLocked:509 com.android.server.wm.WindowManagerService.updateFocusedWindowLocked:6073 com.android.server.wm.DisplayContent.setFocusedApp:5895 com.android.server.wm.ActivityTaskManagerService.setResumedActivityUncheckLocked:5860
11-18 14:04:17.866 809 875 I libPowerHal: [perfNotifyAppState] foreground:com.android.settings, pid:13683, uid:1000
11-18 14:04:17.867 809 875 E UxUtility: notifyAppState error = NULL
11-18 14:04:17.867 809 875 I TouchUtility: notifyAppState error = NULL
11-18 14:04:17.867 809 875 I libPowerHal: [perfNotifyAppState] [activity updated] pack:com.android.settings, act:com.android.settings.applications.InstalledAppDetails
11-18 14:04:17.867 809 875 I libPowerHal: Act_Match:0, Common_index:-1
11-18 14:04:17.867 2785 30272 W OppoGuardElf: ThermalControlUtils: mForegroundPkg=com.android.settings
