11-18 14:05:08.735 15549 15997 I RestApi : send url :ak=333341675&av=2.8.4&avsys=2.8.4&c=jlpay_apm&d=XgtwoZSz4p8DALQWBLfYHKP0&sv=6.5.1.3
11-18 14:05:08.736 15549 15997 I RestApi : packRequest success!
11-18 14:05:08.736 15549 15997 D RestApi : sendRequest use adashx, bytes length : 6373
11-18 14:05:08.736 15549 15997 D RestApi : signValue:22175b00f062e69a554c94bcc12c413c211df12e
11-18 14:05:08.738 15549 15997 I System.out: [socket]:check permission begin!
11-18 14:05:08.743 15549 16005 I PRETTY_LOGGER: โ”Œโ”€โ”€โ”€โ”€โ”€โ”€โ”€โ”€โ”€โ”€โ”€โ”€โ”€โ”€โ”€โ”€โ”€โ”€โ”€โ”€โ”€โ”€โ”€โ”€โ”€โ”€โ”€โ”€โ”€โ”€โ”€โ”€โ”€โ”€โ”€โ”€โ”€โ”€โ”€โ”€โ”€โ”€โ”€โ”€โ”€โ”€โ”€โ”€โ”€โ”€โ”€โ”€โ”€โ”€โ”€โ”€โ”€โ”€โ”€โ”€โ”€โ”€โ”€โ”€โ”€โ”€โ”€โ”€โ”€โ”€โ”€โ”€โ”€โ”€โ”€โ”€โ”€โ”€โ”€โ”€โ”€โ”€โ”€โ”€โ”€โ”€โ”€โ”€โ”€โ”€โ”€โ”€โ”€โ”€โ”€โ”€โ”€โ”€โ”€โ”€โ”€โ”€โ”€โ”€โ”€โ”€โ”€โ”€โ”€โ”€โ”€โ”€
11-18 14:05:08.743 15549 16005 I PRETTY_LOGGER: โ”‚ LogUtils.i (LogUtils.java:27)
11-18 14:05:08.743 15549 16005 I PRETTY_LOGGER: โ”‚ LogUtils.i (LogUtils.java:21)
11-18 14:05:08.743 15549 16005 I PRETTY_LOGGER: โ”œโ”„โ”„โ”„โ”„โ”„โ”„โ”„โ”„โ”„โ”„โ”„โ”„โ”„โ”„โ”„โ”„โ”„โ”„โ”„โ”„โ”„โ”„โ”„โ”„โ”„โ”„โ”„โ”„โ”„โ”„โ”„โ”„โ”„โ”„โ”„โ”„โ”„โ”„โ”„โ”„โ”„โ”„โ”„โ”„โ”„โ”„โ”„โ”„โ”„โ”„โ”„โ”„โ”„โ”„โ”„โ”„โ”„โ”„โ”„โ”„โ”„โ”„โ”„โ”„โ”„โ”„โ”„โ”„โ”„โ”„โ”„โ”„โ”„โ”„โ”„โ”„โ”„โ”„โ”„โ”„โ”„โ”„โ”„โ”„โ”„โ”„โ”„โ”„โ”„โ”„โ”„โ”„โ”„โ”„โ”„โ”„โ”„โ”„โ”„โ”„โ”„โ”„โ”„โ”„โ”„โ”„โ”„โ”„โ”„โ”„โ”„โ”„
11-18 14:05:08.743 15549 16005 I PRETTY_LOGGER: โ”‚ ่ฏทๆฑ‚๏ผšhttps://merchant-dev.jlpay.com/boss_trans/tradeTodayDayTotalRpc
11-18 14:05:08.743 15549 16005 I PRETTY_LOGGER: โ”‚
11-18 14:05:08.743 15549 16005 I PRETTY_LOGGER: โ”‚ {"app_id":"162575608951564","rid":"1121323","format":"json","timestamp":1637215508740,"version":"1822","sign_type":"RSA2","sign":"1822","nonce_str":"7597d26b22b44893a5c5d9ae288f76d4","biz_content":{"merch_no":"84944037011A00O","start_time":"20211118000000","end_time":"20211118235959","token":"eyJ2ZXIiOiIxIiwidHlwIjoiSldUIiwicGxhdCI6ImFwcF9ib3NzIiwiYWxnIjoiU00zV2l0aFNNMiJ9.eyJ1aWQiOiIyMDE5MDUyMjEwMDA3NTgxIiwibmJmIjoxNjM3MjE1NTA4LCJ1bmFtZSI6IumcsuWonCIsImlzcyI6IkpMUEFZIiwidXR5cGUiOiIxIiwibW5hbWUiOiLpnLLlqJzluqblgYfmnZE2IiwiZXhwIjoxNjM5ODA3NTA4LCJkZXZpY2VJZCI6ImY1ZTQ2ZWRjLTFiNjQtNDI4MS05ZDVkLWFhZTM4OTcwMDJiMSIsImlhdCI6MTYzNzIxNTUwOCwianRpIjoiZjVlNDZlZGMtMWI2NC00MjgxLTlkNWQtYWFlMzg5NzAwMmIxIiwiY2lkIjoiNDQwMzA1MTkwNTIyMTAwMTMwMzEiLCJtbm8iOiI4NDk0NDAzNzAxMUEwME8ifQ.MEQCIGKg8_oCYcx3f6LN7vbxs9FixBjORER-daXkBEHn3JxgAiAka-sVnhU0ELBcCiS4ZP2lA4pE4yi7D6nvgGcOYHFBrg","os_type":"ANDROID","os_version":"11","device_no":"f5e46edc-1b64-4281-9d5d-aae3897002b1","device_type":"PDKM00","app_version":"2.8.4"}}
11-18 14:05:08.743 15549 16005 I PRETTY_LOGGER: โ””โ”€โ”€โ”€โ”€โ”€โ”€โ”€โ”€โ”€โ”€โ”€โ”€โ”€โ”€โ”€โ”€โ”€โ”€โ”€โ”€โ”€โ”€โ”€โ”€โ”€โ”€โ”€โ”€โ”€โ”€โ”€โ”€โ”€โ”€โ”€โ”€โ”€โ”€โ”€โ”€โ”€โ”€โ”€โ”€โ”€โ”€โ”€โ”€โ”€โ”€โ”€โ”€โ”€โ”€โ”€โ”€โ”€โ”€โ”€โ”€โ”€โ”€โ”€โ”€โ”€โ”€โ”€โ”€โ”€โ”€โ”€โ”€โ”€โ”€โ”€โ”€โ”€โ”€โ”€โ”€โ”€โ”€โ”€โ”€โ”€โ”€โ”€โ”€โ”€โ”€โ”€โ”€โ”€โ”€โ”€โ”€โ”€โ”€โ”€โ”€โ”€โ”€โ”€โ”€โ”€โ”€โ”€โ”€โ”€โ”€โ”€โ”€
11-18 14:05:08.746 15549 16006 I PRETTY_LOGGER: โ”Œโ”€โ”€โ”€โ”€โ”€โ”€โ”€โ”€โ”€โ”€โ”€โ”€โ”€โ”€โ”€โ”€โ”€โ”€โ”€โ”€โ”€โ”€โ”€โ”€โ”€โ”€โ”€โ”€โ”€โ”€โ”€โ”€โ”€โ”€โ”€โ”€โ”€โ”€โ”€โ”€โ”€โ”€โ”€โ”€โ”€โ”€โ”€โ”€โ”€โ”€โ”€โ”€โ”€โ”€โ”€โ”€โ”€โ”€โ”€โ”€โ”€โ”€โ”€โ”€โ”€โ”€โ”€โ”€โ”€โ”€โ”€โ”€โ”€โ”€โ”€โ”€โ”€โ”€โ”€โ”€โ”€โ”€โ”€โ”€โ”€โ”€โ”€โ”€โ”€โ”€โ”€โ”€โ”€โ”€โ”€โ”€โ”€โ”€โ”€โ”€โ”€โ”€โ”€โ”€โ”€โ”€โ”€โ”€โ”€โ”€โ”€โ”€
11-18 14:05:08.746 15549 16006 I PRETTY_LOGGER: โ”‚ LogUtils.i (LogUtils.java:27)
11-18 14:05:08.746 15549 16006 I PRETTY_LOGGER: โ”‚ LogUtils.i (LogUtils.java:21)
11-18 14:05:08.746 15549 16006 I PRETTY_LOGGER: โ”œโ”„โ”„โ”„โ”„โ”„โ”„โ”„โ”„โ”„โ”„โ”„โ”„โ”„โ”„โ”„โ”„โ”„โ”„โ”„โ”„โ”„โ”„โ”„โ”„โ”„โ”„โ”„โ”„โ”„โ”„โ”„โ”„โ”„โ”„โ”„โ”„โ”„โ”„โ”„โ”„โ”„โ”„โ”„โ”„โ”„โ”„โ”„โ”„โ”„โ”„โ”„โ”„โ”„โ”„โ”„โ”„โ”„โ”„โ”„โ”„โ”„โ”„โ”„โ”„โ”„โ”„โ”„โ”„โ”„โ”„โ”„โ”„โ”„โ”„โ”„โ”„โ”„โ”„โ”„โ”„โ”„โ”„โ”„โ”„โ”„โ”„โ”„โ”„โ”„โ”„โ”„โ”„โ”„โ”„โ”„โ”„โ”„โ”„โ”„โ”„โ”„โ”„โ”„โ”„โ”„โ”„โ”„โ”„โ”„โ”„โ”„โ”„
11-18 14:05:08.746 15549 16006 I PRETTY_LOGGER: โ”‚ ่ฏทๆฑ‚๏ผšhttps://merchant-dev.jlpay.com/sell/marking/list
11-18 14:05:08.746 15549 16006 I PRETTY_LOGGER: โ”‚
11-18 14:05:08.746 15549 16006 I PRETTY_LOGGER: โ”‚ {"command_id":"advertisementListRpc","pId":"200122220191125154030120997","merchant_id":"84944037011A00O"}
11-18 14:05:08.746 15549 16006 I PRETTY_LOGGER: โ””โ”€โ”€โ”€โ”€โ”€โ”€โ”€โ”€โ”€โ”€โ”€โ”€โ”€โ”€โ”€โ”€โ”€โ”€โ”€โ”€โ”€โ”€โ”€โ”€โ”€โ”€โ”€โ”€โ”€โ”€โ”€โ”€โ”€โ”€โ”€โ”€โ”€โ”€โ”€โ”€โ”€โ”€โ”€โ”€โ”€โ”€โ”€โ”€โ”€โ”€โ”€โ”€โ”€โ”€โ”€โ”€โ”€โ”€โ”€โ”€โ”€โ”€โ”€โ”€โ”€โ”€โ”€โ”€โ”€โ”€โ”€โ”€โ”€โ”€โ”€โ”€โ”€โ”€โ”€โ”€โ”€โ”€โ”€โ”€โ”€โ”€โ”€โ”€โ”€โ”€โ”€โ”€โ”€โ”€โ”€โ”€โ”€โ”€โ”€โ”€โ”€โ”€โ”€โ”€โ”€โ”€โ”€โ”€โ”€โ”€โ”€โ”€
11-18 14:05:08.746 15549 16007 I PRETTY_LOGGER: โ”Œโ”€โ”€โ”€โ”€โ”€โ”€โ”€โ”€โ”€โ”€โ”€โ”€โ”€โ”€โ”€โ”€โ”€โ”€โ”€โ”€โ”€โ”€โ”€โ”€โ”€โ”€โ”€โ”€โ”€โ”€โ”€โ”€โ”€โ”€โ”€โ”€โ”€โ”€โ”€โ”€โ”€โ”€โ”€โ”€โ”€โ”€โ”€โ”€โ”€โ”€โ”€โ”€โ”€โ”€โ”€โ”€โ”€โ”€โ”€โ”€โ”€โ”€โ”€โ”€โ”€โ”€โ”€โ”€โ”€โ”€โ”€โ”€โ”€โ”€โ”€โ”€โ”€โ”€โ”€โ”€โ”€โ”€โ”€โ”€โ”€โ”€โ”€โ”€โ”€โ”€โ”€โ”€โ”€โ”€โ”€โ”€โ”€โ”€โ”€โ”€โ”€โ”€โ”€โ”€โ”€โ”€โ”€โ”€โ”€โ”€โ”€โ”€
11-18 14:05:08.747 15549 16007 I PRETTY_LOGGER: โ”‚ LogUtils.i (LogUtils.java:27)
11-18 14:05:08.747 15549 16007 I PRETTY_LOGGER: โ”‚ LogUtils.i (LogUtils.java:21)
11-18 14:05:08.747 15549 16007 I PRETTY_LOGGER: โ”œโ”„โ”„โ”„โ”„โ”„โ”„โ”„โ”„โ”„โ”„โ”„โ”„โ”„โ”„โ”„โ”„โ”„โ”„โ”„โ”„โ”„โ”„โ”„โ”„โ”„โ”„โ”„โ”„โ”„โ”„โ”„โ”„โ”„โ”„โ”„โ”„โ”„โ”„โ”„โ”„โ”„โ”„โ”„โ”„โ”„โ”„โ”„โ”„โ”„โ”„โ”„โ”„โ”„โ”„โ”„โ”„โ”„โ”„โ”„โ”„โ”„โ”„โ”„โ”„โ”„โ”„โ”„โ”„โ”„โ”„โ”„โ”„โ”„โ”„โ”„โ”„โ”„โ”„โ”„โ”„โ”„โ”„โ”„โ”„โ”„โ”„โ”„โ”„โ”„โ”„โ”„โ”„โ”„โ”„โ”„โ”„โ”„โ”„โ”„โ”„โ”„โ”„โ”„โ”„โ”„โ”„โ”„โ”„โ”„โ”„โ”„โ”„
11-18 14:05:08.747 15549 16007 I PRETTY_LOGGER: โ”‚ ่ฏทๆฑ‚๏ผšhttps://merchant-dev.jlpay.com/h/sell-server/getPlateNavbarList
11-18 14:05:08.747 15549 16007 I PRETTY_LOGGER: โ”‚
11-18 14:05:08.747 15549 16007 I PRETTY_LOGGER: โ”‚ {"app_id":"162575608951564","rid":"1121323","format":"json","timestamp":1637215508744,"version":"1822","sign_type":"RSA2","sign":"1822","nonce_str":"0146a9faa7fa44f98b637f5afa941152","biz_content":{"command_id":"getPlateNavbarList","product":"JLPAYAPP","os_type":"ANDROID","os_version":"11","device_no":"f5e46edc-1b64-4281-9d5d-aae3897002b1","device_type":"PDKM00","app_version":"2.8.4"}}
11-18 14:05:08.747 15549 16007 I PRETTY_LOGGER: โ””โ”€โ”€โ”€โ”€โ”€โ”€โ”€โ”€โ”€โ”€โ”€โ”€โ”€โ”€โ”€โ”€โ”€โ”€โ”€โ”€โ”€โ”€โ”€โ”€โ”€โ”€โ”€โ”€โ”€โ”€โ”€โ”€โ”€โ”€โ”€โ”€โ”€โ”€โ”€โ”€โ”€โ”€โ”€โ”€โ”€โ”€โ”€โ”€โ”€โ”€โ”€โ”€โ”€โ”€โ”€โ”€โ”€โ”€โ”€โ”€โ”€โ”€โ”€โ”€โ”€โ”€โ”€โ”€โ”€โ”€โ”€โ”€โ”€โ”€โ”€โ”€โ”€โ”€โ”€โ”€โ”€โ”€โ”€โ”€โ”€โ”€โ”€โ”€โ”€โ”€โ”€โ”€โ”€โ”€โ”€โ”€โ”€โ”€โ”€โ”€โ”€โ”€โ”€โ”€โ”€โ”€โ”€โ”€โ”€โ”€โ”€โ”€
11-18 14:05:08.750 15549 15549 D MotuCrashSDK: onActivityResumed๏ผšcom.jlpay.merch.ui.main.MainActivity
11-18 14:05:08.750 15549 15549 I PRETTY_LOGGER: โ”Œโ”€โ”€โ”€โ”€โ”€โ”€โ”€โ”€โ”€โ”€โ”€โ”€โ”€โ”€โ”€โ”€โ”€โ”€โ”€โ”€โ”€โ”€โ”€โ”€โ”€โ”€โ”€โ”€โ”€โ”€โ”€โ”€โ”€โ”€โ”€โ”€โ”€โ”€โ”€โ”€โ”€โ”€โ”€โ”€โ”€โ”€โ”€โ”€โ”€โ”€โ”€โ”€โ”€โ”€โ”€โ”€โ”€โ”€โ”€โ”€โ”€โ”€โ”€โ”€โ”€โ”€โ”€โ”€โ”€โ”€โ”€โ”€โ”€โ”€โ”€โ”€โ”€โ”€โ”€โ”€โ”€โ”€โ”€โ”€โ”€โ”€โ”€โ”€โ”€โ”€โ”€โ”€โ”€โ”€โ”€โ”€โ”€โ”€โ”€โ”€โ”€โ”€โ”€โ”€โ”€โ”€โ”€โ”€โ”€โ”€โ”€โ”€
11-18 14:05:08.750 15549 15549 I PRETTY_LOGGER: โ”‚ LogUtils.i (LogUtils.java:27)
11-18 14:05:08.750 15549 15549 I PRETTY_LOGGER: โ”‚ LogUtils.i (LogUtils.java:21)
11-18 14:05:08.750 15549 15549 I PRETTY_LOGGER: โ”œโ”„โ”„โ”„โ”„โ”„โ”„โ”„โ”„โ”„โ”„โ”„โ”„โ”„โ”„โ”„โ”„โ”„โ”„โ”„โ”„โ”„โ”„โ”„โ”„โ”„โ”„โ”„โ”„โ”„โ”„โ”„โ”„โ”„โ”„โ”„โ”„โ”„โ”„โ”„โ”„โ”„โ”„โ”„โ”„โ”„โ”„โ”„โ”„โ”„โ”„โ”„โ”„โ”„โ”„โ”„โ”„โ”„โ”„โ”„โ”„โ”„โ”„โ”„โ”„โ”„โ”„โ”„โ”„โ”„โ”„โ”„โ”„โ”„โ”„โ”„โ”„โ”„โ”„โ”„โ”„โ”„โ”„โ”„โ”„โ”„โ”„โ”„โ”„โ”„โ”„โ”„โ”„โ”„โ”„โ”„โ”„โ”„โ”„โ”„โ”„โ”„โ”„โ”„โ”„โ”„โ”„โ”„โ”„โ”„โ”„โ”„โ”„
11-18 14:05:08.750 15549 15549 I PRETTY_LOGGER: โ”‚ MainActivity Resume:2019052210007581
11-18 14:05:08.750 15549 15549 I PRETTY_LOGGER: โ””โ”€โ”€โ”€โ”€โ”€โ”€โ”€โ”€โ”€โ”€โ”€โ”€โ”€โ”€โ”€โ”€โ”€โ”€โ”€โ”€โ”€โ”€โ”€โ”€โ”€โ”€โ”€โ”€โ”€โ”€โ”€โ”€โ”€โ”€โ”€โ”€โ”€โ”€โ”€โ”€โ”€โ”€โ”€โ”€โ”€โ”€โ”€โ”€โ”€โ”€โ”€โ”€โ”€โ”€โ”€โ”€โ”€โ”€โ”€โ”€โ”€โ”€โ”€โ”€โ”€โ”€โ”€โ”€โ”€โ”€โ”€โ”€โ”€โ”€โ”€โ”€โ”€โ”€โ”€โ”€โ”€โ”€โ”€โ”€โ”€โ”€โ”€โ”€โ”€โ”€โ”€โ”€โ”€โ”€โ”€โ”€โ”€โ”€โ”€โ”€โ”€โ”€โ”€โ”€โ”€โ”€โ”€โ”€โ”€โ”€โ”€โ”€
11-18 14:05:08.753 15549 16008 I PRETTY_LOGGER: โ”Œโ”€โ”€โ”€โ”€โ”€โ”€โ”€โ”€โ”€โ”€โ”€โ”€โ”€โ”€โ”€โ”€โ”€โ”€โ”€โ”€โ”€โ”€โ”€โ”€โ”€โ”€โ”€โ”€โ”€โ”€โ”€โ”€โ”€โ”€โ”€โ”€โ”€โ”€โ”€โ”€โ”€โ”€โ”€โ”€โ”€โ”€โ”€โ”€โ”€โ”€โ”€โ”€โ”€โ”€โ”€โ”€โ”€โ”€โ”€โ”€โ”€โ”€โ”€โ”€โ”€โ”€โ”€โ”€โ”€โ”€โ”€โ”€โ”€โ”€โ”€โ”€โ”€โ”€โ”€โ”€โ”€โ”€โ”€โ”€โ”€โ”€โ”€โ”€โ”€โ”€โ”€โ”€โ”€โ”€โ”€โ”€โ”€โ”€โ”€โ”€โ”€โ”€โ”€โ”€โ”€โ”€โ”€โ”€โ”€โ”€โ”€โ”€
11-18 14:05:08.754 15549 16008 I PRETTY_LOGGER: โ”‚ LogUtils.i (LogUtils.java:27)
11-18 14:05:08.754 15549 16008 I PRETTY_LOGGER: โ”‚ LogUtils.i (LogUtils.java:21)
11-18 14:05:08.754 15549 16008 I PRETTY_LOGGER: โ”œโ”„โ”„โ”„โ”„โ”„โ”„โ”„โ”„โ”„โ”„โ”„โ”„โ”„โ”„โ”„โ”„โ”„โ”„โ”„โ”„โ”„โ”„โ”„โ”„โ”„โ”„โ”„โ”„โ”„โ”„โ”„โ”„โ”„โ”„โ”„โ”„โ”„โ”„โ”„โ”„โ”„โ”„โ”„โ”„โ”„โ”„โ”„โ”„โ”„โ”„โ”„โ”„โ”„โ”„โ”„โ”„โ”„โ”„โ”„โ”„โ”„โ”„โ”„โ”„โ”„โ”„โ”„โ”„โ”„โ”„โ”„โ”„โ”„โ”„โ”„โ”„โ”„โ”„โ”„โ”„โ”„โ”„โ”„โ”„โ”„โ”„โ”„โ”„โ”„โ”„โ”„โ”„โ”„โ”„โ”„โ”„โ”„โ”„โ”„โ”„โ”„โ”„โ”„โ”„โ”„โ”„โ”„โ”„โ”„โ”„โ”„โ”„
11-18 14:05:08.754 15549 16008 I PRETTY_LOGGER: โ”‚ ่ฏทๆฑ‚๏ผšhttps://login-api-dev.jlpay.com/boss_user/getUnreadMsgNumRpc
11-18 14:05:08.754 15549 16008 I PRETTY_LOGGER: โ”‚
11-18 14:05:08.754 15549 16008 I PRETTY_LOGGER: โ”‚ {"app_id":"162575608951564","rid":"1121323","format":"json","timestamp":1637215508751,"version":"1822","sign_type":"RSA2","sign":"1822","nonce_str":"530b54a2c29f4936a7efc3c76788aca8","biz_content":{"token":"eyJ2ZXIiOiIxIiwidHlwIjoiSldUIiwicGxhdCI6ImFwcF9ib3NzIiwiYWxnIjoiU00zV2l0aFNNMiJ9.eyJ1aWQiOiIyMDE5MDUyMjEwMDA3NTgxIiwibmJmIjoxNjM3MjE1NTA4LCJ1bmFtZSI6IumcsuWonCIsImlzcyI6IkpMUEFZIiwidXR5cGUiOiIxIiwibW5hbWUiOiLpnLLlqJzluqblgYfmnZE2IiwiZXhwIjoxNjM5ODA3NTA4LCJkZXZpY2VJZCI6ImY1ZTQ2ZWRjLTFiNjQtNDI4MS05ZDVkLWFhZTM4OTcwMDJiMSIsImlhdCI6MTYzNzIxNTUwOCwianRpIjoiZjVlNDZlZGMtMWI2NC00MjgxLTlkNWQtYWFlMzg5NzAwMmIxIiwiY2lkIjoiNDQwMzA1MTkwNTIyMTAwMTMwMzEiLCJtbm8iOiI4NDk0NDAzNzAxMUEwME8ifQ.MEQCIGKg8_oCYcx3f6LN7vbxs9FixBjORER-daXkBEHn3JxgAiAka-sVnhU0ELBcCiS4ZP2lA4pE4yi7D6nvgGcOYHFBrg","os_type":"ANDROID","os_version":"11","device_no":"f5e46edc-1b64-4281-9d5d-aae3897002b1","device_type":"PDKM00","app_version":"2.8.4"}}
11-18 14:05:08.754 15549 16008 I PRETTY_LOGGER: โ””โ”€โ”€โ”€โ”€โ”€โ”€โ”€โ”€โ”€โ”€โ”€โ”€โ”€โ”€โ”€โ”€โ”€โ”€โ”€โ”€โ”€โ”€โ”€โ”€โ”€โ”€โ”€โ”€โ”€โ”€โ”€โ”€โ”€โ”€โ”€โ”€โ”€โ”€โ”€โ”€โ”€โ”€โ”€โ”€โ”€โ”€โ”€โ”€โ”€โ”€โ”€โ”€โ”€โ”€โ”€โ”€โ”€โ”€โ”€โ”€โ”€โ”€โ”€โ”€โ”€โ”€โ”€โ”€โ”€โ”€โ”€โ”€โ”€โ”€โ”€โ”€โ”€โ”€โ”€โ”€โ”€โ”€โ”€โ”€โ”€โ”€โ”€โ”€โ”€โ”€โ”€โ”€โ”€โ”€โ”€โ”€โ”€โ”€โ”€โ”€โ”€โ”€โ”€โ”€โ”€โ”€โ”€โ”€โ”€โ”€โ”€โ”€
11-18 14:05:08.754 15549 15549 V PhoneWindow: DecorView setVisiblity: visibility = 4, Parent = null, this = DecorView@114f08d[]
11-18 14:05:08.755 15549 15990 D RestApi : hostadash-emas.cn-hangzhou.aliyuncs.comport443autoClosetrue
11-18 14:05:08.756 841 1311 I SurfaceFlinger: [SF client] NEW(0xb400007329d688c0) for (15549:com.jlpay.merch)
11-18 14:05:08.756 15549 15990 I System.out: [socket]:check permission begin!
11-18 14:05:08.757 15549 16009 I PRETTY_LOGGER: โ”Œโ”€โ”€โ”€โ”€โ”€โ”€โ”€โ”€โ”€โ”€โ”€โ”€โ”€โ”€โ”€โ”€โ”€โ”€โ”€โ”€โ”€โ”€โ”€โ”€โ”€โ”€โ”€โ”€โ”€โ”€โ”€โ”€โ”€โ”€โ”€โ”€โ”€โ”€โ”€โ”€โ”€โ”€โ”€โ”€โ”€โ”€โ”€โ”€โ”€โ”€โ”€โ”€โ”€โ”€โ”€โ”€โ”€โ”€โ”€โ”€โ”€โ”€โ”€โ”€โ”€โ”€โ”€โ”€โ”€โ”€โ”€โ”€โ”€โ”€โ”€โ”€โ”€โ”€โ”€โ”€โ”€โ”€โ”€โ”€โ”€โ”€โ”€โ”€โ”€โ”€โ”€โ”€โ”€โ”€โ”€โ”€โ”€โ”€โ”€โ”€โ”€โ”€โ”€โ”€โ”€โ”€โ”€โ”€โ”€โ”€โ”€โ”€
11-18 14:05:08.757 15549 16009 I PRETTY_LOGGER: โ”‚ LogUtils.i (LogUtils.java:27)
11-18 14:05:08.757 15549 16009 I PRETTY_LOGGER: โ”‚ LogUtils.i (LogUtils.java:21)
11-18 14:05:08.757 15549 16009 I PRETTY_LOGGER: โ”œโ”„โ”„โ”„โ”„โ”„โ”„โ”„โ”„โ”„โ”„โ”„โ”„โ”„โ”„โ”„โ”„โ”„โ”„โ”„โ”„โ”„โ”„โ”„โ”„โ”„โ”„โ”„โ”„โ”„โ”„โ”„โ”„โ”„โ”„โ”„โ”„โ”„โ”„โ”„โ”„โ”„โ”„โ”„โ”„โ”„โ”„โ”„โ”„โ”„โ”„โ”„โ”„โ”„โ”„โ”„โ”„โ”„โ”„โ”„โ”„โ”„โ”„โ”„โ”„โ”„โ”„โ”„โ”„โ”„โ”„โ”„โ”„โ”„โ”„โ”„โ”„โ”„โ”„โ”„โ”„โ”„โ”„โ”„โ”„โ”„โ”„โ”„โ”„โ”„โ”„โ”„โ”„โ”„โ”„โ”„โ”„โ”„โ”„โ”„โ”„โ”„โ”„โ”„โ”„โ”„โ”„โ”„โ”„โ”„โ”„โ”„โ”„
11-18 14:05:08.757 15549 16009 I PRETTY_LOGGER: โ”‚ ่ฏทๆฑ‚๏ผšhttps://merchant-dev.jlpay.com/boss_trans/newSuccessOrderRpc
11-18 14:05:08.757 15549 16009 I PRETTY_LOGGER: โ”‚
11-18 14:05:08.757 15549 16009 I PRETTY_LOGGER: โ”‚ {"app_id":"162575608951564","rid":"1121323","format":"json","timestamp":1637215508753,"version":"1822","sign_type":"RSA2","sign":"1822","nonce_str":"65c690eaa42243c7be0ff3f3b02eeda8","biz_content":{"merch_no":"84944037011A00O","token":"eyJ2ZXIiOiIxIiwidHlwIjoiSldUIiwicGxhdCI6ImFwcF9ib3NzIiwiYWxnIjoiU00zV2l0aFNNMiJ9.eyJ1aWQiOiIyMDE5MDUyMjEwMDA3NTgxIiwibmJmIjoxNjM3MjE1NTA4LCJ1bmFtZSI6IumcsuWonCIsImlzcyI6IkpMUEFZIiwidXR5cGUiOiIxIiwibW5hbWUiOiLpnLLlqJzluqblgYfmnZE2IiwiZXhwIjoxNjM5ODA3NTA4LCJkZXZpY2VJZCI6ImY1ZTQ2ZWRjLTFiNjQtNDI4MS05ZDVkLWFhZTM4OTcwMDJiMSIsImlhdCI6MTYzNzIxNTUwOCwianRpIjoiZjVlNDZlZGMtMWI2NC00MjgxLTlkNWQtYWFlMzg5NzAwMmIxIiwiY2lkIjoiNDQwMzA1MTkwNTIyMTAwMTMwMzEiLCJtbm8iOiI4NDk0NDAzNzAxMUEwME8ifQ.MEQCIGKg8_oCYcx3f6LN7vbxs9FixBjORER-daXkBEHn3JxgAiAka-sVnhU0ELBcCiS4ZP2lA4pE4yi7D6nvgGcOYHFBrg","os_type":"ANDROID","os_version":"11","device_no":"f5e46edc-1b64-4281-9d5d-aae3897002b1","device_type":"PDKM00","app_version":"2.8.4"}}
11-18 14:05:08.757 15549 16009 I PRETTY_LOGGER: โ””โ”€โ”€โ”€โ”€โ”€โ”€โ”€โ”€โ”€โ”€โ”€โ”€โ”€โ”€โ”€โ”€โ”€โ”€โ”€โ”€โ”€โ”€โ”€โ”€โ”€โ”€โ”€โ”€โ”€โ”€โ”€โ”€โ”€โ”€โ”€โ”€โ”€โ”€โ”€โ”€โ”€โ”€โ”€โ”€โ”€โ”€โ”€โ”€โ”€โ”€โ”€โ”€โ”€โ”€โ”€โ”€โ”€โ”€โ”€โ”€โ”€โ”€โ”€โ”€โ”€โ”€โ”€โ”€โ”€โ”€โ”€โ”€โ”€โ”€โ”€โ”€โ”€โ”€โ”€โ”€โ”€โ”€โ”€โ”€โ”€โ”€โ”€โ”€โ”€โ”€โ”€โ”€โ”€โ”€โ”€โ”€โ”€โ”€โ”€โ”€โ”€โ”€โ”€โ”€โ”€โ”€โ”€โ”€โ”€โ”€โ”€โ”€
11-18 14:05:08.758 15549 15549 D ColorViewRootUtil: initSwipState, isDisplayCompatApp false
11-18 14:05:08.758 15549 15549 D ColorViewRootUtil: mScreenHeight 2400, mScreenWidth 1080
11-18 14:05:08.759 15549 15771 D MobclickAgent: ๅปถ็ปญไธŠไธ€ไธชไผš่ฏ: 9B78C915D769800156BDA4A0D7CAD150
11-18 14:05:08.759 15549 15772 I System.out: [OkHttp] sendRequest>>
11-18 14:05:08.760 15549 15772 I System.out: [OkHttp] sendRequest<<
11-18 14:05:08.760 15549 15549 D ViewRootImpl[MainActivity]: hardware acceleration = true , fakeHwAccelerated = false, sRendererDisabled = false, forceHwAccelerated = false, sSystemRendererDisabled = false
11-18 14:05:08.762 15549 15771 W SQLiteLog: (28) double-quoted string literal: "9B78C915D769800156BDA4A0D7CAD150"
11-18 14:05:08.762 15549 15771 W SQLiteLog: (28) double-quoted string literal: ""
11-18 14:05:08.762 1470 1572 D OppoDisplayPolicy: com.jlpay.merch, setting cutoutMode: color always
11-18 14:05:08.762 15549 15771 W SQLiteLog: (28) double-quoted string literal: "9B78C915D769800156BDA4A0D7CAD150"
11-18 14:05:08.762 15549 15771 W SQLiteLog: (28) double-quoted string literal: "-1"
11-18 14:05:08.763 841 1311 D DispPerfService: get hint proc=fc8d0b6 com.jlpay.merch, idx=0 none
11-18 14:05:08.764 15549 15549 E libEGL : Invalid file path for libcolorx-loader.so
11-18 14:05:08.764 15549 15549 I chatty : uid=11378(com.jlpay.merch) identical 4 lines
11-18 14:05:08.764 15549 15549 E libEGL : Invalid file path for libcolorx-loader.so
11-18 14:05:08.765 15549 15549 I InputTransport: Create ARC handle: 0xb4000076e35f89c0
11-18 14:05:08.765 15549 15977 I System.out: [OkHttp] sendRequest>>
11-18 14:05:08.765 15549 15977 I System.out: [OkHttp] sendRequest<<
11-18 14:05:08.769 15549 15549 V PhoneWindow: DecorView setVisiblity: visibility = 0, Parent = android.view.ViewRootImpl@435279a, this = DecorView@114f08d[MainActivity]
11-18 14:05:08.771 15549 15549 W com.jlpay.merc: Accessing hidden field Landroid/app/LoadedApk;->mActivityThread:Landroid/app/ActivityThread; (greylist, reflection, allowed)
11-18 14:05:08.771 15549 15549 W com.jlpay.merc: Accessing hidden field Landroid/app/ActivityThread;->mActivities:Landroid/util/ArrayMap; (greylist, reflection, allowed)
11-18 14:05:08.771 15549 15549 W com.jlpay.merc: Accessing hidden field Landroid/app/ActivityThread$ActivityClientRecord;->activity:Landroid/app/Activity; (greylist, reflection, allowed)
11-18 14:05:08.772 15549 15549 W com.jlpay.merc: Accessing hidden field Landroid/app/ActivityThread$ActivityClientRecord;->paused:Z (greylist, reflection, allowed)
11-18 14:05:08.772 15549 15549 W com.jlpay.merc: Accessing hidden field Landroid/app/ActivityThread$ActivityClientRecord;->stopped:Z (greylist, reflection, allowed)
11-18 14:05:08.772 15549 15997 D RestApi : hostadash-emas.cn-hangzhou.aliyuncs.comport443autoClosetrue
11-18 14:05:08.772 15549 15771 D UMLog : ๅฝ“ๅ‰ๅ‘้€็ญ–็•ฅไธบ๏ผšๅฏๅŠจๆ—ถๅ‘้€ใ€‚่ฏฆ่ง้“พๆŽฅ https://developer.umeng.com/docs/66632/detail/66976?um_channel=sdk
11-18 14:05:08.773 15549 15997 I System.out: [socket]:check permission begin!
11-18 14:05:08.776 15549 15549 I PRETTY_LOGGER: โ”Œโ”€โ”€โ”€โ”€โ”€โ”€โ”€โ”€โ”€โ”€โ”€โ”€โ”€โ”€โ”€โ”€โ”€โ”€โ”€โ”€โ”€โ”€โ”€โ”€โ”€โ”€โ”€โ”€โ”€โ”€โ”€โ”€โ”€โ”€โ”€โ”€โ”€โ”€โ”€โ”€โ”€โ”€โ”€โ”€โ”€โ”€โ”€โ”€โ”€โ”€โ”€โ”€โ”€โ”€โ”€โ”€โ”€โ”€โ”€โ”€โ”€โ”€โ”€โ”€โ”€โ”€โ”€โ”€โ”€โ”€โ”€โ”€โ”€โ”€โ”€โ”€โ”€โ”€โ”€โ”€โ”€โ”€โ”€โ”€โ”€โ”€โ”€โ”€โ”€โ”€โ”€โ”€โ”€โ”€โ”€โ”€โ”€โ”€โ”€โ”€โ”€โ”€โ”€โ”€โ”€โ”€โ”€โ”€โ”€โ”€โ”€โ”€
11-18 14:05:08.777 15549 15549 I PRETTY_LOGGER: โ”‚ LogUtils.i (LogUtils.java:27)
11-18 14:05:08.777 15549 15549 I PRETTY_LOGGER: โ”‚ LogUtils.i (LogUtils.java:21)
11-18 14:05:08.777 15549 15549 I PRETTY_LOGGER: โ”œโ”„โ”„โ”„โ”„โ”„โ”„โ”„โ”„โ”„โ”„โ”„โ”„โ”„โ”„โ”„โ”„โ”„โ”„โ”„โ”„โ”„โ”„โ”„โ”„โ”„โ”„โ”„โ”„โ”„โ”„โ”„โ”„โ”„โ”„โ”„โ”„โ”„โ”„โ”„โ”„โ”„โ”„โ”„โ”„โ”„โ”„โ”„โ”„โ”„โ”„โ”„โ”„โ”„โ”„โ”„โ”„โ”„โ”„โ”„โ”„โ”„โ”„โ”„โ”„โ”„โ”„โ”„โ”„โ”„โ”„โ”„โ”„โ”„โ”„โ”„โ”„โ”„โ”„โ”„โ”„โ”„โ”„โ”„โ”„โ”„โ”„โ”„โ”„โ”„โ”„โ”„โ”„โ”„โ”„โ”„โ”„โ”„โ”„โ”„โ”„โ”„โ”„โ”„โ”„โ”„โ”„โ”„โ”„โ”„โ”„โ”„โ”„
11-18 14:05:08.777 15549 15549 I PRETTY_LOGGER: โ”‚ pudh_PushService onCreate
11-18 14:05:08.777 15549 15549 I PRETTY_LOGGER: โ””โ”€โ”€โ”€โ”€โ”€โ”€โ”€โ”€โ”€โ”€โ”€โ”€โ”€โ”€โ”€โ”€โ”€โ”€โ”€โ”€โ”€โ”€โ”€โ”€โ”€โ”€โ”€โ”€โ”€โ”€โ”€โ”€โ”€โ”€โ”€โ”€โ”€โ”€โ”€โ”€โ”€โ”€โ”€โ”€โ”€โ”€โ”€โ”€โ”€โ”€โ”€โ”€โ”€โ”€โ”€โ”€โ”€โ”€โ”€โ”€โ”€โ”€โ”€โ”€โ”€โ”€โ”€โ”€โ”€โ”€โ”€โ”€โ”€โ”€โ”€โ”€โ”€โ”€โ”€โ”€โ”€โ”€โ”€โ”€โ”€โ”€โ”€โ”€โ”€โ”€โ”€โ”€โ”€โ”€โ”€โ”€โ”€โ”€โ”€โ”€โ”€โ”€โ”€โ”€โ”€โ”€โ”€โ”€โ”€โ”€โ”€โ”€
11-18 14:05:08.777 15549 15549 I PRETTY_LOGGER: โ”Œโ”€โ”€โ”€โ”€โ”€โ”€โ”€โ”€โ”€โ”€โ”€โ”€โ”€โ”€โ”€โ”€โ”€โ”€โ”€โ”€โ”€โ”€โ”€โ”€โ”€โ”€โ”€โ”€โ”€โ”€โ”€โ”€โ”€โ”€โ”€โ”€โ”€โ”€โ”€โ”€โ”€โ”€โ”€โ”€โ”€โ”€โ”€โ”€โ”€โ”€โ”€โ”€โ”€โ”€โ”€โ”€โ”€โ”€โ”€โ”€โ”€โ”€โ”€โ”€โ”€โ”€โ”€โ”€โ”€โ”€โ”€โ”€โ”€โ”€โ”€โ”€โ”€โ”€โ”€โ”€โ”€โ”€โ”€โ”€โ”€โ”€โ”€โ”€โ”€โ”€โ”€โ”€โ”€โ”€โ”€โ”€โ”€โ”€โ”€โ”€โ”€โ”€โ”€โ”€โ”€โ”€โ”€โ”€โ”€โ”€โ”€โ”€
11-18 14:05:08.777 15549 15549 I PRETTY_LOGGER: โ”‚ LogUtils.i (LogUtils.java:27)
11-18 14:05:08.777 15549 15549 I PRETTY_LOGGER: โ”‚ LogUtils.i (LogUtils.java:21)
11-18 14:05:08.777 15549 15549 I PRETTY_LOGGER: โ”œโ”„โ”„โ”„โ”„โ”„โ”„โ”„โ”„โ”„โ”„โ”„โ”„โ”„โ”„โ”„โ”„โ”„โ”„โ”„โ”„โ”„โ”„โ”„โ”„โ”„โ”„โ”„โ”„โ”„โ”„โ”„โ”„โ”„โ”„โ”„โ”„โ”„โ”„โ”„โ”„โ”„โ”„โ”„โ”„โ”„โ”„โ”„โ”„โ”„โ”„โ”„โ”„โ”„โ”„โ”„โ”„โ”„โ”„โ”„โ”„โ”„โ”„โ”„โ”„โ”„โ”„โ”„โ”„โ”„โ”„โ”„โ”„โ”„โ”„โ”„โ”„โ”„โ”„โ”„โ”„โ”„โ”„โ”„โ”„โ”„โ”„โ”„โ”„โ”„โ”„โ”„โ”„โ”„โ”„โ”„โ”„โ”„โ”„โ”„โ”„โ”„โ”„โ”„โ”„โ”„โ”„โ”„โ”„โ”„โ”„โ”„โ”„
11-18 14:05:08.777 15549 15549 I PRETTY_LOGGER: โ”‚ push userid=2019052210007581
11-18 14:05:08.777 15549 15549 I PRETTY_LOGGER: โ””โ”€โ”€โ”€โ”€โ”€โ”€โ”€โ”€โ”€โ”€โ”€โ”€โ”€โ”€โ”€โ”€โ”€โ”€โ”€โ”€โ”€โ”€โ”€โ”€โ”€โ”€โ”€โ”€โ”€โ”€โ”€โ”€โ”€โ”€โ”€โ”€โ”€โ”€โ”€โ”€โ”€โ”€โ”€โ”€โ”€โ”€โ”€โ”€โ”€โ”€โ”€โ”€โ”€โ”€โ”€โ”€โ”€โ”€โ”€โ”€โ”€โ”€โ”€โ”€โ”€โ”€โ”€โ”€โ”€โ”€โ”€โ”€โ”€โ”€โ”€โ”€โ”€โ”€โ”€โ”€โ”€โ”€โ”€โ”€โ”€โ”€โ”€โ”€โ”€โ”€โ”€โ”€โ”€โ”€โ”€โ”€โ”€โ”€โ”€โ”€โ”€โ”€โ”€โ”€โ”€โ”€โ”€โ”€โ”€โ”€โ”€โ”€
11-18 14:05:08.777 15549 15979 D SendMessage: pull request message:
11-18 14:05:08.777 15549 15979 W TLOG_MONITOR: MSG_PULL:TLOG.FileUploadHandler:ๆถˆๆฏๆ‹‰ๅ–๏ผšไธปๅŠจๅ‘้€ๆถˆๆฏ๏ผŒๆ‹‰ๅ–ไปปๅŠก
11-18 14:05:08.779 15549 15549 I PRETTY_LOGGER: โ”Œโ”€โ”€โ”€โ”€โ”€โ”€โ”€โ”€โ”€โ”€โ”€โ”€โ”€โ”€โ”€โ”€โ”€โ”€โ”€โ”€โ”€โ”€โ”€โ”€โ”€โ”€โ”€โ”€โ”€โ”€โ”€โ”€โ”€โ”€โ”€โ”€โ”€โ”€โ”€โ”€โ”€โ”€โ”€โ”€โ”€โ”€โ”€โ”€โ”€โ”€โ”€โ”€โ”€โ”€โ”€โ”€โ”€โ”€โ”€โ”€โ”€โ”€โ”€โ”€โ”€โ”€โ”€โ”€โ”€โ”€โ”€โ”€โ”€โ”€โ”€โ”€โ”€โ”€โ”€โ”€โ”€โ”€โ”€โ”€โ”€โ”€โ”€โ”€โ”€โ”€โ”€โ”€โ”€โ”€โ”€โ”€โ”€โ”€โ”€โ”€โ”€โ”€โ”€โ”€โ”€โ”€โ”€โ”€โ”€โ”€โ”€โ”€
11-18 14:05:08.779 15549 15549 I PRETTY_LOGGER: โ”‚ LogUtils.i (LogUtils.java:27)
11-18 14:05:08.779 15549 15549 I PRETTY_LOGGER: โ”‚ LogUtils.i (LogUtils.java:21)
11-18 14:05:08.779 15549 15549 I PRETTY_LOGGER: โ”œโ”„โ”„โ”„โ”„โ”„โ”„โ”„โ”„โ”„โ”„โ”„โ”„โ”„โ”„โ”„โ”„โ”„โ”„โ”„โ”„โ”„โ”„โ”„โ”„โ”„โ”„โ”„โ”„โ”„โ”„โ”„โ”„โ”„โ”„โ”„โ”„โ”„โ”„โ”„โ”„โ”„โ”„โ”„โ”„โ”„โ”„โ”„โ”„โ”„โ”„โ”„โ”„โ”„โ”„โ”„โ”„โ”„โ”„โ”„โ”„โ”„โ”„โ”„โ”„โ”„โ”„โ”„โ”„โ”„โ”„โ”„โ”„โ”„โ”„โ”„โ”„โ”„โ”„โ”„โ”„โ”„โ”„โ”„โ”„โ”„โ”„โ”„โ”„โ”„โ”„โ”„โ”„โ”„โ”„โ”„โ”„โ”„โ”„โ”„โ”„โ”„โ”„โ”„โ”„โ”„โ”„โ”„โ”„โ”„โ”„โ”„โ”„
11-18 14:05:08.779 15549 15549 I PRETTY_LOGGER: โ”‚ push jmqtt ==> userName=Signature|LTAI5tFJ4CnbLgGvhdDNLi16|post-cn-7pp27hyxg0l,clientId=GID_IOT@@@f5e46edc-1b64-4281-9d5d-aae3897002b1
11-18 14:05:08.779 15549 15549 I PRETTY_LOGGER: โ””โ”€โ”€โ”€โ”€โ”€โ”€โ”€โ”€โ”€โ”€โ”€โ”€โ”€โ”€โ”€โ”€โ”€โ”€โ”€โ”€โ”€โ”€โ”€โ”€โ”€โ”€โ”€โ”€โ”€โ”€โ”€โ”€โ”€โ”€โ”€โ”€โ”€โ”€โ”€โ”€โ”€โ”€โ”€โ”€โ”€โ”€โ”€โ”€โ”€โ”€โ”€โ”€โ”€โ”€โ”€โ”€โ”€โ”€โ”€โ”€โ”€โ”€โ”€โ”€โ”€โ”€โ”€โ”€โ”€โ”€โ”€โ”€โ”€โ”€โ”€โ”€โ”€โ”€โ”€โ”€โ”€โ”€โ”€โ”€โ”€โ”€โ”€โ”€โ”€โ”€โ”€โ”€โ”€โ”€โ”€โ”€โ”€โ”€โ”€โ”€โ”€โ”€โ”€โ”€โ”€โ”€โ”€โ”€โ”€โ”€โ”€โ”€
11-18 14:05:08.785 15549 16012 I PRETTY_LOGGER: โ”Œโ”€โ”€โ”€โ”€โ”€โ”€โ”€โ”€โ”€โ”€โ”€โ”€โ”€โ”€โ”€โ”€โ”€โ”€โ”€โ”€โ”€โ”€โ”€โ”€โ”€โ”€โ”€โ”€โ”€โ”€โ”€โ”€โ”€โ”€โ”€โ”€โ”€โ”€โ”€โ”€โ”€โ”€โ”€โ”€โ”€โ”€โ”€โ”€โ”€โ”€โ”€โ”€โ”€โ”€โ”€โ”€โ”€โ”€โ”€โ”€โ”€โ”€โ”€โ”€โ”€โ”€โ”€โ”€โ”€โ”€โ”€โ”€โ”€โ”€โ”€โ”€โ”€โ”€โ”€โ”€โ”€โ”€โ”€โ”€โ”€โ”€โ”€โ”€โ”€โ”€โ”€โ”€โ”€โ”€โ”€โ”€โ”€โ”€โ”€โ”€โ”€โ”€โ”€โ”€โ”€โ”€โ”€โ”€โ”€โ”€โ”€โ”€
11-18 14:05:08.785 15549 16012 I PRETTY_LOGGER: โ”‚ LogUtils.i (LogUtils.java:27)
11-18 14:05:08.785 15549 16012 I PRETTY_LOGGER: โ”‚ LogUtils.i (LogUtils.java:21)
11-18 14:05:08.785 15549 16012 I PRETTY_LOGGER: โ”œโ”„โ”„โ”„โ”„โ”„โ”„โ”„โ”„โ”„โ”„โ”„โ”„โ”„โ”„โ”„โ”„โ”„โ”„โ”„โ”„โ”„โ”„โ”„โ”„โ”„โ”„โ”„โ”„โ”„โ”„โ”„โ”„โ”„โ”„โ”„โ”„โ”„โ”„โ”„โ”„โ”„โ”„โ”„โ”„โ”„โ”„โ”„โ”„โ”„โ”„โ”„โ”„โ”„โ”„โ”„โ”„โ”„โ”„โ”„โ”„โ”„โ”„โ”„โ”„โ”„โ”„โ”„โ”„โ”„โ”„โ”„โ”„โ”„โ”„โ”„โ”„โ”„โ”„โ”„โ”„โ”„โ”„โ”„โ”„โ”„โ”„โ”„โ”„โ”„โ”„โ”„โ”„โ”„โ”„โ”„โ”„โ”„โ”„โ”„โ”„โ”„โ”„โ”„โ”„โ”„โ”„โ”„โ”„โ”„โ”„โ”„โ”„
11-18 14:05:08.785 15549 16012 I PRETTY_LOGGER: โ”‚ ่ฏทๆฑ‚๏ผšhttps://merchant-dev.jlpay.com/boss_merch/updateUserParamsRpc
11-18 14:05:08.785 15549 16012 I PRETTY_LOGGER: โ”‚
11-18 14:05:08.785 15549 16012 I PRETTY_LOGGER: โ”‚ {"app_id":"162575608951564","rid":"1121323","format":"json","timestamp":1637215508783,"version":"1822","sign_type":"RSA2","sign":"1822","nonce_str":"95ba5eb99a3546979bf508de229103f4","biz_content":{"merch_no":"84944037011A00O","user_id":"2019052210007581","param_type":"oppo","param_value":"","login_status":"1","function_list":"1,2,3","token":"eyJ2ZXIiOiIxIiwidHlwIjoiSldUIiwicGxhdCI6ImFwcF9ib3NzIiwiYWxnIjoiU00zV2l0aFNNMiJ9.eyJ1aWQiOiIyMDE5MDUyMjEwMDA3NTgxIiwibmJmIjoxNjM3MjE1NTA4LCJ1bmFtZSI6IumcsuWonCIsImlzcyI6IkpMUEFZIiwidXR5cGUiOiIxIiwibW5hbWUiOiLpnLLlqJzluqblgYfmnZE2IiwiZXhwIjoxNjM5ODA3NTA4LCJkZXZpY2VJZCI6ImY1ZTQ2ZWRjLTFiNjQtNDI4MS05ZDVkLWFhZTM4OTcwMDJiMSIsImlhdCI6MTYzNzIxNTUwOCwianRpIjoiZjVlNDZlZGMtMWI2NC00MjgxLTlkNWQtYWFlMzg5NzAwMmIxIiwiY2lkIjoiNDQwMzA1MTkwNTIyMTAwMTMwMzEiLCJtbm8iOiI4NDk0NDAzNzAxMUEwME8ifQ.MEQCIGKg8_oCYcx3f6LN7vbxs9FixBjORER-daXkBEHn3JxgAiAka-sVnhU0ELBcCiS4ZP2lA4pE4yi7D6nvgGcOYHFBrg","os_type":"ANDROID","os_version":"11","device_no":"f5e46edc-1b64-4281-9d5d-aae3897002b1","device_type":"PDKM00","app_version":"2.8.4"}}
11-18 14:05:08.785 15549 16012 I PRETTY_LOGGER: โ””โ”€โ”€โ”€โ”€โ”€โ”€โ”€โ”€โ”€โ”€โ”€โ”€โ”€โ”€โ”€โ”€โ”€โ”€โ”€โ”€โ”€โ”€โ”€โ”€โ”€โ”€โ”€โ”€โ”€โ”€โ”€โ”€โ”€โ”€โ”€โ”€โ”€โ”€โ”€โ”€โ”€โ”€โ”€โ”€โ”€โ”€โ”€โ”€โ”€โ”€โ”€โ”€โ”€โ”€โ”€โ”€โ”€โ”€โ”€โ”€โ”€โ”€โ”€โ”€โ”€โ”€โ”€โ”€โ”€โ”€โ”€โ”€โ”€โ”€โ”€โ”€โ”€โ”€โ”€โ”€โ”€โ”€โ”€โ”€โ”€โ”€โ”€โ”€โ”€โ”€โ”€โ”€โ”€โ”€โ”€โ”€โ”€โ”€โ”€โ”€โ”€โ”€โ”€โ”€โ”€โ”€โ”€โ”€โ”€โ”€โ”€โ”€
11-18 14:05:08.789 15549 15549 I PRETTY_LOGGER: โ”Œโ”€โ”€โ”€โ”€โ”€โ”€โ”€โ”€โ”€โ”€โ”€โ”€โ”€โ”€โ”€โ”€โ”€โ”€โ”€โ”€โ”€โ”€โ”€โ”€โ”€โ”€โ”€โ”€โ”€โ”€โ”€โ”€โ”€โ”€โ”€โ”€โ”€โ”€โ”€โ”€โ”€โ”€โ”€โ”€โ”€โ”€โ”€โ”€โ”€โ”€โ”€โ”€โ”€โ”€โ”€โ”€โ”€โ”€โ”€โ”€โ”€โ”€โ”€โ”€โ”€โ”€โ”€โ”€โ”€โ”€โ”€โ”€โ”€โ”€โ”€โ”€โ”€โ”€โ”€โ”€โ”€โ”€โ”€โ”€โ”€โ”€โ”€โ”€โ”€โ”€โ”€โ”€โ”€โ”€โ”€โ”€โ”€โ”€โ”€โ”€โ”€โ”€โ”€โ”€โ”€โ”€โ”€โ”€โ”€โ”€โ”€โ”€
11-18 14:05:08.789 15549 15549 I PRETTY_LOGGER: โ”‚ LogUtils.i (LogUtils.java:27)
11-18 14:05:08.789 15549 15549 I PRETTY_LOGGER: โ”‚ LogUtils.i (LogUtils.java:21)
11-18 14:05:08.789 15549 15549 I PRETTY_LOGGER: โ”œโ”„โ”„โ”„โ”„โ”„โ”„โ”„โ”„โ”„โ”„โ”„โ”„โ”„โ”„โ”„โ”„โ”„โ”„โ”„โ”„โ”„โ”„โ”„โ”„โ”„โ”„โ”„โ”„โ”„โ”„โ”„โ”„โ”„โ”„โ”„โ”„โ”„โ”„โ”„โ”„โ”„โ”„โ”„โ”„โ”„โ”„โ”„โ”„โ”„โ”„โ”„โ”„โ”„โ”„โ”„โ”„โ”„โ”„โ”„โ”„โ”„โ”„โ”„โ”„โ”„โ”„โ”„โ”„โ”„โ”„โ”„โ”„โ”„โ”„โ”„โ”„โ”„โ”„โ”„โ”„โ”„โ”„โ”„โ”„โ”„โ”„โ”„โ”„โ”„โ”„โ”„โ”„โ”„โ”„โ”„โ”„โ”„โ”„โ”„โ”„โ”„โ”„โ”„โ”„โ”„โ”„โ”„โ”„โ”„โ”„โ”„โ”„
11-18 14:05:08.789 15549 15549 I PRETTY_LOGGER: โ”‚ push PushService onStartCommand
11-18 14:05:08.789 15549 15549 I PRETTY_LOGGER: โ””โ”€โ”€โ”€โ”€โ”€โ”€โ”€โ”€โ”€โ”€โ”€โ”€โ”€โ”€โ”€โ”€โ”€โ”€โ”€โ”€โ”€โ”€โ”€โ”€โ”€โ”€โ”€โ”€โ”€โ”€โ”€โ”€โ”€โ”€โ”€โ”€โ”€โ”€โ”€โ”€โ”€โ”€โ”€โ”€โ”€โ”€โ”€โ”€โ”€โ”€โ”€โ”€โ”€โ”€โ”€โ”€โ”€โ”€โ”€โ”€โ”€โ”€โ”€โ”€โ”€โ”€โ”€โ”€โ”€โ”€โ”€โ”€โ”€โ”€โ”€โ”€โ”€โ”€โ”€โ”€โ”€โ”€โ”€โ”€โ”€โ”€โ”€โ”€โ”€โ”€โ”€โ”€โ”€โ”€โ”€โ”€โ”€โ”€โ”€โ”€โ”€โ”€โ”€โ”€โ”€โ”€โ”€โ”€โ”€โ”€โ”€โ”€
11-18 14:05:08.795 1470 1608 V ActivityManager: Attempted to start a foreground service (com.jlpay.merch/.service.PushService) with a broken notification (no icon: Notification(channel=com.jlpay.merch.channelid shortcut=null contentView=null vibrate=null sound=null defaults=0x0 flags=0x40 color=0x00000000 vis=PRIVATE))
11-18 14:05:08.797 1470 1608 E SystemServiceRegistry: Manager wrapper not available: linearmotor
11-18 14:05:08.798 1470 1608 I DropBoxManagerService: add tag=system_server_wtf isTagEnabled=true flags=0x2
11-18 14:05:08.803 15549 15857 I System.out: [OkHttp] sendRequest>>
11-18 14:05:08.803 15549 15857 I System.out: [OkHttp] sendRequest<<
11-18 14:05:08.807 1470 1608 D DropBoxManagerService: file :: /data/system/dropbox/system_server_wtf@1637215508801.txt
11-18 14:05:08.807 1470 1608 W AES : Exception Log handling...
11-18 14:05:08.807 1470 1608 D AES : ExceptionLog: notify aed, process:system_server pid:1470 cause:system_server_wtf
11-18 14:05:08.807 1470 1608 W AES : skip for Exp level 0
11-18 14:05:08.812 15549 16007 I PRETTY_LOGGER: โ”Œโ”€โ”€โ”€โ”€โ”€โ”€โ”€โ”€โ”€โ”€โ”€โ”€โ”€โ”€โ”€โ”€โ”€โ”€โ”€โ”€โ”€โ”€โ”€โ”€โ”€โ”€โ”€โ”€โ”€โ”€โ”€โ”€โ”€โ”€โ”€โ”€โ”€โ”€โ”€โ”€โ”€โ”€โ”€โ”€โ”€โ”€โ”€โ”€โ”€โ”€โ”€โ”€โ”€โ”€โ”€โ”€โ”€โ”€โ”€โ”€โ”€โ”€โ”€โ”€โ”€โ”€โ”€โ”€โ”€โ”€โ”€โ”€โ”€โ”€โ”€โ”€โ”€โ”€โ”€โ”€โ”€โ”€โ”€โ”€โ”€โ”€โ”€โ”€โ”€โ”€โ”€โ”€โ”€โ”€โ”€โ”€โ”€โ”€โ”€โ”€โ”€โ”€โ”€โ”€โ”€โ”€โ”€โ”€โ”€โ”€โ”€โ”€
11-18 14:05:08.813 15549 16007 I PRETTY_LOGGER: โ”‚ LogUtils.i (LogUtils.java:27)
11-18 14:05:08.813 15549 16007 I PRETTY_LOGGER: โ”‚ LogUtils.i (LogUtils.java:21)
11-18 14:05:08.813 15549 16007 I PRETTY_LOGGER: โ”œโ”„โ”„โ”„โ”„โ”„โ”„โ”„โ”„โ”„โ”„โ”„โ”„โ”„โ”„โ”„โ”„โ”„โ”„โ”„โ”„โ”„โ”„โ”„โ”„โ”„โ”„โ”„โ”„โ”„โ”„โ”„โ”„โ”„โ”„โ”„โ”„โ”„โ”„โ”„โ”„โ”„โ”„โ”„โ”„โ”„โ”„โ”„โ”„โ”„โ”„โ”„โ”„โ”„โ”„โ”„โ”„โ”„โ”„โ”„โ”„โ”„โ”„โ”„โ”„โ”„โ”„โ”„โ”„โ”„โ”„โ”„โ”„โ”„โ”„โ”„โ”„โ”„โ”„โ”„โ”„โ”„โ”„โ”„โ”„โ”„โ”„โ”„โ”„โ”„โ”„โ”„โ”„โ”„โ”„โ”„โ”„โ”„โ”„โ”„โ”„โ”„โ”„โ”„โ”„โ”„โ”„โ”„โ”„โ”„โ”„โ”„โ”„
11-18 14:05:08.813 15549 16007 I PRETTY_LOGGER: โ”‚ ๅ“ๅบ”๏ผšhttps://merchant-dev.jlpay.com/h/sell-server/getPlateNavbarList
11-18 14:05:08.813 15549 16007 I PRETTY_LOGGER: โ”‚
11-18 14:05:08.813 15549 16007 I PRETTY_LOGGER: โ”‚ {"biz_context":"{\"limit\":999,\"offset\":0,\"ret_code\":\"00\",\"ret_msg\":\"ๅค„็†ๆˆๅŠŸ\",\"rows\":[{\"plate\":\"10000005\",\"plate_name\":\"ๆ™บๆ…ง็ป่ฅ\",\"seq\":\"1\"},{\"plate\":\"10000006\",\"plate_name\":\"ๅฎ˜ๆ–นๆถˆๆฏ\",\"seq\":\"2\"},{\"plate\":\"10000007\",\"plate_name\":\"ๅ•†ๅฎถๆ•…ไบ‹\",\"seq\":\"3\"},{\"plate\":\"10000008\",\"plate_name\":\"่กŒไธš่š็„ฆ\",\"seq\":\"4\"}],\"total\":4}","limit":0,"offset":0,"ret_code":"00","ret_msg":"่ฏทๆฑ‚ๆˆๅŠŸ","total":0}
11-18 14:05:08.813 15549 16007 I PRETTY_LOGGER: โ””โ”€โ”€โ”€โ”€โ”€โ”€โ”€โ”€โ”€โ”€โ”€โ”€โ”€โ”€โ”€โ”€โ”€โ”€โ”€โ”€โ”€โ”€โ”€โ”€โ”€โ”€โ”€โ”€โ”€โ”€โ”€โ”€โ”€โ”€โ”€โ”€โ”€โ”€โ”€โ”€โ”€โ”€โ”€โ”€โ”€โ”€โ”€โ”€โ”€โ”€โ”€โ”€โ”€โ”€โ”€โ”€โ”€โ”€โ”€โ”€โ”€โ”€โ”€โ”€โ”€โ”€โ”€โ”€โ”€โ”€โ”€โ”€โ”€โ”€โ”€โ”€โ”€โ”€โ”€โ”€โ”€โ”€โ”€โ”€โ”€โ”€โ”€โ”€โ”€โ”€โ”€โ”€โ”€โ”€โ”€โ”€โ”€โ”€โ”€โ”€โ”€โ”€โ”€โ”€โ”€โ”€โ”€โ”€โ”€โ”€โ”€โ”€
11-18 14:05:08.822 15549 15979 I System.out: [OkHttp] sendRequest>>
11-18 14:05:08.822 15549 15979 I System.out: [OkHttp] sendRequest<<
11-18 14:05:08.823 1470 2436 D OppoDisplayPolicy: com.jlpay.merch, setting cutoutMode: color always
11-18 14:05:08.823 1470 2436 I WindowManager: Relayout Window{fc8d0b6 u0 com.jlpay.merch/com.jlpay.merch.ui.main.MainActivity}: oldVis=4 newVis=0 focusMayChange = true
11-18 14:05:08.823 1470 1572 D CompatibilityChangeReporter: Compat change id reported: 136274596; UID 11378; state: ENABLED
11-18 14:05:08.824 841 1311 D DispPerfService: get hint proc=com.jlpay.merch, idx=0 none
11-18 14:05:08.824 841 1311 I BufferQueueConsumer: [](id:349000020c9,api:0,p:-1,c:841) connect(): controlledByApp=false
11-18 14:05:08.825 841 1311 I BufferQueue: [unnamed-841-8393](this:0xb400007329d1a458,id:8393,api:0,p:-1,c:-1) BufferQueue core=(841:/system/bin/surfaceflinger)
11-18 14:05:08.826 1470 2436 W WindowManager: Changing focus fromnull to Window{fc8d0b6 u0 com.jlpay.merch/com.jlpay.merch.ui.main.MainActivity} displayId=0 Callers=com.android.server.wm.RootWindowContainer.updateFocusedWindowLocked:509 com.android.server.wm.WindowManagerService.updateFocusedWindowLocked:6073 com.android.server.wm.WindowManagerService.relayoutWindow:2717 com.android.server.wm.Session.relayout:229
11-18 14:05:08.826 841 1311 D DispPerfService: get hint proc=Surface(name=8eb967f StatusBar), idx=0 none
11-18 14:05:08.827 841 1311 D DispPerfService: get hint proc=Surface(name=c91655d NavigationBar0), idx=0 none
11-18 14:05:08.828 1470 2436 D Theia.NoFocusWindow: FocusWindowErrorScene cancelCheckFreezeScreen
11-18 14:05:08.830 15549 15549 V OplusZoomWindowDecorViewHelper: setLastReportedMergedConfiguration mZoomDisplayHeight: 2400 getDecorView.DecorView@114f08d[MainActivity]
11-18 14:05:08.833 841 3662 I BufferQueueProducer: [com.jlpay.merch/com.jlpay.merch.ui.main.MainActivity#0](id:349000020c9,api:1,p:15549,c:841) connect(): api=1 producerControlledByApp=false
11-18 14:05:08.838 15549 15851 I PRETTY_LOGGER: โ”Œโ”€โ”€โ”€โ”€โ”€โ”€โ”€โ”€โ”€โ”€โ”€โ”€โ”€โ”€โ”€โ”€โ”€โ”€โ”€โ”€โ”€โ”€โ”€โ”€โ”€โ”€โ”€โ”€โ”€โ”€โ”€โ”€โ”€โ”€โ”€โ”€โ”€โ”€โ”€โ”€โ”€โ”€โ”€โ”€โ”€โ”€โ”€โ”€โ”€โ”€โ”€โ”€โ”€โ”€โ”€โ”€โ”€โ”€โ”€โ”€โ”€โ”€โ”€โ”€โ”€โ”€โ”€โ”€โ”€โ”€โ”€โ”€โ”€โ”€โ”€โ”€โ”€โ”€โ”€โ”€โ”€โ”€โ”€โ”€โ”€โ”€โ”€โ”€โ”€โ”€โ”€โ”€โ”€โ”€โ”€โ”€โ”€โ”€โ”€โ”€โ”€โ”€โ”€โ”€โ”€โ”€โ”€โ”€โ”€โ”€โ”€โ”€
11-18 14:05:08.838 15549 15851 I PRETTY_LOGGER: โ”‚ LogUtils.i (LogUtils.java:27)
11-18 14:05:08.838 15549 15851 I PRETTY_LOGGER: โ”‚ LogUtils.i (LogUtils.java:21)
11-18 14:05:08.838 15549 15851 I PRETTY_LOGGER: โ”œโ”„โ”„โ”„โ”„โ”„โ”„โ”„โ”„โ”„โ”„โ”„โ”„โ”„โ”„โ”„โ”„โ”„โ”„โ”„โ”„โ”„โ”„โ”„โ”„โ”„โ”„โ”„โ”„โ”„โ”„โ”„โ”„โ”„โ”„โ”„โ”„โ”„โ”„โ”„โ”„โ”„โ”„โ”„โ”„โ”„โ”„โ”„โ”„โ”„โ”„โ”„โ”„โ”„โ”„โ”„โ”„โ”„โ”„โ”„โ”„โ”„โ”„โ”„โ”„โ”„โ”„โ”„โ”„โ”„โ”„โ”„โ”„โ”„โ”„โ”„โ”„โ”„โ”„โ”„โ”„โ”„โ”„โ”„โ”„โ”„โ”„โ”„โ”„โ”„โ”„โ”„โ”„โ”„โ”„โ”„โ”„โ”„โ”„โ”„โ”„โ”„โ”„โ”„โ”„โ”„โ”„โ”„โ”„โ”„โ”„โ”„โ”„
11-18 14:05:08.838 15549 15851 I PRETTY_LOGGER: โ”‚ https://merchant-dev.jlpay.com/boss_base/getVoicePacketUrlRpc,่ฟ”ๅ›ž cookie= JLSESSIONID=E314C189B0D52FA2CBCA16E401CDF8DD
11-18 14:05:08.838 15549 15851 I PRETTY_LOGGER: โ””โ”€โ”€โ”€โ”€โ”€โ”€โ”€โ”€โ”€โ”€โ”€โ”€โ”€โ”€โ”€โ”€โ”€โ”€โ”€โ”€โ”€โ”€โ”€โ”€โ”€โ”€โ”€โ”€โ”€โ”€โ”€โ”€โ”€โ”€โ”€โ”€โ”€โ”€โ”€โ”€โ”€โ”€โ”€โ”€โ”€โ”€โ”€โ”€โ”€โ”€โ”€โ”€โ”€โ”€โ”€โ”€โ”€โ”€โ”€โ”€โ”€โ”€โ”€โ”€โ”€โ”€โ”€โ”€โ”€โ”€โ”€โ”€โ”€โ”€โ”€โ”€โ”€โ”€โ”€โ”€โ”€โ”€โ”€โ”€โ”€โ”€โ”€โ”€โ”€โ”€โ”€โ”€โ”€โ”€โ”€โ”€โ”€โ”€โ”€โ”€โ”€โ”€โ”€โ”€โ”€โ”€โ”€โ”€โ”€โ”€โ”€โ”€
11-18 14:05:08.840 1470 1572 I InputDispatcher: Window went away: com.jlpay.merch/com.jlpay.merch.ui.main.MainActivity#0
11-18 14:05:08.844 15549 15851 I PRETTY_LOGGER: โ”Œโ”€โ”€โ”€โ”€โ”€โ”€โ”€โ”€โ”€โ”€โ”€โ”€โ”€โ”€โ”€โ”€โ”€โ”€โ”€โ”€โ”€โ”€โ”€โ”€โ”€โ”€โ”€โ”€โ”€โ”€โ”€โ”€โ”€โ”€โ”€โ”€โ”€โ”€โ”€โ”€โ”€โ”€โ”€โ”€โ”€โ”€โ”€โ”€โ”€โ”€โ”€โ”€โ”€โ”€โ”€โ”€โ”€โ”€โ”€โ”€โ”€โ”€โ”€โ”€โ”€โ”€โ”€โ”€โ”€โ”€โ”€โ”€โ”€โ”€โ”€โ”€โ”€โ”€โ”€โ”€โ”€โ”€โ”€โ”€โ”€โ”€โ”€โ”€โ”€โ”€โ”€โ”€โ”€โ”€โ”€โ”€โ”€โ”€โ”€โ”€โ”€โ”€โ”€โ”€โ”€โ”€โ”€โ”€โ”€โ”€โ”€โ”€
11-18 14:05:08.845 15549 15851 I PRETTY_LOGGER: โ”‚ LogUtils.i (LogUtils.java:27)
11-18 14:05:08.845 15549 15851 I PRETTY_LOGGER: โ”‚ LogUtils.i (LogUtils.java:21)
11-18 14:05:08.845 15549 15851 I PRETTY_LOGGER: โ”œโ”„โ”„โ”„โ”„โ”„โ”„โ”„โ”„โ”„โ”„โ”„โ”„โ”„โ”„โ”„โ”„โ”„โ”„โ”„โ”„โ”„โ”„โ”„โ”„โ”„โ”„โ”„โ”„โ”„โ”„โ”„โ”„โ”„โ”„โ”„โ”„โ”„โ”„โ”„โ”„โ”„โ”„โ”„โ”„โ”„โ”„โ”„โ”„โ”„โ”„โ”„โ”„โ”„โ”„โ”„โ”„โ”„โ”„โ”„โ”„โ”„โ”„โ”„โ”„โ”„โ”„โ”„โ”„โ”„โ”„โ”„โ”„โ”„โ”„โ”„โ”„โ”„โ”„โ”„โ”„โ”„โ”„โ”„โ”„โ”„โ”„โ”„โ”„โ”„โ”„โ”„โ”„โ”„โ”„โ”„โ”„โ”„โ”„โ”„โ”„โ”„โ”„โ”„โ”„โ”„โ”„โ”„โ”„โ”„โ”„โ”„โ”„
11-18 14:05:08.845 15549 15851 I PRETTY_LOGGER: โ”‚ ๅ“ๅบ”๏ผšhttps://merchant-dev.jlpay.com/boss_base/getVoicePacketUrlRpc
11-18 14:05:08.845 15549 15851 I PRETTY_LOGGER: โ”‚
11-18 14:05:08.845 15549 15851 I PRETTY_LOGGER: โ”‚ {"biz_context":"{\"ret_code\":\"00\",\"ret_msg\":\"่ฏทๆฑ‚ๆˆๅŠŸ\",\"rows\":[{\"audio_name\":\"ๆ™ฎ้€š่ฏ\",\"audio_type\":\"0\",\"id\":\"10000\",\"listen_url\":\"https:\/\/lishua-ad.jlpay.com\/JLpay\/App\/putonghua_jl_pay_123.mp3\",\"packet_type\":\"0\",\"token\":\"6ee517dfc34bb8d11b3afac15a62e37cf7d3e0da\",\"url\":\"https:\/\/lishua-ad.jlpay.com\/JLpay\/App\/putonghua.zip\",\"version_code\":\"1\"},{\"audio_name\":\"้‡ๅบ†่ฏ\",\"audio_type\":\"0\",\"id\":\"10001\",\"listen_url\":\"https:\/\/lishua-ad.jlpay.com\/JLpay\/App\/chongqinghua_jl_pay123.mp3\",\"packet_type\":\"0\",\"token\":\"9f461a5c44b1e52b448879cfaba77d050e26b017\",\"url\":\"https:\/\/lishua-ad.jlpay.com\/JLpay\/App\/chongqinghua.zip\",\"version_code\":\"1\"},{\"audio_name\":\"ๅนฟไธœ่ฏ\",\"audio_type\":\"0\",\"id\":\"10002\",\"listen_url\":\"https:\/\/lishua-ad.jlpay.com\/JLpay\/App\/guangdonghua_jl_pay123.mp3\",\"packet_type\":\"0\",\"token\":\"b5a2c0713382af1d635492afc3864e5b1e4bb86f\",\"url\":\"https:\/\/lishua-ad.jlpay.com\/JLpay\/App\/guangdonghua.zip\",\"version_code\":\"1\"},{\"audio_name\":\"ๆฒณๅ—่ฏ\",\"audio_type\":\"0\",\"id\":\"10003\",\"listen_url\":\"https:\/\/lishua-ad.jlpay.com\/JLpay\/App\/henanhua_jl_pay123.MP3\",\"packet_type\":\"0\",\"token\":\"5237320250de0657ba7bbddc3769f2d84680dd46\",\"url\":\"https:\/\/lishua-ad.jlpay.com\/JLpay\/App\/henanhua.zip\",\"version_code\":\"1\"},{\"audio_name\":\"้—ฝๅ—่ฏญ\",\"audio_type\":\"1\",\"id\":\"10004\",\"listen_url\":\"https:\/\/lishua-ad.jlpay.com\/JLpay\/App\/minnanyu_jl_pay123.MP3\",\"packet_type\":\"0\",\"token\":\"023d056dcfa8bc46f94a7c89c5b6ca473f091bf8\",\"url\":\"https:\/\/lishua-ad.jlpay.com\/JLpay\/App\/minnanyu.zip\",\"version_code\":\"1\"}],\"success\":true}","ret_code":"00","ret_msg":"่ฏทๆฑ‚ๆˆๅŠŸ"}
11-18 14:05:08.845 15549 15851 I PRETTY_LOGGER: โ””โ”€โ”€โ”€โ”€โ”€โ”€โ”€โ”€โ”€โ”€โ”€โ”€โ”€โ”€โ”€โ”€โ”€โ”€โ”€โ”€โ”€โ”€โ”€โ”€โ”€โ”€โ”€โ”€โ”€โ”€โ”€โ”€โ”€โ”€โ”€โ”€โ”€โ”€โ”€โ”€โ”€โ”€โ”€โ”€โ”€โ”€โ”€โ”€โ”€โ”€โ”€โ”€โ”€โ”€โ”€โ”€โ”€โ”€โ”€โ”€โ”€โ”€โ”€โ”€โ”€โ”€โ”€โ”€โ”€โ”€โ”€โ”€โ”€โ”€โ”€โ”€โ”€โ”€โ”€โ”€โ”€โ”€โ”€โ”€โ”€โ”€โ”€โ”€โ”€โ”€โ”€โ”€โ”€โ”€โ”€โ”€โ”€โ”€โ”€โ”€โ”€โ”€โ”€โ”€โ”€โ”€โ”€โ”€โ”€โ”€โ”€โ”€
11-18 14:05:08.846 15549 16006 I PRETTY_LOGGER: โ”Œโ”€โ”€โ”€โ”€โ”€โ”€โ”€โ”€โ”€โ”€โ”€โ”€โ”€โ”€โ”€โ”€โ”€โ”€โ”€โ”€โ”€โ”€โ”€โ”€โ”€โ”€โ”€โ”€โ”€โ”€โ”€โ”€โ”€โ”€โ”€โ”€โ”€โ”€โ”€โ”€โ”€โ”€โ”€โ”€โ”€โ”€โ”€โ”€โ”€โ”€โ”€โ”€โ”€โ”€โ”€โ”€โ”€โ”€โ”€โ”€โ”€โ”€โ”€โ”€โ”€โ”€โ”€โ”€โ”€โ”€โ”€โ”€โ”€โ”€โ”€โ”€โ”€โ”€โ”€โ”€โ”€โ”€โ”€โ”€โ”€โ”€โ”€โ”€โ”€โ”€โ”€โ”€โ”€โ”€โ”€โ”€โ”€โ”€โ”€โ”€โ”€โ”€โ”€โ”€โ”€โ”€โ”€โ”€โ”€โ”€โ”€โ”€
11-18 14:05:08.846 15549 16006 I PRETTY_LOGGER: โ”‚ LogUtils.i (LogUtils.java:27)
11-18 14:05:08.846 15549 16006 I PRETTY_LOGGER: โ”‚ LogUtils.i (LogUtils.java:21)
11-18 14:05:08.846 15549 16006 I PRETTY_LOGGER: โ”œโ”„โ”„โ”„โ”„โ”„โ”„โ”„โ”„โ”„โ”„โ”„โ”„โ”„โ”„โ”„โ”„โ”„โ”„โ”„โ”„โ”„โ”„โ”„โ”„โ”„โ”„โ”„โ”„โ”„โ”„โ”„โ”„โ”„โ”„โ”„โ”„โ”„โ”„โ”„โ”„โ”„โ”„โ”„โ”„โ”„โ”„โ”„โ”„โ”„โ”„โ”„โ”„โ”„โ”„โ”„โ”„โ”„โ”„โ”„โ”„โ”„โ”„โ”„โ”„โ”„โ”„โ”„โ”„โ”„โ”„โ”„โ”„โ”„โ”„โ”„โ”„โ”„โ”„โ”„โ”„โ”„โ”„โ”„โ”„โ”„โ”„โ”„โ”„โ”„โ”„โ”„โ”„โ”„โ”„โ”„โ”„โ”„โ”„โ”„โ”„โ”„โ”„โ”„โ”„โ”„โ”„โ”„โ”„โ”„โ”„โ”„โ”„
11-18 14:05:08.846 15549 16006 I PRETTY_LOGGER: โ”‚ ๅ“ๅบ”๏ผšhttps://merchant-dev.jlpay.com/sell/marking/list
11-18 14:05:08.846 15549 16006 I PRETTY_LOGGER: โ”‚
11-18 14:05:08.846 15549 16006 I PRETTY_LOGGER: โ”‚ {"datas":[{"adId":"200122220200729151605288208","context":[{"disPath":"https://file-dev.jlpay.com:443/group1/M00/4F/D0/rBQFm18hHVOAH-IUAAIzbe5l5bM198.png?ts=1637215508&token=d264f542672999486ac31bb038052235","linkUrl":"jlmerchant://wxMiniProgram?userName=gh_e17f26a17946","picPath":"group1/M00/4F/D0/rBQFm18hHVOAH-IUAAIzbe5l5bM198.png"}],"type":"0"}],"limit":0,"offset":0,"ret_code":"00","ret_msg":"ๅค„็†ๆˆๅŠŸ","total":0}
11-18 14:05:08.846 15549 16006 I PRETTY_LOGGER: โ””โ”€โ”€โ”€โ”€โ”€โ”€โ”€โ”€โ”€โ”€โ”€โ”€โ”€โ”€โ”€โ”€โ”€โ”€โ”€โ”€โ”€โ”€โ”€โ”€โ”€โ”€โ”€โ”€โ”€โ”€โ”€โ”€โ”€โ”€โ”€โ”€โ”€โ”€โ”€โ”€โ”€โ”€โ”€โ”€โ”€โ”€โ”€โ”€โ”€โ”€โ”€โ”€โ”€โ”€โ”€โ”€โ”€โ”€โ”€โ”€โ”€โ”€โ”€โ”€โ”€โ”€โ”€โ”€โ”€โ”€โ”€โ”€โ”€โ”€โ”€โ”€โ”€โ”€โ”€โ”€โ”€โ”€โ”€โ”€โ”€โ”€โ”€โ”€โ”€โ”€โ”€โ”€โ”€โ”€โ”€โ”€โ”€โ”€โ”€โ”€โ”€โ”€โ”€โ”€โ”€โ”€โ”€โ”€โ”€โ”€โ”€โ”€
11-18 14:05:08.847 15549 15857 D httpdns : request success {"host":"merchant-dev.jlpay.com","ips":[],"ttl":300,"client_ip":"119.139.198.22"}
11-18 14:05:08.849 15549 15857 I httpdns : ip request for merchant-dev.jlpay.com v4 return host: merchant-dev.jlpay.com ip cnt: 0 ttl: 300
11-18 14:05:08.849 15549 15857 I httpdns : ipv6 cnt: 0
11-18 14:05:08.849 15549 15857 I httpdns : extra: null
11-18 14:05:08.864 15549 15979 D SendMessage: pull request message:
11-18 14:05:08.875 841 3662 D DispPerfService: onframeavailable pid=15549, slot=4, seq=61846, name=com.jlpay.merch:com.jlpay.merch/com.jlpay.merch.ui.main.MainActivity#0
11-18 14:05:08.878 841 3662 D DispPerfService: get hint proc=Surface(name=ActivityRecord{43bff65 u0 com.jlpay.merch, idx=0 none
11-18 14:05:08.879 1470 1595 D ColorZoomWindowManagerService: adjustWindowCropForLeash start: appToken = ActivityRecord{43bff65 u0 com.jlpay.merch/.ui.main.MainActivity t18211}
11-18 14:05:08.879 841 3662 D DispPerfService: get hint proc=Surface(name=ActivityRecord{43bff65 u0 com.jlpay.merch, idx=0 none
11-18 14:05:08.880 841 3662 D DispPerfService: get hint proc=Surface(name=ActivityRecord{aeb1bd u0 com.jlpay.merch, idx=0 none
11-18 14:05:08.880 841 3662 D DispPerfService: get hint proc=Surface(name=ActivityRecord{aeb1bd u0 com.jlpay.merch, idx=0 none
11-18 14:05:08.880 15549 16008 I PRETTY_LOGGER: โ”Œโ”€โ”€โ”€โ”€โ”€โ”€โ”€โ”€โ”€โ”€โ”€โ”€โ”€โ”€โ”€โ”€โ”€โ”€โ”€โ”€โ”€โ”€โ”€โ”€โ”€โ”€โ”€โ”€โ”€โ”€โ”€โ”€โ”€โ”€โ”€โ”€โ”€โ”€โ”€โ”€โ”€โ”€โ”€โ”€โ”€โ”€โ”€โ”€โ”€โ”€โ”€โ”€โ”€โ”€โ”€โ”€โ”€โ”€โ”€โ”€โ”€โ”€โ”€โ”€โ”€โ”€โ”€โ”€โ”€โ”€โ”€โ”€โ”€โ”€โ”€โ”€โ”€โ”€โ”€โ”€โ”€โ”€โ”€โ”€โ”€โ”€โ”€โ”€โ”€โ”€โ”€โ”€โ”€โ”€โ”€โ”€โ”€โ”€โ”€โ”€โ”€โ”€โ”€โ”€โ”€โ”€โ”€โ”€โ”€โ”€โ”€โ”€
11-18 14:05:08.881 15549 16008 I PRETTY_LOGGER: โ”‚ LogUtils.i (LogUtils.java:27)
11-18 14:05:08.881 15549 16008 I PRETTY_LOGGER: โ”‚ LogUtils.i (LogUtils.java:21)
11-18 14:05:08.881 15549 16008 I PRETTY_LOGGER: โ”œโ”„โ”„โ”„โ”„โ”„โ”„โ”„โ”„โ”„โ”„โ”„โ”„โ”„โ”„โ”„โ”„โ”„โ”„โ”„โ”„โ”„โ”„โ”„โ”„โ”„โ”„โ”„โ”„โ”„โ”„โ”„โ”„โ”„โ”„โ”„โ”„โ”„โ”„โ”„โ”„โ”„โ”„โ”„โ”„โ”„โ”„โ”„โ”„โ”„โ”„โ”„โ”„โ”„โ”„โ”„โ”„โ”„โ”„โ”„โ”„โ”„โ”„โ”„โ”„โ”„โ”„โ”„โ”„โ”„โ”„โ”„โ”„โ”„โ”„โ”„โ”„โ”„โ”„โ”„โ”„โ”„โ”„โ”„โ”„โ”„โ”„โ”„โ”„โ”„โ”„โ”„โ”„โ”„โ”„โ”„โ”„โ”„โ”„โ”„โ”„โ”„โ”„โ”„โ”„โ”„โ”„โ”„โ”„โ”„โ”„โ”„โ”„
11-18 14:05:08.881 15549 16008 I PRETTY_LOGGER: โ”‚ https://login-api-dev.jlpay.com/boss_user/getUnreadMsgNumRpc,่ฟ”ๅ›ž cookie= JLSESSIONID=5BBEF7B35B0304A0655272A86E62CF7D
11-18 14:05:08.881 15549 16008 I PRETTY_LOGGER: โ””โ”€โ”€โ”€โ”€โ”€โ”€โ”€โ”€โ”€โ”€โ”€โ”€โ”€โ”€โ”€โ”€โ”€โ”€โ”€โ”€โ”€โ”€โ”€โ”€โ”€โ”€โ”€โ”€โ”€โ”€โ”€โ”€โ”€โ”€โ”€โ”€โ”€โ”€โ”€โ”€โ”€โ”€โ”€โ”€โ”€โ”€โ”€โ”€โ”€โ”€โ”€โ”€โ”€โ”€โ”€โ”€โ”€โ”€โ”€โ”€โ”€โ”€โ”€โ”€โ”€โ”€โ”€โ”€โ”€โ”€โ”€โ”€โ”€โ”€โ”€โ”€โ”€โ”€โ”€โ”€โ”€โ”€โ”€โ”€โ”€โ”€โ”€โ”€โ”€โ”€โ”€โ”€โ”€โ”€โ”€โ”€โ”€โ”€โ”€โ”€โ”€โ”€โ”€โ”€โ”€โ”€โ”€โ”€โ”€โ”€โ”€โ”€
11-18 14:05:08.881 1470 1595 D ColorZoomWindowManagerService: adjustWindowCropForLeash start: appToken = ActivityRecord{aeb1bd u0 com.jlpay.merch/.ui.login.LoginActivity t18211 f}}
11-18 14:05:08.882 15549 16008 I PRETTY_LOGGER: โ”Œโ”€โ”€โ”€โ”€โ”€โ”€โ”€โ”€โ”€โ”€โ”€โ”€โ”€โ”€โ”€โ”€โ”€โ”€โ”€โ”€โ”€โ”€โ”€โ”€โ”€โ”€โ”€โ”€โ”€โ”€โ”€โ”€โ”€โ”€โ”€โ”€โ”€โ”€โ”€โ”€โ”€โ”€โ”€โ”€โ”€โ”€โ”€โ”€โ”€โ”€โ”€โ”€โ”€โ”€โ”€โ”€โ”€โ”€โ”€โ”€โ”€โ”€โ”€โ”€โ”€โ”€โ”€โ”€โ”€โ”€โ”€โ”€โ”€โ”€โ”€โ”€โ”€โ”€โ”€โ”€โ”€โ”€โ”€โ”€โ”€โ”€โ”€โ”€โ”€โ”€โ”€โ”€โ”€โ”€โ”€โ”€โ”€โ”€โ”€โ”€โ”€โ”€โ”€โ”€โ”€โ”€โ”€โ”€โ”€โ”€โ”€โ”€
11-18 14:05:08.882 15549 16008 I PRETTY_LOGGER: โ”‚ LogUtils.i (LogUtils.java:27)
11-18 14:05:08.882 15549 16008 I PRETTY_LOGGER: โ”‚ LogUtils.i (LogUtils.java:21)
11-18 14:05:08.882 15549 16008 I PRETTY_LOGGER: โ”œโ”„โ”„โ”„โ”„โ”„โ”„โ”„โ”„โ”„โ”„โ”„โ”„โ”„โ”„โ”„โ”„โ”„โ”„โ”„โ”„โ”„โ”„โ”„โ”„โ”„โ”„โ”„โ”„โ”„โ”„โ”„โ”„โ”„โ”„โ”„โ”„โ”„โ”„โ”„โ”„โ”„โ”„โ”„โ”„โ”„โ”„โ”„โ”„โ”„โ”„โ”„โ”„โ”„โ”„โ”„โ”„โ”„โ”„โ”„โ”„โ”„โ”„โ”„โ”„โ”„โ”„โ”„โ”„โ”„โ”„โ”„โ”„โ”„โ”„โ”„โ”„โ”„โ”„โ”„โ”„โ”„โ”„โ”„โ”„โ”„โ”„โ”„โ”„โ”„โ”„โ”„โ”„โ”„โ”„โ”„โ”„โ”„โ”„โ”„โ”„โ”„โ”„โ”„โ”„โ”„โ”„โ”„โ”„โ”„โ”„โ”„โ”„
11-18 14:05:08.882 15549 16008 I PRETTY_LOGGER: โ”‚ ๅ“ๅบ”๏ผšhttps://login-api-dev.jlpay.com/boss_user/getUnreadMsgNumRpc
11-18 14:05:08.882 15549 16008 I PRETTY_LOGGER: โ”‚
11-18 14:05:08.882 15549 16008 I PRETTY_LOGGER: โ”‚ {"biz_context":"{\"ret_code\":\"00\",\"ret_msg\":\"่ฏทๆฑ‚ๆˆๅŠŸ\",\"success\":true,\"total\":1}","ret_code":"00","ret_msg":"่ฏทๆฑ‚ๆˆๅŠŸ"}
11-18 14:05:08.882 15549 16008 I PRETTY_LOGGER: โ””โ”€โ”€โ”€โ”€โ”€โ”€โ”€โ”€โ”€โ”€โ”€โ”€โ”€โ”€โ”€โ”€โ”€โ”€โ”€โ”€โ”€โ”€โ”€โ”€โ”€โ”€โ”€โ”€โ”€โ”€โ”€โ”€โ”€โ”€โ”€โ”€โ”€โ”€โ”€โ”€โ”€โ”€โ”€โ”€โ”€โ”€โ”€โ”€โ”€โ”€โ”€โ”€โ”€โ”€โ”€โ”€โ”€โ”€โ”€โ”€โ”€โ”€โ”€โ”€โ”€โ”€โ”€โ”€โ”€โ”€โ”€โ”€โ”€โ”€โ”€โ”€โ”€โ”€โ”€โ”€โ”€โ”€โ”€โ”€โ”€โ”€โ”€โ”€โ”€โ”€โ”€โ”€โ”€โ”€โ”€โ”€โ”€โ”€โ”€โ”€โ”€โ”€โ”€โ”€โ”€โ”€โ”€โ”€โ”€โ”€โ”€โ”€
11-18 14:05:08.882 1470 1604 I ActivityTaskManager: Displayed com.jlpay.merch/.ui.main.MainActivity: +440ms
11-18 14:05:08.889 15549 15990 I System.out: [OkHttp] sendRequest>>
11-18 14:05:08.890 15549 15990 I System.out: [OkHttp] sendRequest<<
11-18 14:05:08.890 1470 1572 I InputDispatcher: Focus entered window: Window{fc8d0b6 u0 com.jlpay.merch/com.jlpay.merch.ui.main.MainActivity} in display 0
11-18 14:05:08.903 15549 15997 I System.out: [OkHttp] sendRequest>>
11-18 14:05:08.903 15549 15997 I System.out: [OkHttp] sendRequest<<
11-18 14:05:08.932 15549 16012 I PRETTY_LOGGER: โ”Œโ”€โ”€โ”€โ”€โ”€โ”€โ”€โ”€โ”€โ”€โ”€โ”€โ”€โ”€โ”€โ”€โ”€โ”€โ”€โ”€โ”€โ”€โ”€โ”€โ”€โ”€โ”€โ”€โ”€โ”€โ”€โ”€โ”€โ”€โ”€โ”€โ”€โ”€โ”€โ”€โ”€โ”€โ”€โ”€โ”€โ”€โ”€โ”€โ”€โ”€โ”€โ”€โ”€โ”€โ”€โ”€โ”€โ”€โ”€โ”€โ”€โ”€โ”€โ”€โ”€โ”€โ”€โ”€โ”€โ”€โ”€โ”€โ”€โ”€โ”€โ”€โ”€โ”€โ”€โ”€โ”€โ”€โ”€โ”€โ”€โ”€โ”€โ”€โ”€โ”€โ”€โ”€โ”€โ”€โ”€โ”€โ”€โ”€โ”€โ”€โ”€โ”€โ”€โ”€โ”€โ”€โ”€โ”€โ”€โ”€โ”€โ”€
11-18 14:05:08.932 15549 16012 I PRETTY_LOGGER: โ”‚ LogUtils.i (LogUtils.java:27)
11-18 14:05:08.932 15549 16012 I PRETTY_LOGGER: โ”‚ LogUtils.i (LogUtils.java:21)
11-18 14:05:08.932 15549 16012 I PRETTY_LOGGER: โ”œโ”„โ”„โ”„โ”„โ”„โ”„โ”„โ”„โ”„โ”„โ”„โ”„โ”„โ”„โ”„โ”„โ”„โ”„โ”„โ”„โ”„โ”„โ”„โ”„โ”„โ”„โ”„โ”„โ”„โ”„โ”„โ”„โ”„โ”„โ”„โ”„โ”„โ”„โ”„โ”„โ”„โ”„โ”„โ”„โ”„โ”„โ”„โ”„โ”„โ”„โ”„โ”„โ”„โ”„โ”„โ”„โ”„โ”„โ”„โ”„โ”„โ”„โ”„โ”„โ”„โ”„โ”„โ”„โ”„โ”„โ”„โ”„โ”„โ”„โ”„โ”„โ”„โ”„โ”„โ”„โ”„โ”„โ”„โ”„โ”„โ”„โ”„โ”„โ”„โ”„โ”„โ”„โ”„โ”„โ”„โ”„โ”„โ”„โ”„โ”„โ”„โ”„โ”„โ”„โ”„โ”„โ”„โ”„โ”„โ”„โ”„โ”„
11-18 14:05:08.932 15549 16012 I PRETTY_LOGGER: โ”‚ ๅ“ๅบ”๏ผšhttps://merchant-dev.jlpay.com/boss_merch/updateUserParamsRpc
11-18 14:05:08.932 15549 16012 I PRETTY_LOGGER: โ”‚
11-18 14:05:08.932 15549 16012 I PRETTY_LOGGER: โ”‚ {"biz_context":"{\"ret_code\":\"00\",\"ret_msg\":\"่ฏทๆฑ‚ๆˆๅŠŸ\",\"success\":true}","ret_code":"00","ret_msg":"่ฏทๆฑ‚ๆˆๅŠŸ"}
11-18 14:05:08.932 15549 16012 I PRETTY_LOGGER: โ””โ”€โ”€โ”€โ”€โ”€โ”€โ”€โ”€โ”€โ”€โ”€โ”€โ”€โ”€โ”€โ”€โ”€โ”€โ”€โ”€โ”€โ”€โ”€โ”€โ”€โ”€โ”€โ”€โ”€โ”€โ”€โ”€โ”€โ”€โ”€โ”€โ”€โ”€โ”€โ”€โ”€โ”€โ”€โ”€โ”€โ”€โ”€โ”€โ”€โ”€โ”€โ”€โ”€โ”€โ”€โ”€โ”€โ”€โ”€โ”€โ”€โ”€โ”€โ”€โ”€โ”€โ”€โ”€โ”€โ”€โ”€โ”€โ”€โ”€โ”€โ”€โ”€โ”€โ”€โ”€โ”€โ”€โ”€โ”€โ”€โ”€โ”€โ”€โ”€โ”€โ”€โ”€โ”€โ”€โ”€โ”€โ”€โ”€โ”€โ”€โ”€โ”€โ”€โ”€โ”€โ”€โ”€โ”€โ”€โ”€โ”€โ”€
11-18 14:05:08.933 15549 15990 D RestApi : errCode:0
11-18 14:05:08.933 15549 15990 D MotuCrashAdapter: send error log success. appkey: 333341675, error type: HA_MAIN_THREAD_BLOCK
11-18 14:05:08.946 1470 1829 I mtkpower_client: perf_lock_rel, hdl:40385, tid:1829
11-18 14:05:08.946 1470 1829 I mtkpower_client: perf_lock_acq, hdl:40385, dur:0, num:12, tid:1829
11-18 14:05:08.946 809 875 I libPowerHal: [perfLockRel] hdl:40385, idx:0
11-18 14:05:08.946 809 875 I libPowerHal: [PD] scn:0 hdl:40385 lock_user:system_server pid:1470 tid:1829 dur:0
11-18 14:05:08.946 809 875 I libPowerHal: [PD] system_server update cmd:1410000 param:0
11-18 14:05:08.946 809 875 I libPowerHal: [PD] system_server update cmd:1c3c000, param:1
11-18 14:05:08.946 809 875 I libPowerHal: [PD] system_server update cmd:10000100 param:2
11-18 14:05:08.946 1470 1829 I mtkpower_client: ret_hdl:40386
11-18 14:05:08.947 809 875 I libPowerHal: [perfLockAcq] idx:0 hdl:40386 hint:-1 pid:1470 duration:0 => ret_hdl:40386
11-18 14:05:08.947 809 875 I libPowerHal: [PE] scn:0 hdl:40386 lock_user:system_server pid:1470 tid:1829 dur:0
11-18 14:05:08.947 809 875 I libPowerHal: [PE] system_server update cmd:1410000, param:1
11-18 14:05:08.947 809 875 I libPowerHal: [PE] system_server update cmd:1c3c000, param:0
11-18 14:05:08.947 15549 15997 D RestApi : errCode:0
11-18 14:05:08.947 15549 15997 D MotuCrashAdapter: send error log success. appkey: 333341675, error type: HA_RESOURCE_LEAK
11-18 14:05:08.947 809 875 I libPowerHal: [PE] system_server update cmd:10000100, param:2
11-18 14:05:08.964 15549 16007 I PRETTY_LOGGER: โ”Œโ”€โ”€โ”€โ”€โ”€โ”€โ”€โ”€โ”€โ”€โ”€โ”€โ”€โ”€โ”€โ”€โ”€โ”€โ”€โ”€โ”€โ”€โ”€โ”€โ”€โ”€โ”€โ”€โ”€โ”€โ”€โ”€โ”€โ”€โ”€โ”€โ”€โ”€โ”€โ”€โ”€โ”€โ”€โ”€โ”€โ”€โ”€โ”€โ”€โ”€โ”€โ”€โ”€โ”€โ”€โ”€โ”€โ”€โ”€โ”€โ”€โ”€โ”€โ”€โ”€โ”€โ”€โ”€โ”€โ”€โ”€โ”€โ”€โ”€โ”€โ”€โ”€โ”€โ”€โ”€โ”€โ”€โ”€โ”€โ”€โ”€โ”€โ”€โ”€โ”€โ”€โ”€โ”€โ”€โ”€โ”€โ”€โ”€โ”€โ”€โ”€โ”€โ”€โ”€โ”€โ”€โ”€โ”€โ”€โ”€โ”€โ”€
11-18 14:05:08.965 15549 16007 I PRETTY_LOGGER: โ”‚ LogUtils.i (LogUtils.java:27)
11-18 14:05:08.965 15549 16007 I PRETTY_LOGGER: โ”‚ LogUtils.i (LogUtils.java:21)
11-18 14:05:08.965 15549 16007 I PRETTY_LOGGER: โ”œโ”„โ”„โ”„โ”„โ”„โ”„โ”„โ”„โ”„โ”„โ”„โ”„โ”„โ”„โ”„โ”„โ”„โ”„โ”„โ”„โ”„โ”„โ”„โ”„โ”„โ”„โ”„โ”„โ”„โ”„โ”„โ”„โ”„โ”„โ”„โ”„โ”„โ”„โ”„โ”„โ”„โ”„โ”„โ”„โ”„โ”„โ”„โ”„โ”„โ”„โ”„โ”„โ”„โ”„โ”„โ”„โ”„โ”„โ”„โ”„โ”„โ”„โ”„โ”„โ”„โ”„โ”„โ”„โ”„โ”„โ”„โ”„โ”„โ”„โ”„โ”„โ”„โ”„โ”„โ”„โ”„โ”„โ”„โ”„โ”„โ”„โ”„โ”„โ”„โ”„โ”„โ”„โ”„โ”„โ”„โ”„โ”„โ”„โ”„โ”„โ”„โ”„โ”„โ”„โ”„โ”„โ”„โ”„โ”„โ”„โ”„โ”„
11-18 14:05:08.965 15549 16007 I PRETTY_LOGGER: โ”‚ ่ฏทๆฑ‚๏ผšhttps://merchant-dev.jlpay.com/h/sell-server/getPlateContentList
11-18 14:05:08.965 15549 16007 I PRETTY_LOGGER: โ”‚
11-18 14:05:08.965 15549 16007 I PRETTY_LOGGER: โ”‚ {"app_id":"162575608951564","rid":"1121323","format":"json","timestamp":1637215508962,"version":"1822","sign_type":"RSA2","sign":"1822","nonce_str":"9a74f6631a0342659c407e49509579e0","biz_content":{"command_id":"getPlateContentList","plate":"10000005","offset":"0","limit":"10","os_type":"ANDROID","os_version":"11","device_no":"f5e46edc-1b64-4281-9d5d-aae3897002b1","device_type":"PDKM00","app_version":"2.8.4"}}
11-18 14:05:08.965 15549 16007 I PRETTY_LOGGER: โ””โ”€โ”€โ”€โ”€โ”€โ”€โ”€โ”€โ”€โ”€โ”€โ”€โ”€โ”€โ”€โ”€โ”€โ”€โ”€โ”€โ”€โ”€โ”€โ”€โ”€โ”€โ”€โ”€โ”€โ”€โ”€โ”€โ”€โ”€โ”€โ”€โ”€โ”€โ”€โ”€โ”€โ”€โ”€โ”€โ”€โ”€โ”€โ”€โ”€โ”€โ”€โ”€โ”€โ”€โ”€โ”€โ”€โ”€โ”€โ”€โ”€โ”€โ”€โ”€โ”€โ”€โ”€โ”€โ”€โ”€โ”€โ”€โ”€โ”€โ”€โ”€โ”€โ”€โ”€โ”€โ”€โ”€โ”€โ”€โ”€โ”€โ”€โ”€โ”€โ”€โ”€โ”€โ”€โ”€โ”€โ”€โ”€โ”€โ”€โ”€โ”€โ”€โ”€โ”€โ”€โ”€โ”€โ”€โ”€โ”€โ”€โ”€
11-18 14:05:08.979 15549 15851 I PRETTY_LOGGER: โ”Œโ”€โ”€โ”€โ”€โ”€โ”€โ”€โ”€โ”€โ”€โ”€โ”€โ”€โ”€โ”€โ”€โ”€โ”€โ”€โ”€โ”€โ”€โ”€โ”€โ”€โ”€โ”€โ”€โ”€โ”€โ”€โ”€โ”€โ”€โ”€โ”€โ”€โ”€โ”€โ”€โ”€โ”€โ”€โ”€โ”€โ”€โ”€โ”€โ”€โ”€โ”€โ”€โ”€โ”€โ”€โ”€โ”€โ”€โ”€โ”€โ”€โ”€โ”€โ”€โ”€โ”€โ”€โ”€โ”€โ”€โ”€โ”€โ”€โ”€โ”€โ”€โ”€โ”€โ”€โ”€โ”€โ”€โ”€โ”€โ”€โ”€โ”€โ”€โ”€โ”€โ”€โ”€โ”€โ”€โ”€โ”€โ”€โ”€โ”€โ”€โ”€โ”€โ”€โ”€โ”€โ”€โ”€โ”€โ”€โ”€โ”€โ”€
11-18 14:05:08.979 15549 15851 I PRETTY_LOGGER: โ”‚ LogUtils.i (LogUtils.java:27)
11-18 14:05:08.979 15549 15851 I PRETTY_LOGGER: โ”‚ LogUtils.i (LogUtils.java:21)
11-18 14:05:08.979 15549 15851 I PRETTY_LOGGER: โ”œโ”„โ”„โ”„โ”„โ”„โ”„โ”„โ”„โ”„โ”„โ”„โ”„โ”„โ”„โ”„โ”„โ”„โ”„โ”„โ”„โ”„โ”„โ”„โ”„โ”„โ”„โ”„โ”„โ”„โ”„โ”„โ”„โ”„โ”„โ”„โ”„โ”„โ”„โ”„โ”„โ”„โ”„โ”„โ”„โ”„โ”„โ”„โ”„โ”„โ”„โ”„โ”„โ”„โ”„โ”„โ”„โ”„โ”„โ”„โ”„โ”„โ”„โ”„โ”„โ”„โ”„โ”„โ”„โ”„โ”„โ”„โ”„โ”„โ”„โ”„โ”„โ”„โ”„โ”„โ”„โ”„โ”„โ”„โ”„โ”„โ”„โ”„โ”„โ”„โ”„โ”„โ”„โ”„โ”„โ”„โ”„โ”„โ”„โ”„โ”„โ”„โ”„โ”„โ”„โ”„โ”„โ”„โ”„โ”„โ”„โ”„โ”„
11-18 14:05:08.979 15549 15851 I PRETTY_LOGGER: โ”‚ ่ฏทๆฑ‚๏ผšhttps://merchant-dev.jlpay.com/h/sell-server/getPlateContentList
11-18 14:05:08.979 15549 15851 I PRETTY_LOGGER: โ”‚
11-18 14:05:08.979 15549 15851 I PRETTY_LOGGER: โ”‚ {"app_id":"162575608951564","rid":"1121323","format":"json","timestamp":1637215508977,"version":"1822","sign_type":"RSA2","sign":"1822","nonce_str":"d2a152e05a694634b745e90062b3feab","biz_content":{"command_id":"getPlateContentList","plate":"10000005","offset":"0","limit":"10","os_type":"ANDROID","os_version":"11","device_no":"f5e46edc-1b64-4281-9d5d-aae3897002b1","device_type":"PDKM00","app_version":"2.8.4"}}
11-18 14:05:08.980 15549 15851 I PRETTY_LOGGER: โ””โ”€โ”€โ”€โ”€โ”€โ”€โ”€โ”€โ”€โ”€โ”€โ”€โ”€โ”€โ”€โ”€โ”€โ”€โ”€โ”€โ”€โ”€โ”€โ”€โ”€โ”€โ”€โ”€โ”€โ”€โ”€โ”€โ”€โ”€โ”€โ”€โ”€โ”€โ”€โ”€โ”€โ”€โ”€โ”€โ”€โ”€โ”€โ”€โ”€โ”€โ”€โ”€โ”€โ”€โ”€โ”€โ”€โ”€โ”€โ”€โ”€โ”€โ”€โ”€โ”€โ”€โ”€โ”€โ”€โ”€โ”€โ”€โ”€โ”€โ”€โ”€โ”€โ”€โ”€โ”€โ”€โ”€โ”€โ”€โ”€โ”€โ”€โ”€โ”€โ”€โ”€โ”€โ”€โ”€โ”€โ”€โ”€โ”€โ”€โ”€โ”€โ”€โ”€โ”€โ”€โ”€โ”€โ”€โ”€โ”€โ”€โ”€
11-18 14:05:08.985 22083 22672 I cr.sandbox: BrowserIOThread heartbeat, interval/index: 90/239, render/gpu: -1/1
11-18 14:05:08.989 15549 16009 I PRETTY_LOGGER: โ”Œโ”€โ”€โ”€โ”€โ”€โ”€โ”€โ”€โ”€โ”€โ”€โ”€โ”€โ”€โ”€โ”€โ”€โ”€โ”€โ”€โ”€โ”€โ”€โ”€โ”€โ”€โ”€โ”€โ”€โ”€โ”€โ”€โ”€โ”€โ”€โ”€โ”€โ”€โ”€โ”€โ”€โ”€โ”€โ”€โ”€โ”€โ”€โ”€โ”€โ”€โ”€โ”€โ”€โ”€โ”€โ”€โ”€โ”€โ”€โ”€โ”€โ”€โ”€โ”€โ”€โ”€โ”€โ”€โ”€โ”€โ”€โ”€โ”€โ”€โ”€โ”€โ”€โ”€โ”€โ”€โ”€โ”€โ”€โ”€โ”€โ”€โ”€โ”€โ”€โ”€โ”€โ”€โ”€โ”€โ”€โ”€โ”€โ”€โ”€โ”€โ”€โ”€โ”€โ”€โ”€โ”€โ”€โ”€โ”€โ”€โ”€โ”€
