11-18 14:00:31.320 1470 1595 D ColorZoomWindowManagerService: adjustWindowCropForLeash start: appToken = ActivityRecord{350291a u0 com.jlpay.merch/.ui.home.bill.BillActivity t18206 f}}
11-18 14:00:31.335 1470 4554 D ColorInputMethodManagerServiceEx: onHandleImeWindowVisibleStatus handledVis: 0, switcher visible: 0, switcher active: 0, needsToShowImeSwitcher: false
11-18 14:00:31.491 1470 1595 V ColorZoomWindowManagerService: onAnimationFinished: r = ActivityRecord{aa296f6 u0 com.jlpay.merch/.ui.main.MainActivity t18206}
11-18 14:00:31.491 1470 1595 I ColorAppSwitchManagerService: handleAppVisible , r = ActivityRecord{aa296f6 u0 com.jlpay.merch/.ui.main.MainActivity t18206}
11-18 14:00:31.491 1470 1595 I OplusMirageDisplayManagerService: onAnimationFinished:
11-18 14:00:31.491 1470 1595 V ColorZoomWindowManagerService: onAnimationFinished: r = ActivityRecord{350291a u0 com.jlpay.merch/.ui.home.bill.BillActivity t18206 f}}
11-18 14:00:31.491 1470 1595 I OplusMirageDisplayManagerService: onAnimationFinished:
11-18 14:00:31.749 1470 2648 I ActivityManager: Killing 14378:com.google.android.webview:sandboxed_process0:org.chromium.content.app.SandboxedProcessService0:0/u0a1378i212 (adj 0): isolated not needed
11-18 14:00:31.751 1470 2978 D DisplayManagerService: Display listener for pid 14378 died.
11-18 14:00:31.751 1470 4554 V ActivityManager: Death received in com.android.server.am.ActivityManagerService$AppDeathRecipient@84ab561 for thread android.os.BinderProxy@518f886
11-18 14:00:32.750 1470 1629 D BatteryLed: getLightInColorState, oppoLightMgr empty!
11-18 14:00:34.723 1470 1823 D JobScheduler.Temperature: get temperature=30.648
11-18 14:00:37.301 1470 2978 E AppOps : noteOperation
11-18 14:00:37.301 1470 2978 E AppOps : java.lang.SecurityException: Specified package com.android.phone under uid 10159 but it is really 1001
11-18 14:00:37.301 1470 2978 E AppOps : at com.android.server.appop.AppOpsService.verifyAndGetBypass(AppOpsService.java:3966)
11-18 14:00:37.301 1470 2978 E AppOps : at com.android.server.appop.AppOpsService.noteOperationUnchecked(AppOpsService.java:3106)
11-18 14:00:37.301 1470 2978 E AppOps : at com.android.server.appop.AppOpsService.noteOperationImpl(AppOpsService.java:3094)
11-18 14:00:37.301 1470 2978 E AppOps : at com.android.server.appop.AppOpsService.noteOperation(AppOpsService.java:3077)
11-18 14:00:37.301 1470 2978 E AppOps : at com.android.internal.app.IAppOpsService$Stub.onTransact(IAppOpsService.java:447)
11-18 14:00:37.301 1470 2978 E AppOps : at android.os.Binder.execTransactInternal(Binder.java:1166)
11-18 14:00:37.301 1470 2978 E AppOps : at android.os.Binder.execTransact(Binder.java:1130)
11-18 14:00:38.589 1470 1470 D OppoBaseBatteryService: send broadcast : oppo.intent.action.BATTERY_DATA_UPDATE
11-18 14:00:38.590 1470 1629 D BatteryLed: getLightInColorState, oppoLightMgr empty!
11-18 14:00:38.590 1470 1470 W ContextImpl: Calling a method in the system process without a qualified user: android.app.ContextImpl.sendBroadcast:1158 com.android.server.OppoBaseBatteryService$2.run:280 android.os.Handler.handleCallback:938 android.os.Handler.dispatchMessage:99 android.os.Looper.loop:264
11-18 14:00:44.527 1470 1470 D OppoBaseBatteryService: send broadcast : oppo.intent.action.BATTERY_DATA_UPDATE
11-18 14:00:44.528 1470 1629 D BatteryLed: getLightInColorState, oppoLightMgr empty!
11-18 14:00:44.528 1470 1470 W ContextImpl: Calling a method in the system process without a qualified user: android.app.ContextImpl.sendBroadcast:1158 com.android.server.OppoBaseBatteryService$2.run:280 android.os.Handler.handleCallback:938 android.os.Handler.dispatchMessage:99 android.os.Looper.loop:264
11-18 14:00:44.734 1470 1823 D JobScheduler.Temperature: get temperature=30.729
11-18 14:00:50.190 1470 1597 V OppoBaseWatchdog: @WatchDog_ error e: java.io.FileNotFoundException: /d/wakeup_sources: open failed: ENOENT (No such file or directory)
11-18 14:00:50.615 1470 1629 D BatteryLed: getLightInColorState, oppoLightMgr empty!
11-18 14:00:54.742 1470 1823 D JobScheduler.Temperature: get temperature=30.475
11-18 14:00:56.551 1470 1629 D BatteryLed: getLightInColorState, oppoLightMgr empty!
11-18 14:01:00.024 1470 2978 E OplusCustomizeRestrictionManagerService: isBiometricDisabled start
11-18 14:01:00.026 1470 2978 E OplusCustomizeRestrictionManagerService: isBiometricDisabled start
11-18 14:01:04.754 1470 1823 D JobScheduler.Temperature: get temperature=30.374
11-18 14:01:08.547 1470 1470 D OppoBaseBatteryService: send broadcast : oppo.intent.action.BATTERY_DATA_UPDATE
11-18 14:01:08.547 1470 1629 D BatteryLed: getLightInColorState, oppoLightMgr empty!
11-18 14:01:08.547 1470 1470 W ContextImpl: Calling a method in the system process without a qualified user: android.app.ContextImpl.sendBroadcast:1158 com.android.server.OppoBaseBatteryService$2.run:280 android.os.Handler.handleCallback:938 android.os.Handler.dispatchMessage:99 android.os.Looper.loop:264
11-18 14:01:10.305 2785 2785 W ContextImpl: Calling a method in the system process without a qualified user: android.app.ContextImpl.startService:1701 android.content.ContextWrapper.startService:730 android.content.ContextWrapper.startService:730 com.oppo.oppopowermonitor.parsebatterystats.ParseBatteryStatsService.onReceive:30 android.app.ActivityThread.handleReceiver:4377
11-18 14:01:10.941 1470 1470 D OppoDevicePowerStats: on receive oppo.intent.action.MDPWR_REPORT_TO_BATTERY_STATES
11-18 14:01:13.333 13896 13896 D ViewRootImpl: enqueueInputEventMotionEvent { action=ACTION_DOWN, actionButton=0, id[0]=0, x[0]=854.0, y[0]=2326.0, toolType[0]=TOOL_TYPE_FINGER, buttonState=0, classification=NONE, metaState=0, flags=0x0, edgeFlags=0x0, pointerCount=1, historySize=0, eventTime=425451847, downTime=425451847, deviceId=3, source=0x1002, displayId=0 }
11-18 14:01:14.253 13896 13896 D ViewRootImpl: enqueueInputEventMotionEvent { action=ACTION_DOWN, actionButton=0, id[0]=0, x[0]=938.0, y[0]=189.0, toolType[0]=TOOL_TYPE_FINGER, buttonState=0, classification=NONE, metaState=0, flags=0x0, edgeFlags=0x0, pointerCount=1, historySize=0, eventTime=425452768, downTime=425452768, deviceId=3, source=0x1002, displayId=0 }
11-18 14:01:14.332 1470 3546 I ActivityTaskManager: START u0 {cmp=com.jlpay.merch/.ui.account.safetysetting.SettingActivity mCallingUid=11378} from uid 11378 and from pid 13896
11-18 14:01:14.333 1470 3546 D ColorZoomWindowRUSConfigManager: isSupportZoomModeWithPolicyLocked: target = com.jlpay.merch/.ui.account.safetysetting.SettingActivity
11-18 14:01:14.333 1470 3546 D ColorZoomWindowRUSConfigManager: targetPkg = com.jlpay.merch
11-18 14:01:14.333 1470 3546 V ColorZoomWindowManagerService: unSupportZoom: false ,callingPid: 13896 ,sourceStack: Task{bb21b98 #18206 visible=true type=standard mode=fullscreen translucent=false A=11378:com.jlpay.merch U=0 StackId=18206 sz=1}
11-18 14:01:14.335 1470 3546 D ColorZoomWindowRUSConfigManager: isSupportZoomModeWithPolicyLocked: target = com.jlpay.merch/.ui.account.safetysetting.SettingActivity
11-18 14:01:14.335 1470 3546 D ColorZoomWindowRUSConfigManager: targetPkg = com.jlpay.merch
11-18 14:01:14.335 1470 3546 V ColorZoomWindowManagerService: unSupportZoom: false ,callingPid: 13896 ,sourceStack: Task{bb21b98 #18206 visible=true type=standard mode=fullscreen translucent=false A=11378:com.jlpay.merch U=0 StackId=18206 sz=2}
11-18 14:01:14.343 1470 3546 I OppoBaseActivityStack: notifyAppSwitch the same packageName!
11-18 14:01:14.344 1470 3546 W ActivityTaskManager: Tried to set launchTime (0) < mLastActivityLaunchTime (425407838)
11-18 14:01:14.345 1470 3546 I ActivityTaskManager: perfNotifyAppState TopResumedActivityChanged ActivityRecord{19e9d75 u0 com.jlpay.merch/.ui.account.safetysetting.SettingActivity t18206}
11-18 14:01:14.345 1470 3546 W WindowManager: Changing focus fromWindow{eb9ba32 u0 com.jlpay.merch/com.jlpay.merch.ui.main.MainActivity} to null displayId=0 Callers=com.android.server.wm.RootWindowContainer.updateFocusedWindowLocked:509 com.android.server.wm.WindowManagerService.updateFocusedWindowLocked:6073 com.android.server.wm.DisplayContent.setFocusedApp:5895 com.android.server.wm.ActivityTaskManagerService.setResumedActivityUncheckLocked:5860
11-18 14:01:14.348 1470 3546 I ActivityTaskManager: perfNotifyAppState PAUSED ActivityRecord{aa296f6 u0 com.jlpay.merch/.ui.main.MainActivity t18206}
11-18 14:01:14.418 13896 13896 D ColorViewRootUtil: initSwipState, isDisplayCompatApp false
11-18 14:01:14.418 13896 13896 D ColorViewRootUtil: mScreenHeight 2400, mScreenWidth 1080
11-18 14:01:14.422 1470 3546 W WindowManager: Changing focus fromnull to Window{cddd829 u0 com.jlpay.merch/com.jlpay.merch.ui.account.safetysetting.SettingActivity} displayId=0 Callers=com.android.server.wm.RootWindowContainer.updateFocusedWindowLocked:509 com.android.server.wm.WindowManagerService.updateFocusedWindowLocked:6073 com.android.server.wm.WindowManagerService.addWindow:1941 com.android.server.wm.Session.addToDisplayAsUser:184
11-18 14:01:14.442 13896 13896 D ColorViewRootUtil: initSwipState, isDisplayCompatApp false
11-18 14:01:14.442 13896 13896 D ColorViewRootUtil: mScreenHeight 2400, mScreenWidth 1080
11-18 14:01:14.459 13896 13896 V OplusZoomWindowDecorViewHelper: setLastReportedMergedConfiguration mZoomDisplayHeight: 2400 getDecorView.DecorView@6a5be38[SettingActivity]
11-18 14:01:14.475 1470 4256 I WindowManager: Relayout Window{f94e6c8 u0 com.jlpay.merch/com.jlpay.merch.ui.account.safetysetting.SettingActivity}: oldVis=4 newVis=0 focusMayChange = true
11-18 14:01:14.480 13896 13896 V OplusZoomWindowDecorViewHelper: setLastReportedMergedConfiguration mZoomDisplayHeight: 2400 getDecorView.DecorView@838ad7c[SettingActivity]
11-18 14:01:14.508 1470 1595 D ColorZoomWindowManagerService: adjustWindowCropForLeash start: appToken = ActivityRecord{19e9d75 u0 com.jlpay.merch/.ui.account.safetysetting.SettingActivity t18206}
11-18 14:01:14.510 1470 1595 D ColorZoomWindowManagerService: adjustWindowCropForLeash start: appToken = ActivityRecord{aa296f6 u0 com.jlpay.merch/.ui.main.MainActivity t18206}
11-18 14:01:14.524 1470 4256 W WindowManager: Changing focus fromWindow{cddd829 u0 com.jlpay.merch/com.jlpay.merch.ui.account.safetysetting.SettingActivity EXITING} to Window{f94e6c8 u0 com.jlpay.merch/com.jlpay.merch.ui.account.safetysetting.SettingActivity} displayId=0 Callers=com.android.server.wm.RootWindowContainer.updateFocusedWindowLocked:509 com.android.server.wm.WindowManagerService.updateFocusedWindowLocked:6073 com.android.server.wm.WindowState.setupWindowForRemoveOnExit:2542 com.android.server.wm.WindowState.removeIfPossible:2507
11-18 14:01:14.537 2069 2069 D ColorViewRootUtil: initSwipState, isDisplayCompatApp false
11-18 14:01:14.537 2069 2069 D ColorViewRootUtil: mScreenHeight 2400, mScreenWidth 1080
11-18 14:01:14.544 1470 4256 D ColorInputMethodManagerServiceEx: onHandleImeWindowVisibleStatus handledVis: 0, switcher visible: 0, switcher active: 0, needsToShowImeSwitcher: false
11-18 14:01:14.550 1470 3038 D ColorInputMethodManagerServiceEx: onHandleImeWindowVisibleStatus handledVis: 0, switcher visible: 0, switcher active: 0, needsToShowImeSwitcher: false
11-18 14:01:14.725 1470 1470 D OppoBaseBatteryService: send broadcast : oppo.intent.action.BATTERY_DATA_UPDATE
11-18 14:01:14.725 1470 1629 D BatteryLed: getLightInColorState, oppoLightMgr empty!
11-18 14:01:14.725 1470 1470 W ContextImpl: Calling a method in the system process without a qualified user: android.app.ContextImpl.sendBroadcast:1158 com.android.server.OppoBaseBatteryService$2.run:280 android.os.Handler.handleCallback:938 android.os.Handler.dispatchMessage:99 android.os.Looper.loop:264
11-18 14:01:14.761 1470 1823 D JobScheduler.Temperature: get temperature=30.456
11-18 14:01:14.781 1470 1595 V ColorZoomWindowManagerService: onAnimationFinished: r = ActivityRecord{19e9d75 u0 com.jlpay.merch/.ui.account.safetysetting.SettingActivity t18206}
11-18 14:01:14.781 1470 1595 I ColorAppSwitchManagerService: handleAppVisible , r = ActivityRecord{19e9d75 u0 com.jlpay.merch/.ui.account.safetysetting.SettingActivity t18206}
11-18 14:01:14.781 1470 1595 I OplusMirageDisplayManagerService: onAnimationFinished:
11-18 14:01:14.781 1470 1595 V ColorZoomWindowManagerService: onAnimationFinished: r = ActivityRecord{aa296f6 u0 com.jlpay.merch/.ui.main.MainActivity t18206}
11-18 14:01:14.782 1470 1595 I OplusMirageDisplayManagerService: onAnimationFinished:
11-18 14:01:14.785 1470 1594 I ActivityTaskManager: perfNotifyAppState STOP ActivityRecord{aa296f6 u0 com.jlpay.merch/.ui.main.MainActivity t18206}
11-18 14:01:14.916 13896 13896 D ViewRootImpl: enqueueInputEventMotionEvent { action=ACTION_DOWN, actionButton=0, id[0]=0, x[0]=482.0, y[0]=1553.0, toolType[0]=TOOL_TYPE_FINGER, buttonState=0, classification=NONE, metaState=0, flags=0x2, edgeFlags=0x0, pointerCount=1, historySize=0, eventTime=425453434, downTime=425453434, deviceId=3, source=0x1002, displayId=0 }
11-18 14:01:15.023 13896 13896 D ColorViewRootUtil: initSwipState, isDisplayCompatApp false
11-18 14:01:15.024 13896 13896 D ColorViewRootUtil: mScreenHeight 2400, mScreenWidth 1080
11-18 14:01:15.033 1470 4554 W WindowManager: Changing focus fromWindow{f94e6c8 u0 com.jlpay.merch/com.jlpay.merch.ui.account.safetysetting.SettingActivity} to Window{e5fd921 u0 com.jlpay.merch/com.jlpay.merch.ui.account.safetysetting.SettingActivity} displayId=0 Callers=com.android.server.wm.RootWindowContainer.updateFocusedWindowLocked:509 com.android.server.wm.WindowManagerService.updateFocusedWindowLocked:6073 com.android.server.wm.WindowManagerService.addWindow:1941 com.android.server.wm.Session.addToDisplayAsUser:184
11-18 14:01:15.063 13896 13896 V OplusZoomWindowDecorViewHelper: setLastReportedMergedConfiguration mZoomDisplayHeight: 2400 getDecorView.DecorView@88243b6[SettingActivity]
11-18 14:01:15.094 1470 4554 D ColorInputMethodManagerServiceEx: onHandleImeWindowVisibleStatus handledVis: 0, switcher visible: 0, switcher active: 0, needsToShowImeSwitcher: false
11-18 14:01:15.101 1470 4256 D ColorInputMethodManagerServiceEx: onHandleImeWindowVisibleStatus handledVis: 0, switcher visible: 0, switcher active: 0, needsToShowImeSwitcher: false
11-18 14:01:15.171 1470 3038 W WindowManager: Changing focus fromWindow{e5fd921 u0 com.jlpay.merch/com.jlpay.merch.ui.account.safetysetting.SettingActivity EXITING} to Window{f94e6c8 u0 com.jlpay.merch/com.jlpay.merch.ui.account.safetysetting.SettingActivity} displayId=0 Callers=com.android.server.wm.RootWindowContainer.updateFocusedWindowLocked:509 com.android.server.wm.WindowManagerService.updateFocusedWindowLocked:6073 com.android.server.wm.WindowState.setupWindowForRemoveOnExit:2542 com.android.server.wm.WindowState.removeIfPossible:2507
11-18 14:01:15.196 13896 13896 D ColorViewRootUtil: initSwipState, isDisplayCompatApp false
11-18 14:01:15.196 13896 13896 D ColorViewRootUtil: mScreenHeight 2400, mScreenWidth 1080
11-18 14:01:15.206 1470 4256 W WindowManager: Changing focus fromWindow{f94e6c8 u0 com.jlpay.merch/com.jlpay.merch.ui.account.safetysetting.SettingActivity} to Window{5a6fcc9 u0 com.jlpay.merch/com.jlpay.merch.ui.account.safetysetting.SettingActivity} displayId=0 Callers=com.android.server.wm.RootWindowContainer.updateFocusedWindowLocked:509 com.android.server.wm.WindowManagerService.updateFocusedWindowLocked:6073 com.android.server.wm.WindowManagerService.addWindow:1941 com.android.server.wm.Session.addToDisplayAsUser:184
11-18 14:01:15.237 13896 13896 V OplusZoomWindowDecorViewHelper: setLastReportedMergedConfiguration mZoomDisplayHeight: 2400 getDecorView.DecorView@722f2[SettingActivity]
11-18 14:01:15.266 1470 3546 D ColorInputMethodManagerServiceEx: onHandleImeWindowVisibleStatus handledVis: 0, switcher visible: 0, switcher active: 0, needsToShowImeSwitcher: false
11-18 14:01:15.274 1470 3546 D ColorInputMethodManagerServiceEx: onHandleImeWindowVisibleStatus handledVis: 0, switcher visible: 0, switcher active: 0, needsToShowImeSwitcher: false
11-18 14:01:15.337 1470 4256 W WindowManager: Changing focus fromWindow{5a6fcc9 u0 com.jlpay.merch/com.jlpay.merch.ui.account.safetysetting.SettingActivity EXITING} to Window{f94e6c8 u0 com.jlpay.merch/com.jlpay.merch.ui.account.safetysetting.SettingActivity} displayId=0 Callers=com.android.server.wm.RootWindowContainer.updateFocusedWindowLocked:509 com.android.server.wm.WindowManagerService.updateFocusedWindowLocked:6073 com.android.server.wm.WindowState.setupWindowForRemoveOnExit:2542 com.android.server.wm.WindowState.removeIfPossible:2507
11-18 14:01:15.358 1470 4256 I ActivityTaskManager: START u0 {flg=0x10000000 cmp=com.jlpay.merch/.ui.login.LoginActivity mCallingUid=11378} from uid 11378 and from pid 13896
11-18 14:01:15.359 1470 4256 D ColorZoomWindowRUSConfigManager: isSupportZoomModeWithPolicyLocked: target = com.jlpay.merch/.ui.login.LoginActivity
11-18 14:01:15.359 1470 4256 D ColorZoomWindowRUSConfigManager: targetPkg = com.jlpay.merch
11-18 14:01:15.359 1470 4256 V ColorZoomWindowManagerService: unSupportZoom: false ,callingPid: 13896 ,sourceStack: Task{bb21b98 #18206 visible=true type=standard mode=fullscreen translucent=false A=11378:com.jlpay.merch U=0 StackId=18206 sz=2}
11-18 14:01:15.362 1470 4256 D ColorZoomWindowRUSConfigManager: isSupportZoomModeWithPolicyLocked: target = com.jlpay.merch/.ui.login.LoginActivity
11-18 14:01:15.362 1470 4256 D ColorZoomWindowRUSConfigManager: targetPkg = com.jlpay.merch
11-18 14:01:15.362 1470 4256 V ColorZoomWindowManagerService: unSupportZoom: false ,callingPid: 13896 ,sourceStack: Task{bb21b98 #18206 visible=true type=standard mode=fullscreen translucent=false A=11378:com.jlpay.merch U=0 StackId=18206 sz=3}
11-18 14:01:15.365 1470 4256 W ActivityTaskManager: Duplicate finish request for r=ActivityRecord{aa296f6 u0 com.jlpay.merch/.ui.main.MainActivity t18206 f}}
11-18 14:01:15.366 1470 3038 W ActivityTaskManager: Duplicate finish request for r=ActivityRecord{19e9d75 u0 com.jlpay.merch/.ui.account.safetysetting.SettingActivity t18206 f}}
11-18 14:01:15.374 1470 3038 I OppoBaseActivityStack: notifyAppSwitch the same packageName!
11-18 14:01:15.374 1470 3038 W ActivityTaskManager: Tried to set launchTime (0) < mLastActivityLaunchTime (425452863)
11-18 14:01:15.376 1470 3038 I ActivityTaskManager: perfNotifyAppState TopResumedActivityChanged ActivityRecord{b850b30 u0 com.jlpay.merch/.ui.login.LoginActivity t18206}
11-18 14:01:15.376 1470 3038 W WindowManager: Changing focus fromWindow{f94e6c8 u0 com.jlpay.merch/com.jlpay.merch.ui.account.safetysetting.SettingActivity} to null displayId=0 Callers=com.android.server.wm.RootWindowContainer.updateFocusedWindowLocked:509 com.android.server.wm.WindowManagerService.updateFocusedWindowLocked:6073 com.android.server.wm.DisplayContent.setFocusedApp:5895 com.android.server.wm.ActivityTaskManagerService.setResumedActivityUncheckLocked:5860
11-18 14:01:15.379 1470 3038 I ActivityTaskManager: perfNotifyAppState PAUSED ActivityRecord{19e9d75 u0 com.jlpay.merch/.ui.account.safetysetting.SettingActivity t18206 f}}
11-18 14:01:15.497 13896 13896 D ColorViewRootUtil: initSwipState, isDisplayCompatApp false
11-18 14:01:15.498 13896 13896 D ColorViewRootUtil: mScreenHeight 2400, mScreenWidth 1080
11-18 14:01:15.516 1470 4256 I WindowManager: Relayout Window{f76b919 u0 com.jlpay.merch/com.jlpay.merch.ui.login.LoginActivity}: oldVis=4 newVis=0 focusMayChange = true
11-18 14:01:15.519 1470 4256 W WindowManager: Changing focus fromnull to Window{f76b919 u0 com.jlpay.merch/com.jlpay.merch.ui.login.LoginActivity} displayId=0 Callers=com.android.server.wm.RootWindowContainer.updateFocusedWindowLocked:509 com.android.server.wm.WindowManagerService.updateFocusedWindowLocked:6073 com.android.server.wm.WindowManagerService.relayoutWindow:2717 com.android.server.wm.Session.relayout:229
11-18 14:01:15.524 13896 13896 V OplusZoomWindowDecorViewHelper: setLastReportedMergedConfiguration mZoomDisplayHeight: 2400 getDecorView.DecorView@add1b35[LoginActivity]
11-18 14:01:15.544 1470 1595 D ColorZoomWindowManagerService: adjustWindowCropForLeash start: appToken = ActivityRecord{b850b30 u0 com.jlpay.merch/.ui.login.LoginActivity t18206}
11-18 14:01:15.547 1470 1595 D ColorZoomWindowManagerService: adjustWindowCropForLeash start: appToken = ActivityRecord{19e9d75 u0 com.jlpay.merch/.ui.account.safetysetting.SettingActivity t18206 f}}
11-18 14:01:15.558 1470 3038 D ColorInputMethodManagerServiceEx: onHandleImeWindowVisibleStatus handledVis: 0, switcher visible: 0, switcher active: 0, needsToShowImeSwitcher: false
11-18 14:01:15.566 1470 4256 D ColorInputMethodManagerServiceEx: onHandleImeWindowVisibleStatus handledVis: 0, switcher visible: 0, switcher active: 0, needsToShowImeSwitcher: false
11-18 14:01:15.830 1470 1595 V ColorZoomWindowManagerService: onAnimationFinished: r = ActivityRecord{19e9d75 u0 com.jlpay.merch/.ui.account.safetysetting.SettingActivity t18206 f}}
11-18 14:01:15.830 1470 1595 I OplusMirageDisplayManagerService: onAnimationFinished:
11-18 14:01:15.830 1470 1595 V ColorZoomWindowManagerService: onAnimationFinished: r = ActivityRecord{b850b30 u0 com.jlpay.merch/.ui.login.LoginActivity t18206}
11-18 14:01:15.830 1470 1595 I ColorAppSwitchManagerService: handleAppVisible , r = ActivityRecord{b850b30 u0 com.jlpay.merch/.ui.login.LoginActivity t18206}
11-18 14:01:15.830 1470 1595 I OplusMirageDisplayManagerService: onAnimationFinished:
11-18 14:01:15.976 1470 3038 I ColorZoomWindowRUSConfigManager: isEnabled mZoomSwitch = true
11-18 14:01:15.976 1470 3038 D ColorZoomWindowRUSConfigManager: isSupportZoomModeWithPolicyLocked: target = com.jlpay.merch/.ui.start.SplashActivity
11-18 14:01:15.976 1470 3038 D ColorZoomWindowRUSConfigManager: targetPkg = com.jlpay.merch
11-18 14:01:15.976 1470 3038 D ColorZoomWindowRUSConfigManager: isSupportZoomModeWithPolicyLocked: target = com.jlpay.merch/.ui.login.LoginActivity
11-18 14:01:15.976 1470 3038 D ColorZoomWindowRUSConfigManager: targetPkg = com.jlpay.merch
11-18 14:01:15.976 1470 3038 D ColorAppListInterceptManager: shouldFilterTask
11-18 14:01:15.976 1470 3038 D ColorAppListInterceptManager: shouldFilterTask::packageName = com.jlpay.merch
11-18 14:01:15.976 1470 3038 D ColorAppListInterceptManager: shouldFilterTask
11-18 14:01:15.976 1470 3038 D ColorAppListInterceptManager: shouldFilterTask::packageName = com.android.settings
11-18 14:01:15.982 1470 3038 V WindowManager: mIsWallpaper: setAlpha ok mShownAlpha = 0.98
11-18 14:01:15.984 1470 1829 E ORMS_CORE: Unsupported action!!!
11-18 14:01:15.990 1470 3038 I WindowManager: Relayout Window{c6aacdb u0 com.coloros.assistantscreen}: oldVis=8 newVis=0 focusMayChange = true
11-18 14:01:16.000 1470 4554 I WindowManager: Relayout Window{f1ec59d u0 com.oppo.launcher/com.oppo.launcher.Launcher}: oldVis=8 newVis=0 focusMayChange = true
11-18 14:01:16.049 1470 1470 D ColorInputMethodManagerServiceEx: onHandleImeWindowVisibleStatus handledVis: 0, switcher visible: 0, switcher active: 0, needsToShowImeSwitcher: false
11-18 14:01:16.051 1470 1470 D ColorInputMethodManagerServiceEx: onHandleImeWindowVisibleStatus handledVis: 0, switcher visible: 0, switcher active: 0, needsToShowImeSwitcher: false
11-18 14:01:16.602 1470 3038 W WindowManager: Changing focus fromWindow{f76b919 u0 com.jlpay.merch/com.jlpay.merch.ui.login.LoginActivity} to Window{f1ec59d u0 com.oppo.launcher/com.oppo.launcher.Launcher} displayId=0 Callers=com.android.server.wm.RootWindowContainer.updateFocusedWindowLocked:509 com.android.server.wm.WindowManagerService.updateFocusedWindowLocked:6073 com.android.server.wm.DisplayContent.layoutAndAssignWindowLayersIfNeeded:3600 com.android.server.wm.ActivityStack.positionChildAtTop:3564
11-18 14:01:16.617 1470 3038 V ColorZoomWindowManagerService: onAnimationFinished: r = ActivityRecord{b850b30 u0 com.jlpay.merch/.ui.login.LoginActivity t18206}
11-18 14:01:16.617 1470 3038 I OplusMirageDisplayManagerService: onAnimationFinished:
11-18 14:01:16.617 1470 3038 I ColorAppSwitchManagerService: handleAppVisible , r = ActivityRecord{e39e91 u0 com.oppo.launcher/.Launcher t2}
11-18 14:01:16.620 1470 4262 I ActivityTaskManager: perfNotifyAppState TopResumedActivityChanged ActivityRecord{e39e91 u0 com.oppo.launcher/.Launcher t2}
11-18 14:01:16.624 1470 1594 E OppoThermalStats: Error getting package info: com.oppo.launcher
11-18 14:01:16.627 1470 1594 D OomAdjuster: TOP_APP is ProcessRecord{133788a 2515:com.oppo.launcher/u0a62} uid is 10062
11-18 14:01:16.635 1470 4262 D ColorInputMethodManagerServiceEx: onHandleImeWindowVisibleStatus handledVis: 0, switcher visible: 0, switcher active: 0, needsToShowImeSwitcher: false
11-18 14:01:16.636 1470 4262 D ColorInputMethodManagerServiceEx: onHandleImeWindowVisibleStatus handledVis: 0, switcher visible: 0, switcher active: 0, needsToShowImeSwitcher: false
11-18 14:01:16.637 1470 1594 I ActivityTaskManager: perfNotifyAppState STOP ActivityRecord{b850b30 u0 com.jlpay.merch/.ui.login.LoginActivity t18206}
11-18 14:01:16.645 1470 2457 D OppoBasePowerManagerService: do restore jobs
11-18 14:01:16.645 1470 2457 I chatty : uid=1000(system) HansManagerHand identical 1 line
11-18 14:01:16.645 1470 2457 D OppoBasePowerManagerService: do restore jobs
11-18 14:01:16.652 1470 4262 D ColorInputMethodManagerServiceEx: onHandleImeWindowVisibleStatus handledVis: 0, switcher visible: 0, switcher active: 0, needsToShowImeSwitcher: false
11-18 14:01:16.706 2515 2515 D ViewRootImpl: enqueueInputEventMotionEvent { action=ACTION_DOWN, actionButton=0, id[0]=0, x[0]=679.0, y[0]=666.0, toolType[0]=TOOL_TYPE_FINGER, buttonState=0, classification=NONE, metaState=0, flags=0x2, edgeFlags=0x0, pointerCount=1, historySize=0, eventTime=425455223, downTime=425455223, deviceId=3, source=0x1002, displayId=0 }
11-18 14:01:16.715 1470 4256 E ORMS_Platform : OplusResourceManagerPlatformUtils: readFile function exception:/d/ged/hal/gpu_utilization: open failed: ENOENT (No such file or directory)
11-18 14:01:16.730 1470 2978 D ColorAppListInterceptManager: shouldFilterTask
11-18 14:01:16.730 1470 2978 D ColorAppListInterceptManager: shouldFilterTask::packageName = com.jlpay.merch
11-18 14:01:16.730 1470 2978 D ColorAppListInterceptManager: shouldFilterTask
11-18 14:01:16.730 1470 2978 D ColorAppListInterceptManager: shouldFilterTask::packageName = com.android.settings
11-18 14:01:16.741 1470 3546 E ORMS_Platform : OplusResourceManagerPlatformUtils: readFile function exception:/d/ged/hal/gpu_utilization: open failed: ENOENT (No such file or directory)
11-18 14:01:17.021 1470 2648 D ColorInputMethodManagerServiceEx: onHandleImeWindowVisibleStatus handledVis: 0, switcher visible: 0, switcher active: 0, needsToShowImeSwitcher: false
11-18 14:01:17.391 1470 4262 E AppOps : noteOperation
11-18 14:01:17.391 1470 4262 E AppOps : java.lang.SecurityException: Specified package com.android.phone under uid 10159 but it is really 1001
11-18 14:01:17.391 1470 4262 E AppOps : at com.android.server.appop.AppOpsService.verifyAndGetBypass(AppOpsService.java:3966)
11-18 14:01:17.391 1470 4262 E AppOps : at com.android.server.appop.AppOpsService.noteOperationUnchecked(AppOpsService.java:3106)
11-18 14:01:17.391 1470 4262 E AppOps : at com.android.server.appop.AppOpsService.noteOperationImpl(AppOpsService.java:3094)
11-18 14:01:17.391 1470 4262 E AppOps : at com.android.server.appop.AppOpsService.noteOperation(AppOpsService.java:3077)
11-18 14:01:17.391 1470 4262 E AppOps : at com.android.internal.app.IAppOpsService$Stub.onTransact(IAppOpsService.java:447)
11-18 14:01:17.391 1470 4262 E AppOps : at android.os.Binder.execTransactInternal(Binder.java:1166)
11-18 14:01:17.391 1470 4262 E AppOps : at android.os.Binder.execTransact(Binder.java:1130)
11-18 14:01:17.688 2515 2515 D ViewRootImpl: enqueueInputEventMotionEvent { action=ACTION_DOWN, actionButton=0, id[0]=0, x[0]=242.0, y[0]=1024.0, toolType[0]=TOOL_TYPE_FINGER, buttonState=0, classification=NONE, metaState=0, flags=0x2, edgeFlags=0x0, pointerCount=1, historySize=0, eventTime=425456204, downTime=425456204, deviceId=3, source=0x1002, displayId=0 }
11-18 14:01:17.779 1470 2648 I ActivityTaskManager: START u0 {act=android.settings.APPLICATION_DETAILS_SETTINGS dat=package:com.jlpay.merch flg=0x10008000 cmp=com.android.settings/.applications.InstalledAppDetails bnds=[174,907][354,1072] mCallingUid=10062} from uid 10062 and from pid 2515
11-18 14:01:17.781 1470 2648 E ColorZoomWindowManagerService: onConfigurationChanged rotation not changed - prevRotation: 0
11-18 14:01:17.782 1470 2648 E ColorZoomWindowManagerService: onConfigurationChanged rotation not changed - prevRotation: 0
11-18 14:01:17.784 1470 2648 V ColorZoomWindowManagerService: windowMode: 0 ,stack: Task{5f6fe30 #18207 visible=true type=standard mode=fullscreen translucent=true A=1000:.applications.InstalledAppDetailsTop U=0 StackId=18207 sz=1}
11-18 14:01:17.791 1470 4262 W ActivityTaskManager: Tried to set launchTime (0) < mLastActivityLaunchTime (425340685)
11-18 14:01:17.796 1470 4262 I ActivityTaskManager: perfNotifyAppState TopResumedActivityChanged ActivityRecord{2efff73 u0 com.android.settings/.applications.InstalledAppDetails t18207}
11-18 14:01:17.797 1470 4262 W WindowManager: Changing focus fromWindow{f1ec59d u0 com.oppo.launcher/com.oppo.launcher.Launcher} to null displayId=0 Callers=com.android.server.wm.RootWindowContainer.updateFocusedWindowLocked:509 com.android.server.wm.WindowManagerService.updateFocusedWindowLocked:6073 com.android.server.wm.DisplayContent.setFocusedApp:5895 com.android.server.wm.ActivityTaskManagerService.setResumedActivityUncheckLocked:5860
11-18 14:01:17.803 1470 4262 I ActivityTaskManager: perfNotifyAppState PAUSED ActivityRecord{e39e91 u0 com.oppo.launcher/.Launcher t2}
11-18 14:01:17.803 1470 1594 E OppoThermalStats: Error getting package info: com.android.settings
11-18 14:01:17.803 1470 1594 D OomAdjuster: TOP_APP is ProcessRecord{74c471f 13683:com.android.settings/1000} uid is 1000
11-18 14:01:17.809 1470 1595 D ColorViewRootUtil: initSwipState, isDisplayCompatApp false
11-18 14:01:17.809 1470 1595 D ColorViewRootUtil: mScreenHeight 2400, mScreenWidth 1080
11-18 14:01:17.823 1470 1595 V OplusZoomWindowDecorViewHelper: setLastReportedMergedConfiguration mZoomDisplayHeight: 2400 getDecorView.DecorView@62ab1af[settings]
11-18 14:01:17.828 13683 13727 E ActivityThread: Failed to find provider info for com.qti.smq.Feedback.provider
11-18 14:01:17.867 1470 2648 E ORMS_Platform : OplusResourceManagerPlatformUtils: readFile function exception:/d/ged/hal/gpu_utilization: open failed: ENOENT (No such file or directory)
11-18 14:01:17.895 1470 1835 E ORMS_Platform : OplusResourceManagerPlatformUtils: readFile function exception:/d/ged/hal/gpu_utilization: open failed: ENOENT (No such file or directory)
11-18 14:01:17.904 1470 4262 D ColorAppListInterceptManager: shouldFilterTask
11-18 14:01:17.904 1470 4262 D ColorAppListInterceptManager: shouldFilterTask::packageName = com.android.settings
11-18 14:01:17.904 1470 4262 D ColorAppListInterceptManager: shouldFilterTask
11-18 14:01:17.904 1470 4262 D ColorAppListInterceptManager: shouldFilterTask::packageName = com.jlpay.merch
11-18 14:01:17.977 13683 13683 D ColorViewRootUtil: initSwipState, isDisplayCompatApp false
11-18 14:01:17.977 13683 13683 D ColorViewRootUtil: mScreenHeight 2400, mScreenWidth 1080
11-18 14:01:18.008 1470 1835 I WindowManager: Relayout Window{544ddca u0 com.android.settings/com.android.settings.applications.InstalledAppDetails}: oldVis=4 newVis=0 focusMayChange = true
11-18 14:01:18.012 1470 1835 W WindowManager: Changing focus fromnull to Window{544ddca u0 com.android.settings/com.android.settings.applications.InstalledAppDetails} displayId=0 Callers=com.android.server.wm.RootWindowContainer.updateFocusedWindowLocked:509 com.android.server.wm.WindowManagerService.updateFocusedWindowLocked:6073 com.android.server.wm.WindowManagerService.relayoutWindow:2717 com.android.server.wm.Session.relayout:229
11-18 14:01:18.015 1470 1816 W ActivityManager: Unable to start service Intent { cmp=com.android.mms/com.oppo.push.UpdateServiceNumberJobService (has extras) } U=0: not found
11-18 14:01:18.015 1470 1816 D JobScheduler: Error executing JobStatus{190f3b3 #u0a61/110 com.android.mms/com.oppo.push.UpdateServiceNumberJobService u=0 s=10061 TIME=-4d22h10m43s862ms:-4d22h10m43s862ms PERIODIC PERSISTED READY}
11-18 14:01:18.015 1470 1816 W ActivityManager: Unable to start service Intent { cmp=com.coloros.deepthinker/com.coloros.proton.learn.schedule.TrainJobService (has extras) } U=0: not found
11-18 14:01:18.015 1470 1816 D JobScheduler: Error executing JobStatus{57c9c21 #1000/648162385 com.coloros.deepthinker/com.coloros.proton.learn.schedule.TrainJobService u=0 s=1000 TIME=-4d22h10m43s862ms:-4d22h10m43s862ms PERSISTED READY}
11-18 14:01:18.016 13683 13683 V OplusZoomWindowDecorViewHelper: setLastReportedMergedConfiguration mZoomDisplayHeight: 2400 getDecorView.DecorView@7e07ed3[InstalledAppDetails]
11-18 14:01:18.056 1470 2648 W NotificationService: Toast already killed. pkg=com.jlpay.merch token=android.os.BinderProxy@9b84d7a
11-18 14:01:18.065 2069 2069 D ColorViewRootUtil: initSwipState, isDisplayCompatApp false
11-18 14:01:18.065 2069 2069 D ColorViewRootUtil: mScreenHeight 2400, mScreenWidth 1080
11-18 14:01:18.118 1470 1835 D ColorInputMethodManagerServiceEx: onHandleImeWindowVisibleStatus handledVis: 0, switcher visible: 0, switcher active: 0, needsToShowImeSwitcher: false
11-18 14:01:18.118 1470 1835 D ColorInputMethodManagerServiceEx: onHandleImeWindowVisibleStatus handledVis: 0, switcher visible: 0, switcher active: 0, needsToShowImeSwitcher: false
11-18 14:01:18.124 1470 1595 V ColorZoomWindowManagerService: onAnimationFinished: r = ActivityRecord{2efff73 u0 com.android.settings/.applications.InstalledAppDetails t18207}
11-18 14:01:18.124 1470 1595 I ColorAppSwitchManagerService: handleAppVisible , r = ActivityRecord{2efff73 u0 com.android.settings/.applications.InstalledAppDetails t18207}
11-18 14:01:18.124 1470 1595 I OplusMirageDisplayManagerService: onAnimationFinished:
11-18 14:01:18.125 1470 1595 V ColorZoomWindowManagerService: onAnimationFinished: r = ActivityRecord{e39e91 u0 com.oppo.launcher/.Launcher t2}
11-18 14:01:18.125 1470 1595 I OplusMirageDisplayManagerService: onAnimationFinished:
11-18 14:01:18.125 1470 2648 D ColorInputMethodManagerServiceEx: onHandleImeWindowVisibleStatus handledVis: 0, switcher visible: 0, switcher active: 0, needsToShowImeSwitcher: false
11-18 14:01:18.129 1470 1594 I ActivityTaskManager: perfNotifyAppState STOP ActivityRecord{e39e91 u0 com.oppo.launcher/.Launcher t2}
11-18 14:01:18.578 13683 13683 D ViewRootImpl: enqueueInputEventMotionEvent { action=ACTION_DOWN, actionButton=0, id[0]=0, x[0]=229.0, y[0]=1162.0, toolType[0]=TOOL_TYPE_FINGER, buttonState=0, classification=NONE, metaState=0, flags=0x2, edgeFlags=0x0, pointerCount=1, historySize=0, eventTime=425457094, downTime=425457094, deviceId=3, source=0x1002, displayId=0 }
11-18 14:01:18.621 1470 2591 I ColorGameSpaceManager: in handleApplicationSwitchInner ---- gamemode = 0 ----mModeStatus = 0
11-18 14:01:18.676 1470 3038 I ActivityTaskManager: START u0 {act=android.intent.action.MAIN cmp=com.android.settings/.SubSettings (has extras) mCallingUid=1000} from uid 1000 and from pid 13683
11-18 14:01:18.676 1470 3038 D ColorZoomWindowRUSConfigManager: isSupportZoomModeWithPolicyLocked: target = com.android.settings/.SubSettings
11-18 14:01:18.676 1470 3038 D ColorZoomWindowRUSConfigManager: targetPkg = com.android.settings
11-18 14:01:18.676 1470 3038 I ColorZoomWindowRUSConfigManager: target pkg is unsupport zoom window mode
11-18 14:01:18.676 1470 3038 V ColorZoomWindowManagerService: unSupportZoom: true ,callingPid: 13683 ,sourceStack: Task{5f6fe30 #18207 visible=true type=standard mode=fullscreen translucent=true A=1000:.applications.InstalledAppDetailsTop U=0 StackId=18207 sz=1}
11-18 14:01:18.676 1470 3038 I ColorZoomWindowDebugConfig: disableDebugLifeCycle before: DEBUG_LIFE_CYCLE = false
11-18 14:01:18.676 1470 3038 I ColorZoomWindowDebugConfig: disableDebugLifeCycle after: DEBUG_LIFE_CYCLE = false
11-18 14:01:18.677 1470 3038 D ColorZoomWindowManagerService: setWindowType, type = 0
11-18 14:01:18.677 13683 13766 W ContextImpl: Calling a method in the system process without a qualified user: android.app.ContextImpl.startService:1701 android.content.ContextWrapper.startService:730 android.content.ContextWrapper.startService:730 com.oppo.c.c.a.a:210 com.oppo.c.c.a.a:137
11-18 14:01:18.677 1470 3038 W ColorAccessControlManagerService: notifyZoomWindowExit: stack=Task{5f6fe30 #18207 visible=true type=standard mode=fullscreen translucent=true A=1000:.applications.InstalledAppDetailsTop U=0 StackId=18207 sz=1} windowMode=1 topActivity=ActivityRecord{2efff73 u0 com.android.settings/.applications.InstalledAppDetails t18207} toFullScreen = true
11-18 14:01:18.677 1470 3038 V ColorZoomWindowManagerService: notifyZoomWindowHide:
11-18 14:01:18.677 1470 3038 I chatty : uid=1000(system) Binder:1470_E identical 1 line
11-18 14:01:18.677 1470 3038 V ColorZoomWindowManagerService: notifyZoomWindowHide:
11-18 14:01:18.679 1470 3038 D ColorZoomWindowRUSConfigManager: isSupportZoomModeWithPolicyLocked: target = com.android.settings/.SubSettings
11-18 14:01:18.679 1470 3038 D ColorZoomWindowRUSConfigManager: targetPkg = com.android.settings
11-18 14:01:18.679 1470 3038 I ColorZoomWindowRUSConfigManager: target pkg is unsupport zoom window mode
11-18 14:01:18.679 1470 3038 V ColorZoomWindowManagerService: unSupportZoom: true ,callingPid: 13683 ,sourceStack: Task{5f6fe30 #18207 visible=true type=standard mode=fullscreen translucent=true A=1000:.applications.InstalledAppDetailsTop U=0 StackId=18207 sz=2}
11-18 14:01:18.679 1470 3038 I ColorZoomWindowDebugConfig: disableDebugLifeCycle before: DEBUG_LIFE_CYCLE = false
11-18 14:01:18.679 1470 3038 I ColorZoomWindowDebugConfig: disableDebugLifeCycle after: DEBUG_LIFE_CYCLE = false
11-18 14:01:18.679 1470 3038 D ColorZoomWindowManagerService: setWindowType, type = 0
11-18 14:01:18.680 1470 3038 W ColorAccessControlManagerService: notifyZoomWindowExit: stack=Task{5f6fe30 #18207 visible=true type=standard mode=fullscreen translucent=true A=1000:.applications.InstalledAppDetailsTop U=0 StackId=18207 sz=2} windowMode=1 topActivity=ActivityRecord{514f130 u0 com.android.settings/.SubSettings t18207} toFullScreen = true
11-18 14:01:18.680 1470 3038 V ColorZoomWindowManagerService: notifyZoomWindowHide:
11-18 14:01:18.680 1470 3038 I chatty : uid=1000(system) Binder:1470_E identical 1 line
11-18 14:01:18.680 1470 3038 V ColorZoomWindowManagerService: notifyZoomWindowHide:
11-18 14:01:18.688 1470 2648 I OppoBaseActivityStack: notifyAppSwitch the same packageName!
11-18 14:01:18.688 1470 2648 W ActivityTaskManager: Tried to set launchTime (0) < mLastActivityLaunchTime (425456310)
11-18 14:01:18.689 1470 1595 D ColorViewRootUtil: initSwipState, isDisplayCompatApp false
11-18 14:01:18.689 1470 1595 D ColorViewRootUtil: mScreenHeight 2400, mScreenWidth 1080
11-18 14:01:18.692 1470 2648 I ActivityTaskManager: perfNotifyAppState TopResumedActivityChanged ActivityRecord{514f130 u0 com.android.settings/.SubSettings t18207}
11-18 14:01:18.693 1470 2648 W WindowManager: Changing focus fromWindow{544ddca u0 com.android.settings/com.android.settings.applications.InstalledAppDetails} to null displayId=0 Callers=com.android.server.wm.RootWindowContainer.updateFocusedWindowLocked:509 com.android.server.wm.WindowManagerService.updateFocusedWindowLocked:6073 com.android.server.wm.DisplayContent.setFocusedApp:5895 com.android.server.wm.ActivityTaskManagerService.setResumedActivityUncheckLocked:5860
11-18 14:01:18.696 1470 2648 I ActivityTaskManager: perfNotifyAppState PAUSED ActivityRecord{2efff73 u0 com.android.settings/.applications.InstalledAppDetails t18207}
11-18 14:01:18.704 1470 1595 V OplusZoomWindowDecorViewHelper: setLastReportedMergedConfiguration mZoomDisplayHeight: 2400 getDecorView.DecorView@576efea[settings]
11-18 14:01:18.718 1470 1595 D ColorZoomWindowManagerService: adjustWindowCropForLeash start: appToken = ActivityRecord{514f130 u0 com.android.settings/.SubSettings t18207}
11-18 14:01:18.720 1470 1595 D ColorZoomWindowManagerService: adjustWindowCropForLeash start: appToken = ActivityRecord{2efff73 u0 com.android.settings/.applications.InstalledAppDetails t18207}
11-18 14:01:18.727 13683 14588 E ActivityThread: Failed to find provider info for com.qti.smq.Feedback.provider
11-18 14:01:18.793 1470 1835 D ColorDefaultAppPolicyManager: check , currentMode = false mUd = 0
11-18 14:01:18.799 13683 13683 D ColorViewRootUtil: initSwipState, isDisplayCompatApp false
11-18 14:01:18.799 13683 13683 D ColorViewRootUtil: mScreenHeight 2400, mScreenWidth 1080
11-18 14:01:18.807 1470 1835 I WindowManager: Relayout Window{db3a925 u0 com.android.settings/com.android.settings.SubSettings}: oldVis=4 newVis=0 focusMayChange = true
11-18 14:01:18.810 1470 1835 W WindowManager: Changing focus fromnull to Window{db3a925 u0 com.android.settings/com.android.settings.SubSettings} displayId=0 Callers=com.android.server.wm.RootWindowContainer.updateFocusedWindowLocked:509 com.android.server.wm.WindowManagerService.updateFocusedWindowLocked:6073 com.android.server.wm.WindowManagerService.relayoutWindow:2717 com.android.server.wm.Session.relayout:229
11-18 14:01:18.813 13683 13683 V OplusZoomWindowDecorViewHelper: setLastReportedMergedConfiguration mZoomDisplayHeight: 2400 getDecorView.DecorView@f881552[SubSettings]
11-18 14:01:18.857 1470 1835 D ColorInputMethodManagerServiceEx: onHandleImeWindowVisibleStatus handledVis: 0, switcher visible: 0, switcher active: 0, needsToShowImeSwitcher: false
11-18 14:01:18.867 1470 1835 D ColorInputMethodManagerServiceEx: onHandleImeWindowVisibleStatus handledVis: 0, switcher visible: 0, switcher active: 0, needsToShowImeSwitcher: false
11-18 14:01:18.989 1470 1595 V ColorZoomWindowManagerService: onAnimationFinished: r = ActivityRecord{514f130 u0 com.android.settings/.SubSettings t18207}
11-18 14:01:18.989 1470 1595 I ColorAppSwitchManagerService: handleAppVisible , r = ActivityRecord{514f130 u0 com.android.settings/.SubSettings t18207}
11-18 14:01:18.989 1470 1595 I OplusMirageDisplayManagerService: onAnimationFinished:
11-18 14:01:18.989 1470 1595 V ColorZoomWindowManagerService: onAnimationFinished: r = ActivityRecord{2efff73 u0 com.android.settings/.applications.InstalledAppDetails t18207}
11-18 14:01:18.989 1470 1595 I OplusMirageDisplayManagerService: onAnimationFinished:
11-18 14:01:18.993 1470 1594 I ActivityTaskManager: perfNotifyAppState STOP ActivityRecord{2efff73 u0 com.android.settings/.applications.InstalledAppDetails t18207}
11-18 14:01:19.352 13683 13683 D ViewRootImpl: enqueueInputEventMotionEvent { action=ACTION_DOWN, actionButton=0, id[0]=0, x[0]=928.0, y[0]=1034.0, toolType[0]=TOOL_TYPE_FINGER, buttonState=0, classification=NONE, metaState=0, flags=0x2, edgeFlags=0x0, pointerCount=1, historySize=0, eventTime=425457868, downTime=425457868, deviceId=3, source=0x1002, displayId=0 }
11-18 14:01:19.477 13683 13683 D ColorViewRootUtil: initSwipState, isDisplayCompatApp false
11-18 14:01:19.477 13683 13683 D ColorViewRootUtil: mScreenHeight 2400, mScreenWidth 1080
11-18 14:01:19.481 1470 1835 W WindowManager: Changing focus fromWindow{db3a925 u0 com.android.settings/com.android.settings.SubSettings} to Window{765e88b u0 com.android.settings/com.android.settings.SubSettings} displayId=0 Callers=com.android.server.wm.RootWindowContainer.updateFocusedWindowLocked:509 com.android.server.wm.WindowManagerService.updateFocusedWindowLocked:6073 com.android.server.wm.WindowManagerService.addWindow:1941 com.android.server.wm.Session.addToDisplayAsUser:184
11-18 14:01:19.498 13683 13683 V OplusZoomWindowDecorViewHelper: setLastReportedMergedConfiguration mZoomDisplayHeight: 2400 getDecorView.DecorView@416af91[SubSettings]
11-18 14:01:19.797 1470 2591 I ColorGameSpaceManager: in handleApplicationSwitchInner ---- gamemode = 0 ----mModeStatus = 0
11-18 14:01:19.926 13683 13683 D ViewRootImpl: enqueueInputEventMotionEvent { action=ACTION_DOWN, actionButton=0, id[0]=0, x[0]=787.0, y[0]=516.0, toolType[0]=TOOL_TYPE_FINGER, buttonState=0, classification=NONE, metaState=0, flags=0x0, edgeFlags=0x0, pointerCount=1, historySize=0, eventTime=425458443, downTime=425458443, deviceId=3, source=0x1002, displayId=0 }
11-18 14:01:20.008 13683 13766 W ContextImpl: Calling a method in the system process without a qualified user: android.app.ContextImpl.startService:1701 android.content.ContextWrapper.startService:730 com.oppo.c.c.a.a:210 com.oppo.c.c.a.a:137 com.oppo.c.a.d.a:23
11-18 14:01:20.011 1470 4244 I ActivityManager: Force stopping com.jlpay.merch appid=11378 user=0: clear data
11-18 14:01:20.012 1470 4244 W ContextImpl: Calling a method in the system process without a qualified user: android.app.ContextImpl.sendBroadcast:1143 com.android.server.am.OppoExtraActivityManagerService.setKeyLockModeNormal:51 com.android.server.am.ActivityManagerService.forceStopPackageLocked:5380 com.android.server.am.ActivityManagerService.forceStopPackageLocked:5220 com.android.server.am.ActivityManagerService.clearApplicationUserData:4734
11-18 14:01:20.013 1470 4244 I ActivityManager: Killing 13896:com.jlpay.merch/u0a1378 (adj 200): stop com.jlpay.merch due to clear data
11-18 14:01:20.016 1470 4244 W ActivityTaskManager: Force removing ActivityRecord{b850b30 u0 com.jlpay.merch/.ui.login.LoginActivity t18206 f}}: app died, no saved state
11-18 14:01:20.020 1470 4244 D WindowManager: removeChild,stack:Task{bb21b98 #18206 visible=true type=standard mode=fullscreen translucent=false A=11378:com.jlpay.merch U=0 StackId=18206 sz=0}
11-18 14:01:20.020 1470 4244 D WindowManager: java.lang.Throwable
11-18 14:01:20.020 1470 4244 D WindowManager: at com.android.server.wm.TaskDisplayArea.removeChild(TaskDisplayArea.java:366)
11-18 14:01:20.020 1470 4244 D WindowManager: at com.android.server.wm.TaskDisplayArea.removeChild(TaskDisplayArea.java:102)
11-18 14:01:20.020 1470 4244 D WindowManager: at com.android.server.wm.WindowContainer.removeImmediately(WindowContainer.java:629)
11-18 14:01:20.020 1470 4244 D WindowManager: at com.android.server.wm.Task.removeImmediately(Task.java:2932)
11-18 14:01:20.020 1470 4244 D WindowManager: at com.android.server.wm.Task.removeIfPossible(Task.java:682)
11-18 14:01:20.020 1470 4244 D WindowManager: at com.android.server.wm.Task.removeChild(Task.java:1559)
11-18 14:01:20.020 1470 4244 D WindowManager: at com.android.server.wm.Task.removeChild(Task.java:1497)
11-18 14:01:20.020 1470 4244 D WindowManager: at com.android.server.wm.WindowContainer.removeImmediately(WindowContainer.java:629)
11-18 14:01:20.020 1470 4244 D WindowManager: at com.android.server.wm.WindowToken.removeImmediately(WindowToken.java:402)
11-18 14:01:20.020 1470 4244 D WindowManager: at com.android.server.wm.ActivityRecord.removeImmediately(ActivityRecord.java:3403)
11-18 14:01:20.020 1470 4244 D WindowManager: at com.android.server.wm.ActivityRecord.removeIfPossible(ActivityRecord.java:3410)
11-18 14:01:20.020 1470 4244 D WindowManager: at com.android.server.wm.ActivityRecord.onRemovedFromDisplay(ActivityRecord.java:3495)
11-18 14:01:20.020 1470 4244 D WindowManager: at com.android.server.wm.DisplayContent.removeAppToken(DisplayContent.java:1296)
11-18 14:01:20.020 1470 4244 D WindowManager: at com.android.server.wm.ActivityRecord.removeAppTokenFromDisplay(ActivityRecord.java:2167)
11-18 14:01:20.020 1470 4244 D WindowManager: at com.android.server.wm.ActivityRecord.removeFromHistory(ActivityRecord.java:3195)
11-18 14:01:20.020 1470 4244 D WindowManager: at com.android.server.wm.ActivityStack$RemoveHistoryRecordsForApp.processActivity(ActivityStack.java:578)
11-18 14:01:20.020 1470 4244 D WindowManager: at com.android.server.wm.ActivityStack$RemoveHistoryRecordsForApp.process(ActivityStack.java:488)
11-18 14:01:20.020 1470 4244 D WindowManager: at com.android.server.wm.ActivityStack.handleAppDied(ActivityStack.java:3153)
11-18 14:01:20.020 1470 4244 D WindowManager: at com.android.server.wm.RootWindowContainer.handleAppDied(RootWindowContainer.java:3353)
11-18 14:01:20.020 1470 4244 D WindowManager: at com.android.server.wm.ActivityTaskManagerService$LocalService.handleAppDied(ActivityTaskManagerService.java:7181)
11-18 14:01:20.020 1470 4244 D WindowManager: at com.android.server.am.ActivityManagerService.handleAppDiedLocked(ActivityManagerService.java:4140)
11-18 14:01:20.020 1470 4244 D WindowManager: at com.android.server.am.ProcessList.removeProcessLocked(ProcessList.java:3020)
11-18 14:01:20.020 1470 4244 D WindowManager: at com.android.server.am.ProcessList.killPackageProcessesLocked(ProcessList.java:2957)
11-18 14:01:20.020 1470 4244 D WindowManager: at com.android.server.am.ActivityManagerService.forceStopPackageLocked(ActivityManagerService.java:5385)
11-18 14:01:20.020 1470 4244 D WindowManager: at com.android.server.am.ActivityManagerService.forceStopPackageLocked(ActivityManagerService.java:5220)
11-18 14:01:20.020 1470 4244 D WindowManager: at com.android.server.am.ActivityManagerService.clearApplicationUserData(ActivityManagerService.java:4734)
11-18 14:01:20.020 1470 4244 D WindowManager: at android.app.IActivityManager$Stub.onTransact(IActivityManager.java:3312)
11-18 14:01:20.020 1470 4244 D WindowManager: at com.android.server.am.ActivityManagerService.onTransact(ActivityManagerService.java:3162)
11-18 14:01:20.020 1470 4244 D WindowManager: at com.android.server.am.OppoActivityManagerService.onTransact(OppoActivityManagerService.java:169)
11-18 14:01:20.020 1470 4244 D WindowManager: at android.os.Binder.execTransactInternal(Binder.java:1161)
11-18 14:01:20.020 1470 4244 D WindowManager: at android.os.Binder.execTransact(Binder.java:1130)
11-18 14:01:20.029 1470 1608 I ActivityManager: Force stopping com.jlpay.merch appid=11378 user=-1: clearApplicationUserData
