11-18 14:05:27.109 15549 16005 I PRETTY_LOGGER: โ”Œโ”€โ”€โ”€โ”€โ”€โ”€โ”€โ”€โ”€โ”€โ”€โ”€โ”€โ”€โ”€โ”€โ”€โ”€โ”€โ”€โ”€โ”€โ”€โ”€โ”€โ”€โ”€โ”€โ”€โ”€โ”€โ”€โ”€โ”€โ”€โ”€โ”€โ”€โ”€โ”€โ”€โ”€โ”€โ”€โ”€โ”€โ”€โ”€โ”€โ”€โ”€โ”€โ”€โ”€โ”€โ”€โ”€โ”€โ”€โ”€โ”€โ”€โ”€โ”€โ”€โ”€โ”€โ”€โ”€โ”€โ”€โ”€โ”€โ”€โ”€โ”€โ”€โ”€โ”€โ”€โ”€โ”€โ”€โ”€โ”€โ”€โ”€โ”€โ”€โ”€โ”€โ”€โ”€โ”€โ”€โ”€โ”€โ”€โ”€โ”€โ”€โ”€โ”€โ”€โ”€โ”€โ”€โ”€โ”€โ”€โ”€โ”€
11-18 14:05:27.109 15549 16005 I PRETTY_LOGGER: โ”‚ LogUtils.i (LogUtils.java:27)
11-18 14:05:27.109 15549 16005 I PRETTY_LOGGER: โ”‚ LogUtils.i (LogUtils.java:21)
11-18 14:05:27.109 15549 16005 I PRETTY_LOGGER: โ”œโ”„โ”„โ”„โ”„โ”„โ”„โ”„โ”„โ”„โ”„โ”„โ”„โ”„โ”„โ”„โ”„โ”„โ”„โ”„โ”„โ”„โ”„โ”„โ”„โ”„โ”„โ”„โ”„โ”„โ”„โ”„โ”„โ”„โ”„โ”„โ”„โ”„โ”„โ”„โ”„โ”„โ”„โ”„โ”„โ”„โ”„โ”„โ”„โ”„โ”„โ”„โ”„โ”„โ”„โ”„โ”„โ”„โ”„โ”„โ”„โ”„โ”„โ”„โ”„โ”„โ”„โ”„โ”„โ”„โ”„โ”„โ”„โ”„โ”„โ”„โ”„โ”„โ”„โ”„โ”„โ”„โ”„โ”„โ”„โ”„โ”„โ”„โ”„โ”„โ”„โ”„โ”„โ”„โ”„โ”„โ”„โ”„โ”„โ”„โ”„โ”„โ”„โ”„โ”„โ”„โ”„โ”„โ”„โ”„โ”„โ”„โ”„
11-18 14:05:27.109 15549 16005 I PRETTY_LOGGER: โ”‚ ่ฏทๆฑ‚๏ผšhttps://merchant-dev.jlpay.com/boss_trans/tradeTodayBillRpc
11-18 14:05:27.109 15549 16005 I PRETTY_LOGGER: โ”‚
11-18 14:05:27.109 15549 16005 I PRETTY_LOGGER: โ”‚ {"app_id":"162575608951564","rid":"1121323","format":"json","timestamp":1637215527107,"version":"1822","sign_type":"RSA2","sign":"1822","nonce_str":"d0dbcad84d024781884592e8d452cb6e","biz_content":{"merch_no":"84944037011A00O","offset":"0","limit":"20","start_time":"20211118000000","end_time":"20211118235959","token":"eyJ2ZXIiOiIxIiwidHlwIjoiSldUIiwicGxhdCI6ImFwcF9ib3NzIiwiYWxnIjoiU00zV2l0aFNNMiJ9.eyJ1aWQiOiIyMDE5MDUyMjEwMDA3NTgxIiwibmJmIjoxNjM3MjE1NTA4LCJ1bmFtZSI6IumcsuWonCIsImlzcyI6IkpMUEFZIiwidXR5cGUiOiIxIiwibW5hbWUiOiLpnLLlqJzluqblgYfmnZE2IiwiZXhwIjoxNjM5ODA3NTA4LCJkZXZpY2VJZCI6ImY1ZTQ2ZWRjLTFiNjQtNDI4MS05ZDVkLWFhZTM4OTcwMDJiMSIsImlhdCI6MTYzNzIxNTUwOCwianRpIjoiZjVlNDZlZGMtMWI2NC00MjgxLTlkNWQtYWFlMzg5NzAwMmIxIiwiY2lkIjoiNDQwMzA1MTkwNTIyMTAwMTMwMzEiLCJtbm8iOiI4NDk0NDAzNzAxMUEwME8ifQ.MEQCIGKg8_oCYcx3f6LN7vbxs9FixBjORER-daXkBEHn3JxgAiAka-sVnhU0ELBcCiS4ZP2lA4pE4yi7D6nvgGcOYHFBrg","os_type":"ANDROID","os_version":"11","device_no":"f5e46edc-1b64-4281-9d5d-aae3897002b1","device_type":"PDKM00","app_version":"2.8.4"}}
11-18 14:05:27.109 15549 16005 I PRETTY_LOGGER: โ””โ”€โ”€โ”€โ”€โ”€โ”€โ”€โ”€โ”€โ”€โ”€โ”€โ”€โ”€โ”€โ”€โ”€โ”€โ”€โ”€โ”€โ”€โ”€โ”€โ”€โ”€โ”€โ”€โ”€โ”€โ”€โ”€โ”€โ”€โ”€โ”€โ”€โ”€โ”€โ”€โ”€โ”€โ”€โ”€โ”€โ”€โ”€โ”€โ”€โ”€โ”€โ”€โ”€โ”€โ”€โ”€โ”€โ”€โ”€โ”€โ”€โ”€โ”€โ”€โ”€โ”€โ”€โ”€โ”€โ”€โ”€โ”€โ”€โ”€โ”€โ”€โ”€โ”€โ”€โ”€โ”€โ”€โ”€โ”€โ”€โ”€โ”€โ”€โ”€โ”€โ”€โ”€โ”€โ”€โ”€โ”€โ”€โ”€โ”€โ”€โ”€โ”€โ”€โ”€โ”€โ”€โ”€โ”€โ”€โ”€โ”€โ”€
11-18 14:05:27.113 15549 16006 I PRETTY_LOGGER: โ”Œโ”€โ”€โ”€โ”€โ”€โ”€โ”€โ”€โ”€โ”€โ”€โ”€โ”€โ”€โ”€โ”€โ”€โ”€โ”€โ”€โ”€โ”€โ”€โ”€โ”€โ”€โ”€โ”€โ”€โ”€โ”€โ”€โ”€โ”€โ”€โ”€โ”€โ”€โ”€โ”€โ”€โ”€โ”€โ”€โ”€โ”€โ”€โ”€โ”€โ”€โ”€โ”€โ”€โ”€โ”€โ”€โ”€โ”€โ”€โ”€โ”€โ”€โ”€โ”€โ”€โ”€โ”€โ”€โ”€โ”€โ”€โ”€โ”€โ”€โ”€โ”€โ”€โ”€โ”€โ”€โ”€โ”€โ”€โ”€โ”€โ”€โ”€โ”€โ”€โ”€โ”€โ”€โ”€โ”€โ”€โ”€โ”€โ”€โ”€โ”€โ”€โ”€โ”€โ”€โ”€โ”€โ”€โ”€โ”€โ”€โ”€โ”€
11-18 14:05:27.114 15549 16006 I PRETTY_LOGGER: โ”‚ LogUtils.i (LogUtils.java:27)
11-18 14:05:27.114 15549 16006 I PRETTY_LOGGER: โ”‚ LogUtils.i (LogUtils.java:21)
11-18 14:05:27.114 15549 16006 I PRETTY_LOGGER: โ”œโ”„โ”„โ”„โ”„โ”„โ”„โ”„โ”„โ”„โ”„โ”„โ”„โ”„โ”„โ”„โ”„โ”„โ”„โ”„โ”„โ”„โ”„โ”„โ”„โ”„โ”„โ”„โ”„โ”„โ”„โ”„โ”„โ”„โ”„โ”„โ”„โ”„โ”„โ”„โ”„โ”„โ”„โ”„โ”„โ”„โ”„โ”„โ”„โ”„โ”„โ”„โ”„โ”„โ”„โ”„โ”„โ”„โ”„โ”„โ”„โ”„โ”„โ”„โ”„โ”„โ”„โ”„โ”„โ”„โ”„โ”„โ”„โ”„โ”„โ”„โ”„โ”„โ”„โ”„โ”„โ”„โ”„โ”„โ”„โ”„โ”„โ”„โ”„โ”„โ”„โ”„โ”„โ”„โ”„โ”„โ”„โ”„โ”„โ”„โ”„โ”„โ”„โ”„โ”„โ”„โ”„โ”„โ”„โ”„โ”„โ”„โ”„
11-18 14:05:27.114 15549 16006 I PRETTY_LOGGER: โ”‚ ่ฏทๆฑ‚๏ผšhttps://merchant-dev.jlpay.com/boss_trans/tradeTodayDayTotalRpc
11-18 14:05:27.114 15549 16006 I PRETTY_LOGGER: โ”‚
11-18 14:05:27.114 15549 16006 I PRETTY_LOGGER: โ”‚ {"app_id":"162575608951564","rid":"1121323","format":"json","timestamp":1637215527112,"version":"1822","sign_type":"RSA2","sign":"1822","nonce_str":"40d70555616f4935924266f2c7dd2663","biz_content":{"merch_no":"84944037011A00O","start_time":"20211118000000","end_time":"20211118235959","token":"eyJ2ZXIiOiIxIiwidHlwIjoiSldUIiwicGxhdCI6ImFwcF9ib3NzIiwiYWxnIjoiU00zV2l0aFNNMiJ9.eyJ1aWQiOiIyMDE5MDUyMjEwMDA3NTgxIiwibmJmIjoxNjM3MjE1NTA4LCJ1bmFtZSI6IumcsuWonCIsImlzcyI6IkpMUEFZIiwidXR5cGUiOiIxIiwibW5hbWUiOiLpnLLlqJzluqblgYfmnZE2IiwiZXhwIjoxNjM5ODA3NTA4LCJkZXZpY2VJZCI6ImY1ZTQ2ZWRjLTFiNjQtNDI4MS05ZDVkLWFhZTM4OTcwMDJiMSIsImlhdCI6MTYzNzIxNTUwOCwianRpIjoiZjVlNDZlZGMtMWI2NC00MjgxLTlkNWQtYWFlMzg5NzAwMmIxIiwiY2lkIjoiNDQwMzA1MTkwNTIyMTAwMTMwMzEiLCJtbm8iOiI4NDk0NDAzNzAxMUEwME8ifQ.MEQCIGKg8_oCYcx3f6LN7vbxs9FixBjORER-daXkBEHn3JxgAiAka-sVnhU0ELBcCiS4ZP2lA4pE4yi7D6nvgGcOYHFBrg","os_type":"ANDROID","os_version":"11","device_no":"f5e46edc-1b64-4281-9d5d-aae3897002b1","device_type":"PDKM00","app_version":"2.8.4"}}
11-18 14:05:27.114 15549 16006 I PRETTY_LOGGER: โ””โ”€โ”€โ”€โ”€โ”€โ”€โ”€โ”€โ”€โ”€โ”€โ”€โ”€โ”€โ”€โ”€โ”€โ”€โ”€โ”€โ”€โ”€โ”€โ”€โ”€โ”€โ”€โ”€โ”€โ”€โ”€โ”€โ”€โ”€โ”€โ”€โ”€โ”€โ”€โ”€โ”€โ”€โ”€โ”€โ”€โ”€โ”€โ”€โ”€โ”€โ”€โ”€โ”€โ”€โ”€โ”€โ”€โ”€โ”€โ”€โ”€โ”€โ”€โ”€โ”€โ”€โ”€โ”€โ”€โ”€โ”€โ”€โ”€โ”€โ”€โ”€โ”€โ”€โ”€โ”€โ”€โ”€โ”€โ”€โ”€โ”€โ”€โ”€โ”€โ”€โ”€โ”€โ”€โ”€โ”€โ”€โ”€โ”€โ”€โ”€โ”€โ”€โ”€โ”€โ”€โ”€โ”€โ”€โ”€โ”€โ”€โ”€
11-18 14:05:27.121 15549 15549 D MotuCrashSDK: onActivityStarted๏ผšcom.jlpay.merch.ui.home.bill.BillActivity
11-18 14:05:27.121 15549 15549 D MotuCrashSDK: nativeSetForeground foreground
11-18 14:05:27.121 15549 15979 W TLOG_MONITOR: MSG_PULL:TLOG.FileUploadHandler:ๆถˆๆฏๆ‹‰ๅ–๏ผšไธปๅŠจๅ‘้€ๆถˆๆฏ๏ผŒๆ‹‰ๅ–ไปปๅŠก
11-18 14:05:27.124 15549 15549 D MotuCrashSDK: onActivityResumed๏ผšcom.jlpay.merch.ui.home.bill.BillActivity
11-18 14:05:27.125 15549 15549 V PhoneWindow: DecorView setVisiblity: visibility = 4, Parent = null, this = DecorView@9936c06[]
11-18 14:05:27.126 841 899 I SurfaceFlinger: [SF client] NEW(0xb400007348877d00) for (15549:com.jlpay.merch)
11-18 14:05:27.127 15549 15549 D ColorViewRootUtil: initSwipState, isDisplayCompatApp false
11-18 14:05:27.127 15549 15549 D ColorViewRootUtil: mScreenHeight 2400, mScreenWidth 1080
11-18 14:05:27.128 15549 15549 D ViewRootImpl[BillActivity]: hardware acceleration = true , fakeHwAccelerated = false, sRendererDisabled = false, forceHwAccelerated = false, sSystemRendererDisabled = false
11-18 14:05:27.130 1470 4252 D OppoDisplayPolicy: com.jlpay.merch, setting cutoutMode: color always
11-18 14:05:27.130 841 899 D DispPerfService: get hint proc=907e0d0 com.jlpay.merch, idx=0 none
11-18 14:05:27.131 15549 15771 D MobclickAgent: ๅปถ็ปญไธŠไธ€ไธชไผš่ฏ: 9B78C915D769800156BDA4A0D7CAD150
11-18 14:05:27.132 15549 15549 E libEGL : Invalid file path for libcolorx-loader.so
11-18 14:05:27.133 15549 15549 I chatty : uid=11378(com.jlpay.merch) identical 4 lines
11-18 14:05:27.133 15549 15549 E libEGL : Invalid file path for libcolorx-loader.so
11-18 14:05:27.133 15549 15549 I InputTransport: Create ARC handle: 0xb4000076e3a27380
11-18 14:05:27.133 15549 15771 W SQLiteLog: (28) double-quoted string literal: "9B78C915D769800156BDA4A0D7CAD150"
11-18 14:05:27.133 15549 15771 W SQLiteLog: (28) double-quoted string literal: ""
11-18 14:05:27.133 15549 15771 W SQLiteLog: (28) double-quoted string literal: "9B78C915D769800156BDA4A0D7CAD150"
11-18 14:05:27.133 15549 15771 W SQLiteLog: (28) double-quoted string literal: "-1"
11-18 14:05:27.134 15549 15771 D UMLog : ๅฝ“ๅ‰ๅ‘้€็ญ–็•ฅไธบ: ้—ด้š”ๅ‘้€ใ€‚้—ด้š”ๆ—ถ้—ดไธบ๏ผš90็ง’ใ€‚่ฏฆ่ง้“พๆŽฅ https://developer.umeng.com/docs/66632/detail/66976?um_channel=sdk
11-18 14:05:27.135 15549 15549 V PhoneWindow: DecorView setVisiblity: visibility = 0, Parent = android.view.ViewRootImpl@3613860, this = DecorView@9936c06[BillActivity]
11-18 14:05:27.139 1470 4252 D OppoDisplayPolicy: com.jlpay.merch, setting cutoutMode: color always
11-18 14:05:27.140 841 899 D DispPerfService: get hint proc=com.jlpay.merch, idx=0 none
11-18 14:05:27.141 841 899 I BufferQueueConsumer: [](id:349000020ce,api:0,p:-1,c:841) connect(): controlledByApp=false
11-18 14:05:27.141 841 899 I BufferQueue: [unnamed-841-8398](this:0xb40000734895ce58,id:8398,api:0,p:-1,c:-1) BufferQueue core=(841:/system/bin/surfaceflinger)
11-18 14:05:27.144 15549 15549 V OplusZoomWindowDecorViewHelper: setLastReportedMergedConfiguration mZoomDisplayHeight: 2400 getDecorView.DecorView@53ef5d7[BillActivity]
11-18 14:05:27.145 841 900 I BufferQueueProducer: [com.jlpay.merch/com.jlpay.merch.ui.home.bill.BillActivity#0](id:349000020ce,api:1,p:15549,c:841) connect(): api=1 producerControlledByApp=false
11-18 14:05:27.151 841 1311 D DispPerfService: onframeavailable pid=15549, slot=0, seq=61895, name=com.jlpay.merch:com.jlpay.merch/com.jlpay.merch.ui.home.bill.BillActivity#0
11-18 14:05:27.154 1470 4252 I InputDispatcher: Window went away: com.jlpay.merch/com.jlpay.merch.ui.home.bill.BillActivity#0
11-18 14:05:27.162 15549 15979 I System.out: [OkHttp] sendRequest>>
11-18 14:05:27.162 15549 15979 I System.out: [OkHttp] sendRequest<<
11-18 14:05:27.166 1470 4252 D OppoDisplayPolicy: com.jlpay.merch, setting cutoutMode: color always
11-18 14:05:27.166 1470 4252 I WindowManager: Relayout Window{907e0d0 u0 com.jlpay.merch/com.jlpay.merch.ui.home.bill.BillActivity}: oldVis=4 newVis=0 focusMayChange = true
11-18 14:05:27.167 841 1311 D DispPerfService: get hint proc=com.jlpay.merch, idx=0 none
11-18 14:05:27.167 841 1311 I BufferQueueConsumer: [](id:349000020cf,api:0,p:-1,c:841) connect(): controlledByApp=false
11-18 14:05:27.167 841 1311 I BufferQueue: [unnamed-841-8399](this:0xb4000073c9cf3058,id:8399,api:0,p:-1,c:-1) BufferQueue core=(841:/system/bin/surfaceflinger)
11-18 14:05:27.170 15549 15549 V OplusZoomWindowDecorViewHelper: setLastReportedMergedConfiguration mZoomDisplayHeight: 2400 getDecorView.DecorView@9936c06[BillActivity]
11-18 14:05:27.172 841 1311 I BufferQueueProducer: [com.jlpay.merch/com.jlpay.merch.ui.home.bill.BillActivity#1](id:349000020cf,api:1,p:15549,c:841) connect(): api=1 producerControlledByApp=false
11-18 14:05:27.178 1470 4252 I InputDispatcher: Window went away: com.jlpay.merch/com.jlpay.merch.ui.home.bill.BillActivity#1
11-18 14:05:27.185 841 1311 D DispPerfService: onframeavailable pid=15549, slot=2, seq=61896, name=com.jlpay.merch:com.jlpay.merch/com.jlpay.merch.ui.home.bill.BillActivity#1
11-18 14:05:27.189 31557 31557 V PhoneWindow: DecorView setVisiblity: visibility = 8, Parent = android.view.ViewRootImpl@bb459d, this = DecorView@a937e7c[InputMethod]
11-18 14:05:27.189 841 900 D DispPerfService: get hint proc=Surface(name=ActivityRecord{f81d759 u0 com.jlpay.merch, idx=0 none
11-18 14:05:27.191 1470 1595 D ColorZoomWindowManagerService: adjustWindowCropForLeash start: appToken = ActivityRecord{f81d759 u0 com.jlpay.merch/.ui.home.bill.BillActivity t18211}
11-18 14:05:27.190 841 900 D DispPerfService: get hint proc=Surface(name=ActivityRecord{f81d759 u0 com.jlpay.merch, idx=0 none
11-18 14:05:27.191 841 900 D DispPerfService: get hint proc=Surface(name=ActivityRecord{43bff65 u0 com.jlpay.merch, idx=0 none
11-18 14:05:27.192 841 1311 D DispPerfService: get hint proc=Surface(name=ActivityRecord{43bff65 u0 com.jlpay.merch, idx=0 none
11-18 14:05:27.193 1139 1251 D ULogGuard: Monitoring: 7 threads, 0 requests, 0 time-bombs; 1 guards. ResetFlags = 0x7
11-18 14:05:27.193 1470 1595 D ColorZoomWindowManagerService: adjustWindowCropForLeash start: appToken = ActivityRecord{43bff65 u0 com.jlpay.merch/.ui.main.MainActivity t18211}
11-18 14:05:27.194 841 1311 D DispPerfService: get hint proc=Surface(name=8a2accd com.jlpay.merch, idx=0 none
11-18 14:05:27.195 841 841 D OppoExLayer: ~Layer() sequence=61883, name=Surface(name=8eb967f StatusBar)/@0x65f64c4 - animation-leash#0@0xb40000732943f000
11-18 14:05:27.195 841 841 D OppoExLayer: ~Layer() sequence=61884, name=Surface(name=c91655d NavigationBar0)/@0xae9cfad - animation-leash#1@0xb400007329460000
11-18 14:05:27.196 1470 1604 I ActivityTaskManager: Displayed com.jlpay.merch/.ui.home.bill.BillActivity: +175ms
11-18 14:05:27.200 809 820 I mtkpower@impl: [setMode] type:5, enabled:0
11-18 14:05:27.200 809 875 I libPowerHal: [perfLockRel] hdl:40411, idx:1
11-18 14:05:27.200 809 875 I libPowerHal: [PD] scn:1 hdl:40411 hint:11 comm:mtkpower@1.0-se pid:809
11-18 14:05:27.200 809 875 I libPowerHal: [PD] LAUNCH update cmd:300c000 param:0
11-18 14:05:27.200 809 819 I mtkpower@impl: [mtkPowerHint] hint:23, hold:0, ext:30, ext_hold:2000
11-18 14:05:27.200 809 875 I libPowerHal: [perfLockRel] hdl:40412, idx:2
11-18 14:05:27.200 809 875 I libPowerHal: [PD] scn:2 hdl:40412 hint:23 comm:mtkpower@1.0-se pid:809
11-18 14:05:27.200 809 875 I libPowerHal: [PD] MTKPOWER_HINT_ACT_SWITCH update cmd:1000000, param:-1
11-18 14:05:27.200 809 875 I libPowerHal: [PD] MTKPOWER_HINT_ACT_SWITCH update cmd:1408300 param:0
11-18 14:05:27.201 809 875 I libPowerHal: [PD] MTKPOWER_HINT_ACT_SWITCH update cmd:1000000 param:-1
11-18 14:05:27.201 809 875 I libPowerHal: [perfLockAcq] idx:1 hdl:40414 hint:30 pid:809 duration:2000 => ret_hdl:40414
11-18 14:05:27.201 809 875 I libPowerHal: [PE] scn:1 hdl:40414 hint:30 comm:mtkpower@1.0-se pid:809
11-18 14:05:27.201 809 875 I libPowerHal: [PE] MTKPOWER_HINT_EXT_LAUNCH update cmd:1000000, param:1
11-18 14:05:27.201 809 875 I libPowerHal: [PE] MTKPOWER_HINT_EXT_LAUNCH update cmd:2020000, param:15
11-18 14:05:27.201 809 875 I libPowerHal: [PE] MTKPOWER_HINT_EXT_LAUNCH update cmd:1408300, param:40
11-18 14:05:27.201 809 875 I libPowerHal: [PE] MTKPOWER_HINT_EXT_LAUNCH update cmd:1000000 param:1
11-18 14:05:27.204 1470 1572 I InputDispatcher: Focus entered window: Window{8a2accd u0 com.jlpay.merch/com.jlpay.merch.ui.home.bill.BillActivity} in display 0
11-18 14:05:27.205 15549 15979 D SendMessage: pull request message:
11-18 14:05:27.205 1470 1572 D InputMethodManagerService: isSecurity: attribute.packageName=com.jlpay.merch
11-18 14:05:27.205 1470 1572 D InputMethodManagerService: isSecurity= false ( enable=false needShow=false inBlackList=false isExist=true )
11-18 14:05:27.205 1470 1572 D ColorInputMethodManagerServiceEx: onHandleImeWindowVisibleStatus handledVis: 0, switcher visible: 0, switcher active: 0, needsToShowImeSwitcher: false
11-18 14:05:27.206 1470 1572 D OplusVerificationCodeController: notifyImeAttributeChanged: 64false
11-18 14:05:27.206 841 900 D DispPerfService: get hint proc=Surface(name=9e67e93 InputMethod), idx=0 none
11-18 14:05:27.213 1470 4252 D OppoDisplayPolicy: com.android.systemui, change system app cutoutMode: color always
11-18 14:05:27.214 31557 31557 V PhoneWindow: DecorView setVisiblity: visibility = 8, Parent = android.view.ViewRootImpl@bb459d, this = DecorView@a937e7c[InputMethod]
11-18 14:05:27.220 841 841 D OppoExLayer: ~Layer() sequence=61889, name=Surface(name=9e67e93 InputMethod)/@0xa906ec9 - animation-leash#1@0xb400007336055000
11-18 14:05:27.221 1470 4252 D OppoDisplayPolicy: com.android.systemui, change system app cutoutMode: color always
11-18 14:05:27.316 15549 16006 I PRETTY_LOGGER: โ”Œโ”€โ”€โ”€โ”€โ”€โ”€โ”€โ”€โ”€โ”€โ”€โ”€โ”€โ”€โ”€โ”€โ”€โ”€โ”€โ”€โ”€โ”€โ”€โ”€โ”€โ”€โ”€โ”€โ”€โ”€โ”€โ”€โ”€โ”€โ”€โ”€โ”€โ”€โ”€โ”€โ”€โ”€โ”€โ”€โ”€โ”€โ”€โ”€โ”€โ”€โ”€โ”€โ”€โ”€โ”€โ”€โ”€โ”€โ”€โ”€โ”€โ”€โ”€โ”€โ”€โ”€โ”€โ”€โ”€โ”€โ”€โ”€โ”€โ”€โ”€โ”€โ”€โ”€โ”€โ”€โ”€โ”€โ”€โ”€โ”€โ”€โ”€โ”€โ”€โ”€โ”€โ”€โ”€โ”€โ”€โ”€โ”€โ”€โ”€โ”€โ”€โ”€โ”€โ”€โ”€โ”€โ”€โ”€โ”€โ”€โ”€โ”€
11-18 14:05:27.316 15549 16006 I PRETTY_LOGGER: โ”‚ LogUtils.i (LogUtils.java:27)
11-18 14:05:27.316 15549 16006 I PRETTY_LOGGER: โ”‚ LogUtils.i (LogUtils.java:21)
11-18 14:05:27.316 15549 16006 I PRETTY_LOGGER: โ”œโ”„โ”„โ”„โ”„โ”„โ”„โ”„โ”„โ”„โ”„โ”„โ”„โ”„โ”„โ”„โ”„โ”„โ”„โ”„โ”„โ”„โ”„โ”„โ”„โ”„โ”„โ”„โ”„โ”„โ”„โ”„โ”„โ”„โ”„โ”„โ”„โ”„โ”„โ”„โ”„โ”„โ”„โ”„โ”„โ”„โ”„โ”„โ”„โ”„โ”„โ”„โ”„โ”„โ”„โ”„โ”„โ”„โ”„โ”„โ”„โ”„โ”„โ”„โ”„โ”„โ”„โ”„โ”„โ”„โ”„โ”„โ”„โ”„โ”„โ”„โ”„โ”„โ”„โ”„โ”„โ”„โ”„โ”„โ”„โ”„โ”„โ”„โ”„โ”„โ”„โ”„โ”„โ”„โ”„โ”„โ”„โ”„โ”„โ”„โ”„โ”„โ”„โ”„โ”„โ”„โ”„โ”„โ”„โ”„โ”„โ”„โ”„
11-18 14:05:27.317 15549 16006 I PRETTY_LOGGER: โ”‚ https://merchant-dev.jlpay.com/boss_trans/tradeTodayDayTotalRpc,่ฟ”ๅ›ž cookie= JLSESSIONID=YmE3OWYzMTMtYTA2MC00NmQ1LThjZjEtN2FkMWU5NzJjZTM3
11-18 14:05:27.317 15549 16006 I PRETTY_LOGGER: โ””โ”€โ”€โ”€โ”€โ”€โ”€โ”€โ”€โ”€โ”€โ”€โ”€โ”€โ”€โ”€โ”€โ”€โ”€โ”€โ”€โ”€โ”€โ”€โ”€โ”€โ”€โ”€โ”€โ”€โ”€โ”€โ”€โ”€โ”€โ”€โ”€โ”€โ”€โ”€โ”€โ”€โ”€โ”€โ”€โ”€โ”€โ”€โ”€โ”€โ”€โ”€โ”€โ”€โ”€โ”€โ”€โ”€โ”€โ”€โ”€โ”€โ”€โ”€โ”€โ”€โ”€โ”€โ”€โ”€โ”€โ”€โ”€โ”€โ”€โ”€โ”€โ”€โ”€โ”€โ”€โ”€โ”€โ”€โ”€โ”€โ”€โ”€โ”€โ”€โ”€โ”€โ”€โ”€โ”€โ”€โ”€โ”€โ”€โ”€โ”€โ”€โ”€โ”€โ”€โ”€โ”€โ”€โ”€โ”€โ”€โ”€โ”€
11-18 14:05:27.318 15549 16006 I PRETTY_LOGGER: โ”Œโ”€โ”€โ”€โ”€โ”€โ”€โ”€โ”€โ”€โ”€โ”€โ”€โ”€โ”€โ”€โ”€โ”€โ”€โ”€โ”€โ”€โ”€โ”€โ”€โ”€โ”€โ”€โ”€โ”€โ”€โ”€โ”€โ”€โ”€โ”€โ”€โ”€โ”€โ”€โ”€โ”€โ”€โ”€โ”€โ”€โ”€โ”€โ”€โ”€โ”€โ”€โ”€โ”€โ”€โ”€โ”€โ”€โ”€โ”€โ”€โ”€โ”€โ”€โ”€โ”€โ”€โ”€โ”€โ”€โ”€โ”€โ”€โ”€โ”€โ”€โ”€โ”€โ”€โ”€โ”€โ”€โ”€โ”€โ”€โ”€โ”€โ”€โ”€โ”€โ”€โ”€โ”€โ”€โ”€โ”€โ”€โ”€โ”€โ”€โ”€โ”€โ”€โ”€โ”€โ”€โ”€โ”€โ”€โ”€โ”€โ”€โ”€
11-18 14:05:27.318 15549 16006 I PRETTY_LOGGER: โ”‚ LogUtils.i (LogUtils.java:27)
11-18 14:05:27.318 15549 16006 I PRETTY_LOGGER: โ”‚ LogUtils.i (LogUtils.java:21)
11-18 14:05:27.318 15549 16006 I PRETTY_LOGGER: โ”œโ”„โ”„โ”„โ”„โ”„โ”„โ”„โ”„โ”„โ”„โ”„โ”„โ”„โ”„โ”„โ”„โ”„โ”„โ”„โ”„โ”„โ”„โ”„โ”„โ”„โ”„โ”„โ”„โ”„โ”„โ”„โ”„โ”„โ”„โ”„โ”„โ”„โ”„โ”„โ”„โ”„โ”„โ”„โ”„โ”„โ”„โ”„โ”„โ”„โ”„โ”„โ”„โ”„โ”„โ”„โ”„โ”„โ”„โ”„โ”„โ”„โ”„โ”„โ”„โ”„โ”„โ”„โ”„โ”„โ”„โ”„โ”„โ”„โ”„โ”„โ”„โ”„โ”„โ”„โ”„โ”„โ”„โ”„โ”„โ”„โ”„โ”„โ”„โ”„โ”„โ”„โ”„โ”„โ”„โ”„โ”„โ”„โ”„โ”„โ”„โ”„โ”„โ”„โ”„โ”„โ”„โ”„โ”„โ”„โ”„โ”„โ”„
11-18 14:05:27.318 15549 16006 I PRETTY_LOGGER: โ”‚ ๅ“ๅบ”๏ผšhttps://merchant-dev.jlpay.com/boss_trans/tradeTodayDayTotalRpc
11-18 14:05:27.318 15549 16006 I PRETTY_LOGGER: โ”‚
11-18 14:05:27.318 15549 16006 I PRETTY_LOGGER: โ”‚ {"biz_context":"{\"detail\":{\"total_amt\":0,\"count\":0},\"ret_code\":\"00\",\"ret_msg\":\"่ฏทๆฑ‚ๆˆๅŠŸ\",\"success\":true}","ret_code":"00","ret_msg":"่ฏทๆฑ‚ๆˆๅŠŸ"}
11-18 14:05:27.318 15549 16006 I PRETTY_LOGGER: โ””โ”€โ”€โ”€โ”€โ”€โ”€โ”€โ”€โ”€โ”€โ”€โ”€โ”€โ”€โ”€โ”€โ”€โ”€โ”€โ”€โ”€โ”€โ”€โ”€โ”€โ”€โ”€โ”€โ”€โ”€โ”€โ”€โ”€โ”€โ”€โ”€โ”€โ”€โ”€โ”€โ”€โ”€โ”€โ”€โ”€โ”€โ”€โ”€โ”€โ”€โ”€โ”€โ”€โ”€โ”€โ”€โ”€โ”€โ”€โ”€โ”€โ”€โ”€โ”€โ”€โ”€โ”€โ”€โ”€โ”€โ”€โ”€โ”€โ”€โ”€โ”€โ”€โ”€โ”€โ”€โ”€โ”€โ”€โ”€โ”€โ”€โ”€โ”€โ”€โ”€โ”€โ”€โ”€โ”€โ”€โ”€โ”€โ”€โ”€โ”€โ”€โ”€โ”€โ”€โ”€โ”€โ”€โ”€โ”€โ”€โ”€โ”€
11-18 14:05:27.322 841 900 I BufferQueueProducer: [com.jlpay.merch/com.jlpay.merch.ui.home.bill.BillActivity#0](id:349000020ce,api:1,p:15549,c:841) disconnect(): api=1
11-18 14:05:27.322 15549 15549 D View : [Warning] assignParent to null: this = DecorView@53ef5d7[BillActivity]
11-18 14:05:27.323 841 1311 D DispPerfService: get hint proc=Surface(name=8a2accd com.jlpay.merch, idx=0 none
11-18 14:05:27.213 1470 1572 D ColorInputMethodManagerServiceEx: onHandleImeWindowVisibleStatus handledVis: 0, switcher visible: 0, switcher active: 0, needsToShowImeSwitcher: false
11-18 14:05:27.324 1470 4264 W WindowManager: Changing focus fromWindow{8a2accd u0 com.jlpay.merch/com.jlpay.merch.ui.home.bill.BillActivity EXITING} to Window{907e0d0 u0 com.jlpay.merch/com.jlpay.merch.ui.home.bill.BillActivity} displayId=0 Callers=com.android.server.wm.RootWindowContainer.updateFocusedWindowLocked:509 com.android.server.wm.WindowManagerService.updateFocusedWindowLocked:6073 com.android.server.wm.WindowState.setupWindowForRemoveOnExit:2542 com.android.server.wm.WindowState.removeIfPossible:2507
11-18 14:05:27.324 841 1311 D DispPerfService: get hint proc=Surface(name=8eb967f StatusBar), idx=0 none
11-18 14:05:27.325 841 1311 D DispPerfService: get hint proc=Surface(name=c91655d NavigationBar0), idx=0 none
11-18 14:05:27.326 1470 4264 D Theia.NoFocusWindow: FocusWindowErrorScene cancelCheckFreezeScreen
11-18 14:05:27.328 841 841 D OppoExLayer: ~Layer() sequence=61901, name=Surface(name=8a2accd com.jlpay.merch/com.jlpay.merch.ui.home.bill.BillActivity)/@0xe69f639 - animation-leash#0@0xb4000073295f4000
11-18 14:05:27.328 15549 15549 I InputTransport: Destroy ARC handle: 0xb4000076cd4d6a60
11-18 14:05:27.328 1470 4264 I InputDispatcher: Focus left window: Window{8a2accd u0 com.jlpay.merch/com.jlpay.merch.ui.home.bill.BillActivity} in display 0
11-18 14:05:27.328 1470 4264 I InputDispatcher: Window went away: Window{8a2accd u0 com.jlpay.merch/com.jlpay.merch.ui.home.bill.BillActivity}
11-18 14:05:27.333 841 1311 I BufferQueueProducer: [StatusBar#0](this:0xb400007334a18a58,id:7,api:1,p:2069,c:841) queueBuffer: fps=4.97 dur=3019.20 max=2901.88 min=6.54
11-18 14:05:27.334 15549 15549 D BillActivity: updateTimeRange:2021-11-18
11-18 14:05:27.337 1470 4264 I InputDispatcher: Focus entered window: Window{907e0d0 u0 com.jlpay.merch/com.jlpay.merch.ui.home.bill.BillActivity} in display 0
11-18 14:05:27.339 1470 4264 D InputMethodManagerService: isSecurity: attribute.packageName=com.jlpay.merch
11-18 14:05:27.340 1470 4264 D InputMethodManagerService: isSecurity= false ( enable=false needShow=false inBlackList=false isExist=true )
11-18 14:05:27.340 1470 4264 D ColorInputMethodManagerServiceEx: onHandleImeWindowVisibleStatus handledVis: 0, switcher visible: 0, switcher active: 0, needsToShowImeSwitcher: false
11-18 14:05:27.340 1470 4264 D OplusVerificationCodeController: notifyImeAttributeChanged: 64false
11-18 14:05:27.341 841 900 D DispPerfService: get hint proc=Surface(name=9e67e93 InputMethod), idx=0 none
11-18 14:05:27.347 31557 31557 V PhoneWindow: DecorView setVisiblity: visibility = 8, Parent = android.view.ViewRootImpl@bb459d, this = DecorView@a937e7c[InputMethod]
11-18 14:05:27.353 841 841 D OppoExLayer: ~Layer() sequence=61902, name=Surface(name=9e67e93 InputMethod)/@0xa906ec9 - animation-leash#0@0xb40000732981e000
11-18 14:05:27.355 1470 2436 D OppoDisplayPolicy: com.android.systemui, change system app cutoutMode: color always
11-18 14:05:27.346 1470 4264 D ColorInputMethodManagerServiceEx: onHandleImeWindowVisibleStatus handledVis: 0, switcher visible: 0, switcher active: 0, needsToShowImeSwitcher: false
11-18 14:05:27.470 1470 1595 V ColorZoomWindowManagerService: onAnimationFinished: r = ActivityRecord{f81d759 u0 com.jlpay.merch/.ui.home.bill.BillActivity t18211}
11-18 14:05:27.470 1470 1595 I ColorAppSwitchManagerService: handleAppVisible , r = ActivityRecord{f81d759 u0 com.jlpay.merch/.ui.home.bill.BillActivity t18211}
11-18 14:05:27.470 1470 1595 I OplusMirageDisplayManagerService: onAnimationFinished:
11-18 14:05:27.470 1470 1595 V ColorZoomWindowManagerService: onAnimationFinished: r = ActivityRecord{43bff65 u0 com.jlpay.merch/.ui.main.MainActivity t18211}
11-18 14:05:27.470 1470 1595 I OplusMirageDisplayManagerService: onAnimationFinished:
11-18 14:05:27.472 20949 21011 D HoraeHelper: getAllShellTemps tSize : 4
11-18 14:05:27.472 20949 21011 D HoraeHelper: getAllShellTemps tSize : 4
11-18 14:05:27.472 20949 21011 D HoraeHelper: Thermal length:1
11-18 14:05:27.473 1470 1594 I ActivityTaskManager: perfNotifyAppState STOP ActivityRecord{43bff65 u0 com.jlpay.merch/.ui.main.MainActivity t18211}
11-18 14:05:27.473 20949 21011 D HoraeHelper: Thermal length:1
11-18 14:05:27.478 841 841 D OppoExLayer: ~Layer() sequence=61900, name=Surface(name=ActivityRecord{43bff65 u0 com.jlpay.merch/.ui.main.MainActivity)/@0xa5f09a2 - animation-bounds#0@0xb4000073295e3000
11-18 14:05:27.478 841 841 D OppoExLayer: ~Layer() sequence=61898, name=Surface(name=ActivityRecord{f81d759 u0 com.jlpay.merch/.ui.home.bill.BillActivity)/@0x15e26a6 - animation-bounds#0@0xb4000073295a0000
11-18 14:05:27.483 841 899 I BufferQueueProducer: [com.jlpay.merch/com.jlpay.merch.ui.main.MainActivity#0](id:349000020cd,api:1,p:15549,c:841) disconnect(): api=1
11-18 14:05:27.486 841 841 D OppoExLayer: ~Layer() sequence=61897, name=Surface(name=ActivityRecord{f81d759 u0 com.jlpay.merch/.ui.home.bill.BillActivity)/@0x15e26a6 - animation-leash#0@0xb400007329534000
11-18 14:05:27.486 841 841 D OppoExLayer: ~Layer() sequence=61899, name=Surface(name=ActivityRecord{43bff65 u0 com.jlpay.merch/.ui.main.MainActivity)/@0xa5f09a2 - animation-leash#0@0xb4000073295a3000
11-18 14:05:27.486 841 841 D OppoExLayer: ~Layer() sequence=61891, name=8a2accd com.jlpay.merch/com.jlpay.merch.ui.home.bill.BillActivity#0@0xb40000733606c000
11-18 14:05:27.487 1470 1572 I InputDispatcher: Window went away: com.jlpay.merch/com.jlpay.merch.ui.home.bill.BillActivity#0
11-18 14:05:27.487 841 841 I BufferQueueConsumer: [com.jlpay.merch/com.jlpay.merch.ui.home.bill.BillActivity#0](id:349000020ce,api:0,p:-1,c:841) disconnect()
11-18 14:05:27.488 841 841 I BufferQueue: [com.jlpay.merch/com.jlpay.merch.ui.home.bill.BillActivity#0](this:0xb40000734895ce58,id:8398,api:1,p:-1,c:-1) onDestructor()
11-18 14:05:27.488 841 841 D OppoExLayer: ~Layer() sequence=61895, name=com.jlpay.merch/com.jlpay.merch.ui.home.bill.BillActivity#0@0xb400007336106000
11-18 14:05:27.490 15549 15549 D MotuCrashSDK: onActivityStopped๏ผšcom.jlpay.merch.ui.main.MainActivity
11-18 14:05:27.490 15549 15549 D MotuCrashSDK: nativeSetForeground background
11-18 14:05:27.490 15549 15979 W TLOG_MONITOR: MSG_PULL:TLOG.FileUploadHandler:ๆถˆๆฏๆ‹‰ๅ–๏ผšไธปๅŠจๅ‘้€ๆถˆๆฏ๏ผŒๆ‹‰ๅ–ไปปๅŠก
11-18 14:05:27.492 15549 15549 D MotuCrashSDK: onActivitySaveInstanceState๏ผšcom.jlpay.merch.ui.main.MainActivity
11-18 14:05:27.494 15549 15549 V PhoneWindow: DecorView setVisiblity: visibility = 4, Parent = android.view.ViewRootImpl@435279a, this = DecorView@114f08d[MainActivity]
11-18 14:05:27.494 841 841 D OppoExLayer: ~Layer() sequence=61903, name=Surface(name=8a2accd com.jlpay.merch/com.jlpay.merch.ui.home.bill.BillActivity)/@0xe69f639 - animation-leash#1@0xb4000073294aa000
11-18 14:05:27.497 15549 16169 I RestApi : RestAPI start send log!
11-18 14:05:27.497 15549 15976 I RestApi : RestAPI start send log!
11-18 14:05:27.498 15549 15976 I RestApi : RestAPI build data succ!
11-18 14:05:27.498 15549 16169 I RestApi : RestAPI build data succ!
11-18 14:05:27.499 15549 15976 I RestApi : send url :ak=333341675&av=2.8.4&avsys=2.8.4&c=jlpay_apm&d=XgtwoZSz4p8DALQWBLfYHKP0&sv=6.5.1.3
11-18 14:05:27.499 15549 16169 I RestApi : send url :ak=333341675&av=2.8.4&avsys=2.8.4&c=jlpay_apm&d=XgtwoZSz4p8DALQWBLfYHKP0&sv=6.5.1.3
11-18 14:05:27.499 15549 16169 I RestApi : packRequest success!
11-18 14:05:27.499 15549 15976 I RestApi : packRequest success!
11-18 14:05:27.499 15549 16169 D RestApi : sendRequest use adashx, bytes length : 1007
11-18 14:05:27.499 15549 15976 D RestApi : sendRequest use adashx, bytes length : 1012
11-18 14:05:27.499 15549 15976 D RestApi : signValue:da9f8aacc227d417144a3b447084ff55deeac9f8
11-18 14:05:27.499 15549 16169 D RestApi : signValue:21d1b751124650440f3c6f586a86be19b3887b35
11-18 14:05:27.502 15549 15976 I System.out: [OkHttp] sendRequest>>
11-18 14:05:27.502 15549 16169 I System.out: [OkHttp] sendRequest>>
11-18 14:05:27.502 15549 15976 I System.out: [OkHttp] sendRequest<<
11-18 14:05:27.502 15549 16169 I System.out: [OkHttp] sendRequest<<
11-18 14:05:27.503 841 841 I BufferQueueConsumer: [com.jlpay.merch/com.jlpay.merch.ui.main.MainActivity#0](id:349000020cd,api:0,p:-1,c:841) disconnect()
11-18 14:05:27.503 841 841 I BufferQueue: [com.jlpay.merch/com.jlpay.merch.ui.main.MainActivity#0](this:0xb400007329d18858,id:8397,api:1,p:-1,c:-1) onDestructor()
11-18 14:05:27.503 841 841 D OppoExLayer: ~Layer() sequence=61882, name=com.jlpay.merch/com.jlpay.merch.ui.main.MainActivity#0@0xb400007329976000
11-18 14:05:27.503 1470 1572 I InputDispatcher: Window went away: com.jlpay.merch/com.jlpay.merch.ui.main.MainActivity#0
11-18 14:05:27.532 15549 15979 I System.out: [OkHttp] sendRequest>>
11-18 14:05:27.532 15549 15979 I System.out: [OkHttp] sendRequest<<
11-18 14:05:27.533 15718 15750 I appium : channel read: GET /wd/hub/session/48f6a8a8-93b4-40c2-8c7a-a35989fcd518/source
11-18 14:05:27.533 15718 15750 I appium : Source command
11-18 14:05:27.534 15718 15750 I appium : Waiting up to 10000ms for the device to idle
11-18 14:05:27.541 15549 16169 D RestApi : errCode:0
11-18 14:05:27.545 15549 15976 D RestApi : errCode:0
11-18 14:05:27.563 15549 16005 I PRETTY_LOGGER: โ”Œโ”€โ”€โ”€โ”€โ”€โ”€โ”€โ”€โ”€โ”€โ”€โ”€โ”€โ”€โ”€โ”€โ”€โ”€โ”€โ”€โ”€โ”€โ”€โ”€โ”€โ”€โ”€โ”€โ”€โ”€โ”€โ”€โ”€โ”€โ”€โ”€โ”€โ”€โ”€โ”€โ”€โ”€โ”€โ”€โ”€โ”€โ”€โ”€โ”€โ”€โ”€โ”€โ”€โ”€โ”€โ”€โ”€โ”€โ”€โ”€โ”€โ”€โ”€โ”€โ”€โ”€โ”€โ”€โ”€โ”€โ”€โ”€โ”€โ”€โ”€โ”€โ”€โ”€โ”€โ”€โ”€โ”€โ”€โ”€โ”€โ”€โ”€โ”€โ”€โ”€โ”€โ”€โ”€โ”€โ”€โ”€โ”€โ”€โ”€โ”€โ”€โ”€โ”€โ”€โ”€โ”€โ”€โ”€โ”€โ”€โ”€โ”€
11-18 14:05:27.564 15549 16005 I PRETTY_LOGGER: โ”‚ LogUtils.i (LogUtils.java:27)
11-18 14:05:27.564 15549 16005 I PRETTY_LOGGER: โ”‚ LogUtils.i (LogUtils.java:21)
11-18 14:05:27.564 15549 16005 I PRETTY_LOGGER: โ”œโ”„โ”„โ”„โ”„โ”„โ”„โ”„โ”„โ”„โ”„โ”„โ”„โ”„โ”„โ”„โ”„โ”„โ”„โ”„โ”„โ”„โ”„โ”„โ”„โ”„โ”„โ”„โ”„โ”„โ”„โ”„โ”„โ”„โ”„โ”„โ”„โ”„โ”„โ”„โ”„โ”„โ”„โ”„โ”„โ”„โ”„โ”„โ”„โ”„โ”„โ”„โ”„โ”„โ”„โ”„โ”„โ”„โ”„โ”„โ”„โ”„โ”„โ”„โ”„โ”„โ”„โ”„โ”„โ”„โ”„โ”„โ”„โ”„โ”„โ”„โ”„โ”„โ”„โ”„โ”„โ”„โ”„โ”„โ”„โ”„โ”„โ”„โ”„โ”„โ”„โ”„โ”„โ”„โ”„โ”„โ”„โ”„โ”„โ”„โ”„โ”„โ”„โ”„โ”„โ”„โ”„โ”„โ”„โ”„โ”„โ”„โ”„
11-18 14:05:27.564 15549 16005 I PRETTY_LOGGER: โ”‚ https://merchant-dev.jlpay.com/boss_trans/tradeTodayBillRpc,่ฟ”ๅ›ž cookie= JLSESSIONID=NTU1N2M5NTEtYzFlOS00OTRiLWE0NGYtNTQ3MTg0N2Y1ZTMw
11-18 14:05:27.564 15549 16005 I PRETTY_LOGGER: โ””โ”€โ”€โ”€โ”€โ”€โ”€โ”€โ”€โ”€โ”€โ”€โ”€โ”€โ”€โ”€โ”€โ”€โ”€โ”€โ”€โ”€โ”€โ”€โ”€โ”€โ”€โ”€โ”€โ”€โ”€โ”€โ”€โ”€โ”€โ”€โ”€โ”€โ”€โ”€โ”€โ”€โ”€โ”€โ”€โ”€โ”€โ”€โ”€โ”€โ”€โ”€โ”€โ”€โ”€โ”€โ”€โ”€โ”€โ”€โ”€โ”€โ”€โ”€โ”€โ”€โ”€โ”€โ”€โ”€โ”€โ”€โ”€โ”€โ”€โ”€โ”€โ”€โ”€โ”€โ”€โ”€โ”€โ”€โ”€โ”€โ”€โ”€โ”€โ”€โ”€โ”€โ”€โ”€โ”€โ”€โ”€โ”€โ”€โ”€โ”€โ”€โ”€โ”€โ”€โ”€โ”€โ”€โ”€โ”€โ”€โ”€โ”€
11-18 14:05:27.565 15549 16005 I PRETTY_LOGGER: โ”Œโ”€โ”€โ”€โ”€โ”€โ”€โ”€โ”€โ”€โ”€โ”€โ”€โ”€โ”€โ”€โ”€โ”€โ”€โ”€โ”€โ”€โ”€โ”€โ”€โ”€โ”€โ”€โ”€โ”€โ”€โ”€โ”€โ”€โ”€โ”€โ”€โ”€โ”€โ”€โ”€โ”€โ”€โ”€โ”€โ”€โ”€โ”€โ”€โ”€โ”€โ”€โ”€โ”€โ”€โ”€โ”€โ”€โ”€โ”€โ”€โ”€โ”€โ”€โ”€โ”€โ”€โ”€โ”€โ”€โ”€โ”€โ”€โ”€โ”€โ”€โ”€โ”€โ”€โ”€โ”€โ”€โ”€โ”€โ”€โ”€โ”€โ”€โ”€โ”€โ”€โ”€โ”€โ”€โ”€โ”€โ”€โ”€โ”€โ”€โ”€โ”€โ”€โ”€โ”€โ”€โ”€โ”€โ”€โ”€โ”€โ”€โ”€
11-18 14:05:27.565 15549 16005 I PRETTY_LOGGER: โ”‚ LogUtils.i (LogUtils.java:27)
11-18 14:05:27.565 15549 16005 I PRETTY_LOGGER: โ”‚ LogUtils.i (LogUtils.java:21)
11-18 14:05:27.565 15549 16005 I PRETTY_LOGGER: โ”œโ”„โ”„โ”„โ”„โ”„โ”„โ”„โ”„โ”„โ”„โ”„โ”„โ”„โ”„โ”„โ”„โ”„โ”„โ”„โ”„โ”„โ”„โ”„โ”„โ”„โ”„โ”„โ”„โ”„โ”„โ”„โ”„โ”„โ”„โ”„โ”„โ”„โ”„โ”„โ”„โ”„โ”„โ”„โ”„โ”„โ”„โ”„โ”„โ”„โ”„โ”„โ”„โ”„โ”„โ”„โ”„โ”„โ”„โ”„โ”„โ”„โ”„โ”„โ”„โ”„โ”„โ”„โ”„โ”„โ”„โ”„โ”„โ”„โ”„โ”„โ”„โ”„โ”„โ”„โ”„โ”„โ”„โ”„โ”„โ”„โ”„โ”„โ”„โ”„โ”„โ”„โ”„โ”„โ”„โ”„โ”„โ”„โ”„โ”„โ”„โ”„โ”„โ”„โ”„โ”„โ”„โ”„โ”„โ”„โ”„โ”„โ”„
11-18 14:05:27.565 15549 16005 I PRETTY_LOGGER: โ”‚ ๅ“ๅบ”๏ผšhttps://merchant-dev.jlpay.com/boss_trans/tradeTodayBillRpc
11-18 14:05:27.565 15549 16005 I PRETTY_LOGGER: โ”‚
11-18 14:05:27.565 15549 16005 I PRETTY_LOGGER: โ”‚ {"biz_context":"{\"ret_code\":\"00\",\"ret_msg\":\"่ฏทๆฑ‚ๆˆๅŠŸ\",\"rows\":[],\"success\":true,\"total\":0}","ret_code":"00","ret_msg":"่ฏทๆฑ‚ๆˆๅŠŸ"}
11-18 14:05:27.565 15549 16005 I PRETTY_LOGGER: โ””โ”€โ”€โ”€โ”€โ”€โ”€โ”€โ”€โ”€โ”€โ”€โ”€โ”€โ”€โ”€โ”€โ”€โ”€โ”€โ”€โ”€โ”€โ”€โ”€โ”€โ”€โ”€โ”€โ”€โ”€โ”€โ”€โ”€โ”€โ”€โ”€โ”€โ”€โ”€โ”€โ”€โ”€โ”€โ”€โ”€โ”€โ”€โ”€โ”€โ”€โ”€โ”€โ”€โ”€โ”€โ”€โ”€โ”€โ”€โ”€โ”€โ”€โ”€โ”€โ”€โ”€โ”€โ”€โ”€โ”€โ”€โ”€โ”€โ”€โ”€โ”€โ”€โ”€โ”€โ”€โ”€โ”€โ”€โ”€โ”€โ”€โ”€โ”€โ”€โ”€โ”€โ”€โ”€โ”€โ”€โ”€โ”€โ”€โ”€โ”€โ”€โ”€โ”€โ”€โ”€โ”€โ”€โ”€โ”€โ”€โ”€โ”€
11-18 14:05:27.569 15549 15549 D BillActivity: updateTimeRange:2021-11-18
11-18 14:05:27.574 15549 15979 D SendMessage: pull request message:
11-18 14:05:27.636 1470 1829 I mtkpower_client: perf_lock_rel, hdl:40413, tid:1829
11-18 14:05:27.636 1470 1829 I mtkpower_client: perf_lock_acq, hdl:40413, dur:0, num:4, tid:1829
11-18 14:05:27.636 809 875 I libPowerHal: [perfLockRel] hdl:40413, idx:0
11-18 14:05:27.636 809 875 I libPowerHal: [PD] scn:0 hdl:40413 lock_user:system_server pid:1470 tid:1829 dur:0
11-18 14:05:27.636 809 875 I libPowerHal: system_server: cpu_ctrl set cpu freq: -1 -1 -1 -1
11-18 14:05:27.636 809 875 I libPowerHal: [PD] system_server update cmd:1410000 param:0
11-18 14:05:27.636 809 875 I libPowerHal: [PD] system_server update cmd:1c3c000, param:1
11-18 14:05:27.636 809 875 I libPowerHal: [PD] system_server update cmd:10000100 param:2
11-18 14:05:27.637 1470 1829 I mtkpower_client: ret_hdl:40415
11-18 14:05:27.637 809 875 I libPowerHal: [perfLockAcq] idx:0 hdl:40415 hint:-1 pid:1470 duration:0 => ret_hdl:40415
11-18 14:05:27.637 809 875 I libPowerHal: [PE] scn:0 hdl:40415 lock_user:system_server pid:1470 tid:1829 dur:0
11-18 14:05:27.637 809 875 I libPowerHal: [PE] system_server update cmd:10000100, param:2
11-18 14:05:28.275 841 841 I BufferQueueProducer: [FramebufferSurface](this:0xb400007348832ed0,id:-1,api:1,p:841,c:841) queueBuffer: fps=0.86 dur=1166.35 max=1166.35 min=1166.35
11-18 14:05:28.308 15718 15750 I appium : AppiumResponse: {"sessionId":"48f6a8a8-93b4-40c2-8c7a-a35989fcd518","value":"\r\n\r\n
> 11-18 14:05:28.498 15549 16203 I System.out: [OkHttp] sendRequest<<
11-18 14:05:28.500 15718 15750 I appium : CaptureScreenshot command
11-18 14:05:28.523 1135 1163 W AString : ctor got NULL, using empty string instead
11-18 14:05:28.523 1135 1163 I SensorSavedChannel: [58,-2144,67,-15621,68773,11074]==>gyro_temp.json
11-18 14:05:28.524 1135 1163 W AString : ctor got NULL, using empty string instead
11-18 14:05:28.524 1135 1163 I SensorSavedChannel: [-1403,134,1313]==>gyro_bias.json
11-18 14:05:28.542 15549 16203 D RestApi : errCode:0
11-18 14:05:28.664 16242 16242 D AVStageFactory: Opened liboplusavenhancements.so
11-18 14:05:28.664 16242 16242 D AVStageFactory: createInstance(64bit): createVendorAVFactory success!
11-18 14:05:28.664 16242 16242 D AVStageUtils: Opened liboplusavenhancements.so
11-18 14:05:28.664 16242 16242 D AVStageUtils: createInstance(64bit): createVendorAVUtils success!
11-18 14:05:28.664 16242 16242 D OplusUtils: OplusUtils [83]:
11-18 14:05:28.665 16242 16242 D AVMediaServiceFactory: Opened liboplusavenhancements.so
11-18 14:05:28.665 16242 16242 D AVMediaServiceFactory: createInstance(64bit): createExtendedMediaServiceFactory success!
11-18 14:05:28.666 16242 16242 D AVNuFactory: Opened liboplusavenhancements.so
11-18 14:05:28.666 16242 16242 D AVNuFactory: createInstance(64bit): createExtendedNuFactory success!
11-18 14:05:28.666 16242 16242 D AVStageFactory: createInstance(64bit): createVendorAVFactory success!
11-18 14:05:28.666 16242 16242 D AVStageUtils: createInstance(64bit): createVendorAVUtils success!
11-18 14:05:28.666 16242 16242 D OplusUtils: OplusUtils [83]:
11-18 14:05:28.666 16242 16242 D AVMediaServiceFactory: createInstance(64bit): createExtendedMediaServiceFactory success!
11-18 14:05:28.666 16242 16242 D AVNuFactory: createInstance(64bit): createExtendedNuFactory success!
11-18 14:05:28.666 16242 16242 D AVStageFactory: Opened liboplusavenhancements.so
11-18 14:05:28.666 16242 16242 D AVStageFactory: createInstance(64bit): createVendorAVFactory success!
11-18 14:05:28.666 16242 16242 D AVStageUtils: createInstance(64bit): createVendorAVUtils success!
11-18 14:05:28.666 16242 16242 D OplusUtils: OplusUtils [83]:
11-18 14:05:28.700 16242 16242 E ion : ioctl c0044901 failed with code -1: Invalid argument
11-18 14:05:28.980 16242 16242 D RefBase : RefBase: Explicit destruction, weak count = 0 (in 0x70f25bb240)
11-18 14:05:28.985 16242 16242 D RefBase : #00 pc 00000000000de7c4 /apex/com.android.runtime/lib64/bionic/libc.so (__cxa_finalize+148)
11-18 14:05:28.985 16242 16242 D RefBase : #01 pc 00000000000d9438 /apex/com.android.runtime/lib64/bionic/libc.so (exit+24)
11-18 14:05:28.985 16242 16242 D RefBase : #02 pc 0000000000073e28 /apex/com.android.runtime/lib64/bionic/libc.so (__libc_init+112)
11-18 14:05:29.026 15718 15750 I appium : AppiumResponse: {"sessionId":"48f6a8a8-93b4-40c2-8c7a-a35989fcd518","value":"iVBORw0KGgoAAAANSUhEUgAABDgAAAlgCAYAAABtGofVAAAAAXNSR0IArs4c6QAAAARzQklUCAgI\nCHwIZIgAACAASURBVHic7N13fBTV3gbwZ2Z30ysQIZTQiwgiTUCKIIKggAEERAEbiHrtyIuiohdR\n2lVRrBT1gqAgJSpVhShN4jWI9ICETkhCSK+7M+f9Y3Ynu8mm7yZZfb5+1mRnp5zJAtl55pzfkYQQ\nAkRERโ€ฆ
11-18 14:05:29.204 809 875 I mtkpower@impl: [powerd_req] TIMER_MSG_PERF_LOCK_TIMEOUT hdl:40414
11-18 14:05:29.204 809 875 I libPowerHal: [perfLockRel] hdl:40414, idx:1
11-18 14:05:29.204 809 875 I libPowerHal: [PD] scn:1 hdl:40414 hint:30 comm:mtkpower@1.0-se pid:809
11-18 14:05:29.204 809 875 I libPowerHal: [PD] MTKPOWER_HINT_EXT_LAUNCH update cmd:1000000, param:-1
11-18 14:05:29.205 809 875 I libPowerHal: [PD] MTKPOWER_HINT_EXT_LAUNCH update cmd:2020000 param:1
11-18 14:05:29.205 809 875 I libPowerHal: [PD] MTKPOWER_HINT_EXT_LAUNCH update cmd:1408300 param:0
11-18 14:05:29.206 809 875 I libPowerHal: [PD] MTKPOWER_HINT_EXT_LAUNCH update cmd:1000000 param:-1
11-18 14:05:29.236 15718 15750 I appium : channel read: POST /wd/hub/session/48f6a8a8-93b4-40c2-8c7a-a35989fcd518/element
11-18 14:05:29.240 15718 15750 I appium : FindElement command
11-18 14:05:29.246 15718 15750 I appium : method: 'xpath', selector: '//android.widget.TextView[@resource-id='com.jlpay.merch:id/tv_choose_1' and @text='ไปŠๅคฉ' and @class='android.widget.TextView']'
11-18 14:05:29.247 15718 15750 I appium : Waiting up to 10000ms for the device to idle
11-18 14:05:29.251 15718 15750 I appium : The following attributes will be included to the page source: [resource-id, text, class]
11-18 14:05:29.365 15718 15750 I appium : Took 11ms to retrieve 1 matches for '//android.widget.TextView[@resource-id='com.jlpay.merch:id/tv_choose_1' and @text='ไปŠๅคฉ' and @class='android.widget.TextView']' XPath query
11-18 14:05:29.372 15718 15750 I appium : AppiumResponse: {"sessionId":"48f6a8a8-93b4-40c2-8c7a-a35989fcd518","value":{"ELEMENT":"00000000-0000-1549-ffff-ffff000001b5","element-6066-11e4-a52e-4f735466cecf":"00000000-0000-1549-ffff-ffff000001b5"}}
11-18 14:05:29.387 15718 15750 I appium : channel read: POST /wd/hub/session/48f6a8a8-93b4-40c2-8c7a-a35989fcd518/element/00000000-0000-1549-ffff-ffff000001b5/click
11-18 14:05:29.389 15718 15750 I appium : Click command
11-18 14:05:29.408 841 899 D OppoExSurfaceFlinger: applyTransactionState timed out try= 1, 0, 1
11-18 14:05:29.412 809 875 I libPowerHal: [perfLockAcq] idx:1 hdl:40416 hint:25 pid:809 duration:10000 => ret_hdl:40416
11-18 14:05:29.412 809 875 I libPowerHal: [PE] scn:1 hdl:40416 hint:25 comm:mtkpower@1.0-se pid:809
11-18 14:05:29.413 809 875 I libPowerHal: [PE] MTKPOWER_HINT_APP_TOUCH update cmd:3408600 param:1
11-18 14:05:29.414 15549 15549 D ViewRootImpl: enqueueInputEventMotionEvent { action=ACTION_DOWN, actionButton=0, id[0]=0, x[0]=169.0, y[0]=343.0, toolType[0]=TOOL_TYPE_FINGER, buttonState=0, classification=NONE, metaState=0, flags=0x0, edgeFlags=0x0, pointerCount=1, historySize=0, eventTime=425707921, downTime=425707920, deviceId=-1, source=0x1002, displayId=0 }
11-18 14:05:29.414 15549 15549 D ViewRootImpl[BillActivity]: processMotionEvent MotionEvent { action=ACTION_DOWN, actionButton=0, id[0]=0, x[0]=169.0, y[0]=343.0, toolType[0]=TOOL_TYPE_FINGER, buttonState=0, classification=NONE, metaState=0, flags=0x0, edgeFlags=0x0, pointerCount=1, historySize=0, eventTime=425707921, downTime=425707920, deviceId=-1, source=0x1002, displayId=0 }
11-18 14:05:29.417 15549 15549 D ViewRootImpl[BillActivity]: dispatchPointerEvent handled=true, event=MotionEvent { action=ACTION_DOWN, actionButton=0, id[0]=0, x[0]=169.0, y[0]=343.0, toolType[0]=TOOL_TYPE_FINGER, buttonState=0, classification=NONE, metaState=0, flags=0x0, edgeFlags=0x0, pointerCount=1, historySize=0, eventTime=425707921, downTime=425707920, deviceId=-1, source=0x1002, displayId=0 }
11-18 14:05:29.420 809 875 I libPowerHal: [perfLockRel] hdl:40416, idx:1
11-18 14:05:29.420 809 875 I libPowerHal: [PD] scn:1 hdl:40416 hint:25 comm:mtkpower@1.0-se pid:809
11-18 14:05:29.420 809 875 I libPowerHal: [PD] MTKPOWER_HINT_APP_TOUCH update cmd:3408600 param:0
11-18 14:05:29.421 15549 15549 D ViewRootImpl[BillActivity]: processMotionEvent MotionEvent { action=ACTION_UP, actionButton=0, id[0]=0, x[0]=169.0, y[0]=343.0, toolType[0]=TOOL_TYPE_FINGER, buttonState=0, classification=NONE, metaState=0, flags=0x0, edgeFlags=0x0, pointerCount=1, historySize=0, eventTime=425707921, downTime=425707920, deviceId=-1, source=0x1002, displayId=0 }
11-18 14:05:29.421 15549 15549 D ViewRootImpl[BillActivity]: dispatchPointerEvent handled=true, event=MotionEvent { action=ACTION_UP, actionButton=0, id[0]=0, x[0]=169.0, y[0]=343.0, toolType[0]=TOOL_TYPE_FINGER, buttonState=0, classification=NONE, metaState=0, flags=0x0, edgeFlags=0x0, pointerCount=1, historySize=0, eventTime=425707921, downTime=425707920, deviceId=-1, source=0x1002, displayId=0 }
11-18 14:05:29.424 841 899 D OppoExSurfaceFlinger: applyTransactionState timed out try= 1, 0, 1
11-18 14:05:29.426 15718 15750 I appium : Waiting up to 10000ms for the device to idle
11-18 14:05:29.434 841 899 I SurfaceFlinger: [SF client] NEW(0xb400007334bec000) for (15549:com.jlpay.merch)
11-18 14:05:29.435 15549 15549 D ColorViewRootUtil: initSwipState, isDisplayCompatApp false
11-18 14:05:29.435 15549 15549 D ColorViewRootUtil: mScreenHeight 2400, mScreenWidth 1080
11-18 14:05:29.437 15549 15549 D ViewRootImpl[BillActivity]: hardware acceleration = true , fakeHwAccelerated = false, sRendererDisabled = false, forceHwAccelerated = false, sSystemRendererDisabled = false
11-18 14:05:29.438 1470 2436 D OppoDisplayPolicy: com.jlpay.merch, setting cutoutMode: color always
11-18 14:05:29.438 841 899 D DispPerfService: get hint proc=58f3e51 com.jlpay.merch, idx=0 none
11-18 14:05:29.439 1470 2436 W WindowManager: Changing focus fromWindow{907e0d0 u0 com.jlpay.merch/com.jlpay.merch.ui.home.bill.BillActivity} to Window{58f3e51 u0 com.jlpay.merch/com.jlpay.merch.ui.home.bill.BillActivity} displayId=0 Callers=com.android.server.wm.RootWindowContainer.updateFocusedWindowLocked:509 com.android.server.wm.WindowManagerService.updateFocusedWindowLocked:6073 com.android.server.wm.WindowManagerService.addWindow:1941 com.android.server.wm.Session.addToDisplayAsUser:184
11-18 14:05:29.440 841 899 D DispPerfService: get hint proc=Surface(name=8eb967f StatusBar), idx=0 none
11-18 14:05:29.440 841 900 D DispPerfService: get hint proc=Surface(name=c91655d NavigationBar0), idx=0 none
11-18 14:05:29.441 1470 2436 D Theia.NoFocusWindow: FocusWindowErrorScene cancelCheckFreezeScreen
11-18 14:05:29.443 15549 15549 E libEGL : Invalid file path for libcolorx-loader.so
11-18 14:05:29.443 15549 15549 I chatty : uid=11378(com.jlpay.merch) identical 4 lines
11-18 14:05:29.443 15549 15549 E libEGL : Invalid file path for libcolorx-loader.so
11-18 14:05:29.443 15549 15549 I InputTransport: Create ARC handle: 0xb4000076e37aaa60
11-18 14:05:29.449 15549 15549 V PhoneWindow: DecorView setVisiblity: visibility = 0, Parent = android.view.ViewRootImpl@8a7540a, this = DecorView@496047b[BillActivity]
11-18 14:05:29.450 15549 16021 I PRETTY_LOGGER: โ”Œโ”€โ”€โ”€โ”€โ”€โ”€โ”€โ”€โ”€โ”€โ”€โ”€โ”€โ”€โ”€โ”€โ”€โ”€โ”€โ”€โ”€โ”€โ”€โ”€โ”€โ”€โ”€โ”€โ”€โ”€โ”€โ”€โ”€โ”€โ”€โ”€โ”€โ”€โ”€โ”€โ”€โ”€โ”€โ”€โ”€โ”€โ”€โ”€โ”€โ”€โ”€โ”€โ”€โ”€โ”€โ”€โ”€โ”€โ”€โ”€โ”€โ”€โ”€โ”€โ”€โ”€โ”€โ”€โ”€โ”€โ”€โ”€โ”€โ”€โ”€โ”€โ”€โ”€โ”€โ”€โ”€โ”€โ”€โ”€โ”€โ”€โ”€โ”€โ”€โ”€โ”€โ”€โ”€โ”€โ”€โ”€โ”€โ”€โ”€โ”€โ”€โ”€โ”€โ”€โ”€โ”€โ”€โ”€โ”€โ”€โ”€โ”€
11-18 14:05:29.450 15549 16021 I PRETTY_LOGGER: โ”‚ LogUtils.i (LogUtils.java:27)
11-18 14:05:29.450 15549 16021 I PRETTY_LOGGER: โ”‚ LogUtils.i (LogUtils.java:21)
11-18 14:05:29.450 15549 16021 I PRETTY_LOGGER: โ”œโ”„โ”„โ”„โ”„โ”„โ”„โ”„โ”„โ”„โ”„โ”„โ”„โ”„โ”„โ”„โ”„โ”„โ”„โ”„โ”„โ”„โ”„โ”„โ”„โ”„โ”„โ”„โ”„โ”„โ”„โ”„โ”„โ”„โ”„โ”„โ”„โ”„โ”„โ”„โ”„โ”„โ”„โ”„โ”„โ”„โ”„โ”„โ”„โ”„โ”„โ”„โ”„โ”„โ”„โ”„โ”„โ”„โ”„โ”„โ”„โ”„โ”„โ”„โ”„โ”„โ”„โ”„โ”„โ”„โ”„โ”„โ”„โ”„โ”„โ”„โ”„โ”„โ”„โ”„โ”„โ”„โ”„โ”„โ”„โ”„โ”„โ”„โ”„โ”„โ”„โ”„โ”„โ”„โ”„โ”„โ”„โ”„โ”„โ”„โ”„โ”„โ”„โ”„โ”„โ”„โ”„โ”„โ”„โ”„โ”„โ”„โ”„
11-18 14:05:29.450 15549 16021 I PRETTY_LOGGER: โ”‚ ่ฏทๆฑ‚๏ผšhttps://merchant-dev.jlpay.com/boss_trans/tradeTodayBillRpc
11-18 14:05:29.450 15549 16021 I PRETTY_LOGGER: โ”‚
11-18 14:05:29.450 15549 16021 I PRETTY_LOGGER: โ”‚ {"app_id":"162575608951564","rid":"1121323","format":"json","timestamp":1637215529448,"version":"1822","sign_type":"RSA2","sign":"1822","nonce_str":"f5bd707126c9438bb2f7061d3b39419d","biz_content":{"merch_no":"84944037011A00O","offset":"0","limit":"20","start_time":"20211118000000","end_time":"20211118235959","token":"eyJ2ZXIiOiIxIiwidHlwIjoiSldUIiwicGxhdCI6ImFwcF9ib3NzIiwiYWxnIjoiU00zV2l0aFNNMiJ9.eyJ1aWQiOiIyMDE5MDUyMjEwMDA3NTgxIiwibmJmIjoxNjM3MjE1NTA4LCJ1bmFtZSI6IumcsuWonCIsImlzcyI6IkpMUEFZIiwidXR5cGUiOiIxIiwibW5hbWUiOiLpnLLlqJzluqblgYfmnZE2IiwiZXhwIjoxNjM5ODA3NTA4LCJkZXZpY2VJZCI6ImY1ZTQ2ZWRjLTFiNjQtNDI4MS05ZDVkLWFhZTM4OTcwMDJiMSIsImlhdCI6MTYzNzIxNTUwOCwianRpIjoiZjVlNDZlZGMtMWI2NC00MjgxLTlkNWQtYWFlMzg5NzAwMmIxIiwiY2lkIjoiNDQwMzA1MTkwNTIyMTAwMTMwMzEiLCJtbm8iOiI4NDk0NDAzNzAxMUEwME8ifQ.MEQCIGKg8_oCYcx3f6LN7vbxs9FixBjORER-daXkBEHn3JxgAiAka-sVnhU0ELBcCiS4ZP2lA4pE4yi7D6nvgGcOYHFBrg","os_type":"ANDROID","os_version":"11","device_no":"f5e46edc-1b64-4281-9d5d-aae3897002b1","device_type":"PDKM00","app_version":"2.8.4"}}
11-18 14:05:29.450 15549 16021 I PRETTY_LOGGER: โ””โ”€โ”€โ”€โ”€โ”€โ”€โ”€โ”€โ”€โ”€โ”€โ”€โ”€โ”€โ”€โ”€โ”€โ”€โ”€โ”€โ”€โ”€โ”€โ”€โ”€โ”€โ”€โ”€โ”€โ”€โ”€โ”€โ”€โ”€โ”€โ”€โ”€โ”€โ”€โ”€โ”€โ”€โ”€โ”€โ”€โ”€โ”€โ”€โ”€โ”€โ”€โ”€โ”€โ”€โ”€โ”€โ”€โ”€โ”€โ”€โ”€โ”€โ”€โ”€โ”€โ”€โ”€โ”€โ”€โ”€โ”€โ”€โ”€โ”€โ”€โ”€โ”€โ”€โ”€โ”€โ”€โ”€โ”€โ”€โ”€โ”€โ”€โ”€โ”€โ”€โ”€โ”€โ”€โ”€โ”€โ”€โ”€โ”€โ”€โ”€โ”€โ”€โ”€โ”€โ”€โ”€โ”€โ”€โ”€โ”€โ”€โ”€
11-18 14:05:29.454 15549 15847 I PRETTY_LOGGER: โ”Œโ”€โ”€โ”€โ”€โ”€โ”€โ”€โ”€โ”€โ”€โ”€โ”€โ”€โ”€โ”€โ”€โ”€โ”€โ”€โ”€โ”€โ”€โ”€โ”€โ”€โ”€โ”€โ”€โ”€โ”€โ”€โ”€โ”€โ”€โ”€โ”€โ”€โ”€โ”€โ”€โ”€โ”€โ”€โ”€โ”€โ”€โ”€โ”€โ”€โ”€โ”€โ”€โ”€โ”€โ”€โ”€โ”€โ”€โ”€โ”€โ”€โ”€โ”€โ”€โ”€โ”€โ”€โ”€โ”€โ”€โ”€โ”€โ”€โ”€โ”€โ”€โ”€โ”€โ”€โ”€โ”€โ”€โ”€โ”€โ”€โ”€โ”€โ”€โ”€โ”€โ”€โ”€โ”€โ”€โ”€โ”€โ”€โ”€โ”€โ”€โ”€โ”€โ”€โ”€โ”€โ”€โ”€โ”€โ”€โ”€โ”€โ”€
11-18 14:05:29.454 15549 15847 I PRETTY_LOGGER: โ”‚ LogUtils.i (LogUtils.java:27)
11-18 14:05:29.454 15549 15847 I PRETTY_LOGGER: โ”‚ LogUtils.i (LogUtils.java:21)
11-18 14:05:29.454 15549 15847 I PRETTY_LOGGER: โ”œโ”„โ”„โ”„โ”„โ”„โ”„โ”„โ”„โ”„โ”„โ”„โ”„โ”„โ”„โ”„โ”„โ”„โ”„โ”„โ”„โ”„โ”„โ”„โ”„โ”„โ”„โ”„โ”„โ”„โ”„โ”„โ”„โ”„โ”„โ”„โ”„โ”„โ”„โ”„โ”„โ”„โ”„โ”„โ”„โ”„โ”„โ”„โ”„โ”„โ”„โ”„โ”„โ”„โ”„โ”„โ”„โ”„โ”„โ”„โ”„โ”„โ”„โ”„โ”„โ”„โ”„โ”„โ”„โ”„โ”„โ”„โ”„โ”„โ”„โ”„โ”„โ”„โ”„โ”„โ”„โ”„โ”„โ”„โ”„โ”„โ”„โ”„โ”„โ”„โ”„โ”„โ”„โ”„โ”„โ”„โ”„โ”„โ”„โ”„โ”„โ”„โ”„โ”„โ”„โ”„โ”„โ”„โ”„โ”„โ”„โ”„โ”„
11-18 14:05:29.454 15549 15847 I PRETTY_LOGGER: โ”‚ ่ฏทๆฑ‚๏ผšhttps://merchant-dev.jlpay.com/boss_trans/tradeTodayDayTotalRpc
11-18 14:05:29.454 15549 15847 I PRETTY_LOGGER: โ”‚
11-18 14:05:29.454 15549 15847 I PRETTY_LOGGER: โ”‚ {"app_id":"162575608951564","rid":"1121323","format":"json","timestamp":1637215529452,"version":"1822","sign_type":"RSA2","sign":"1822","nonce_str":"cc45abdf8db44ee7a7217f08813e91f4","biz_content":{"merch_no":"84944037011A00O","start_time":"20211118000000","end_time":"20211118235959","token":"eyJ2ZXIiOiIxIiwidHlwIjoiSldUIiwicGxhdCI6ImFwcF9ib3NzIiwiYWxnIjoiU00zV2l0aFNNMiJ9.eyJ1aWQiOiIyMDE5MDUyMjEwMDA3NTgxIiwibmJmIjoxNjM3MjE1NTA4LCJ1bmFtZSI6IumcsuWonCIsImlzcyI6IkpMUEFZIiwidXR5cGUiOiIxIiwibW5hbWUiOiLpnLLlqJzluqblgYfmnZE2IiwiZXhwIjoxNjM5ODA3NTA4LCJkZXZpY2VJZCI6ImY1ZTQ2ZWRjLTFiNjQtNDI4MS05ZDVkLWFhZTM4OTcwMDJiMSIsImlhdCI6MTYzNzIxNTUwOCwianRpIjoiZjVlNDZlZGMtMWI2NC00MjgxLTlkNWQtYWFlMzg5NzAwMmIxIiwiY2lkIjoiNDQwMzA1MTkwNTIyMTAwMTMwMzEiLCJtbm8iOiI4NDk0NDAzNzAxMUEwME8ifQ.MEQCIGKg8_oCYcx3f6LN7vbxs9FixBjORER-daXkBEHn3JxgAiAka-sVnhU0ELBcCiS4ZP2lA4pE4yi7D6nvgGcOYHFBrg","os_type":"ANDROID","os_version":"11","device_no":"f5e46edc-1b64-4281-9d5d-aae3897002b1","device_type":"PDKM00","app_version":"2.8.4"}}
11-18 14:05:29.454 15549 15847 I PRETTY_LOGGER: โ””โ”€โ”€โ”€โ”€โ”€โ”€โ”€โ”€โ”€โ”€โ”€โ”€โ”€โ”€โ”€โ”€โ”€โ”€โ”€โ”€โ”€โ”€โ”€โ”€โ”€โ”€โ”€โ”€โ”€โ”€โ”€โ”€โ”€โ”€โ”€โ”€โ”€โ”€โ”€โ”€โ”€โ”€โ”€โ”€โ”€โ”€โ”€โ”€โ”€โ”€โ”€โ”€โ”€โ”€โ”€โ”€โ”€โ”€โ”€โ”€โ”€โ”€โ”€โ”€โ”€โ”€โ”€โ”€โ”€โ”€โ”€โ”€โ”€โ”€โ”€โ”€โ”€โ”€โ”€โ”€โ”€โ”€โ”€โ”€โ”€โ”€โ”€โ”€โ”€โ”€โ”€โ”€โ”€โ”€โ”€โ”€โ”€โ”€โ”€โ”€โ”€โ”€โ”€โ”€โ”€โ”€โ”€โ”€โ”€โ”€โ”€โ”€
11-18 14:05:29.458 1470 1572 I InputDispatcher: Focus left window: Window{907e0d0 u0 com.jlpay.merch/com.jlpay.merch.ui.home.bill.BillActivity} in display 0
11-18 14:05:29.459 841 899 I BufferQueueProducer: [com.jlpay.merch/com.jlpay.merch.ui.home.bill.BillActivity#1](this:0xb4000073c9cf3058,id:8399,api:1,p:15549,c:841) queueBuffer: fps=1.76 dur=2274.01 max=1882.73 min=12.84
11-18 14:05:29.460 1470 1572 D OppoDisplayPolicy: com.jlpay.merch, setting cutoutMode: color always
11-18 14:05:29.462 841 900 D DispPerfService: get hint proc=com.jlpay.merch, idx=0 none
11-18 14:05:29.462 841 900 I BufferQueueConsumer: [](id:349000020d0,api:0,p:-1,c:841) connect(): controlledByApp=false
11-18 14:05:29.462 841 900 I BufferQueue: [unnamed-841-8400](this:0xb400007329d19658,id:8400,api:0,p:-1,c:-1) BufferQueue core=(841:/system/bin/surfaceflinger)
11-18 14:05:29.467 15549 15549 V OplusZoomWindowDecorViewHelper: setLastReportedMergedConfiguration mZoomDisplayHeight: 2400 getDecorView.DecorView@496047b[BillActivity]
11-18 14:05:29.468 841 899 I BufferQueueProducer: [com.jlpay.merch/com.jlpay.merch.ui.home.bill.BillActivity#0](id:349000020d0,api:1,p:15549,c:841) connect(): api=1 producerControlledByApp=false
11-18 14:05:29.473 841 899 D DispPerfService: onframeavailable pid=15549, slot=0, seq=61910, name=com.jlpay.merch:com.jlpay.merch/com.jlpay.merch.ui.home.bill.BillActivity#0
11-18 14:05:29.475 1470 2436 I InputDispatcher: Window went away: com.jlpay.merch/com.jlpay.merch.ui.home.bill.BillActivity#0
11-18 14:05:29.475 31557 31557 V PhoneWindow: DecorView setVisiblity: visibility = 8, Parent = android.view.ViewRootImpl@bb459d, this = DecorView@a937e7c[InputMethod]
11-18 14:05:29.476 841 3662 D DispPerfService: get hint proc=Surface(name=58f3e51 com.jlpay.merch, idx=0 none
11-18 14:05:29.483 841 841 D OppoExLayer: ~Layer() sequence=61905, name=Surface(name=c91655d NavigationBar0)/@0xae9cfad - animation-leash#1@0xb4000073293fc000
11-18 14:05:29.483 841 841 D OppoExLayer: ~Layer() sequence=61904, name=Surface(name=8eb967f StatusBar)/@0x65f64c4 - animation-leash#0@0xb4000073295ac000
11-18 14:05:29.483 1470 1572 I InputDispatcher: Focus entered window: Window{58f3e51 u0 com.jlpay.merch/com.jlpay.merch.ui.home.bill.BillActivity} in display 0
11-18 14:05:29.486 1470 1572 D InputMethodManagerService: isSecurity: attribute.packageName=com.jlpay.merch
