11-18 14:05:17.875 1470 1595 V ColorZoomWindowManagerService: onAnimationFinished: r = ActivityRecord{e623047 u0 com.jlpay.merch/.ui.webview.WebviewActivity t18211 f}}
11-18 14:05:17.875 1470 1595 I OplusMirageDisplayManagerService: onAnimationFinished:
11-18 14:05:17.882 841 841 D OppoExLayer: ~Layer() sequence=61868, name=Surface(name=ActivityRecord{43bff65 u0 com.jlpay.merch/.ui.main.MainActivity)/@0xa5f09a2 - animation-bounds#0@0xb40000733618b000
11-18 14:05:17.882 841 841 D OppoExLayer: ~Layer() sequence=61867, name=Surface(name=ActivityRecord{43bff65 u0 com.jlpay.merch/.ui.main.MainActivity)/@0xa5f09a2 - animation-leash#0@0xb4000073360b5000
11-18 14:05:17.882 841 841 D OppoExLayer: ~Layer() sequence=61870, name=Surface(name=ActivityRecord{e623047 u0 com.jlpay.merch/.ui.webview.WebviewActivity)/@0xb224185 - animation-bounds#0@0xb40000733618e000
11-18 14:05:17.882 841 841 D OppoExLayer: ~Layer() sequence=61869, name=Surface(name=ActivityRecord{e623047 u0 com.jlpay.merch/.ui.webview.WebviewActivity)/@0xb224185 - animation-leash#0@0xb4000073295ac000
11-18 14:05:17.890 841 899 I BufferQueueProducer: [com.jlpay.merch/com.jlpay.merch.ui.webview.WebviewActivity#0](id:349000020ca,api:1,p:15549,c:841) disconnect(): api=1
11-18 14:05:17.906 15549 15549 D MotuCrashSDK: onActivityStopped๏ผšcom.jlpay.merch.ui.webview.WebviewActivity
11-18 14:05:17.906 15549 15549 D MotuCrashSDK: nativeSetForeground background
11-18 14:05:17.907 1470 3037 E AppOps : noteOperation
11-18 14:05:17.907 1470 3037 E AppOps : java.lang.SecurityException: Specified package com.android.phone under uid 10159 but it is really 1001
11-18 14:05:17.907 1470 3037 E AppOps : at com.android.server.appop.AppOpsService.verifyAndGetBypass(AppOpsService.java:3966)
11-18 14:05:17.907 1470 3037 E AppOps : at com.android.server.appop.AppOpsService.noteOperationUnchecked(AppOpsService.java:3106)
11-18 14:05:17.907 1470 3037 E AppOps : at com.android.server.appop.AppOpsService.noteOperationImpl(AppOpsService.java:3094)
11-18 14:05:17.907 1470 3037 E AppOps : at com.android.server.appop.AppOpsService.noteOperation(AppOpsService.java:3077)
11-18 14:05:17.907 1470 3037 E AppOps : at com.android.internal.app.IAppOpsService$Stub.onTransact(IAppOpsService.java:447)
11-18 14:05:17.907 1470 3037 E AppOps : at android.os.Binder.execTransactInternal(Binder.java:1166)
11-18 14:05:17.907 1470 3037 E AppOps : at android.os.Binder.execTransact(Binder.java:1130)
11-18 14:05:17.907 15549 15979 W TLOG_MONITOR: MSG_PULL:TLOG.FileUploadHandler:ๆถˆๆฏๆ‹‰ๅ–๏ผšไธปๅŠจๅ‘้€ๆถˆๆฏ๏ผŒๆ‹‰ๅ–ไปปๅŠก
11-18 14:05:17.908 841 899 D OppoExSurfaceFlinger: applyTransactionState timed out try= 1, 0, 1
11-18 14:05:17.909 15549 15549 V PhoneWindow: DecorView setVisiblity: visibility = 4, Parent = android.view.ViewRootImpl@be3708, this = DecorView@41e19ee[WebviewActivity]
11-18 14:05:17.909 15549 15549 D LeakCanary: Watching instance of androidx.fragment.app.FragmentManagerViewModel (androidx.fragment.app.FragmentManagerViewModel received ViewModel#onCleared() callback) with key 0e4c5340-f2c3-4aea-b1e9-71dfedafc4e4
11-18 14:05:17.910 15549 15549 D LeakCanary: Watching instance of leakcanary.internal.ViewModelClearedWatcher (leakcanary.internal.ViewModelClearedWatcher received ViewModel#onCleared() callback) with key 21e546cb-0364-4ee0-b584-4f0b0ba7aec3
11-18 14:05:17.910 15549 15549 D LeakCanary: Watching instance of androidx.lifecycle.ReportFragment (androidx.lifecycle.ReportFragment received Fragment#onDestroy() callback) with key 4819f59b-ecfa-4013-bc19-a37f0104720f
11-18 14:05:17.910 15549 15549 D LeakCanary: Watching instance of com.jlpay.merch.ui.webview.WebviewActivity (com.jlpay.merch.ui.webview.WebviewActivity received Activity#onDestroy() callback) with key 20d17876-7d08-4d49-a010-f3ac9795b987
11-18 14:05:17.912 15549 15549 D MotuCrashSDK: onActivityDestroyed๏ผšcom.jlpay.merch.ui.webview.WebviewActivity
11-18 14:05:17.916 15718 15750 I appium : AppiumResponse: {"sessionId":"48f6a8a8-93b4-40c2-8c7a-a35989fcd518","value":null}
11-18 14:05:17.921 15549 15549 D View : [Warning] assignParent to null: this = DecorView@41e19ee[WebviewActivity]
11-18 14:05:17.924 841 841 I BufferQueueConsumer: [com.jlpay.merch/com.jlpay.merch.ui.webview.WebviewActivity#0](id:349000020ca,api:0,p:-1,c:841) disconnect()
11-18 14:05:17.924 841 841 I BufferQueue: [com.jlpay.merch/com.jlpay.merch.ui.webview.WebviewActivity#0](this:0xb400007334b67658,id:8394,api:1,p:-1,c:-1) onDestructor()
11-18 14:05:17.924 841 841 D OppoExLayer: ~Layer() sequence=61856, name=com.jlpay.merch/com.jlpay.merch.ui.webview.WebviewActivity#0@0xb400007336172000
11-18 14:05:17.925 1470 4264 I InputDispatcher: Window went away: com.jlpay.merch/com.jlpay.merch.ui.webview.WebviewActivity#0
11-18 14:05:17.926 15549 15549 I InputTransport: Destroy ARC handle: 0xb40000767e04e060
11-18 14:05:17.927 15549 15549 D LeakCanary: Watching instance of com.android.internal.policy.DecorView (com.android.internal.policy.DecorView received View#onDetachedFromWindow() callback) with key b3ee5078-a93d-49b4-99e5-0d17b6478d89
11-18 14:05:17.931 15549 16021 I PRETTY_LOGGER: โ”Œโ”€โ”€โ”€โ”€โ”€โ”€โ”€โ”€โ”€โ”€โ”€โ”€โ”€โ”€โ”€โ”€โ”€โ”€โ”€โ”€โ”€โ”€โ”€โ”€โ”€โ”€โ”€โ”€โ”€โ”€โ”€โ”€โ”€โ”€โ”€โ”€โ”€โ”€โ”€โ”€โ”€โ”€โ”€โ”€โ”€โ”€โ”€โ”€โ”€โ”€โ”€โ”€โ”€โ”€โ”€โ”€โ”€โ”€โ”€โ”€โ”€โ”€โ”€โ”€โ”€โ”€โ”€โ”€โ”€โ”€โ”€โ”€โ”€โ”€โ”€โ”€โ”€โ”€โ”€โ”€โ”€โ”€โ”€โ”€โ”€โ”€โ”€โ”€โ”€โ”€โ”€โ”€โ”€โ”€โ”€โ”€โ”€โ”€โ”€โ”€โ”€โ”€โ”€โ”€โ”€โ”€โ”€โ”€โ”€โ”€โ”€โ”€
11-18 14:05:17.931 15549 16021 I PRETTY_LOGGER: โ”‚ LogUtils.i (LogUtils.java:27)
11-18 14:05:17.931 15549 16021 I PRETTY_LOGGER: โ”‚ LogUtils.i (LogUtils.java:21)
11-18 14:05:17.931 15549 16021 I PRETTY_LOGGER: โ”œโ”„โ”„โ”„โ”„โ”„โ”„โ”„โ”„โ”„โ”„โ”„โ”„โ”„โ”„โ”„โ”„โ”„โ”„โ”„โ”„โ”„โ”„โ”„โ”„โ”„โ”„โ”„โ”„โ”„โ”„โ”„โ”„โ”„โ”„โ”„โ”„โ”„โ”„โ”„โ”„โ”„โ”„โ”„โ”„โ”„โ”„โ”„โ”„โ”„โ”„โ”„โ”„โ”„โ”„โ”„โ”„โ”„โ”„โ”„โ”„โ”„โ”„โ”„โ”„โ”„โ”„โ”„โ”„โ”„โ”„โ”„โ”„โ”„โ”„โ”„โ”„โ”„โ”„โ”„โ”„โ”„โ”„โ”„โ”„โ”„โ”„โ”„โ”„โ”„โ”„โ”„โ”„โ”„โ”„โ”„โ”„โ”„โ”„โ”„โ”„โ”„โ”„โ”„โ”„โ”„โ”„โ”„โ”„โ”„โ”„โ”„โ”„
11-18 14:05:17.931 15549 16021 I PRETTY_LOGGER: โ”‚ https://merchant-dev.jlpay.com/boss_trans/newSuccessOrderRpc,่ฟ”ๅ›ž cookie= JLSESSIONID=Zjc2MTYwZGUtNzYxNS00ZTgyLTk0ZjctNzQwNzg0MTE0YzMy
11-18 14:05:17.931 15549 16021 I PRETTY_LOGGER: โ””โ”€โ”€โ”€โ”€โ”€โ”€โ”€โ”€โ”€โ”€โ”€โ”€โ”€โ”€โ”€โ”€โ”€โ”€โ”€โ”€โ”€โ”€โ”€โ”€โ”€โ”€โ”€โ”€โ”€โ”€โ”€โ”€โ”€โ”€โ”€โ”€โ”€โ”€โ”€โ”€โ”€โ”€โ”€โ”€โ”€โ”€โ”€โ”€โ”€โ”€โ”€โ”€โ”€โ”€โ”€โ”€โ”€โ”€โ”€โ”€โ”€โ”€โ”€โ”€โ”€โ”€โ”€โ”€โ”€โ”€โ”€โ”€โ”€โ”€โ”€โ”€โ”€โ”€โ”€โ”€โ”€โ”€โ”€โ”€โ”€โ”€โ”€โ”€โ”€โ”€โ”€โ”€โ”€โ”€โ”€โ”€โ”€โ”€โ”€โ”€โ”€โ”€โ”€โ”€โ”€โ”€โ”€โ”€โ”€โ”€โ”€โ”€
11-18 14:05:17.932 841 841 D OppoExLayer: ~Layer() sequence=61855, name=dbd587a com.jlpay.merch/com.jlpay.merch.ui.webview.WebviewActivity#0@0xb400007336165000
11-18 14:05:17.934 15549 16021 I PRETTY_LOGGER: โ”Œโ”€โ”€โ”€โ”€โ”€โ”€โ”€โ”€โ”€โ”€โ”€โ”€โ”€โ”€โ”€โ”€โ”€โ”€โ”€โ”€โ”€โ”€โ”€โ”€โ”€โ”€โ”€โ”€โ”€โ”€โ”€โ”€โ”€โ”€โ”€โ”€โ”€โ”€โ”€โ”€โ”€โ”€โ”€โ”€โ”€โ”€โ”€โ”€โ”€โ”€โ”€โ”€โ”€โ”€โ”€โ”€โ”€โ”€โ”€โ”€โ”€โ”€โ”€โ”€โ”€โ”€โ”€โ”€โ”€โ”€โ”€โ”€โ”€โ”€โ”€โ”€โ”€โ”€โ”€โ”€โ”€โ”€โ”€โ”€โ”€โ”€โ”€โ”€โ”€โ”€โ”€โ”€โ”€โ”€โ”€โ”€โ”€โ”€โ”€โ”€โ”€โ”€โ”€โ”€โ”€โ”€โ”€โ”€โ”€โ”€โ”€โ”€
11-18 14:05:17.934 15549 16021 I PRETTY_LOGGER: โ”‚ LogUtils.i (LogUtils.java:27)
11-18 14:05:17.934 15549 16021 I PRETTY_LOGGER: โ”‚ LogUtils.i (LogUtils.java:21)
11-18 14:05:17.934 15549 16021 I PRETTY_LOGGER: โ”œโ”„โ”„โ”„โ”„โ”„โ”„โ”„โ”„โ”„โ”„โ”„โ”„โ”„โ”„โ”„โ”„โ”„โ”„โ”„โ”„โ”„โ”„โ”„โ”„โ”„โ”„โ”„โ”„โ”„โ”„โ”„โ”„โ”„โ”„โ”„โ”„โ”„โ”„โ”„โ”„โ”„โ”„โ”„โ”„โ”„โ”„โ”„โ”„โ”„โ”„โ”„โ”„โ”„โ”„โ”„โ”„โ”„โ”„โ”„โ”„โ”„โ”„โ”„โ”„โ”„โ”„โ”„โ”„โ”„โ”„โ”„โ”„โ”„โ”„โ”„โ”„โ”„โ”„โ”„โ”„โ”„โ”„โ”„โ”„โ”„โ”„โ”„โ”„โ”„โ”„โ”„โ”„โ”„โ”„โ”„โ”„โ”„โ”„โ”„โ”„โ”„โ”„โ”„โ”„โ”„โ”„โ”„โ”„โ”„โ”„โ”„โ”„
11-18 14:05:17.934 15549 16021 I PRETTY_LOGGER: โ”‚ ๅ“ๅบ”๏ผšhttps://merchant-dev.jlpay.com/boss_trans/newSuccessOrderRpc
11-18 14:05:17.934 15549 16021 I PRETTY_LOGGER: โ”‚
11-18 14:05:17.934 15549 16021 I PRETTY_LOGGER: โ”‚ {"biz_context":"{\"detail\":{\"amount\":100,\"buz_sub_type\":\"0104\",\"discount_amt\":\"0\",\"merch_name\":\"้œฒๅจœๅบฆๅ‡ๆ‘6\",\"merch_no\":\"84944037011A00O\",\"order_id\":\"411049699623563221401658\",\"pay_type\":\"02\",\"status\":\"2\",\"term_no\":\"60016381\",\"trans_time\":1637054585000},\"ret_code\":\"00\",\"ret_msg\":\"่ฏทๆฑ‚ๆˆๅŠŸ\",\"success\":true}","ret_code":"00","ret_msg":"่ฏทๆฑ‚ๆˆๅŠŸ"}
11-18 14:05:17.934 15549 16021 I PRETTY_LOGGER: โ””โ”€โ”€โ”€โ”€โ”€โ”€โ”€โ”€โ”€โ”€โ”€โ”€โ”€โ”€โ”€โ”€โ”€โ”€โ”€โ”€โ”€โ”€โ”€โ”€โ”€โ”€โ”€โ”€โ”€โ”€โ”€โ”€โ”€โ”€โ”€โ”€โ”€โ”€โ”€โ”€โ”€โ”€โ”€โ”€โ”€โ”€โ”€โ”€โ”€โ”€โ”€โ”€โ”€โ”€โ”€โ”€โ”€โ”€โ”€โ”€โ”€โ”€โ”€โ”€โ”€โ”€โ”€โ”€โ”€โ”€โ”€โ”€โ”€โ”€โ”€โ”€โ”€โ”€โ”€โ”€โ”€โ”€โ”€โ”€โ”€โ”€โ”€โ”€โ”€โ”€โ”€โ”€โ”€โ”€โ”€โ”€โ”€โ”€โ”€โ”€โ”€โ”€โ”€โ”€โ”€โ”€โ”€โ”€โ”€โ”€โ”€โ”€
11-18 14:05:17.941 841 841 D OppoExLayer: ~Layer() sequence=61854, name=ActivityRecord{e623047 u0 com.jlpay.merch/.ui.webview.WebviewActivity#0@0xb4000073299c8000
11-18 14:05:17.950 15549 15979 I System.out: [OkHttp] sendRequest>>
11-18 14:05:17.950 15549 15979 I System.out: [OkHttp] sendRequest<<
11-18 14:05:17.992 15549 15979 D SendMessage: pull request message:
11-18 14:05:18.190 1139 1251 D ULogGuard: Monitoring: 7 threads, 0 requests, 0 time-bombs; 1 guards. ResetFlags = 0x7
11-18 14:05:18.431 15718 15750 I appium : channel read: GET /wd/hub/session/48f6a8a8-93b4-40c2-8c7a-a35989fcd518/source
11-18 14:05:18.433 15718 15750 I appium : Source command
11-18 14:05:18.434 15718 15750 I appium : Waiting up to 10000ms for the device to idle
11-18 14:05:18.727 15718 15750 I appium : AppiumResponse: {"sessionId":"48f6a8a8-93b4-40c2-8c7a-a35989fcd518","value":"\r\n\r\n
> 11-18 14:05:18.916 15549 15986 I System.out: [OkHttp] sendRequest<<
11-18 14:05:18.959 15549 15986 D RestApi : errCode:0
11-18 14:05:18.972 15718 15750 I appium : channel read: GET /wd/hub/session/48f6a8a8-93b4-40c2-8c7a-a35989fcd518/screenshot
11-18 14:05:18.973 15718 15750 I appium : CaptureScreenshot command
11-18 14:05:19.143 16204 16204 D AVStageFactory: Opened liboplusavenhancements.so
11-18 14:05:19.143 16204 16204 D AVStageFactory: createInstance(64bit): createVendorAVFactory success!
11-18 14:05:19.144 16204 16204 D AVStageUtils: Opened liboplusavenhancements.so
11-18 14:05:19.144 16204 16204 D AVStageUtils: createInstance(64bit): createVendorAVUtils success!
11-18 14:05:19.144 16204 16204 D OplusUtils: OplusUtils [83]:
11-18 14:05:19.145 16204 16204 D AVMediaServiceFactory: Opened liboplusavenhancements.so
11-18 14:05:19.145 16204 16204 D AVMediaServiceFactory: createInstance(64bit): createExtendedMediaServiceFactory success!
11-18 14:05:19.145 16204 16204 D AVNuFactory: Opened liboplusavenhancements.so
11-18 14:05:19.145 16204 16204 D AVNuFactory: createInstance(64bit): createExtendedNuFactory success!
11-18 14:05:19.145 16204 16204 D AVStageFactory: createInstance(64bit): createVendorAVFactory success!
11-18 14:05:19.145 16204 16204 D AVStageUtils: createInstance(64bit): createVendorAVUtils success!
11-18 14:05:19.145 16204 16204 D OplusUtils: OplusUtils [83]:
11-18 14:05:19.145 16204 16204 D AVMediaServiceFactory: createInstance(64bit): createExtendedMediaServiceFactory success!
11-18 14:05:19.145 16204 16204 D AVNuFactory: createInstance(64bit): createExtendedNuFactory success!
11-18 14:05:19.145 16204 16204 D AVStageFactory: Opened liboplusavenhancements.so
11-18 14:05:19.145 16204 16204 D AVStageFactory: createInstance(64bit): createVendorAVFactory success!
11-18 14:05:19.145 16204 16204 D AVStageUtils: createInstance(64bit): createVendorAVUtils success!
11-18 14:05:19.145 16204 16204 D OplusUtils: OplusUtils [83]:
11-18 14:05:19.180 16204 16204 E ion : ioctl c0044901 failed with code -1: Invalid argument
11-18 14:05:19.628 16204 16204 D RefBase : RefBase: Explicit destruction, weak count = 0 (in 0x70afc7c240)
11-18 14:05:19.632 16204 16204 D RefBase : #00 pc 00000000000de7c4 /apex/com.android.runtime/lib64/bionic/libc.so (__cxa_finalize+148)
11-18 14:05:19.632 16204 16204 D RefBase : #01 pc 00000000000d9438 /apex/com.android.runtime/lib64/bionic/libc.so (exit+24)
11-18 14:05:19.632 16204 16204 D RefBase : #02 pc 0000000000073e28 /apex/com.android.runtime/lib64/bionic/libc.so (__libc_init+112)
11-18 14:05:19.711 809 875 I mtkpower@impl: [powerd_req] TIMER_MSG_PERF_LOCK_TIMEOUT hdl:40398
11-18 14:05:19.712 809 875 I libPowerHal: [perfLockRel] hdl:40398, idx:2
11-18 14:05:19.712 809 875 I libPowerHal: [PD] scn:2 hdl:40398 hint:30 comm:mtkpower@1.0-se pid:809
11-18 14:05:19.712 809 875 I libPowerHal: [PD] MTKPOWER_HINT_EXT_LAUNCH update cmd:1000000, param:-1
11-18 14:05:19.712 809 875 I libPowerHal: [PD] MTKPOWER_HINT_EXT_LAUNCH update cmd:2020000 param:1
11-18 14:05:19.713 809 875 I libPowerHal: [PD] MTKPOWER_HINT_EXT_LAUNCH update cmd:1408300 param:0
11-18 14:05:19.714 809 875 I libPowerHal: [PD] MTKPOWER_HINT_EXT_LAUNCH update cmd:1000000 param:-1
11-18 14:05:19.770 15718 15750 I appium : AppiumResponse: {"sessionId":"48f6a8a8-93b4-40c2-8c7a-a35989fcd518","value":"iVBORw0KGgoAAAANSUhEUgAABDgAAAlgCAYAAABtGofVAAAAAXNSR0IArs4c6QAAAARzQklUCAgI\nCHwIZIgAACAASURBVHic7N13fFRV/sbxz71T0hMCoUNQ6b3qWuiIYHdta1kLKiLWXdcGYgcRe0Ox\n997dtf0A6dgAQelFpZeEmp6Zuff3x5TMpIdMgNHnva9ZZu6c2zJg5j73nO8xeh95nI2IiIiIiIiI\nSAwzDโ€ฆ
11-18 14:05:19.845 2467 2467 E OplusNecManagerHelper: com.oplus.nec.OplusNecManager.notifyOrigSignalStrengthChanged [class android.telephony.SignalStrength, int]
11-18 14:05:20.121 15718 15750 I appium : channel read: POST /wd/hub/session/48f6a8a8-93b4-40c2-8c7a-a35989fcd518/element
11-18 14:05:20.123 15718 15750 I appium : FindElement command
11-18 14:05:20.126 15718 15750 I appium : method: 'xpath', selector: '//android.widget.ImageView[@resource-id='com.jlpay.merch:id/head_iv' and @class='android.widget.ImageView']'
11-18 14:05:20.127 15718 15750 I appium : Waiting up to 10000ms for the device to idle
11-18 14:05:20.130 15718 15750 I appium : The following attributes will be included to the page source: [resource-id, class]
11-18 14:05:20.215 1470 1597 D AES : AEEIOCTL_GET/SET_SF_STATE IOCTL,cmd= 1074294797, lParam=0.
11-18 14:05:20.216 1470 1597 D AES : AEEIOCTL_RT_MON_Kick IOCTL,cmd= 2147774474, lParam=300.
11-18 14:05:20.217 1470 1597 V OppoBaseWatchdog: @WatchDog_ error e: java.io.FileNotFoundException: /d/wakeup_sources: open failed: ENOENT (No such file or directory)
11-18 14:05:20.303 15718 15750 I appium : Took 8ms to retrieve 1 matches for '//android.widget.ImageView[@resource-id='com.jlpay.merch:id/head_iv' and @class='android.widget.ImageView']' XPath query
11-18 14:05:20.309 15718 15750 I appium : AppiumResponse: {"sessionId":"48f6a8a8-93b4-40c2-8c7a-a35989fcd518","value":{"ELEMENT":"00000000-0000-1545-ffff-ffff000000eb","element-6066-11e4-a52e-4f735466cecf":"00000000-0000-1545-ffff-ffff000000eb"}}
11-18 14:05:20.322 15718 15750 I appium : channel read: POST /wd/hub/session/48f6a8a8-93b4-40c2-8c7a-a35989fcd518/element/00000000-0000-1545-ffff-ffff000000eb/click
11-18 14:05:20.323 15718 15750 I appium : Click command
11-18 14:05:20.338 841 900 D OppoExSurfaceFlinger: applyTransactionState timed out try= 1, 0, 1
11-18 14:05:20.350 15549 15549 D ViewRootImpl: enqueueInputEventMotionEvent { action=ACTION_DOWN, actionButton=0, id[0]=0, x[0]=540.0, y[0]=1402.0, toolType[0]=TOOL_TYPE_FINGER, buttonState=0, classification=NONE, metaState=0, flags=0x0, edgeFlags=0x0, pointerCount=1, historySize=0, eventTime=425698852, downTime=425698851, deviceId=-1, source=0x1002, displayId=0 }
11-18 14:05:20.351 15549 15549 D ViewRootImpl[MainActivity]: processMotionEvent MotionEvent { action=ACTION_DOWN, actionButton=0, id[0]=0, x[0]=540.0, y[0]=1402.0, toolType[0]=TOOL_TYPE_FINGER, buttonState=0, classification=NONE, metaState=0, flags=0x0, edgeFlags=0x0, pointerCount=1, historySize=0, eventTime=425698852, downTime=425698851, deviceId=-1, source=0x1002, displayId=0 }
11-18 14:05:20.355 809 875 I libPowerHal: [perfLockAcq] idx:1 hdl:40399 hint:25 pid:809 duration:10000 => ret_hdl:40399
11-18 14:05:20.355 809 875 I libPowerHal: [PE] scn:1 hdl:40399 hint:25 comm:mtkpower@1.0-se pid:809
11-18 14:05:20.356 809 875 I libPowerHal: [PE] MTKPOWER_HINT_APP_TOUCH update cmd:3408600 param:1
11-18 14:05:20.358 15549 15549 D ViewRootImpl[MainActivity]: dispatchPointerEvent handled=true, event=MotionEvent { action=ACTION_DOWN, actionButton=0, id[0]=0, x[0]=540.0, y[0]=1402.0, toolType[0]=TOOL_TYPE_FINGER, buttonState=0, classification=NONE, metaState=0, flags=0x0, edgeFlags=0x0, pointerCount=1, historySize=0, eventTime=425698852, downTime=425698851, deviceId=-1, source=0x1002, displayId=0 }
11-18 14:05:20.359 809 875 I libPowerHal: [perfLockRel] hdl:40399, idx:1
11-18 14:05:20.359 809 875 I libPowerHal: [PD] scn:1 hdl:40399 hint:25 comm:mtkpower@1.0-se pid:809
11-18 14:05:20.359 809 875 I libPowerHal: [PD] MTKPOWER_HINT_APP_TOUCH update cmd:3408600 param:0
11-18 14:05:20.359 15549 15549 D ViewRootImpl[MainActivity]: processMotionEvent MotionEvent { action=ACTION_UP, actionButton=0, id[0]=0, x[0]=540.0, y[0]=1402.0, toolType[0]=TOOL_TYPE_FINGER, buttonState=0, classification=NONE, metaState=0, flags=0x0, edgeFlags=0x0, pointerCount=1, historySize=0, eventTime=425698852, downTime=425698851, deviceId=-1, source=0x1002, displayId=0 }
11-18 14:05:20.360 15549 15549 D ViewRootImpl[MainActivity]: dispatchPointerEvent handled=true, event=MotionEvent { action=ACTION_UP, actionButton=0, id[0]=0, x[0]=540.0, y[0]=1402.0, toolType[0]=TOOL_TYPE_FINGER, buttonState=0, classification=NONE, metaState=0, flags=0x0, edgeFlags=0x0, pointerCount=1, historySize=0, eventTime=425698852, downTime=425698851, deviceId=-1, source=0x1002, displayId=0 }
11-18 14:05:20.363 1470 4256 I ActivityTaskManager: START u0 {cmp=com.jlpay.merch/.ui.webview.WebviewActivity (has extras) mCallingUid=11378} from uid 11378 and from pid 15549
11-18 14:05:20.364 1470 1829 I mtkpower_client: perf_lock_rel, hdl:40396, tid:1829
11-18 14:05:20.364 1470 4256 D ColorZoomWindowRUSConfigManager: isSupportZoomModeWithPolicyLocked: target = com.jlpay.merch/.ui.webview.WebviewActivity
11-18 14:05:20.364 1470 4256 D ColorZoomWindowRUSConfigManager: targetPkg = com.jlpay.merch
11-18 14:05:20.364 1470 4256 V ColorZoomWindowManagerService: unSupportZoom: false ,callingPid: 15549 ,sourceStack: Task{3e1dd20 #18211 visible=true type=standard mode=fullscreen translucent=false A=11378:com.jlpay.merch U=0 StackId=18211 sz=1}
11-18 14:05:20.364 1470 1829 I mtkpower_client: perf_lock_acq, hdl:40396, dur:0, num:12, tid:1829
11-18 14:05:20.364 809 875 I libPowerHal: [perfLockRel] hdl:40396, idx:0
11-18 14:05:20.364 809 875 I libPowerHal: [PD] scn:0 hdl:40396 lock_user:system_server pid:1470 tid:1829 dur:0
11-18 14:05:20.364 809 875 I libPowerHal: [PD] system_server update cmd:10000100 param:2
11-18 14:05:20.364 841 900 D DispPerfService: get hint proc=ActivityRecord{75c2123 u0 com.jlpay.merch, idx=0 none
11-18 14:05:20.365 1470 1829 I mtkpower_client: ret_hdl:40400
11-18 14:05:20.365 809 875 I libPowerHal: [perfLockAcq] idx:0 hdl:40400 hint:-1 pid:1470 duration:0 => ret_hdl:40400
11-18 14:05:20.365 809 875 I libPowerHal: [PE] scn:0 hdl:40400 lock_user:system_server pid:1470 tid:1829 dur:0
11-18 14:05:20.365 809 875 I libPowerHal: system_server: cpu_ctrl set cpu freq: 2000000 -1 2000000 -1
11-18 14:05:20.365 809 875 I libPowerHal: [PE] system_server update cmd:1410000, param:1
11-18 14:05:20.365 809 875 I libPowerHal: [PE] system_server update cmd:1c3c000, param:0
11-18 14:05:20.365 1470 4256 D ColorZoomWindowRUSConfigManager: isSupportZoomModeWithPolicyLocked: target = com.jlpay.merch/.ui.webview.WebviewActivity
11-18 14:05:20.365 1470 4256 D ColorZoomWindowRUSConfigManager: targetPkg = com.jlpay.merch
11-18 14:05:20.365 1470 4256 V ColorZoomWindowManagerService: unSupportZoom: false ,callingPid: 15549 ,sourceStack: Task{3e1dd20 #18211 visible=true type=standard mode=fullscreen translucent=false A=11378:com.jlpay.merch U=0 StackId=18211 sz=2}
11-18 14:05:20.365 809 875 I libPowerHal: [PE] system_server update cmd:10000100, param:2
11-18 14:05:20.366 809 820 I mtkpower@impl: [setMode] type:5, enabled:1
11-18 14:05:20.366 841 3662 D OppoExSurfaceFlinger: applyTransactionState timed out try= 1, 0, 1
11-18 14:05:20.366 809 875 I libPowerHal: [perfLockAcq] idx:1 hdl:40401 hint:11 pid:809 duration:30000 => ret_hdl:40401
11-18 14:05:20.366 809 875 I libPowerHal: [PE] scn:1 hdl:40401 hint:11 comm:mtkpower@1.0-se pid:809
11-18 14:05:20.366 809 875 I libPowerHal: [PE] LAUNCH update cmd:1000000, param:0
11-18 14:05:20.366 809 875 I libPowerHal: [PE] LAUNCH update cmd:1408300, param:100
11-18 14:05:20.366 809 875 I libPowerHal: [PE] LAUNCH update cmd:300c000, param:15
11-18 14:05:20.366 809 875 I libPowerHal: [PE] LAUNCH update cmd:1000000 param:0
11-18 14:05:20.367 15718 15750 I appium : Waiting up to 10000ms for the device to idle
11-18 14:05:20.367 809 875 I libPowerHal: [perfLockRel] hdl:40398, idx:-1
11-18 14:05:20.367 809 875 I libPowerHal: [perfLockAcq] idx:2 hdl:40402 hint:23 pid:809 duration:10000 => ret_hdl:40402
11-18 14:05:20.367 809 875 I libPowerHal: [PE] scn:2 hdl:40402 hint:23 comm:mtkpower@1.0-se pid:809
11-18 14:05:20.368 15718 15750 I appium : AppiumResponse: {"sessionId":"48f6a8a8-93b4-40c2-8c7a-a35989fcd518","value":null}
11-18 14:05:20.369 15549 15771 D UMLog : ๅฝ“ๅ‰ๅ‘้€็ญ–็•ฅไธบ: ้—ด้š”ๅ‘้€ใ€‚้—ด้š”ๆ—ถ้—ดไธบ๏ผš90็ง’ใ€‚่ฏฆ่ง้“พๆŽฅ https://developer.umeng.com/docs/66632/detail/66976?um_channel=sdk
11-18 14:05:20.372 15549 15549 D MotuCrashSDK: onActivityPaused๏ผšcom.jlpay.merch.ui.main.MainActivity
11-18 14:05:20.373 1470 4256 I OppoBaseActivityStack: notifyAppSwitch the same packageName!
11-18 14:05:20.373 1470 4256 W ActivityTaskManager: Tried to set launchTime (0) < mLastActivityLaunchTime (425689502)
11-18 14:05:20.375 1470 4256 I ActivityTaskManager: perfNotifyAppState TopResumedActivityChanged ActivityRecord{75c2123 u0 com.jlpay.merch/.ui.webview.WebviewActivity t18211}
11-18 14:05:20.375 1470 4256 I InputDispatcher: setFocusedApplication displayId=0
11-18 14:05:20.375 809 875 I libPowerHal: [perfNotifyAppState] [activity updated] pack:com.jlpay.merch, act:com.jlpay.merch.ui.webview.WebviewActivity
11-18 14:05:20.375 809 875 I libPowerHal: Act_Match:0, Common_index:-1
11-18 14:05:20.375 809 819 I mtkpower@impl: [notifyAppState] act com.jlpay.merch.ui.main.MainActivity => com.jlpay.merch.ui.webview.WebviewActivity
11-18 14:05:20.376 1470 4256 W WindowManager: Changing focus fromWindow{fc8d0b6 u0 com.jlpay.merch/com.jlpay.merch.ui.main.MainActivity} to null displayId=0 Callers=com.android.server.wm.RootWindowContainer.updateFocusedWindowLocked:509 com.android.server.wm.WindowManagerService.updateFocusedWindowLocked:6073 com.android.server.wm.DisplayContent.setFocusedApp:5895 com.android.server.wm.ActivityTaskManagerService.setResumedActivityUncheckLocked:5860
11-18 14:05:20.376 1470 4256 D Theia.NoFocusWindow: FocusWindowErrorScene CheckFreezeScreen
11-18 14:05:20.378 1470 4256 I ActivityTaskManager: perfNotifyAppState PAUSED ActivityRecord{43bff65 u0 com.jlpay.merch/.ui.main.MainActivity t18211}
11-18 14:05:20.379 15549 15771 W SQLiteLog: (28) double-quoted string literal: "
11-18 14:05:20.379 15549 15771 W SQLiteLog: (28) double-quoted string literal: "9B78C915D769800156BDA4A0D7CAD150"
11-18 14:05:20.381 15549 16208 E libEGL : Invalid file path for libcolorx-loader.so
11-18 14:05:20.381 1470 1829 I mtkpower_client: perf_lock_rel, hdl:40400, tid:1829
11-18 14:05:20.381 15549 16208 D libMEOW : applied 0 plugin for [com.jlpay.merch].
11-18 14:05:20.381 1470 1829 I mtkpower_client: perf_lock_acq, hdl:40400, dur:0, num:12, tid:1829
11-18 14:05:20.382 809 875 I libPowerHal: [perfLockRel] hdl:40400, idx:0
11-18 14:05:20.382 809 875 I libPowerHal: [PD] scn:0 hdl:40400 lock_user:system_server pid:1470 tid:1829 dur:0
11-18 14:05:20.382 809 875 I libPowerHal: [PD] system_server update cmd:1410000 param:0
11-18 14:05:20.382 809 875 I libPowerHal: [PD] system_server update cmd:1c3c000, param:1
11-18 14:05:20.382 809 875 I libPowerHal: [PD] system_server update cmd:10000100 param:2
11-18 14:05:20.382 1470 1829 I mtkpower_client: ret_hdl:40403
11-18 14:05:20.383 809 875 I libPowerHal: [perfLockAcq] idx:0 hdl:40403 hint:-1 pid:1470 duration:0 => ret_hdl:40403
11-18 14:05:20.383 809 875 I libPowerHal: [PE] scn:0 hdl:40403 lock_user:system_server pid:1470 tid:1829 dur:0
11-18 14:05:20.383 809 875 I libPowerHal: [PE] system_server update cmd:1410000, param:1
11-18 14:05:20.383 809 875 I libPowerHal: [PE] system_server update cmd:1c3c000, param:0
11-18 14:05:20.383 809 875 I libPowerHal: [PE] system_server update cmd:10000100, param:2
11-18 14:05:20.390 1470 4256 I InputDispatcher: Focus left window: Window{fc8d0b6 u0 com.jlpay.merch/com.jlpay.merch.ui.main.MainActivity} in display 0
11-18 14:05:20.390 1470 4256 I InputDispatcher: Window went away: Window{fc8d0b6 u0 com.jlpay.merch/com.jlpay.merch.ui.main.MainActivity}
11-18 14:05:20.391 15549 15549 I PRETTY_LOGGER: โ”Œโ”€โ”€โ”€โ”€โ”€โ”€โ”€โ”€โ”€โ”€โ”€โ”€โ”€โ”€โ”€โ”€โ”€โ”€โ”€โ”€โ”€โ”€โ”€โ”€โ”€โ”€โ”€โ”€โ”€โ”€โ”€โ”€โ”€โ”€โ”€โ”€โ”€โ”€โ”€โ”€โ”€โ”€โ”€โ”€โ”€โ”€โ”€โ”€โ”€โ”€โ”€โ”€โ”€โ”€โ”€โ”€โ”€โ”€โ”€โ”€โ”€โ”€โ”€โ”€โ”€โ”€โ”€โ”€โ”€โ”€โ”€โ”€โ”€โ”€โ”€โ”€โ”€โ”€โ”€โ”€โ”€โ”€โ”€โ”€โ”€โ”€โ”€โ”€โ”€โ”€โ”€โ”€โ”€โ”€โ”€โ”€โ”€โ”€โ”€โ”€โ”€โ”€โ”€โ”€โ”€โ”€โ”€โ”€โ”€โ”€โ”€โ”€
11-18 14:05:20.392 15549 15549 I PRETTY_LOGGER: โ”‚ LogUtils.i (LogUtils.java:27)
11-18 14:05:20.392 15549 15549 I PRETTY_LOGGER: โ”‚ LogUtils.i (LogUtils.java:21)
11-18 14:05:20.392 15549 15549 I PRETTY_LOGGER: โ”œโ”„โ”„โ”„โ”„โ”„โ”„โ”„โ”„โ”„โ”„โ”„โ”„โ”„โ”„โ”„โ”„โ”„โ”„โ”„โ”„โ”„โ”„โ”„โ”„โ”„โ”„โ”„โ”„โ”„โ”„โ”„โ”„โ”„โ”„โ”„โ”„โ”„โ”„โ”„โ”„โ”„โ”„โ”„โ”„โ”„โ”„โ”„โ”„โ”„โ”„โ”„โ”„โ”„โ”„โ”„โ”„โ”„โ”„โ”„โ”„โ”„โ”„โ”„โ”„โ”„โ”„โ”„โ”„โ”„โ”„โ”„โ”„โ”„โ”„โ”„โ”„โ”„โ”„โ”„โ”„โ”„โ”„โ”„โ”„โ”„โ”„โ”„โ”„โ”„โ”„โ”„โ”„โ”„โ”„โ”„โ”„โ”„โ”„โ”„โ”„โ”„โ”„โ”„โ”„โ”„โ”„โ”„โ”„โ”„โ”„โ”„โ”„
11-18 14:05:20.392 15549 15549 I PRETTY_LOGGER: โ”‚ activity ==> ======================================================WebviewActivity
11-18 14:05:20.392 15549 15549 I PRETTY_LOGGER: โ””โ”€โ”€โ”€โ”€โ”€โ”€โ”€โ”€โ”€โ”€โ”€โ”€โ”€โ”€โ”€โ”€โ”€โ”€โ”€โ”€โ”€โ”€โ”€โ”€โ”€โ”€โ”€โ”€โ”€โ”€โ”€โ”€โ”€โ”€โ”€โ”€โ”€โ”€โ”€โ”€โ”€โ”€โ”€โ”€โ”€โ”€โ”€โ”€โ”€โ”€โ”€โ”€โ”€โ”€โ”€โ”€โ”€โ”€โ”€โ”€โ”€โ”€โ”€โ”€โ”€โ”€โ”€โ”€โ”€โ”€โ”€โ”€โ”€โ”€โ”€โ”€โ”€โ”€โ”€โ”€โ”€โ”€โ”€โ”€โ”€โ”€โ”€โ”€โ”€โ”€โ”€โ”€โ”€โ”€โ”€โ”€โ”€โ”€โ”€โ”€โ”€โ”€โ”€โ”€โ”€โ”€โ”€โ”€โ”€โ”€โ”€โ”€
11-18 14:05:20.434 15549 15549 I PRETTY_LOGGER: โ”Œโ”€โ”€โ”€โ”€โ”€โ”€โ”€โ”€โ”€โ”€โ”€โ”€โ”€โ”€โ”€โ”€โ”€โ”€โ”€โ”€โ”€โ”€โ”€โ”€โ”€โ”€โ”€โ”€โ”€โ”€โ”€โ”€โ”€โ”€โ”€โ”€โ”€โ”€โ”€โ”€โ”€โ”€โ”€โ”€โ”€โ”€โ”€โ”€โ”€โ”€โ”€โ”€โ”€โ”€โ”€โ”€โ”€โ”€โ”€โ”€โ”€โ”€โ”€โ”€โ”€โ”€โ”€โ”€โ”€โ”€โ”€โ”€โ”€โ”€โ”€โ”€โ”€โ”€โ”€โ”€โ”€โ”€โ”€โ”€โ”€โ”€โ”€โ”€โ”€โ”€โ”€โ”€โ”€โ”€โ”€โ”€โ”€โ”€โ”€โ”€โ”€โ”€โ”€โ”€โ”€โ”€โ”€โ”€โ”€โ”€โ”€โ”€
11-18 14:05:20.435 15549 15549 I PRETTY_LOGGER: โ”‚ LogUtils.i (LogUtils.java:27)
11-18 14:05:20.435 15549 15549 I PRETTY_LOGGER: โ”‚ LogUtils.i (LogUtils.java:21)
11-18 14:05:20.435 15549 15549 I PRETTY_LOGGER: โ”œโ”„โ”„โ”„โ”„โ”„โ”„โ”„โ”„โ”„โ”„โ”„โ”„โ”„โ”„โ”„โ”„โ”„โ”„โ”„โ”„โ”„โ”„โ”„โ”„โ”„โ”„โ”„โ”„โ”„โ”„โ”„โ”„โ”„โ”„โ”„โ”„โ”„โ”„โ”„โ”„โ”„โ”„โ”„โ”„โ”„โ”„โ”„โ”„โ”„โ”„โ”„โ”„โ”„โ”„โ”„โ”„โ”„โ”„โ”„โ”„โ”„โ”„โ”„โ”„โ”„โ”„โ”„โ”„โ”„โ”„โ”„โ”„โ”„โ”„โ”„โ”„โ”„โ”„โ”„โ”„โ”„โ”„โ”„โ”„โ”„โ”„โ”„โ”„โ”„โ”„โ”„โ”„โ”„โ”„โ”„โ”„โ”„โ”„โ”„โ”„โ”„โ”„โ”„โ”„โ”„โ”„โ”„โ”„โ”„โ”„โ”„โ”„
11-18 14:05:20.435 15549 15549 I PRETTY_LOGGER: โ”‚ webview url=jlmerchant://wxMiniProgram?userName=gh_e17f26a17946
11-18 14:05:20.435 15549 15549 I PRETTY_LOGGER: โ””โ”€โ”€โ”€โ”€โ”€โ”€โ”€โ”€โ”€โ”€โ”€โ”€โ”€โ”€โ”€โ”€โ”€โ”€โ”€โ”€โ”€โ”€โ”€โ”€โ”€โ”€โ”€โ”€โ”€โ”€โ”€โ”€โ”€โ”€โ”€โ”€โ”€โ”€โ”€โ”€โ”€โ”€โ”€โ”€โ”€โ”€โ”€โ”€โ”€โ”€โ”€โ”€โ”€โ”€โ”€โ”€โ”€โ”€โ”€โ”€โ”€โ”€โ”€โ”€โ”€โ”€โ”€โ”€โ”€โ”€โ”€โ”€โ”€โ”€โ”€โ”€โ”€โ”€โ”€โ”€โ”€โ”€โ”€โ”€โ”€โ”€โ”€โ”€โ”€โ”€โ”€โ”€โ”€โ”€โ”€โ”€โ”€โ”€โ”€โ”€โ”€โ”€โ”€โ”€โ”€โ”€โ”€โ”€โ”€โ”€โ”€โ”€
11-18 14:05:20.439 15549 15549 D MotuCrashSDK: onActivityStarted๏ผšcom.jlpay.merch.ui.webview.WebviewActivity
11-18 14:05:20.439 15549 15549 D MotuCrashSDK: nativeSetForeground foreground
11-18 14:05:20.440 15549 15979 W TLOG_MONITOR: MSG_PULL:TLOG.FileUploadHandler:ๆถˆๆฏๆ‹‰ๅ–๏ผšไธปๅŠจๅ‘้€ๆถˆๆฏ๏ผŒๆ‹‰ๅ–ไปปๅŠก
11-18 14:05:20.442 15549 15549 D MotuCrashSDK: onActivityResumed๏ผšcom.jlpay.merch.ui.webview.WebviewActivity
11-18 14:05:20.443 15549 15549 V PhoneWindow: DecorView setVisiblity: visibility = 4, Parent = null, this = DecorView@b0eb04c[]
11-18 14:05:20.444 841 3662 I SurfaceFlinger: [SF client] NEW(0xb400007348877a00) for (15549:com.jlpay.merch)
11-18 14:05:20.445 15549 15549 D ColorViewRootUtil: initSwipState, isDisplayCompatApp false
11-18 14:05:20.445 15549 15549 D ColorViewRootUtil: mScreenHeight 2400, mScreenWidth 1080
11-18 14:05:20.447 15549 15549 D ViewRootImpl[WebviewActivity]: hardware acceleration = true , fakeHwAccelerated = false, sRendererDisabled = false, forceHwAccelerated = false, sSystemRendererDisabled = false
11-18 14:05:20.448 1470 4256 D OppoDisplayPolicy: com.jlpay.merch, setting cutoutMode: color always
11-18 14:05:20.449 841 3662 D DispPerfService: get hint proc=b85e0e4 com.jlpay.merch, idx=0 none
11-18 14:05:20.449 15549 15771 D MobclickAgent: ๅปถ็ปญไธŠไธ€ไธชไผš่ฏ: 9B78C915D769800156BDA4A0D7CAD150
11-18 14:05:20.450 15549 15549 E libEGL : Invalid file path for libcolorx-loader.so
11-18 14:05:20.450 15549 15549 I chatty : uid=11378(com.jlpay.merch) identical 4 lines
11-18 14:05:20.451 15549 15549 E libEGL : Invalid file path for libcolorx-loader.so
11-18 14:05:20.451 15549 15549 I InputTransport: Create ARC handle: 0xb4000076e3a27680
11-18 14:05:20.451 15549 15771 W SQLiteLog: (28) double-quoted string literal: "9B78C915D769800156BDA4A0D7CAD150"
11-18 14:05:20.451 15549 15771 W SQLiteLog: (28) double-quoted string literal: ""
11-18 14:05:20.451 15549 15771 W SQLiteLog: (28) double-quoted string literal: "9B78C915D769800156BDA4A0D7CAD150"
11-18 14:05:20.451 15549 15771 W SQLiteLog: (28) double-quoted string literal: "-1"
11-18 14:05:20.451 15549 15771 D UMLog : ๅฝ“ๅ‰ๅ‘้€็ญ–็•ฅไธบ: ้—ด้š”ๅ‘้€ใ€‚้—ด้š”ๆ—ถ้—ดไธบ๏ผš90็ง’ใ€‚่ฏฆ่ง้“พๆŽฅ https://developer.umeng.com/docs/66632/detail/66976?um_channel=sdk
11-18 14:05:20.452 15549 15549 V PhoneWindow: DecorView setVisiblity: visibility = 0, Parent = android.view.ViewRootImpl@b30bce4, this = DecorView@b0eb04c[WebviewActivity]
11-18 14:05:20.460 841 841 I BufferQueueProducer: [FramebufferSurface](this:0xb400007348832ed0,id:-1,api:1,p:841,c:841) queueBuffer: fps=0.61 dur=1646.88 max=1646.88 min=1646.88
11-18 14:05:20.473 1470 1572 D OppoDisplayPolicy: com.jlpay.merch, setting cutoutMode: color always
11-18 14:05:20.473 1470 1572 I WindowManager: Relayout Window{b85e0e4 u0 com.jlpay.merch/com.jlpay.merch.ui.webview.WebviewActivity}: oldVis=4 newVis=0 focusMayChange = true
11-18 14:05:20.474 841 3662 D DispPerfService: get hint proc=com.jlpay.merch, idx=0 none
11-18 14:05:20.474 841 3662 I BufferQueueConsumer: [](id:349000020cc,api:0,p:-1,c:841) connect(): controlledByApp=false
11-18 14:05:20.474 841 3662 I BufferQueue: [unnamed-841-8396](this:0xb400007334b68458,id:8396,api:0,p:-1,c:-1) BufferQueue core=(841:/system/bin/surfaceflinger)
11-18 14:05:20.475 1470 1572 W WindowManager: Changing focus fromnull to Window{b85e0e4 u0 com.jlpay.merch/com.jlpay.merch.ui.webview.WebviewActivity} displayId=0 Callers=com.android.server.wm.RootWindowContainer.updateFocusedWindowLocked:509 com.android.server.wm.WindowManagerService.updateFocusedWindowLocked:6073 com.android.server.wm.WindowManagerService.relayoutWindow:2717 com.android.server.wm.Session.relayout:229
11-18 14:05:20.476 841 3662 D DispPerfService: get hint proc=Surface(name=8eb967f StatusBar), idx=0 none
11-18 14:05:20.476 841 3662 D DispPerfService: get hint proc=Surface(name=c91655d NavigationBar0), idx=0 none
11-18 14:05:20.477 1470 1572 D Theia.NoFocusWindow: FocusWindowErrorScene cancelCheckFreezeScreen
11-18 14:05:20.480 15549 15549 V OplusZoomWindowDecorViewHelper: setLastReportedMergedConfiguration mZoomDisplayHeight: 2400 getDecorView.DecorView@b0eb04c[WebviewActivity]
11-18 14:05:20.481 841 3662 I BufferQueueProducer: [com.jlpay.merch/com.jlpay.merch.ui.webview.WebviewActivity#0](id:349000020cc,api:1,p:15549,c:841) connect(): api=1 producerControlledByApp=false
11-18 14:05:20.482 15549 15979 I System.out: [OkHttp] sendRequest>>
11-18 14:05:20.482 15549 15979 I System.out: [OkHttp] sendRequest<<
11-18 14:05:20.487 1470 1572 I InputDispatcher: Window went away: com.jlpay.merch/com.jlpay.merch.ui.webview.WebviewActivity#0
11-18 14:05:20.491 15549 15764 E libEGL : Invalid file path for libcolorx-loader.so
11-18 14:05:20.492 15549 15764 I chatty : uid=11378(com.jlpay.merch) RenderThread identical 3 lines
11-18 14:05:20.492 15549 15764 E libEGL : Invalid file path for libcolorx-loader.so
11-18 14:05:20.502 841 900 D DispPerfService: onframeavailable pid=15549, slot=1, seq=61874, name=com.jlpay.merch:com.jlpay.merch/com.jlpay.merch.ui.webview.WebviewActivity#0
11-18 14:05:20.508 841 900 D DispPerfService: get hint proc=Surface(name=ActivityRecord{75c2123 u0 com.jlpay.merch, idx=0 none
11-18 14:05:20.509 1470 1595 D ColorZoomWindowManagerService: adjustWindowCropForLeash start: appToken = ActivityRecord{75c2123 u0 com.jlpay.merch/.ui.webview.WebviewActivity t18211}
11-18 14:05:20.509 841 900 D DispPerfService: get hint proc=Surface(name=ActivityRecord{75c2123 u0 com.jlpay.merch, idx=0 none
11-18 14:05:20.511 841 900 D DispPerfService: get hint proc=Surface(name=ActivityRecord{43bff65 u0 com.jlpay.merch, idx=0 none
11-18 14:05:20.512 1470 1595 D ColorZoomWindowManagerService: adjustWindowCropForLeash start: appToken = ActivityRecord{43bff65 u0 com.jlpay.merch/.ui.main.MainActivity t18211}
11-18 14:05:20.512 841 900 D DispPerfService: get hint proc=Surface(name=ActivityRecord{43bff65 u0 com.jlpay.merch, idx=0 none
11-18 14:05:20.514 1470 1604 I ActivityTaskManager: Displayed com.jlpay.merch/.ui.webview.WebviewActivity: +150ms
11-18 14:05:20.518 15549 15562 I com.jlpay.merc: Compiler allocated 4649KB to compile void android.view.ViewRootImpl.performTraversals()
11-18 14:05:20.518 31557 31557 V PhoneWindow: DecorView setVisiblity: visibility = 8, Parent = android.view.ViewRootImpl@bb459d, this = DecorView@a937e7c[InputMethod]
11-18 14:05:20.520 841 841 D OppoExLayer: ~Layer() sequence=61865, name=Surface(name=8eb967f StatusBar)/@0x65f64c4 - animation-leash#0@0xb4000073294a1000
11-18 14:05:20.520 841 841 D OppoExLayer: ~Layer() sequence=61866, name=Surface(name=c91655d NavigationBar0)/@0xae9cfad - animation-leash#1@0xb4000073294ef000
11-18 14:05:20.521 1470 4256 I InputDispatcher: Focus entered window: Window{b85e0e4 u0 com.jlpay.merch/com.jlpay.merch.ui.webview.WebviewActivity} in display 0
11-18 14:05:20.522 15549 15764 E GPUAUX : [AUX]GuiExtAuxCheckAuxPath:593: Null anb
11-18 14:05:20.527 15549 15979 D SendMessage: pull request message:
11-18 14:05:20.531 1470 1572 D InputMethodManagerService: isSecurity: attribute.packageName=com.jlpay.merch
11-18 14:05:20.531 1470 1572 D InputMethodManagerService: isSecurity= false ( enable=false needShow=false inBlackList=false isExist=true )
11-18 14:05:20.531 1470 1572 D ColorInputMethodManagerServiceEx: onHandleImeWindowVisibleStatus handledVis: 0, switcher visible: 0, switcher active: 0, needsToShowImeSwitcher: false
11-18 14:05:20.531 1470 1572 D OplusVerificationCodeController: notifyImeAttributeChanged: 64false
11-18 14:05:20.532 809 820 I mtkpower@impl: [setMode] type:5, enabled:0
11-18 14:05:20.533 809 875 I libPowerHal: [perfLockRel] hdl:40401, idx:1
11-18 14:05:20.533 809 875 I libPowerHal: [PD] scn:1 hdl:40401 hint:11 comm:mtkpower@1.0-se pid:809
11-18 14:05:20.533 809 875 I libPowerHal: [PD] LAUNCH update cmd:300c000 param:0
11-18 14:05:20.533 809 819 I mtkpower@impl: [mtkPowerHint] hint:23, hold:0, ext:30, ext_hold:2000
11-18 14:05:20.533 809 875 I libPowerHal: [perfLockRel] hdl:40402, idx:2
11-18 14:05:20.533 809 875 I libPowerHal: [PD] scn:2 hdl:40402 hint:23 comm:mtkpower@1.0-se pid:809
11-18 14:05:20.533 809 875 I libPowerHal: [PD] MTKPOWER_HINT_ACT_SWITCH update cmd:1000000, param:-1
11-18 14:05:20.533 841 3662 D DispPerfService: get hint proc=Surface(name=9e67e93 InputMethod), idx=0 none
11-18 14:05:20.533 809 875 I libPowerHal: [PD] MTKPOWER_HINT_ACT_SWITCH update cmd:1408300 param:0
11-18 14:05:20.534 809 875 I libPowerHal: [PD] MTKPOWER_HINT_ACT_SWITCH update cmd:1000000 param:-1
11-18 14:05:20.534 809 875 I libPowerHal: [perfLockAcq] idx:1 hdl:40404 hint:30 pid:809 duration:2000 => ret_hdl:40404
11-18 14:05:20.534 809 875 I libPowerHal: [PE] scn:1 hdl:40404 hint:30 comm:mtkpower@1.0-se pid:809
11-18 14:05:20.534 809 875 I libPowerHal: [PE] MTKPOWER_HINT_EXT_LAUNCH update cmd:1000000, param:1
11-18 14:05:20.534 809 875 I libPowerHal: [PE] MTKPOWER_HINT_EXT_LAUNCH update cmd:2020000, param:15
11-18 14:05:20.534 809 875 I libPowerHal: [PE] MTKPOWER_HINT_EXT_LAUNCH update cmd:1408300, param:40
11-18 14:05:20.534 809 875 I libPowerHal: [PE] MTKPOWER_HINT_EXT_LAUNCH update cmd:1000000 param:1
11-18 14:05:20.538 1470 4256 D OppoDisplayPolicy: com.android.systemui, change system app cutoutMode: color always
11-18 14:05:20.542 31557 31557 V PhoneWindow: DecorView setVisiblity: visibility = 8, Parent = android.view.ViewRootImpl@bb459d, this = DecorView@a937e7c[InputMethod]
11-18 14:05:20.545 841 841 D OppoExLayer: ~Layer() sequence=61871, name=Surface(name=9e67e93 InputMethod)/@0xa906ec9 - animation-leash#1@0xb4000073361dd000
11-18 14:05:20.547 1470 4256 D OppoDisplayPolicy: com.android.systemui, change system app cutoutMode: color always
11-18 14:05:20.650 841 3662 I BufferQueueProducer: [StatusBar#0](this:0xb400007334a18a58,id:7,api:1,p:2069,c:841) queueBuffer: fps=5.17 dur=2902.01 max=2793.68 min=5.67
11-18 14:05:20.539 1470 1572 D ColorInputMethodManagerServiceEx: onHandleImeWindowVisibleStatus handledVis: 0, switcher visible: 0, switcher active: 0, needsToShowImeSwitcher: false
11-18 14:05:20.681 1470 1629 D BatteryLed: getLightInColorState, oppoLightMgr empty!
11-18 14:05:20.787 1470 1595 V ColorZoomWindowManagerService: onAnimationFinished: r = ActivityRecord{75c2123 u0 com.jlpay.merch/.ui.webview.WebviewActivity t18211}
11-18 14:05:20.787 1470 1595 I ColorAppSwitchManagerService: handleAppVisible , r = ActivityRecord{75c2123 u0 com.jlpay.merch/.ui.webview.WebviewActivity t18211}
11-18 14:05:20.787 1470 1595 I OplusMirageDisplayManagerService: onAnimationFinished:
11-18 14:05:20.787 1470 1595 V ColorZoomWindowManagerService: onAnimationFinished: r = ActivityRecord{43bff65 u0 com.jlpay.merch/.ui.main.MainActivity t18211}
11-18 14:05:20.787 1470 1595 I OplusMirageDisplayManagerService: onAnimationFinished:
11-18 14:05:20.791 1470 1594 I ActivityTaskManager: perfNotifyAppState STOP ActivityRecord{43bff65 u0 com.jlpay.merch/.ui.main.MainActivity t18211}
11-18 14:05:20.795 841 841 D OppoExLayer: ~Layer() sequence=61880, name=Surface(name=ActivityRecord{43bff65 u0 com.jlpay.merch/.ui.main.MainActivity)/@0xa5f09a2 - animation-bounds#0@0xb400007329896000
11-18 14:05:20.795 841 841 D OppoExLayer: ~Layer() sequence=61879, name=Surface(name=ActivityRecord{43bff65 u0 com.jlpay.merch/.ui.main.MainActivity)/@0xa5f09a2 - animation-leash#0@0xb40000732981e000
11-18 14:05:20.795 841 841 D OppoExLayer: ~Layer() sequence=61878, name=Surface(name=ActivityRecord{75c2123 u0 com.jlpay.merch/.ui.webview.WebviewActivity)/@0xc060480 - animation-bounds#0@0xb400007329214000
11-18 14:05:20.795 841 841 D OppoExLayer: ~Layer() sequence=61877, name=Surface(name=ActivityRecord{75c2123 u0 com.jlpay.merch/.ui.webview.WebviewActivity)/@0xc060480 - animation-leash#0@0xb40000732953b000
11-18 14:05:20.800 841 900 I BufferQueueProducer: [com.jlpay.merch/com.jlpay.merch.ui.main.MainActivity#0](id:349000020cb,api:1,p:15549,c:841) disconnect(): api=1
11-18 14:05:20.808 15549 15549 D MotuCrashSDK: onActivityStopped๏ผšcom.jlpay.merch.ui.main.MainActivity
11-18 14:05:20.808 15549 15549 D MotuCrashSDK: nativeSetForeground background
11-18 14:05:20.809 15549 15979 W TLOG_MONITOR: MSG_PULL:TLOG.FileUploadHandler:ๆถˆๆฏๆ‹‰ๅ–๏ผšไธปๅŠจๅ‘้€ๆถˆๆฏ๏ผŒๆ‹‰ๅ–ไปปๅŠก
11-18 14:05:20.811 15549 15549 D MotuCrashSDK: onActivitySaveInstanceState๏ผšcom.jlpay.merch.ui.main.MainActivity
11-18 14:05:20.813 15549 15549 V PhoneWindow: DecorView setVisiblity: visibility = 4, Parent = android.view.ViewRootImpl@435279a, this = DecorView@114f08d[MainActivity]
11-18 14:05:20.815 15549 15974 I RestApi : RestAPI start send log!
11-18 14:05:20.816 15549 16169 I RestApi : RestAPI start send log!
11-18 14:05:20.817 15549 15974 I RestApi : RestAPI build data succ!
11-18 14:05:20.817 15549 15974 I RestApi : send url :ak=333341675&av=2.8.4&avsys=2.8.4&c=jlpay_apm&d=XgtwoZSz4p8DALQWBLfYHKP0&sv=6.5.1.3
11-18 14:05:20.817 15549 16169 I RestApi : RestAPI build data succ!
11-18 14:05:20.817 15549 16169 I RestApi : send url :ak=333341675&av=2.8.4&avsys=2.8.4&c=jlpay_apm&d=XgtwoZSz4p8DALQWBLfYHKP0&sv=6.5.1.3
11-18 14:05:20.817 15549 15974 I RestApi : packRequest success!
11-18 14:05:20.817 15549 15974 D RestApi : sendRequest use adashx, bytes length : 1051
11-18 14:05:20.818 15549 16169 I RestApi : packRequest success!
11-18 14:05:20.818 15549 16169 D RestApi : sendRequest use adashx, bytes length : 1082
11-18 14:05:20.818 15549 16169 D RestApi : signValue:f752082629ddbc57b83a7b990d53c7aa897feed0
11-18 14:05:20.818 15549 15974 D RestApi : signValue:d12dda6e4a200985e2872c0b12b47fe99cb60a05
11-18 14:05:20.820 15549 15974 I System.out: [OkHttp] sendRequest>>
11-18 14:05:20.820 15549 16169 I System.out: [OkHttp] sendRequest>>
11-18 14:05:20.820 15549 15974 I System.out: [OkHttp] sendRequest<<
11-18 14:05:20.820 15549 16169 I System.out: [OkHttp] sendRequest<<
11-18 14:05:20.828 841 841 I BufferQueueConsumer: [com.jlpay.merch/com.jlpay.merch.ui.main.MainActivity#0](id:349000020cb,api:0,p:-1,c:841) disconnect()
11-18 14:05:20.828 841 841 I BufferQueue: [com.jlpay.merch/com.jlpay.merch.ui.main.MainActivity#0](this:0xb4000073c9cf1458,id:8395,api:1,p:-1,c:-1) onDestructor()
11-18 14:05:20.828 841 841 D OppoExLayer: ~Layer() sequence=61864, name=com.jlpay.merch/com.jlpay.merch.ui.main.MainActivity#0@0xb4000073299dd000
11-18 14:05:20.829 1470 4256 I InputDispatcher: Window went away: com.jlpay.merch/com.jlpay.merch.ui.main.MainActivity#0
11-18 14:05:20.853 15549 15979 I System.out: [OkHttp] sendRequest>>
11-18 14:05:20.853 15549 15979 I System.out: [OkHttp] sendRequest<<
11-18 14:05:20.862 15549 15974 D RestApi : errCode:0
11-18 14:05:20.862 15549 16169 D RestApi : errCode:0
11-18 14:05:20.866 1470 1829 I mtkpower_client: perf_lock_rel, hdl:40403, tid:1829
11-18 14:05:20.866 1470 1829 I mtkpower_client: perf_lock_acq, hdl:40403, dur:0, num:12, tid:1829
11-18 14:05:20.866 809 875 I libPowerHal: [perfLockRel] hdl:40403, idx:0
11-18 14:05:20.866 809 875 I libPowerHal: [PD] scn:0 hdl:40403 lock_user:system_server pid:1470 tid:1829 dur:0
11-18 14:05:20.866 809 875 I libPowerHal: system_server: cpu_ctrl set cpu freq: -1 -1 -1 -1
11-18 14:05:20.866 809 875 I libPowerHal: [PD] system_server update cmd:1410000 param:0
11-18 14:05:20.866 809 875 I libPowerHal: [PD] system_server update cmd:1c3c000, param:1
11-18 14:05:20.866 809 875 I libPowerHal: [PD] system_server update cmd:10000100 param:2
11-18 14:05:20.867 1470 1829 I mtkpower_client: ret_hdl:40405
11-18 14:05:20.867 809 875 I libPowerHal: [perfLockAcq] idx:0 hdl:40405 hint:-1 pid:1470 duration:0 => ret_hdl:40405
11-18 14:05:20.867 809 875 I libPowerHal: [PE] scn:0 hdl:40405 lock_user:system_server pid:1470 tid:1829 dur:0
11-18 14:05:20.867 809 875 I libPowerHal: system_server: cpu_ctrl set cpu freq: 2000000 -1 2000000 -1
11-18 14:05:20.867 809 875 I libPowerHal: [PE] system_server update cmd:1410000, param:1
11-18 14:05:20.867 809 875 I libPowerHal: [PE] system_server update cmd:1c3c000, param:0
11-18 14:05:20.867 809 875 I libPowerHal: [PE] system_server update cmd:10000100, param:2
11-18 14:05:20.874 15718 15750 I appium : channel read: GET /wd/hub/session/48f6a8a8-93b4-40c2-8c7a-a35989fcd518/source
11-18 14:05:20.874 15718 15750 I appium : Source command
11-18 14:05:20.874 15718 15750 I appium : Waiting up to 10000ms for the device to idle
11-18 14:05:20.892 1470 1816 W ActivityManager: Unable to start service Intent { cmp=com.android.mms/com.oppo.push.UpdateServiceNumberJobService (has extras) } U=0: not found
11-18 14:05:20.892 1470 1816 D JobScheduler: Error executing JobStatus{190f3b3 #u0a61/110 com.android.mms/com.oppo.push.UpdateServiceNumberJobService u=0 s=10061 TIME=-4d22h14m46s739ms:-4d22h14m46s739ms PERIODIC PERSISTED READY}
11-18 14:05:20.892 1470 1816 W ActivityManager: Unable to start service Intent { cmp=com.coloros.deepthinker/com.coloros.proton.learn.schedule.TrainJobService (has extras) } U=0: not found
11-18 14:05:20.892 1470 1816 D JobScheduler: Error executing JobStatus{57c9c21 #1000/648162385 com.coloros.deepthinker/com.coloros.proton.learn.schedule.TrainJobService u=0 s=1000 TIME=-4d22h14m46s739ms:-4d22h14m46s739ms PERSISTED READY}
11-18 14:05:20.895 15549 15979 D SendMessage: pull request message:
11-18 14:05:20.982 1470 1829 I mtkpower_client: perf_lock_rel, hdl:40405, tid:1829
11-18 14:05:20.982 1470 1829 I mtkpower_client: perf_lock_acq, hdl:40405, dur:0, num:4, tid:1829
11-18 14:05:20.982 809 875 I libPowerHal: [perfLockRel] hdl:40405, idx:0
11-18 14:05:20.982 809 875 I libPowerHal: [PD] scn:0 hdl:40405 lock_user:system_server pid:1470 tid:1829 dur:0
11-18 14:05:20.982 809 875 I libPowerHal: system_server: cpu_ctrl set cpu freq: -1 -1 -1 -1
11-18 14:05:20.983 809 875 I libPowerHal: [PD] system_server update cmd:1410000 param:0
11-18 14:05:20.983 809 875 I libPowerHal: [PD] system_server update cmd:1c3c000, param:1
11-18 14:05:20.983 809 875 I libPowerHal: [PD] system_server update cmd:10000100 param:2
11-18 14:05:20.983 1470 1829 I mtkpower_client: ret_hdl:40406
11-18 14:05:20.983 809 875 I libPowerHal: [perfLockAcq] idx:0 hdl:40406 hint:-1 pid:1470 duration:0 => ret_hdl:40406
11-18 14:05:20.983 809 875 I libPowerHal: [PE] scn:0 hdl:40406 lock_user:system_server pid:1470 tid:1829 dur:0
11-18 14:05:20.983 809 875 I libPowerHal: [PE] system_server update cmd:10000100, param:2
11-18 14:05:20.992 22083 22083 W CrashSDKBkgdHan: type=1400 audit(0.0:564417): avc: denied { read } for name="loadavg" dev="proc" ino=4026532352 scontext=u:r:untrusted_app_27:s0:c512,c768 tcontext=u:object_r:proc_loadavg:s0 tclass=file permissive=0
11-18 14:05:21.000 22311 22311 W CrashSDKBkgdHan: type=1400 audit(0.0:564418): avc: denied { read } for name="loadavg" dev="proc" ino=4026532352 scontext=u:r:untrusted_app_27:s0:c512,c768 tcontext=u:object_r:proc_loadavg:s0 tclass=file permissive=0 app=com.alibaba.android.rimet
11-18 14:05:21.183 15718 15750 I appium : AppiumResponse: {"sessionId":"48f6a8a8-93b4-40c2-8c7a-a35989fcd518","value":"\r\n\r\n
> 11-18 14:05:21.814 15549 16179 I System.out: [OkHttp] sendRequest<<
11-18 14:05:21.859 15549 16179 D RestApi : errCode:0
11-18 14:05:21.892 16215 16215 D RefBase : RefBase: Explicit destruction, weak count = 0 (in 0x790b87e240)
11-18 14:05:21.896 16215 16215 D RefBase : #00 pc 00000000000de7c4 /apex/com.android.runtime/lib64/bionic/libc.so (__cxa_finalize+148)
11-18 14:05:21.896 16215 16215 D RefBase : #01 pc 00000000000d9438 /apex/com.android.runtime/lib64/bionic/libc.so (exit+24)
11-18 14:05:21.896 16215 16215 D RefBase : #02 pc 0000000000073e28 /apex/com.android.runtime/lib64/bionic/libc.so (__libc_init+112)
11-18 14:05:21.935 15718 15750 I appium : AppiumResponse: {"sessionId":"48f6a8a8-93b4-40c2-8c7a-a35989fcd518","value":"iVBORw0KGgoAAAANSUhEUgAABDgAAAlgCAYAAABtGofVAAAAAXNSR0IArs4c6QAAAARzQklUCAgI\nCHwIZIgAACAASURBVHic7N13fFPl/gfwzzlJujdUaAultFAUGbIEZKPgYFhABK+AE7lyuQ6QHw7k\nKi6G3ovgZHiVoaCMgoKgQJF1AQEVBKRsBEpbC4XuJuc8vz9Ocpq06U7aRj9vX7E5J2c8aVqafM7z\nfB+psโ€ฆ
11-18 14:05:22.057 863 878 D ccci_mdinit: (1):monitor_time_update_thread round:14178 ########
11-18 14:05:22.342 1135 1163 W AString : ctor got NULL, using empty string instead
11-18 14:05:22.343 1135 1163 I SensorSavedChannel: [-478,-2138,-248,658,68566,20661]==>gyro_temp.json
11-18 14:05:22.343 1135 1163 W AString : ctor got NULL, using empty string instead
11-18 14:05:22.343 1135 1163 I SensorSavedChannel: [-1479,134,1268]==>gyro_bias.json
11-18 14:05:22.534 809 875 I mtkpower@impl: [powerd_req] TIMER_MSG_PERF_LOCK_TIMEOUT hdl:40404
11-18 14:05:22.534 809 875 I libPowerHal: [perfLockRel] hdl:40404, idx:1
11-18 14:05:22.534 809 875 I libPowerHal: [PD] scn:1 hdl:40404 hint:30 comm:mtkpower@1.0-se pid:809
11-18 14:05:22.534 809 875 I libPowerHal: [PD] MTKPOWER_HINT_EXT_LAUNCH update cmd:1000000, param:-1
11-18 14:05:22.535 809 875 I libPowerHal: [PD] MTKPOWER_HINT_EXT_LAUNCH update cmd:2020000 param:1
11-18 14:05:22.535 809 875 I libPowerHal: [PD] MTKPOWER_HINT_EXT_LAUNCH update cmd:1408300 param:0
11-18 14:05:22.536 809 875 I libPowerHal: [PD] MTKPOWER_HINT_EXT_LAUNCH update cmd:1000000 param:-1
11-18 14:05:22.566 20949 20992 D HoraeHelper: getAllShellTemps tSize : 4
11-18 14:05:22.567 20949 20992 D HoraeHelper: getAllShellTemps tSize : 4
11-18 14:05:23.127 15549 15578 I com.jlpay.merc: Explicit concurrent copying GC freed 46723(2807KB) AllocSpace objects, 52(1552KB) LOS objects, 49% free, 9456KB/18MB, paused 342us total 213.269ms
11-18 14:05:23.245 15549 15997 D MotuCrashAdapter: start send error log. appkey: 333341675, error type: HA_RESOURCE_LEAK
11-18 14:05:23.245 15549 15997 I RestApi : RestAPI start send log!
11-18 14:05:23.248 15549 15997 I RestApi : RestAPI build data succ!
11-18 14:05:23.249 15549 15997 I RestApi : send url :ak=333341675&av=2.8.4&avsys=2.8.4&c=jlpay_apm&d=XgtwoZSz4p8DALQWBLfYHKP0&sv=6.5.1.3
11-18 14:05:23.250 15549 15997 I RestApi : packRequest success!
11-18 14:05:23.251 15549 15997 D RestApi : sendRequest use adashx, bytes length : 7055
11-18 14:05:23.252 15549 15997 D RestApi : signValue:94220c3162b0b616c7d0d1bc9437c336f61e7234
11-18 14:05:23.294 15549 15997 I System.out: [OkHttp] sendRequest>>
11-18 14:05:23.294 15549 15997 I System.out: [OkHttp] sendRequest<<
11-18 14:05:23.345 15549 15997 D RestApi : errCode:0
