11-18 14:03:08.494 1470 4262 W WindowManager: Changing focus fromWindow{af2c089 u0 com.jlpay.merch/com.jlpay.merch.ui.home.bill.BillActivity EXITING} to Window{f8921a u0 com.jlpay.merch/com.jlpay.merch.ui.home.bill.BillActivity} displayId=0 Callers=com.android.server.wm.RootWindowContainer.updateFocusedWindowLocked:509 com.android.server.wm.WindowManagerService.updateFocusedWindowLocked:6073 com.android.server.wm.WindowState.setupWindowForRemoveOnExit:2542 com.android.server.wm.WindowState.removeIfPossible:2507
11-18 14:03:08.495 841 2967 D DispPerfService: get hint proc=Surface(name=8eb967f StatusBar), idx=0 none
11-18 14:03:08.498 841 2967 D DispPerfService: get hint proc=Surface(name=c91655d NavigationBar0), idx=0 none
11-18 14:03:08.502 1470 4262 D Theia.NoFocusWindow: FocusWindowErrorScene cancelCheckFreezeScreen
11-18 14:03:08.509 14697 14697 I InputTransport: Destroy ARC handle: 0xb4000076fa9cb740
11-18 14:03:08.513 841 841 D OppoExLayer: ~Layer() sequence=61618, name=Surface(name=af2c089 com.jlpay.merch/com.jlpay.merch.ui.home.bill.BillActivity)/@0xcefe4bc - animation-leash#0@0xb4000073361fa000
11-18 14:03:08.515 14697 14697 D BillActivity: updateTimeRange:2021-10-18
11-18 14:03:08.522 1470 4244 I InputDispatcher: Focus entered window: Window{f8921a u0 com.jlpay.merch/com.jlpay.merch.ui.home.bill.BillActivity} in display 0
11-18 14:03:08.527 1470 3544 D InputMethodManagerService: isSecurity: attribute.packageName=com.jlpay.merch
11-18 14:03:08.527 1470 3544 D InputMethodManagerService: isSecurity= false ( enable=false needShow=false inBlackList=false isExist=true )
11-18 14:03:08.527 1470 3544 D ColorInputMethodManagerServiceEx: onHandleImeWindowVisibleStatus handledVis: 0, switcher visible: 0, switcher active: 0, needsToShowImeSwitcher: false
11-18 14:03:08.527 1470 3544 D OplusVerificationCodeController: notifyImeAttributeChanged: 64false
11-18 14:03:08.530 841 1311 D DispPerfService: get hint proc=Surface(name=9e67e93 InputMethod), idx=0 none
11-18 14:03:08.537 1470 4244 D OppoDisplayPolicy: com.android.systemui, change system app cutoutMode: color always
11-18 14:03:08.542 1470 4244 D ColorInputMethodManagerServiceEx: onHandleImeWindowVisibleStatus handledVis: 0, switcher visible: 0, switcher active: 0, needsToShowImeSwitcher: false
11-18 14:03:08.543 31557 31557 V PhoneWindow: DecorView setVisiblity: visibility = 8, Parent = android.view.ViewRootImpl@bb459d, this = DecorView@a937e7c[InputMethod]
11-18 14:03:08.546 841 841 D OppoExLayer: ~Layer() sequence=61619, name=Surface(name=9e67e93 InputMethod)/@0xa906ec9 - animation-leash#1@0xb40000732944d000
11-18 14:03:08.549 14697 15020 I PRETTY_LOGGER: โ”Œโ”€โ”€โ”€โ”€โ”€โ”€โ”€โ”€โ”€โ”€โ”€โ”€โ”€โ”€โ”€โ”€โ”€โ”€โ”€โ”€โ”€โ”€โ”€โ”€โ”€โ”€โ”€โ”€โ”€โ”€โ”€โ”€โ”€โ”€โ”€โ”€โ”€โ”€โ”€โ”€โ”€โ”€โ”€โ”€โ”€โ”€โ”€โ”€โ”€โ”€โ”€โ”€โ”€โ”€โ”€โ”€โ”€โ”€โ”€โ”€โ”€โ”€โ”€โ”€โ”€โ”€โ”€โ”€โ”€โ”€โ”€โ”€โ”€โ”€โ”€โ”€โ”€โ”€โ”€โ”€โ”€โ”€โ”€โ”€โ”€โ”€โ”€โ”€โ”€โ”€โ”€โ”€โ”€โ”€โ”€โ”€โ”€โ”€โ”€โ”€โ”€โ”€โ”€โ”€โ”€โ”€โ”€โ”€โ”€โ”€โ”€โ”€
11-18 14:03:08.549 14697 15020 I PRETTY_LOGGER: โ”‚ LogUtils.i (LogUtils.java:27)
11-18 14:03:08.549 14697 15020 I PRETTY_LOGGER: โ”‚ LogUtils.i (LogUtils.java:21)
11-18 14:03:08.549 14697 15020 I PRETTY_LOGGER: โ”œโ”„โ”„โ”„โ”„โ”„โ”„โ”„โ”„โ”„โ”„โ”„โ”„โ”„โ”„โ”„โ”„โ”„โ”„โ”„โ”„โ”„โ”„โ”„โ”„โ”„โ”„โ”„โ”„โ”„โ”„โ”„โ”„โ”„โ”„โ”„โ”„โ”„โ”„โ”„โ”„โ”„โ”„โ”„โ”„โ”„โ”„โ”„โ”„โ”„โ”„โ”„โ”„โ”„โ”„โ”„โ”„โ”„โ”„โ”„โ”„โ”„โ”„โ”„โ”„โ”„โ”„โ”„โ”„โ”„โ”„โ”„โ”„โ”„โ”„โ”„โ”„โ”„โ”„โ”„โ”„โ”„โ”„โ”„โ”„โ”„โ”„โ”„โ”„โ”„โ”„โ”„โ”„โ”„โ”„โ”„โ”„โ”„โ”„โ”„โ”„โ”„โ”„โ”„โ”„โ”„โ”„โ”„โ”„โ”„โ”„โ”„โ”„
11-18 14:03:08.549 14697 15020 I PRETTY_LOGGER: โ”‚ ๅ“ๅบ”๏ผšhttps://merchant-dev.jlpay.com/boss_trans/tradeBillRpc
11-18 14:03:08.549 14697 15020 I PRETTY_LOGGER: โ”‚
11-18 14:03:08.549 14697 15020 I PRETTY_LOGGER: โ”‚ {"biz_context":"{\"ret_code\":\"00\",\"ret_msg\":\"่ฏทๆฑ‚ๆˆๅŠŸ\",\"rows\":[{\"count\":1,\"list\":[{\"amount\":-100,\"buz_sub_type\":\"0116\",\"merch_no\":\"84944037011A00O\",\"order_id\":\"9999\",\"pay_type\":\"01\",\"pay_type_desc\":\"ๅ†…ๅกๅ€Ÿ่ฎฐๅก\",\"result\":\"้ข„ๆŽˆๆƒๅฎŒๆˆๆ’ค้”€ๆˆๅŠŸ\",\"status\":\"2\",\"trans_time\":1636511094000}],\"totalAmt\":-1000,\"transTime\":\"2021-11-10\"}],\"success\":true,\"total\":2}","ret_code":"00","ret_msg":"่ฏทๆฑ‚ๆˆๅŠŸ"}
11-18 14:03:08.549 14697 15020 I PRETTY_LOGGER: โ””โ”€โ”€โ”€โ”€โ”€โ”€โ”€โ”€โ”€โ”€โ”€โ”€โ”€โ”€โ”€โ”€โ”€โ”€โ”€โ”€โ”€โ”€โ”€โ”€โ”€โ”€โ”€โ”€โ”€โ”€โ”€โ”€โ”€โ”€โ”€โ”€โ”€โ”€โ”€โ”€โ”€โ”€โ”€โ”€โ”€โ”€โ”€โ”€โ”€โ”€โ”€โ”€โ”€โ”€โ”€โ”€โ”€โ”€โ”€โ”€โ”€โ”€โ”€โ”€โ”€โ”€โ”€โ”€โ”€โ”€โ”€โ”€โ”€โ”€โ”€โ”€โ”€โ”€โ”€โ”€โ”€โ”€โ”€โ”€โ”€โ”€โ”€โ”€โ”€โ”€โ”€โ”€โ”€โ”€โ”€โ”€โ”€โ”€โ”€โ”€โ”€โ”€โ”€โ”€โ”€โ”€โ”€โ”€โ”€โ”€โ”€โ”€
11-18 14:03:08.549 1470 3544 D OppoDisplayPolicy: com.android.systemui, change system app cutoutMode: color always
11-18 14:03:08.557 14697 14697 D BillActivity: updateTimeRange:2021-10-18
11-18 14:03:08.589 1470 1629 D BatteryLed: getLightInColorState, oppoLightMgr empty!
11-18 14:03:08.654 841 841 D OppoExLayer: ~Layer() sequence=61614, name=af2c089 com.jlpay.merch/com.jlpay.merch.ui.home.bill.BillActivity#0@0xb400007336123000
11-18 14:03:08.656 841 841 I BufferQueueConsumer: [com.jlpay.merch/com.jlpay.merch.ui.home.bill.BillActivity#0](id:349000020ac,api:0,p:-1,c:841) disconnect()
11-18 14:03:08.656 841 841 I BufferQueue: [com.jlpay.merch/com.jlpay.merch.ui.home.bill.BillActivity#0](this:0xb4000073361f8258,id:8364,api:1,p:-1,c:-1) onDestructor()
11-18 14:03:08.656 841 841 D OppoExLayer: ~Layer() sequence=61617, name=com.jlpay.merch/com.jlpay.merch.ui.home.bill.BillActivity#0@0xb400007334bc2000
11-18 14:03:08.655 1470 3544 I InputDispatcher: Window went away: com.jlpay.merch/com.jlpay.merch.ui.home.bill.BillActivity#0
11-18 14:03:08.663 841 841 D OppoExLayer: ~Layer() sequence=61620, name=Surface(name=af2c089 com.jlpay.merch/com.jlpay.merch.ui.home.bill.BillActivity)/@0xcefe4bc - animation-leash#1@0xb40000733614d000
11-18 14:03:08.782 841 841 I BufferQueueProducer: [FramebufferSurface](this:0xb400007348832ed0,id:-1,api:1,p:841,c:841) queueBuffer: fps=0.37 dur=2716.45 max=2716.45 min=2716.45
11-18 14:03:09.109 1139 1251 D ULogGuard: Monitoring: 7 threads, 0 requests, 0 time-bombs; 1 guards. ResetFlags = 0x7
11-18 14:03:09.223 14900 14932 I appium : AppiumResponse: {"sessionId":"9ba62e7b-8703-4eba-a850-4b2105d05fc4","value":null}
11-18 14:03:09.743 14900 14932 I appium : channel read: GET /wd/hub/session/9ba62e7b-8703-4eba-a850-4b2105d05fc4/source
11-18 14:03:09.746 14900 14932 I appium : Source command
11-18 14:03:09.747 14900 14932 I appium : Waiting up to 10000ms for the device to idle
11-18 14:03:09.911 14900 14932 I appium : AppiumResponse: {"sessionId":"9ba62e7b-8703-4eba-a850-4b2105d05fc4","value":"\r\n\r\n ret_hdl:40296
11-18 14:03:11.257 809 875 I libPowerHal: [PE] scn:1 hdl:40296 hint:25 comm:mtkpower@1.0-se pid:809
11-18 14:03:11.258 809 875 I libPowerHal: [PE] MTKPOWER_HINT_APP_TOUCH update cmd:3408600 param:1
11-18 14:03:11.259 14697 14697 D ViewRootImpl: enqueueInputEventMotionEvent { action=ACTION_DOWN, actionButton=0, id[0]=0, x[0]=138.0, y[0]=1083.0, toolType[0]=TOOL_TYPE_FINGER, buttonState=0, classification=NONE, metaState=0, flags=0x0, edgeFlags=0x0, pointerCount=1, historySize=0, eventTime=425569766, downTime=425569765, deviceId=-1, source=0x1002, displayId=0 }
11-18 14:03:11.260 14697 14697 D ViewRootImpl[BillActivity]: processMotionEvent MotionEvent { action=ACTION_DOWN, actionButton=0, id[0]=0, x[0]=138.0, y[0]=1083.0, toolType[0]=TOOL_TYPE_FINGER, buttonState=0, classification=NONE, metaState=0, flags=0x0, edgeFlags=0x0, pointerCount=1, historySize=0, eventTime=425569766, downTime=425569765, deviceId=-1, source=0x1002, displayId=0 }
11-18 14:03:11.262 14697 14697 D ViewRootImpl[BillActivity]: dispatchPointerEvent handled=true, event=MotionEvent { action=ACTION_DOWN, actionButton=0, id[0]=0, x[0]=138.0, y[0]=1083.0, toolType[0]=TOOL_TYPE_FINGER, buttonState=0, classification=NONE, metaState=0, flags=0x0, edgeFlags=0x0, pointerCount=1, historySize=0, eventTime=425569766, downTime=425569765, deviceId=-1, source=0x1002, displayId=0 }
11-18 14:03:11.264 809 875 I libPowerHal: [perfLockRel] hdl:40296, idx:1
11-18 14:03:11.264 809 875 I libPowerHal: [PD] scn:1 hdl:40296 hint:25 comm:mtkpower@1.0-se pid:809
11-18 14:03:11.264 809 875 I libPowerHal: [PD] MTKPOWER_HINT_APP_TOUCH update cmd:3408600 param:0
11-18 14:03:11.264 14697 14697 D ViewRootImpl[BillActivity]: processMotionEvent MotionEvent { action=ACTION_UP, actionButton=0, id[0]=0, x[0]=138.0, y[0]=1083.0, toolType[0]=TOOL_TYPE_FINGER, buttonState=0, classification=NONE, metaState=0, flags=0x0, edgeFlags=0x0, pointerCount=1, historySize=0, eventTime=425569766, downTime=425569765, deviceId=-1, source=0x1002, displayId=0 }
11-18 14:03:11.265 14697 14697 D ViewRootImpl[BillActivity]: dispatchPointerEvent handled=true, event=MotionEvent { action=ACTION_UP, actionButton=0, id[0]=0, x[0]=138.0, y[0]=1083.0, toolType[0]=TOOL_TYPE_FINGER, buttonState=0, classification=NONE, metaState=0, flags=0x0, edgeFlags=0x0, pointerCount=1, historySize=0, eventTime=425569766, downTime=425569765, deviceId=-1, source=0x1002, displayId=0 }
11-18 14:03:11.272 1470 4262 I ActivityTaskManager: START u0 {cmp=com.jlpay.merch/.ui.home.bill.detail.BillDetailActivity2 (has extras) mCallingUid=11378} from uid 11378 and from pid 14697
11-18 14:03:11.272 1470 1829 I mtkpower_client: perf_lock_rel, hdl:40292, tid:1829
11-18 14:03:11.272 1470 4262 D ColorZoomWindowRUSConfigManager: isSupportZoomModeWithPolicyLocked: target = com.jlpay.merch/.ui.home.bill.detail.BillDetailActivity2
11-18 14:03:11.272 1470 4262 D ColorZoomWindowRUSConfigManager: targetPkg = com.jlpay.merch
11-18 14:03:11.272 1470 4262 V ColorZoomWindowManagerService: unSupportZoom: false ,callingPid: 14697 ,sourceStack: Task{c29555e #18209 visible=true type=standard mode=fullscreen translucent=false A=11378:com.jlpay.merch U=0 StackId=18209 sz=2}
11-18 14:03:11.272 1470 1829 I mtkpower_client: perf_lock_acq, hdl:40292, dur:0, num:12, tid:1829
11-18 14:03:11.273 809 875 I libPowerHal: [perfLockRel] hdl:40292, idx:0
11-18 14:03:11.273 809 875 I libPowerHal: [PD] scn:0 hdl:40292 lock_user:system_server pid:1470 tid:1829 dur:0
11-18 14:03:11.273 841 2967 D DispPerfService: get hint proc=ActivityRecord{2f2e125 u0 com.jlpay.merch, idx=0 none
11-18 14:03:11.273 809 875 I libPowerHal: [PD] system_server update cmd:10000100 param:2
11-18 14:03:11.273 1470 1829 I mtkpower_client: ret_hdl:40297
11-18 14:03:11.273 809 875 I libPowerHal: [perfLockAcq] idx:0 hdl:40297 hint:-1 pid:1470 duration:0 => ret_hdl:40297
11-18 14:03:11.273 809 875 I libPowerHal: [PE] scn:0 hdl:40297 lock_user:system_server pid:1470 tid:1829 dur:0
11-18 14:03:11.273 809 875 I libPowerHal: system_server: cpu_ctrl set cpu freq: 2000000 -1 2000000 -1
11-18 14:03:11.273 809 875 I libPowerHal: [PE] system_server update cmd:1410000, param:1
11-18 14:03:11.274 809 875 I libPowerHal: [PE] system_server update cmd:1c3c000, param:0
11-18 14:03:11.274 809 875 I libPowerHal: [PE] system_server update cmd:10000100, param:2
11-18 14:03:11.274 809 820 I mtkpower@impl: [setMode] type:5, enabled:1
11-18 14:03:11.274 1470 4262 D ColorZoomWindowRUSConfigManager: isSupportZoomModeWithPolicyLocked: target = com.jlpay.merch/.ui.home.bill.detail.BillDetailActivity2
11-18 14:03:11.274 1470 4262 D ColorZoomWindowRUSConfigManager: targetPkg = com.jlpay.merch
11-18 14:03:11.274 1470 4262 V ColorZoomWindowManagerService: unSupportZoom: false ,callingPid: 14697 ,sourceStack: Task{c29555e #18209 visible=true type=standard mode=fullscreen translucent=false A=11378:com.jlpay.merch U=0 StackId=18209 sz=3}
11-18 14:03:11.274 809 875 I libPowerHal: [perfLockAcq] idx:1 hdl:40298 hint:11 pid:809 duration:30000 => ret_hdl:40298
11-18 14:03:11.274 809 875 I libPowerHal: [PE] scn:1 hdl:40298 hint:11 comm:mtkpower@1.0-se pid:809
11-18 14:03:11.274 809 875 I libPowerHal: [PE] LAUNCH update cmd:1000000, param:0
11-18 14:03:11.274 809 875 I libPowerHal: [PE] LAUNCH update cmd:1408300, param:100
11-18 14:03:11.274 841 3662 D OppoExSurfaceFlinger: applyTransactionState timed out try= 1, 0, 1
11-18 14:03:11.275 809 875 I libPowerHal: [PE] LAUNCH update cmd:300c000, param:15
11-18 14:03:11.275 809 875 I libPowerHal: [PE] LAUNCH update cmd:1000000 param:0
11-18 14:03:11.275 809 875 I libPowerHal: [perfLockRel] hdl:40291, idx:-1
11-18 14:03:11.275 809 875 I libPowerHal: [perfLockAcq] idx:2 hdl:40299 hint:23 pid:809 duration:10000 => ret_hdl:40299
11-18 14:03:11.275 809 875 I libPowerHal: [PE] scn:2 hdl:40299 hint:23 comm:mtkpower@1.0-se pid:809
11-18 14:03:11.276 14900 14932 I appium : Waiting up to 10000ms for the device to idle
11-18 14:03:11.277 14900 14932 I appium : AppiumResponse: {"sessionId":"9ba62e7b-8703-4eba-a850-4b2105d05fc4","value":null}
11-18 14:03:11.280 14697 14697 D MotuCrashSDK: onActivityPaused๏ผšcom.jlpay.merch.ui.home.bill.BillActivity
11-18 14:03:11.282 1470 3544 I OppoBaseActivityStack: notifyAppSwitch the same packageName!
11-18 14:03:11.282 1470 3544 W ActivityTaskManager: Tried to set launchTime (0) < mLastActivityLaunchTime (425559461)
11-18 14:03:11.283 1470 3544 I ActivityTaskManager: perfNotifyAppState TopResumedActivityChanged ActivityRecord{2f2e125 u0 com.jlpay.merch/.ui.home.bill.detail.BillDetailActivity2 t18209}
11-18 14:03:11.283 1470 3544 I InputDispatcher: setFocusedApplication displayId=0
11-18 14:03:11.283 809 875 I libPowerHal: [perfNotifyAppState] [activity updated] pack:com.jlpay.merch, act:com.jlpay.merch.ui.home.bill.detail.BillDetailActivity2
11-18 14:03:11.283 809 875 I libPowerHal: Act_Match:0, Common_index:-1
11-18 14:03:11.283 809 819 I mtkpower@impl: [notifyAppState] act com.jlpay.merch.ui.home.bill.BillActivity => com.jlpay.merch.ui.home.bill.detail.BillDetailActivity2
11-18 14:03:11.284 1470 3544 W WindowManager: Changing focus fromWindow{f8921a u0 com.jlpay.merch/com.jlpay.merch.ui.home.bill.BillActivity} to null displayId=0 Callers=com.android.server.wm.RootWindowContainer.updateFocusedWindowLocked:509 com.android.server.wm.WindowManagerService.updateFocusedWindowLocked:6073 com.android.server.wm.DisplayContent.setFocusedApp:5895 com.android.server.wm.ActivityTaskManagerService.setResumedActivityUncheckLocked:5860
11-18 14:03:11.284 1470 3544 D Theia.NoFocusWindow: FocusWindowErrorScene CheckFreezeScreen
11-18 14:03:11.287 1470 3544 I ActivityTaskManager: perfNotifyAppState PAUSED ActivityRecord{8cbdb5b u0 com.jlpay.merch/.ui.home.bill.BillActivity t18209}
11-18 14:03:11.288 14697 14949 W SQLiteLog: (28) double-quoted string literal: "
11-18 14:03:11.288 14697 14949 W SQLiteLog: (28) double-quoted string literal: "90636363EFF3B783FF0C44D127FE17FE"
11-18 14:03:11.289 1470 1829 I mtkpower_client: perf_lock_rel, hdl:40297, tid:1829
11-18 14:03:11.289 1470 1829 I mtkpower_client: perf_lock_acq, hdl:40297, dur:0, num:12, tid:1829
11-18 14:03:11.289 809 875 I libPowerHal: [perfLockRel] hdl:40297, idx:0
11-18 14:03:11.289 809 875 I libPowerHal: [PD] scn:0 hdl:40297 lock_user:system_server pid:1470 tid:1829 dur:0
11-18 14:03:11.289 809 875 I libPowerHal: [PD] system_server update cmd:1410000 param:0
11-18 14:03:11.289 809 875 I libPowerHal: [PD] system_server update cmd:1c3c000, param:1
11-18 14:03:11.289 809 875 I libPowerHal: [PD] system_server update cmd:10000100 param:2
11-18 14:03:11.290 1470 1829 I mtkpower_client: ret_hdl:40300
11-18 14:03:11.290 809 875 I libPowerHal: [perfLockAcq] idx:0 hdl:40300 hint:-1 pid:1470 duration:0 => ret_hdl:40300
11-18 14:03:11.290 809 875 I libPowerHal: [PE] scn:0 hdl:40300 lock_user:system_server pid:1470 tid:1829 dur:0
11-18 14:03:11.290 809 875 I libPowerHal: [PE] system_server update cmd:1410000, param:1
11-18 14:03:11.290 809 875 I libPowerHal: [PE] system_server update cmd:1c3c000, param:0
11-18 14:03:11.290 14697 15404 E libEGL : Invalid file path for libcolorx-loader.so
11-18 14:03:11.290 809 875 I libPowerHal: [PE] system_server update cmd:10000100, param:2
11-18 14:03:11.290 14697 15404 D libMEOW : applied 0 plugin for [com.jlpay.merch].
11-18 14:03:11.297 14697 14697 I PRETTY_LOGGER: โ”Œโ”€โ”€โ”€โ”€โ”€โ”€โ”€โ”€โ”€โ”€โ”€โ”€โ”€โ”€โ”€โ”€โ”€โ”€โ”€โ”€โ”€โ”€โ”€โ”€โ”€โ”€โ”€โ”€โ”€โ”€โ”€โ”€โ”€โ”€โ”€โ”€โ”€โ”€โ”€โ”€โ”€โ”€โ”€โ”€โ”€โ”€โ”€โ”€โ”€โ”€โ”€โ”€โ”€โ”€โ”€โ”€โ”€โ”€โ”€โ”€โ”€โ”€โ”€โ”€โ”€โ”€โ”€โ”€โ”€โ”€โ”€โ”€โ”€โ”€โ”€โ”€โ”€โ”€โ”€โ”€โ”€โ”€โ”€โ”€โ”€โ”€โ”€โ”€โ”€โ”€โ”€โ”€โ”€โ”€โ”€โ”€โ”€โ”€โ”€โ”€โ”€โ”€โ”€โ”€โ”€โ”€โ”€โ”€โ”€โ”€โ”€โ”€
11-18 14:03:11.297 14697 14697 I PRETTY_LOGGER: โ”‚ LogUtils.i (LogUtils.java:27)
11-18 14:03:11.297 14697 14697 I PRETTY_LOGGER: โ”‚ LogUtils.i (LogUtils.java:21)
11-18 14:03:11.297 14697 14697 I PRETTY_LOGGER: โ”œโ”„โ”„โ”„โ”„โ”„โ”„โ”„โ”„โ”„โ”„โ”„โ”„โ”„โ”„โ”„โ”„โ”„โ”„โ”„โ”„โ”„โ”„โ”„โ”„โ”„โ”„โ”„โ”„โ”„โ”„โ”„โ”„โ”„โ”„โ”„โ”„โ”„โ”„โ”„โ”„โ”„โ”„โ”„โ”„โ”„โ”„โ”„โ”„โ”„โ”„โ”„โ”„โ”„โ”„โ”„โ”„โ”„โ”„โ”„โ”„โ”„โ”„โ”„โ”„โ”„โ”„โ”„โ”„โ”„โ”„โ”„โ”„โ”„โ”„โ”„โ”„โ”„โ”„โ”„โ”„โ”„โ”„โ”„โ”„โ”„โ”„โ”„โ”„โ”„โ”„โ”„โ”„โ”„โ”„โ”„โ”„โ”„โ”„โ”„โ”„โ”„โ”„โ”„โ”„โ”„โ”„โ”„โ”„โ”„โ”„โ”„โ”„
11-18 14:03:11.297 14697 14697 I PRETTY_LOGGER: โ”‚ activity ==> ======================================================BillDetailActivity2
11-18 14:03:11.297 14697 14697 I PRETTY_LOGGER: โ””โ”€โ”€โ”€โ”€โ”€โ”€โ”€โ”€โ”€โ”€โ”€โ”€โ”€โ”€โ”€โ”€โ”€โ”€โ”€โ”€โ”€โ”€โ”€โ”€โ”€โ”€โ”€โ”€โ”€โ”€โ”€โ”€โ”€โ”€โ”€โ”€โ”€โ”€โ”€โ”€โ”€โ”€โ”€โ”€โ”€โ”€โ”€โ”€โ”€โ”€โ”€โ”€โ”€โ”€โ”€โ”€โ”€โ”€โ”€โ”€โ”€โ”€โ”€โ”€โ”€โ”€โ”€โ”€โ”€โ”€โ”€โ”€โ”€โ”€โ”€โ”€โ”€โ”€โ”€โ”€โ”€โ”€โ”€โ”€โ”€โ”€โ”€โ”€โ”€โ”€โ”€โ”€โ”€โ”€โ”€โ”€โ”€โ”€โ”€โ”€โ”€โ”€โ”€โ”€โ”€โ”€โ”€โ”€โ”€โ”€โ”€โ”€
11-18 14:03:11.301 1470 4262 I InputDispatcher: Focus left window: Window{f8921a u0 com.jlpay.merch/com.jlpay.merch.ui.home.bill.BillActivity} in display 0
11-18 14:03:11.301 1470 4262 I InputDispatcher: Window went away: Window{f8921a u0 com.jlpay.merch/com.jlpay.merch.ui.home.bill.BillActivity}
11-18 14:03:11.370 841 841 I BufferQueueProducer: [FramebufferSurface](this:0xb400007348832ed0,id:-1,api:1,p:841,c:841) queueBuffer: fps=0.39 dur=2587.73 max=2587.73 min=2587.73
11-18 14:03:11.373 14697 14949 D UMLog : ๅฝ“ๅ‰ๅ‘้€็ญ–็•ฅไธบ: ้—ด้š”ๅ‘้€ใ€‚้—ด้š”ๆ—ถ้—ดไธบ๏ผš90็ง’ใ€‚่ฏฆ่ง้“พๆŽฅ https://developer.umeng.com/docs/66632/detail/66976?um_channel=sdk
11-18 14:03:11.380 841 2967 I SurfaceFlinger: [SF client] NEW(0xb400007348877d00) for (14697:com.jlpay.merch)
11-18 14:03:11.381 14697 14697 D ColorViewRootUtil: initSwipState, isDisplayCompatApp false
11-18 14:03:11.381 14697 14697 D ColorViewRootUtil: mScreenHeight 2400, mScreenWidth 1080
11-18 14:03:11.383 14697 14697 D ViewRootImpl[BillDetailActivity2]: hardware acceleration = true , fakeHwAccelerated = false, sRendererDisabled = false, forceHwAccelerated = false, sSystemRendererDisabled = false
11-18 14:03:11.384 1470 4262 D OppoDisplayPolicy: com.jlpay.merch, setting cutoutMode: color always
11-18 14:03:11.385 841 2967 D DispPerfService: get hint proc=6bfccd9 com.jlpay.merch, idx=0 none
11-18 14:03:11.386 1470 4262 W WindowManager: Changing focus fromnull to Window{6bfccd9 u0 com.jlpay.merch/com.jlpay.merch.ui.home.bill.detail.BillDetailActivity2} displayId=0 Callers=com.android.server.wm.RootWindowContainer.updateFocusedWindowLocked:509 com.android.server.wm.WindowManagerService.updateFocusedWindowLocked:6073 com.android.server.wm.WindowManagerService.addWindow:1941 com.android.server.wm.Session.addToDisplayAsUser:184
11-18 14:03:11.386 841 2967 D DispPerfService: get hint proc=Surface(name=8eb967f StatusBar), idx=0 none
11-18 14:03:11.387 841 2967 D DispPerfService: get hint proc=Surface(name=c91655d NavigationBar0), idx=0 none
11-18 14:03:11.388 1470 4262 D Theia.NoFocusWindow: FocusWindowErrorScene cancelCheckFreezeScreen
11-18 14:03:11.390 14697 14697 E libEGL : Invalid file path for libcolorx-loader.so
11-18 14:03:11.390 14697 14697 I chatty : uid=11378(com.jlpay.merch) identical 4 lines
11-18 14:03:11.390 14697 14697 E libEGL : Invalid file path for libcolorx-loader.so
11-18 14:03:11.390 14697 14697 I InputTransport: Create ARC handle: 0xb4000076e310e240
11-18 14:03:11.396 14697 15155 I PRETTY_LOGGER: โ”Œโ”€โ”€โ”€โ”€โ”€โ”€โ”€โ”€โ”€โ”€โ”€โ”€โ”€โ”€โ”€โ”€โ”€โ”€โ”€โ”€โ”€โ”€โ”€โ”€โ”€โ”€โ”€โ”€โ”€โ”€โ”€โ”€โ”€โ”€โ”€โ”€โ”€โ”€โ”€โ”€โ”€โ”€โ”€โ”€โ”€โ”€โ”€โ”€โ”€โ”€โ”€โ”€โ”€โ”€โ”€โ”€โ”€โ”€โ”€โ”€โ”€โ”€โ”€โ”€โ”€โ”€โ”€โ”€โ”€โ”€โ”€โ”€โ”€โ”€โ”€โ”€โ”€โ”€โ”€โ”€โ”€โ”€โ”€โ”€โ”€โ”€โ”€โ”€โ”€โ”€โ”€โ”€โ”€โ”€โ”€โ”€โ”€โ”€โ”€โ”€โ”€โ”€โ”€โ”€โ”€โ”€โ”€โ”€โ”€โ”€โ”€โ”€
11-18 14:03:11.396 14697 15155 I PRETTY_LOGGER: โ”‚ LogUtils.i (LogUtils.java:27)
11-18 14:03:11.396 14697 15155 I PRETTY_LOGGER: โ”‚ LogUtils.i (LogUtils.java:21)
11-18 14:03:11.396 14697 15155 I PRETTY_LOGGER: โ”œโ”„โ”„โ”„โ”„โ”„โ”„โ”„โ”„โ”„โ”„โ”„โ”„โ”„โ”„โ”„โ”„โ”„โ”„โ”„โ”„โ”„โ”„โ”„โ”„โ”„โ”„โ”„โ”„โ”„โ”„โ”„โ”„โ”„โ”„โ”„โ”„โ”„โ”„โ”„โ”„โ”„โ”„โ”„โ”„โ”„โ”„โ”„โ”„โ”„โ”„โ”„โ”„โ”„โ”„โ”„โ”„โ”„โ”„โ”„โ”„โ”„โ”„โ”„โ”„โ”„โ”„โ”„โ”„โ”„โ”„โ”„โ”„โ”„โ”„โ”„โ”„โ”„โ”„โ”„โ”„โ”„โ”„โ”„โ”„โ”„โ”„โ”„โ”„โ”„โ”„โ”„โ”„โ”„โ”„โ”„โ”„โ”„โ”„โ”„โ”„โ”„โ”„โ”„โ”„โ”„โ”„โ”„โ”„โ”„โ”„โ”„โ”„
11-18 14:03:11.396 14697 15155 I PRETTY_LOGGER: โ”‚ ่ฏทๆฑ‚๏ผšhttps://merchant-dev.jlpay.com/boss_trans/tradeDetailRpc
11-18 14:03:11.396 14697 15155 I PRETTY_LOGGER: โ”‚
11-18 14:03:11.396 14697 15155 I PRETTY_LOGGER: โ”‚ {"app_id":"162575608951564","rid":"1121323","format":"json","timestamp":1637215391394,"version":"1822","sign_type":"RSA2","sign":"1822","nonce_str":"4f6a81e5910a4a43a5b5a5cfc7ebecf0","biz_content":{"order_no":"9999","token":"eyJ2ZXIiOiIxIiwidHlwIjoiSldUIiwicGxhdCI6ImFwcF9ib3NzIiwiYWxnIjoiU00zV2l0aFNNMiJ9.eyJ1aWQiOiIyMDE5MDUyMjEwMDA3NTgxIiwibmJmIjoxNjM3MjE1MzYwLCJ1bmFtZSI6IumcsuWonCIsImlzcyI6IkpMUEFZIiwidXR5cGUiOiIxIiwibW5hbWUiOiLpnLLlqJzluqblgYfmnZE2IiwiZXhwIjoxNjM5ODA3MzYwLCJkZXZpY2VJZCI6IjEwMjlkYTVlLWYyNmYtNDdjMS1iMzg3LTM3OGY5MDBhM2MwZCIsImlhdCI6MTYzNzIxNTM2MCwianRpIjoiMTAyOWRhNWUtZjI2Zi00N2MxLWIzODctMzc4ZjkwMGEzYzBkIiwiY2lkIjoiNDQwMzA1MTkwNTIyMTAwMTMwMzEiLCJtbm8iOiI4NDk0NDAzNzAxMUEwME8ifQ.MEUCIQC4lx9qoTmCUDi4-4m4KC9ko_GuoNt8We370geP_ol4cgIgFb6A-jlqPLuyc2aRq-DOqSt2mpbqKLeMYkITvJnqQL0","os_type":"ANDROID","os_version":"11","device_no":"1029da5e-f26f-47c1-b387-378f900a3c0d","device_type":"PDKM00","app_version":"2.8.4"}}
11-18 14:03:11.396 14697 15155 I PRETTY_LOGGER: โ””โ”€โ”€โ”€โ”€โ”€โ”€โ”€โ”€โ”€โ”€โ”€โ”€โ”€โ”€โ”€โ”€โ”€โ”€โ”€โ”€โ”€โ”€โ”€โ”€โ”€โ”€โ”€โ”€โ”€โ”€โ”€โ”€โ”€โ”€โ”€โ”€โ”€โ”€โ”€โ”€โ”€โ”€โ”€โ”€โ”€โ”€โ”€โ”€โ”€โ”€โ”€โ”€โ”€โ”€โ”€โ”€โ”€โ”€โ”€โ”€โ”€โ”€โ”€โ”€โ”€โ”€โ”€โ”€โ”€โ”€โ”€โ”€โ”€โ”€โ”€โ”€โ”€โ”€โ”€โ”€โ”€โ”€โ”€โ”€โ”€โ”€โ”€โ”€โ”€โ”€โ”€โ”€โ”€โ”€โ”€โ”€โ”€โ”€โ”€โ”€โ”€โ”€โ”€โ”€โ”€โ”€โ”€โ”€โ”€โ”€โ”€โ”€
11-18 14:03:11.399 14697 14697 D MotuCrashSDK: onActivityStarted๏ผšcom.jlpay.merch.ui.home.bill.detail.BillDetailActivity2
11-18 14:03:11.399 14697 14697 D MotuCrashSDK: nativeSetForeground foreground
11-18 14:03:11.400 14697 15121 W TLOG_MONITOR: MSG_PULL:TLOG.FileUploadHandler:ๆถˆๆฏๆ‹‰ๅ–๏ผšไธปๅŠจๅ‘้€ๆถˆๆฏ๏ผŒๆ‹‰ๅ–ไปปๅŠก
11-18 14:03:11.403 14697 14697 D MotuCrashSDK: onActivityResumed๏ผšcom.jlpay.merch.ui.home.bill.detail.BillDetailActivity2
11-18 14:03:11.404 14697 14697 V PhoneWindow: DecorView setVisiblity: visibility = 4, Parent = null, this = DecorView@684249a[]
11-18 14:03:11.404 841 2967 I SurfaceFlinger: [SF client] NEW(0xb400007334bec840) for (14697:com.jlpay.merch)
11-18 14:03:11.405 14697 14697 D ColorViewRootUtil: initSwipState, isDisplayCompatApp false
11-18 14:03:11.405 14697 14697 D ColorViewRootUtil: mScreenHeight 2400, mScreenWidth 1080
11-18 14:03:11.407 14697 14697 D ViewRootImpl[BillDetailActivity2]: hardware acceleration = true , fakeHwAccelerated = false, sRendererDisabled = false, forceHwAccelerated = false, sSystemRendererDisabled = false
11-18 14:03:11.408 1470 3544 D OppoDisplayPolicy: com.jlpay.merch, setting cutoutMode: color always
11-18 14:03:11.409 841 2967 D DispPerfService: get hint proc=d04594c com.jlpay.merch, idx=0 none
11-18 14:03:11.409 14697 14949 D MobclickAgent: ๅปถ็ปญไธŠไธ€ไธชไผš่ฏ: 90636363EFF3B783FF0C44D127FE17FE
11-18 14:03:11.410 14697 14697 E libEGL : Invalid file path for libcolorx-loader.so
11-18 14:03:11.411 14697 14697 I chatty : uid=11378(com.jlpay.merch) identical 4 lines
11-18 14:03:11.411 14697 14697 E libEGL : Invalid file path for libcolorx-loader.so
11-18 14:03:11.411 14697 14697 I InputTransport: Create ARC handle: 0xb4000076e331b1c0
11-18 14:03:11.411 14697 14949 W SQLiteLog: (28) double-quoted string literal: "90636363EFF3B783FF0C44D127FE17FE"
11-18 14:03:11.411 14697 14949 W SQLiteLog: (28) double-quoted string literal: ""
11-18 14:03:11.412 14697 14949 W SQLiteLog: (28) double-quoted string literal: "90636363EFF3B783FF0C44D127FE17FE"
11-18 14:03:11.412 14697 14949 W SQLiteLog: (28) double-quoted string literal: "-1"
11-18 14:03:11.413 14697 14697 V PhoneWindow: DecorView setVisiblity: visibility = 0, Parent = android.view.ViewRootImpl@efaacf2, this = DecorView@684249a[BillDetailActivity2]
11-18 14:03:11.417 14697 14949 D UMLog : ๅฝ“ๅ‰ๅ‘้€็ญ–็•ฅไธบ: ้—ด้š”ๅ‘้€ใ€‚้—ด้š”ๆ—ถ้—ดไธบ๏ผš90็ง’ใ€‚่ฏฆ่ง้“พๆŽฅ https://developer.umeng.com/docs/66632/detail/66976?um_channel=sdk
11-18 14:03:11.418 1470 3544 D OppoDisplayPolicy: com.jlpay.merch, setting cutoutMode: color always
11-18 14:03:11.419 841 2967 D DispPerfService: get hint proc=com.jlpay.merch, idx=0 none
11-18 14:03:11.419 841 2967 I BufferQueueConsumer: [](id:349000020ad,api:0,p:-1,c:841) connect(): controlledByApp=false
11-18 14:03:11.420 841 2967 I BufferQueue: [unnamed-841-8365](this:0xb400007334a1a658,id:8365,api:0,p:-1,c:-1) BufferQueue core=(841:/system/bin/surfaceflinger)
11-18 14:03:11.423 14697 14697 V OplusZoomWindowDecorViewHelper: setLastReportedMergedConfiguration mZoomDisplayHeight: 2400 getDecorView.DecorView@a82a63e[BillDetailActivity2]
11-18 14:03:11.424 841 2967 I BufferQueueProducer: [com.jlpay.merch/com.jlpay.merch.ui.home.bill.detail.BillDetailActivity2#0](id:349000020ad,api:1,p:14697,c:841) connect(): api=1 producerControlledByApp=false
11-18 14:03:11.430 841 3662 D DispPerfService: onframeavailable pid=14697, slot=0, seq=61629, name=com.jlpay.merch:com.jlpay.merch/com.jlpay.merch.ui.home.bill.detail.BillDetailActivity2#0
11-18 14:03:11.431 1470 4262 I InputDispatcher: Window went away: com.jlpay.merch/com.jlpay.merch.ui.home.bill.detail.BillDetailActivity2#0
11-18 14:03:11.442 14697 15121 I System.out: [OkHttp] sendRequest>>
11-18 14:03:11.442 14697 15121 I System.out: [OkHttp] sendRequest<<
11-18 14:03:11.451 1470 4262 D OppoDisplayPolicy: com.jlpay.merch, setting cutoutMode: color always
11-18 14:03:11.451 1470 4262 I WindowManager: Relayout Window{d04594c u0 com.jlpay.merch/com.jlpay.merch.ui.home.bill.detail.BillDetailActivity2}: oldVis=4 newVis=0 focusMayChange = true
11-18 14:03:11.452 841 3662 D DispPerfService: get hint proc=com.jlpay.merch, idx=0 none
11-18 14:03:11.453 841 3662 I BufferQueueConsumer: [](id:349000020ae,api:0,p:-1,c:841) connect(): controlledByApp=false
11-18 14:03:11.453 841 3662 I BufferQueue: [unnamed-841-8366](this:0xb40000734895ce58,id:8366,api:0,p:-1,c:-1) BufferQueue core=(841:/system/bin/surfaceflinger)
11-18 14:03:11.456 14697 14697 V OplusZoomWindowDecorViewHelper: setLastReportedMergedConfiguration mZoomDisplayHeight: 2400 getDecorView.DecorView@684249a[BillDetailActivity2]
11-18 14:03:11.457 841 3662 I BufferQueueProducer: [com.jlpay.merch/com.jlpay.merch.ui.home.bill.detail.BillDetailActivity2#1](id:349000020ae,api:1,p:14697,c:841) connect(): api=1 producerControlledByApp=false
11-18 14:03:11.464 1470 4262 I InputDispatcher: Window went away: com.jlpay.merch/com.jlpay.merch.ui.home.bill.detail.BillDetailActivity2#1
11-18 14:03:11.471 841 3662 D DispPerfService: onframeavailable pid=14697, slot=2, seq=61630, name=com.jlpay.merch:com.jlpay.merch/com.jlpay.merch.ui.home.bill.detail.BillDetailActivity2#1
11-18 14:03:11.473 31557 31557 V PhoneWindow: DecorView setVisiblity: visibility = 8, Parent = android.view.ViewRootImpl@bb459d, this = DecorView@a937e7c[InputMethod]
11-18 14:03:11.474 841 2967 D DispPerfService: get hint proc=Surface(name=ActivityRecord{2f2e125 u0 com.jlpay.merch, idx=0 none
11-18 14:03:11.476 1470 1595 D ColorZoomWindowManagerService: adjustWindowCropForLeash start: appToken = ActivityRecord{2f2e125 u0 com.jlpay.merch/.ui.home.bill.detail.BillDetailActivity2 t18209}
11-18 14:03:11.475 841 2967 D DispPerfService: get hint proc=Surface(name=ActivityRecord{2f2e125 u0 com.jlpay.merch, idx=0 none
11-18 14:03:11.476 841 2967 D DispPerfService: get hint proc=Surface(name=ActivityRecord{8cbdb5b u0 com.jlpay.merch, idx=0 none
11-18 14:03:11.477 1470 1595 D ColorZoomWindowManagerService: adjustWindowCropForLeash start: appToken = ActivityRecord{8cbdb5b u0 com.jlpay.merch/.ui.home.bill.BillActivity t18209}
11-18 14:03:11.477 841 2967 D DispPerfService: get hint proc=Surface(name=ActivityRecord{8cbdb5b u0 com.jlpay.merch, idx=0 none
11-18 14:03:11.478 841 2967 D DispPerfService: get hint proc=Surface(name=6bfccd9 com.jlpay.merch, idx=0 none
11-18 14:03:11.479 1470 1604 I ActivityTaskManager: Displayed com.jlpay.merch/.ui.home.bill.detail.BillDetailActivity2: +206ms
11-18 14:03:11.481 841 841 D OppoExLayer: ~Layer() sequence=61621, name=Surface(name=8eb967f StatusBar)/@0x65f64c4 - animation-leash#1@0xb4000073361a5000
11-18 14:03:11.481 841 841 D OppoExLayer: ~Layer() sequence=61622, name=Surface(name=c91655d NavigationBar0)/@0xae9cfad - animation-leash#0@0xb400007336822000
11-18 14:03:11.481 1470 4262 I InputDispatcher: Focus entered window: Window{6bfccd9 u0 com.jlpay.merch/com.jlpay.merch.ui.home.bill.detail.BillDetailActivity2} in display 0
11-18 14:03:11.481 809 820 I mtkpower@impl: [setMode] type:5, enabled:0
11-18 14:03:11.481 809 875 I libPowerHal: [perfLockRel] hdl:40298, idx:1
11-18 14:03:11.481 809 875 I libPowerHal: [PD] scn:1 hdl:40298 hint:11 comm:mtkpower@1.0-se pid:809
11-18 14:03:11.481 809 875 I libPowerHal: [PD] LAUNCH update cmd:300c000 param:0
11-18 14:03:11.482 809 819 I mtkpower@impl: [mtkPowerHint] hint:23, hold:0, ext:30, ext_hold:2000
11-18 14:03:11.482 809 875 I libPowerHal: [perfLockRel] hdl:40299, idx:2
11-18 14:03:11.482 809 875 I libPowerHal: [PD] scn:2 hdl:40299 hint:23 comm:mtkpower@1.0-se pid:809
11-18 14:03:11.482 809 875 I libPowerHal: [PD] MTKPOWER_HINT_ACT_SWITCH update cmd:1000000, param:-1
11-18 14:03:11.483 809 875 I libPowerHal: [PD] MTKPOWER_HINT_ACT_SWITCH update cmd:1408300 param:0
11-18 14:03:11.483 809 875 I libPowerHal: [PD] MTKPOWER_HINT_ACT_SWITCH update cmd:1000000 param:-1
11-18 14:03:11.483 809 875 I libPowerHal: [perfLockAcq] idx:1 hdl:40301 hint:30 pid:809 duration:2000 => ret_hdl:40301
11-18 14:03:11.483 809 875 I libPowerHal: [PE] scn:1 hdl:40301 hint:30 comm:mtkpower@1.0-se pid:809
11-18 14:03:11.483 809 875 I libPowerHal: [PE] MTKPOWER_HINT_EXT_LAUNCH update cmd:1000000, param:1
11-18 14:03:11.484 809 875 I libPowerHal: [PE] MTKPOWER_HINT_EXT_LAUNCH update cmd:2020000, param:15
11-18 14:03:11.484 809 875 I libPowerHal: [PE] MTKPOWER_HINT_EXT_LAUNCH update cmd:1408300, param:40
11-18 14:03:11.484 1470 4244 D InputMethodManagerService: isSecurity: attribute.packageName=com.jlpay.merch
11-18 14:03:11.484 1470 4244 D InputMethodManagerService: isSecurity= false ( enable=false needShow=false inBlackList=false isExist=true )
11-18 14:03:11.484 809 875 I libPowerHal: [PE] MTKPOWER_HINT_EXT_LAUNCH update cmd:1000000 param:1
11-18 14:03:11.486 1470 4244 D ColorInputMethodManagerServiceEx: onHandleImeWindowVisibleStatus handledVis: 0, switcher visible: 0, switcher active: 0, needsToShowImeSwitcher: false
11-18 14:03:11.486 1470 4244 D OplusVerificationCodeController: notifyImeAttributeChanged: 64false
11-18 14:03:11.487 14697 15121 D SendMessage: pull request message:
11-18 14:03:11.487 841 3662 D DispPerfService: get hint proc=Surface(name=9e67e93 InputMethod), idx=0 none
11-18 14:03:11.490 1470 3544 D OppoDisplayPolicy: com.android.systemui, change system app cutoutMode: color always
11-18 14:03:11.492 31557 31557 V PhoneWindow: DecorView setVisiblity: visibility = 8, Parent = android.view.ViewRootImpl@bb459d, this = DecorView@a937e7c[InputMethod]
11-18 14:03:11.497 841 841 D OppoExLayer: ~Layer() sequence=61623, name=Surface(name=9e67e93 InputMethod)/@0xa906ec9 - animation-leash#0@0xb400007329214000
11-18 14:03:11.497 14697 15155 I PRETTY_LOGGER: โ”Œโ”€โ”€โ”€โ”€โ”€โ”€โ”€โ”€โ”€โ”€โ”€โ”€โ”€โ”€โ”€โ”€โ”€โ”€โ”€โ”€โ”€โ”€โ”€โ”€โ”€โ”€โ”€โ”€โ”€โ”€โ”€โ”€โ”€โ”€โ”€โ”€โ”€โ”€โ”€โ”€โ”€โ”€โ”€โ”€โ”€โ”€โ”€โ”€โ”€โ”€โ”€โ”€โ”€โ”€โ”€โ”€โ”€โ”€โ”€โ”€โ”€โ”€โ”€โ”€โ”€โ”€โ”€โ”€โ”€โ”€โ”€โ”€โ”€โ”€โ”€โ”€โ”€โ”€โ”€โ”€โ”€โ”€โ”€โ”€โ”€โ”€โ”€โ”€โ”€โ”€โ”€โ”€โ”€โ”€โ”€โ”€โ”€โ”€โ”€โ”€โ”€โ”€โ”€โ”€โ”€โ”€โ”€โ”€โ”€โ”€โ”€โ”€
11-18 14:03:11.498 14697 15155 I PRETTY_LOGGER: โ”‚ LogUtils.i (LogUtils.java:27)
11-18 14:03:11.498 14697 15155 I PRETTY_LOGGER: โ”‚ LogUtils.i (LogUtils.java:21)
11-18 14:03:11.498 14697 15155 I PRETTY_LOGGER: โ”œโ”„โ”„โ”„โ”„โ”„โ”„โ”„โ”„โ”„โ”„โ”„โ”„โ”„โ”„โ”„โ”„โ”„โ”„โ”„โ”„โ”„โ”„โ”„โ”„โ”„โ”„โ”„โ”„โ”„โ”„โ”„โ”„โ”„โ”„โ”„โ”„โ”„โ”„โ”„โ”„โ”„โ”„โ”„โ”„โ”„โ”„โ”„โ”„โ”„โ”„โ”„โ”„โ”„โ”„โ”„โ”„โ”„โ”„โ”„โ”„โ”„โ”„โ”„โ”„โ”„โ”„โ”„โ”„โ”„โ”„โ”„โ”„โ”„โ”„โ”„โ”„โ”„โ”„โ”„โ”„โ”„โ”„โ”„โ”„โ”„โ”„โ”„โ”„โ”„โ”„โ”„โ”„โ”„โ”„โ”„โ”„โ”„โ”„โ”„โ”„โ”„โ”„โ”„โ”„โ”„โ”„โ”„โ”„โ”„โ”„โ”„โ”„
11-18 14:03:11.498 14697 15155 I PRETTY_LOGGER: โ”‚ ๅ“ๅบ”๏ผšhttps://merchant-dev.jlpay.com/boss_trans/tradeDetailRpc
11-18 14:03:11.498 14697 15155 I PRETTY_LOGGER: โ”‚
11-18 14:03:11.498 14697 15155 I PRETTY_LOGGER: โ”‚ {"biz_context":"{\"ret_msg\":\"่ฎขๅ•ๅท้•ฟๅบฆไธๆญฃ็กฎ[MW_0004]\",\"ret_code\":\"MW_0004\"}","ret_code":"00","ret_msg":"่ฏทๆฑ‚ๆˆๅŠŸ"}
11-18 14:03:11.498 14697 15155 I PRETTY_LOGGER: โ””โ”€โ”€โ”€โ”€โ”€โ”€โ”€โ”€โ”€โ”€โ”€โ”€โ”€โ”€โ”€โ”€โ”€โ”€โ”€โ”€โ”€โ”€โ”€โ”€โ”€โ”€โ”€โ”€โ”€โ”€โ”€โ”€โ”€โ”€โ”€โ”€โ”€โ”€โ”€โ”€โ”€โ”€โ”€โ”€โ”€โ”€โ”€โ”€โ”€โ”€โ”€โ”€โ”€โ”€โ”€โ”€โ”€โ”€โ”€โ”€โ”€โ”€โ”€โ”€โ”€โ”€โ”€โ”€โ”€โ”€โ”€โ”€โ”€โ”€โ”€โ”€โ”€โ”€โ”€โ”€โ”€โ”€โ”€โ”€โ”€โ”€โ”€โ”€โ”€โ”€โ”€โ”€โ”€โ”€โ”€โ”€โ”€โ”€โ”€โ”€โ”€โ”€โ”€โ”€โ”€โ”€โ”€โ”€โ”€โ”€โ”€โ”€
11-18 14:03:11.499 1470 4244 D OppoDisplayPolicy: com.android.systemui, change system app cutoutMode: color always
11-18 14:03:11.502 841 2967 I BufferQueueProducer: [com.jlpay.merch/com.jlpay.merch.ui.home.bill.detail.BillDetailActivity2#0](id:349000020ad,api:1,p:14697,c:841) disconnect(): api=1
11-18 14:03:11.503 14697 14697 D View : [Warning] assignParent to null: this = DecorView@a82a63e[BillDetailActivity2]
11-18 14:03:11.504 841 3662 D DispPerfService: get hint proc=Surface(name=6bfccd9 com.jlpay.merch, idx=0 none
11-18 14:03:11.491 1470 4244 D ColorInputMethodManagerServiceEx: onHandleImeWindowVisibleStatus handledVis: 0, switcher visible: 0, switcher active: 0, needsToShowImeSwitcher: false
11-18 14:03:11.505 1470 3544 W WindowManager: Changing focus fromWindow{6bfccd9 u0 com.jlpay.merch/com.jlpay.merch.ui.home.bill.detail.BillDetailActivity2 EXITING} to Window{d04594c u0 com.jlpay.merch/com.jlpay.merch.ui.home.bill.detail.BillDetailActivity2} displayId=0 Callers=com.android.server.wm.RootWindowContainer.updateFocusedWindowLocked:509 com.android.server.wm.WindowManagerService.updateFocusedWindowLocked:6073 com.android.server.wm.WindowState.setupWindowForRemoveOnExit:2542 com.android.server.wm.WindowState.removeIfPossible:2507
11-18 14:03:11.505 841 3662 D DispPerfService: get hint proc=Surface(name=8eb967f StatusBar), idx=0 none
11-18 14:03:11.506 1470 4244 I InputDispatcher: Focus left window: Window{6bfccd9 u0 com.jlpay.merch/com.jlpay.merch.ui.home.bill.detail.BillDetailActivity2} in display 0
11-18 14:03:11.506 1470 4244 I InputDispatcher: Window went away: Window{6bfccd9 u0 com.jlpay.merch/com.jlpay.merch.ui.home.bill.detail.BillDetailActivity2}
11-18 14:03:11.507 841 3662 D DispPerfService: get hint proc=Surface(name=c91655d NavigationBar0), idx=0 none
11-18 14:03:11.508 1470 3544 D Theia.NoFocusWindow: FocusWindowErrorScene cancelCheckFreezeScreen
11-18 14:03:11.510 14697 14697 I InputTransport: Destroy ARC handle: 0xb4000076e310e240
11-18 14:03:11.511 14697 14697 D CompatibilityChangeReporter: Compat change id reported: 147798919; UID 11378; state: ENABLED
11-18 14:03:11.514 841 841 D OppoExLayer: ~Layer() sequence=61635, name=Surface(name=6bfccd9 com.jlpay.merch/com.jlpay.merch.ui.home.bill.detail.BillDetailActivity2)/@0xb209e49 - animation-leash#0@0xb4000073361ef000
11-18 14:03:11.514 841 3662 D DispPerfService: get hint proc=, idx=0 none
11-18 14:03:11.516 14697 14697 E PRETTY_LOGGER: โ”Œโ”€โ”€โ”€โ”€โ”€โ”€โ”€โ”€โ”€โ”€โ”€โ”€โ”€โ”€โ”€โ”€โ”€โ”€โ”€โ”€โ”€โ”€โ”€โ”€โ”€โ”€โ”€โ”€โ”€โ”€โ”€โ”€โ”€โ”€โ”€โ”€โ”€โ”€โ”€โ”€โ”€โ”€โ”€โ”€โ”€โ”€โ”€โ”€โ”€โ”€โ”€โ”€โ”€โ”€โ”€โ”€โ”€โ”€โ”€โ”€โ”€โ”€โ”€โ”€โ”€โ”€โ”€โ”€โ”€โ”€โ”€โ”€โ”€โ”€โ”€โ”€โ”€โ”€โ”€โ”€โ”€โ”€โ”€โ”€โ”€โ”€โ”€โ”€โ”€โ”€โ”€โ”€โ”€โ”€โ”€โ”€โ”€โ”€โ”€โ”€โ”€โ”€โ”€โ”€โ”€โ”€โ”€โ”€โ”€โ”€โ”€โ”€
11-18 14:03:11.516 14697 14697 E PRETTY_LOGGER: โ”‚ LogUtils.e (LogUtils.java:31)
11-18 14:03:11.516 14697 14697 E PRETTY_LOGGER: โ”‚ LogUtils.e (LogUtils.java:35)
11-18 14:03:11.516 14697 14697 E PRETTY_LOGGER: โ”œโ”„โ”„โ”„โ”„โ”„โ”„โ”„โ”„โ”„โ”„โ”„โ”„โ”„โ”„โ”„โ”„โ”„โ”„โ”„โ”„โ”„โ”„โ”„โ”„โ”„โ”„โ”„โ”„โ”„โ”„โ”„โ”„โ”„โ”„โ”„โ”„โ”„โ”„โ”„โ”„โ”„โ”„โ”„โ”„โ”„โ”„โ”„โ”„โ”„โ”„โ”„โ”„โ”„โ”„โ”„โ”„โ”„โ”„โ”„โ”„โ”„โ”„โ”„โ”„โ”„โ”„โ”„โ”„โ”„โ”„โ”„โ”„โ”„โ”„โ”„โ”„โ”„โ”„โ”„โ”„โ”„โ”„โ”„โ”„โ”„โ”„โ”„โ”„โ”„โ”„โ”„โ”„โ”„โ”„โ”„โ”„โ”„โ”„โ”„โ”„โ”„โ”„โ”„โ”„โ”„โ”„โ”„โ”„โ”„โ”„โ”„โ”„
11-18 14:03:11.516 14697 14697 E PRETTY_LOGGER: โ”‚
11-18 14:03:11.516 14697 14697 E PRETTY_LOGGER: โ”‚ ret_code.="MW_0004",ret_msg="่ฎขๅ•ๅท้•ฟๅบฆไธๆญฃ็กฎ[MW_0004]"
11-18 14:03:11.516 14697 14697 E PRETTY_LOGGER: โ””โ”€โ”€โ”€โ”€โ”€โ”€โ”€โ”€โ”€โ”€โ”€โ”€โ”€โ”€โ”€โ”€โ”€โ”€โ”€โ”€โ”€โ”€โ”€โ”€โ”€โ”€โ”€โ”€โ”€โ”€โ”€โ”€โ”€โ”€โ”€โ”€โ”€โ”€โ”€โ”€โ”€โ”€โ”€โ”€โ”€โ”€โ”€โ”€โ”€โ”€โ”€โ”€โ”€โ”€โ”€โ”€โ”€โ”€โ”€โ”€โ”€โ”€โ”€โ”€โ”€โ”€โ”€โ”€โ”€โ”€โ”€โ”€โ”€โ”€โ”€โ”€โ”€โ”€โ”€โ”€โ”€โ”€โ”€โ”€โ”€โ”€โ”€โ”€โ”€โ”€โ”€โ”€โ”€โ”€โ”€โ”€โ”€โ”€โ”€โ”€โ”€โ”€โ”€โ”€โ”€โ”€โ”€โ”€โ”€โ”€โ”€โ”€
11-18 14:03:11.519 841 2967 I SurfaceFlinger: [SF client] NEW(0xb400007334bec900) for (2069:com.android.systemui)
11-18 14:03:11.519 2069 2069 D ColorViewRootUtil: initSwipState, isDisplayCompatApp false
11-18 14:03:11.519 2069 2069 D ColorViewRootUtil: mScreenHeight 2400, mScreenWidth 1080
11-18 14:03:11.520 2069 2069 D ViewRootImpl[Toast]: hardware acceleration = true , fakeHwAccelerated = false, sRendererDisabled = false, forceHwAccelerated = false, sSystemRendererDisabled = false
11-18 14:03:11.521 1470 3544 D OppoDisplayPolicy: com.android.systemui, change system app cutoutMode: color always
11-18 14:03:11.521 841 2967 D DispPerfService: get hint proc=, idx=0 none
11-18 14:03:11.522 1470 4244 I InputDispatcher: Focus entered window: Window{d04594c u0 com.jlpay.merch/com.jlpay.merch.ui.home.bill.detail.BillDetailActivity2} in display 0
11-18 14:03:11.523 2069 2069 E libEGL : Invalid file path for libcolorx-loader.so
11-18 14:03:11.523 2069 2069 I chatty : uid=10079(com.android.systemui) identical 4 lines
11-18 14:03:11.523 2069 2069 E libEGL : Invalid file path for libcolorx-loader.so
11-18 14:03:11.523 2069 2069 I InputTransport: Create ARC handle: 0xb4000076a261ff80
11-18 14:03:11.525 1470 3544 D InputMethodManagerService: isSecurity: attribute.packageName=com.jlpay.merch
11-18 14:03:11.525 1470 3544 D InputMethodManagerService: isSecurity= false ( enable=false needShow=false inBlackList=false isExist=true )
11-18 14:03:11.525 1470 3544 D ColorInputMethodManagerServiceEx: onHandleImeWindowVisibleStatus handledVis: 0, switcher visible: 0, switcher active: 0, needsToShowImeSwitcher: false
11-18 14:03:11.525 1470 3544 D OplusVerificationCodeController: notifyImeAttributeChanged: 64false
11-18 14:03:11.526 1470 4244 D OppoDisplayPolicy: com.android.systemui, change system app cutoutMode: color always
11-18 14:03:11.527 841 2967 D DispPerfService: get hint proc=, idx=0 none
11-18 14:03:11.527 841 2967 I BufferQueueConsumer: [](id:349000020af,api:0,p:-1,c:841) connect(): controlledByApp=false
11-18 14:03:11.527 841 2967 I BufferQueue: [unnamed-841-8367](this:0xb400007334a1c258,id:8367,api:0,p:-1,c:-1) BufferQueue core=(841:/system/bin/surfaceflinger)
11-18 14:03:11.529 841 2967 D DispPerfService: get hint proc=Surface(name=9e67e93 InputMethod), idx=0 none
11-18 14:03:11.531 841 1311 I BufferQueueProducer: [Toast#0](id:349000020af,api:1,p:2069,c:841) connect(): api=1 producerControlledByApp=false
11-18 14:03:11.534 31557 31557 V PhoneWindow: DecorView setVisiblity: visibility = 8, Parent = android.view.ViewRootImpl@bb459d, this = DecorView@a937e7c[InputMethod]
11-18 14:03:11.538 841 3662 D DispPerfService: onframeavailable pid=2069, slot=0, seq=61642, name=com.android.systemui:Toast#0
11-18 14:03:11.539 841 841 D OppoExLayer: ~Layer() sequence=61636, name=Surface(name=9e67e93 InputMethod)/@0xa906ec9 - animation-leash#1@0xb400007336113000
11-18 14:03:11.539 1470 3544 I InputDispatcher: Window went away: Toast#0
11-18 14:03:11.540 841 3662 D DispPerfService: get hint proc=Surface(name=a088a0a Toast), idx=0 none
11-18 14:03:11.548 1470 4244 D OppoDisplayPolicy: com.android.systemui, change system app cutoutMode: color always
11-18 14:03:11.672 841 841 D OppoExLayer: ~Layer() sequence=61625, name=6bfccd9 com.jlpay.merch/com.jlpay.merch.ui.home.bill.detail.BillDetailActivity2#0@0xb400007336828000
11-18 14:03:11.672 1470 4554 I InputDispatcher: Window went away: com.jlpay.merch/com.jlpay.merch.ui.home.bill.detail.BillDetailActivity2#0
11-18 14:03:11.673 841 841 I BufferQueueConsumer: [com.jlpay.merch/com.jlpay.merch.ui.home.bill.detail.BillDetailActivity2#0](id:349000020ad,api:0,p:-1,c:841) disconnect()
11-18 14:03:11.673 841 841 I BufferQueue: [com.jlpay.merch/com.jlpay.merch.ui.home.bill.detail.BillDetailActivity2#0](this:0xb400007334a1a658,id:8365,api:1,p:-1,c:-1) onDestructor()
11-18 14:03:11.673 841 841 D OppoExLayer: ~Layer() sequence=61629, name=com.jlpay.merch/com.jlpay.merch.ui.home.bill.detail.BillDetailActivity2#0@0xb400007336135000
11-18 14:03:11.680 841 841 D OppoExLayer: ~Layer() sequence=61637, name=Surface(name=6bfccd9 com.jlpay.merch/com.jlpay.merch.ui.home.bill.detail.BillDetailActivity2)/@0xb209e49 - animation-leash#1@0xb4000073360b5000
11-18 14:03:11.533 1470 3544 D ColorInputMethodManagerServiceEx: onHandleImeWindowVisibleStatus handledVis: 0, switcher visible: 0, switcher active: 0, needsToShowImeSwitcher: false
11-18 14:03:11.756 1470 1595 V ColorZoomWindowManagerService: onAnimationFinished: r = ActivityRecord{2f2e125 u0 com.jlpay.merch/.ui.home.bill.detail.BillDetailActivity2 t18209}
11-18 14:03:11.756 1470 1595 I ColorAppSwitchManagerService: handleAppVisible , r = ActivityRecord{2f2e125 u0 com.jlpay.merch/.ui.home.bill.detail.BillDetailActivity2 t18209}
11-18 14:03:11.756 1470 1595 I OplusMirageDisplayManagerService: onAnimationFinished:
11-18 14:03:11.756 1470 1595 V ColorZoomWindowManagerService: onAnimationFinished: r = ActivityRecord{8cbdb5b u0 com.jlpay.merch/.ui.home.bill.BillActivity t18209}
11-18 14:03:11.756 1470 1595 I OplusMirageDisplayManagerService: onAnimationFinished:
11-18 14:03:11.759 1470 1594 I ActivityTaskManager: perfNotifyAppState STOP ActivityRecord{8cbdb5b u0 com.jlpay.merch/.ui.home.bill.BillActivity t18209}
11-18 14:03:11.764 841 841 D OppoExLayer: ~Layer() sequence=61634, name=Surface(name=ActivityRecord{8cbdb5b u0 com.jlpay.merch/.ui.home.bill.BillActivity)/@0xc5e3340 - animation-bounds#0@0xb4000073361e7000
11-18 14:03:11.764 841 841 D OppoExLayer: ~Layer() sequence=61632, name=Surface(name=ActivityRecord{2f2e125 u0 com.jlpay.merch/.ui.home.bill.detail.BillDetailActivity2)/@0x972c577 - animation-bounds#0@0xb40000733618e000
11-18 14:03:11.769 841 899 I BufferQueueProducer: [com.jlpay.merch/com.jlpay.merch.ui.home.bill.BillActivity#1](id:349000020a9,api:1,p:14697,c:841) disconnect(): api=1
11-18 14:03:11.772 841 841 D OppoExLayer: ~Layer() sequence=61631, name=Surface(name=ActivityRecord{2f2e125 u0 com.jlpay.merch/.ui.home.bill.detail.BillDetailActivity2)/@0x972c577 - animation-leash#0@0xb400007336172000
11-18 14:03:11.772 841 841 D OppoExLayer: ~Layer() sequence=61633, name=Surface(name=ActivityRecord{8cbdb5b u0 com.jlpay.merch/.ui.home.bill.BillActivity)/@0xc5e3340 - animation-leash#0@0xb400007336196000
11-18 14:03:11.773 1470 1829 I mtkpower_client: perf_lock_rel, hdl:40300, tid:1829
11-18 14:03:11.774 1470 1829 I mtkpower_client: perf_lock_acq, hdl:40300, dur:0, num:12, tid:1829
11-18 14:03:11.774 809 875 I libPowerHal: [perfLockRel] hdl:40300, idx:0
11-18 14:03:11.774 809 875 I libPowerHal: [PD] scn:0 hdl:40300 lock_user:system_server pid:1470 tid:1829 dur:0
11-18 14:03:11.774 809 875 I libPowerHal: system_server: cpu_ctrl set cpu freq: -1 -1 -1 -1
11-18 14:03:11.774 809 875 I libPowerHal: [PD] system_server update cmd:1410000 param:0
11-18 14:03:11.774 809 875 I libPowerHal: [PD] system_server update cmd:1c3c000, param:1
11-18 14:03:11.774 809 875 I libPowerHal: [PD] system_server update cmd:10000100 param:2
11-18 14:03:11.775 1470 1829 I mtkpower_client: ret_hdl:40302
11-18 14:03:11.775 14697 14697 D MotuCrashSDK: onActivityStopped๏ผšcom.jlpay.merch.ui.home.bill.BillActivity
11-18 14:03:11.775 809 875 I libPowerHal: [perfLockAcq] idx:0 hdl:40302 hint:-1 pid:1470 duration:0 => ret_hdl:40302
11-18 14:03:11.775 809 875 I libPowerHal: [PE] scn:0 hdl:40302 lock_user:system_server pid:1470 tid:1829 dur:0
11-18 14:03:11.775 14697 14697 D MotuCrashSDK: nativeSetForeground background
11-18 14:03:11.775 809 875 I libPowerHal: system_server: cpu_ctrl set cpu freq: 2000000 -1 2000000 -1
11-18 14:03:11.775 809 875 I libPowerHal: [PE] system_server update cmd:1410000, param:1
11-18 14:03:11.775 809 875 I libPowerHal: [PE] system_server update cmd:1c3c000, param:0
11-18 14:03:11.775 809 875 I libPowerHal: [PE] system_server update cmd:10000100, param:2
11-18 14:03:11.776 14697 15121 W TLOG_MONITOR: MSG_PULL:TLOG.FileUploadHandler:ๆถˆๆฏๆ‹‰ๅ–๏ผšไธปๅŠจๅ‘้€ๆถˆๆฏ๏ผŒๆ‹‰ๅ–ไปปๅŠก
11-18 14:03:11.777 14697 14697 D MotuCrashSDK: onActivitySaveInstanceState๏ผšcom.jlpay.merch.ui.home.bill.BillActivity
11-18 14:03:11.778 14697 14697 V PhoneWindow: DecorView setVisiblity: visibility = 4, Parent = android.view.ViewRootImpl@b36e8f5, this = DecorView@d0f0883[BillActivity]
11-18 14:03:11.783 14697 15285 I RestApi : RestAPI start send log!
11-18 14:03:11.784 14697 15285 I RestApi : RestAPI build data succ!
11-18 14:03:11.784 14697 15285 I RestApi : send url :ak=333341675&av=2.8.4&avsys=2.8.4&c=jlpay_apm&d=XgtwoZSz4p8DALQWBLfYHKP0&sv=6.5.1.3
11-18 14:03:11.785 14697 15285 I RestApi : packRequest success!
11-18 14:03:11.785 14697 15285 D RestApi : sendRequest use adashx, bytes length : 1068
11-18 14:03:11.785 14697 15285 D RestApi : signValue:899d8ebbbe0342cd0d9c0c8144028f4a62971d5f
11-18 14:03:11.787 14697 15285 I System.out: [OkHttp] sendRequest>>
11-18 14:03:11.788 14697 15285 I System.out: [OkHttp] sendRequest<<
11-18 14:03:11.788 14900 14932 I appium : channel read: GET /wd/hub/session/9ba62e7b-8703-4eba-a850-4b2105d05fc4/source
11-18 14:03:11.788 14900 14932 I appium : Source command
11-18 14:03:11.788 14900 14932 I appium : Waiting up to 10000ms for the device to idle
11-18 14:03:11.789 841 841 I BufferQueueConsumer: [com.jlpay.merch/com.jlpay.merch.ui.home.bill.BillActivity#1](id:349000020a9,api:0,p:-1,c:841) disconnect()
11-18 14:03:11.789 841 841 I BufferQueue: [com.jlpay.merch/com.jlpay.merch.ui.home.bill.BillActivity#1](this:0xb400007334a1d058,id:8361,api:1,p:-1,c:-1) onDestructor()
11-18 14:03:11.789 841 841 D OppoExLayer: ~Layer() sequence=61583, name=com.jlpay.merch/com.jlpay.merch.ui.home.bill.BillActivity#1@0xb40000733680d000
11-18 14:03:11.789 1470 4554 I InputDispatcher: Window went away: com.jlpay.merch/com.jlpay.merch.ui.home.bill.BillActivity#1
11-18 14:03:11.818 14697 15121 I System.out: [OkHttp] sendRequest>>
11-18 14:03:11.818 14697 15121 I System.out: [OkHttp] sendRequest<<
11-18 14:03:11.836 14697 15285 D RestApi : errCode:0
11-18 14:03:11.862 14697 15121 D SendMessage: pull request message:
11-18 14:03:11.891 1470 1829 I mtkpower_client: perf_lock_rel, hdl:40302, tid:1829
11-18 14:03:11.891 1470 1829 I mtkpower_client: perf_lock_acq, hdl:40302, dur:0, num:4, tid:1829
11-18 14:03:11.891 809 875 I libPowerHal: [perfLockRel] hdl:40302, idx:0
11-18 14:03:11.891 809 875 I libPowerHal: [PD] scn:0 hdl:40302 lock_user:system_server pid:1470 tid:1829 dur:0
11-18 14:03:11.891 809 875 I libPowerHal: system_server: cpu_ctrl set cpu freq: -1 -1 -1 -1
11-18 14:03:11.891 809 875 I libPowerHal: [PD] system_server update cmd:1410000 param:0
11-18 14:03:11.891 809 875 I libPowerHal: [PD] system_server update cmd:1c3c000, param:1
11-18 14:03:11.892 809 875 I libPowerHal: [PD] system_server update cmd:10000100 param:2
11-18 14:03:11.892 1470 1829 I mtkpower_client: ret_hdl:40303
11-18 14:03:11.892 809 875 I libPowerHal: [perfLockAcq] idx:0 hdl:40303 hint:-1 pid:1470 duration:0 => ret_hdl:40303
11-18 14:03:11.892 809 875 I libPowerHal: [PE] scn:0 hdl:40303 lock_user:system_server pid:1470 tid:1829 dur:0
11-18 14:03:11.892 809 875 I libPowerHal: [PE] system_server update cmd:10000100, param:2
11-18 14:03:12.064 841 841 D OppoExLayer: ~Layer() sequence=61644, name=Surface(name=a088a0a Toast)/@0x9185062 - animation-leash#0@0xb4000073361c4000
11-18 14:03:12.110 1139 1251 D ULogGuard: Monitoring: 7 threads, 0 requests, 0 time-bombs; 1 guards. ResetFlags = 0x7
11-18 14:03:12.217 14900 14932 I appium : Adding toast message to root: ่ฎขๅ•ๅท้•ฟๅบฆไธๆญฃ็กฎ[MW_0004]
11-18 14:03:12.218 14900 14932 W tomator2.serve: Accessing hidden field Landroid/view/accessibility/AccessibilityNodeInfo;->mSealed:Z (greylist, reflection, allowed)
11-18 14:03:12.305 14900 14932 I appium : AppiumResponse: {"sessionId":"9ba62e7b-8703-4eba-a850-4b2105d05fc4","value":"\r\n\r\n
> 11-18 14:03:12.780 14697 15127 I System.out: [OkHttp] sendRequest<<
11-18 14:03:12.832 14697 15127 D RestApi : errCode:0
11-18 14:03:12.951 15410 15410 D RefBase : RefBase: Explicit destruction, weak count = 0 (in 0x78d5dfd240)
11-18 14:03:12.956 15410 15410 D RefBase : #00 pc 00000000000de7c4 /apex/com.android.runtime/lib64/bionic/libc.so (__cxa_finalize+148)
11-18 14:03:12.956 15410 15410 D RefBase : #01 pc 00000000000d9438 /apex/com.android.runtime/lib64/bionic/libc.so (exit+24)
