11-18 14:04:20.928 841 899 D DispPerfService: get hint proc=Surface(name=WallpaperWindowToken{ef305b9 token=android.os.Binder@94abb80}), idx=0 none
11-18 14:04:20.928 2515 2515 E Launcher.ColorBubbleTextView: mForceHideDot is false
11-18 14:04:20.928 2515 2515 I chatty : uid=10062(com.oppo.launcher) identical 1 line
11-18 14:04:20.928 2515 2515 E Launcher.ColorBubbleTextView: mForceHideDot is false
11-18 14:04:20.930 841 841 D DispPerfService: get hint proc=, idx=0 none
11-18 14:04:20.932 841 841 D OppoExLayer: ~Layer() sequence=61775, name=Screenshot Parent@0xb40000733617d000
11-18 14:04:20.933 2515 2515 E Launcher.ColorBubbleTextView: mForceHideDot is false
11-18 14:04:20.934 2515 2515 I chatty : uid=10062(com.oppo.launcher) identical 1 line
11-18 14:04:20.934 2515 2515 E Launcher.ColorBubbleTextView: mForceHideDot is false
11-18 14:04:20.936 2515 2515 E SimulationInteractor: tryGetAnimationPainterInstance error:com.coloros.painteranimationpanel.api.AnimPainterInstance
11-18 14:04:20.936 2515 2515 D RecentsOrientedState: current RecentsOrientedState: [this=RecentsOrientedState@9ab777e mOrientationHandler=PortraitPagedViewHandler@d87d1f3 mDisplayRotation=0 mTouchRotation=0 mRecentsActivityRotation=0 isRecentsActivityRotationAllowed=false mSystemRotation=true mFlags=43]
11-18 14:04:20.936 2515 2515 I chatty : uid=10062(com.oppo.launcher) identical 2 lines
11-18 14:04:20.936 2515 2515 D RecentsOrientedState: current RecentsOrientedState: [this=RecentsOrientedState@9ab777e mOrientationHandler=PortraitPagedViewHandler@d87d1f3 mDisplayRotation=0 mTouchRotation=0 mRecentsActivityRotation=0 isRecentsActivityRotationAllowed=false mSystemRotation=true mFlags=43]
11-18 14:04:20.937 809 819 I mtkpower@impl: [mtkPowerHint] hint:22, hold:0, ext:30, ext_hold:2000
11-18 14:04:20.937 809 875 I libPowerHal: [perfLockRel] hdl:40359, idx:2
11-18 14:04:20.937 809 875 I libPowerHal: [PD] scn:2 hdl:40359 hint:22 comm:mtkpower@1.0-se pid:809
11-18 14:04:20.937 809 875 I libPowerHal: [PD] MTKPOWER_HINT_PACK_SWITCH update cmd:1000000, param:-1
11-18 14:04:20.937 809 875 I libPowerHal: [PD] MTKPOWER_HINT_PACK_SWITCH update cmd:1408300 param:0
11-18 14:04:20.937 809 875 I libPowerHal: [PD] MTKPOWER_HINT_PACK_SWITCH update cmd:1000000 param:-1
11-18 14:04:20.938 809 875 I libPowerHal: [perfLockAcq] idx:1 hdl:40362 hint:30 pid:809 duration:2000 => ret_hdl:40362
11-18 14:04:20.938 809 875 I libPowerHal: [PE] scn:1 hdl:40362 hint:30 comm:mtkpower@1.0-se pid:809
11-18 14:04:20.938 809 875 I libPowerHal: [PE] MTKPOWER_HINT_EXT_LAUNCH update cmd:1000000, param:1
11-18 14:04:20.938 809 875 I libPowerHal: [PE] MTKPOWER_HINT_EXT_LAUNCH update cmd:2020000, param:15
11-18 14:04:20.938 809 875 I libPowerHal: [PE] MTKPOWER_HINT_EXT_LAUNCH update cmd:1408300, param:40
11-18 14:04:20.938 809 875 I libPowerHal: [PE] MTKPOWER_HINT_EXT_LAUNCH update cmd:1000000 param:1
11-18 14:04:20.938 2515 2515 D IconConfigParser: parseConfig::icon config =: IconConfig = [ isForeign : false,theme : 2,iconSize : 5000,iconShape : 0,foregroundSize : 5000,artPlusOn : 0,iconRadius ๏ผš36,darkModeIcon:0 ]
11-18 14:04:20.939 2515 2515 D IconConfigParser: parseConfig::icon config =: IconConfig = [ isForeign : false,theme : 2,iconSize : 5000,iconShape : 0,foregroundSize : 5000,artPlusOn : 0,iconRadius ๏ผš36,darkModeIcon:0 ]
11-18 14:04:20.940 2515 2515 D ColorLauncherAppTransitionManagerImpl: getClosingWindowAnimators: transPoint๏ผš PointF(0.0, 0.0), currentWindowRect = [0.0,0.0][1080.0,2400.0]
11-18 14:04:20.940 841 900 E SurfaceFlinger: Permission Denial: can't access SurfaceFlinger pid=0, uid=10062
11-18 14:04:20.940 2515 2515 D ColorLauncherAppTransitionManagerImpl: getClosingWindowAnimators: transPoint๏ผš PointF(0.0, 0.0), currentWindowRect = [0.0,0.0][1080.0,2400.0]
11-18 14:04:20.940 841 900 I surfaceflinger: oneway function results will be dropped but finished with status PERMISSION_DENIED and parcel size 0
11-18 14:04:20.940 1470 1829 E ORMS_CORE: Unsupported action!!!
11-18 14:04:20.940 1470 1838 I InputDispatcher: Focus entered window: Window{f1ec59d u0 com.oppo.launcher/com.oppo.launcher.Launcher} in display 0
11-18 14:04:20.941 2515 2515 D ColorLauncherAppTransitionManagerImpl: getClosingWindowAnimators: transPoint๏ผš PointF(16.079834, 37.662598), currentWindowRect = [16.079834,37.662598][1063.9202,2358.3354]
11-18 14:04:20.941 1470 1838 D ColorAppListInterceptManager: shouldFilterTask
11-18 14:04:20.941 1470 1838 D ColorAppListInterceptManager: shouldFilterTask::packageName = com.android.settings
11-18 14:04:20.941 1470 1838 D ColorAppListInterceptManager: shouldFilterTask
11-18 14:04:20.941 1470 1838 D ColorAppListInterceptManager: shouldFilterTask::packageName = com.coloros.gallery3d
11-18 14:04:20.943 1470 1838 D InputMethodManagerService: isSecurity: attribute.packageName=com.oppo.launcher
11-18 14:04:20.943 1470 1838 D InputMethodManagerService: isSecurity= false ( enable=false needShow=false inBlackList=false isExist=true )
11-18 14:04:20.944 1470 1838 D ColorInputMethodManagerServiceEx: onHandleImeWindowVisibleStatus handledVis: 0, switcher visible: 0, switcher active: 0, needsToShowImeSwitcher: false
11-18 14:04:20.944 3455 3455 E oiface : packageSwitch pkg com.oppo.launcher, enter
11-18 14:04:20.944 1470 1838 D OplusVerificationCodeController: notifyImeAttributeChanged: 64false
11-18 14:04:20.944 3455 3455 E oiface : current package is com.oppo.launcher and pid is 2515
11-18 14:04:20.946 841 899 D DispPerfService: get hint proc=Surface(name=9e67e93 InputMethod), idx=0 none
11-18 14:04:20.949 841 900 I BufferQueueProducer: [StatusBar#0](this:0xb400007334a18a58,id:7,api:1,p:2069,c:841) queueBuffer: fps=22.65 dur=1413.08 max=803.03 min=2.10
11-18 14:04:20.949 2515 2515 D ColorLauncherAppTransitionManagerImpl: getClosingWindowAnimators: transPoint๏ผš PointF(76.1767, 178.42273), currentWindowRect = [76.1767,178.42273][1003.8233,2202.6177]
11-18 14:04:20.951 5545 5548 E IHansComunication: HANS printMessageBody: RCVed message body: type = 0, port = 86870, caller_pid = 1470, caller_uid = 1000, target_pid = 14900, target_uid = 11365, pkg_cmd = -1
11-18 14:04:20.952 5545 5548 E IHansComunication: HANS printMessageBody: RCVed message body: type = 0, port = 86870, caller_pid = 1470, caller_uid = 1000, target_pid = 14900, target_uid = 11365, pkg_cmd = -1
11-18 14:04:20.954 1470 4252 D OppoDisplayPolicy: com.android.systemui, change system app cutoutMode: color always
11-18 14:04:20.957 841 841 D OppoExLayer: ~Layer() sequence=61767, name=Surface(name=9e67e93 InputMethod)/@0xa906ec9 - animation-leash#1@0xb40000733618b000
11-18 14:04:20.944 1470 1838 D ColorInputMethodManagerServiceEx: onHandleImeWindowVisibleStatus handledVis: 0, switcher visible: 0, switcher active: 0, needsToShowImeSwitcher: false
11-18 14:04:20.962 1470 4264 D ColorInputMethodManagerServiceEx: onHandleImeWindowVisibleStatus handledVis: 0, switcher visible: 0, switcher active: 0, needsToShowImeSwitcher: false
11-18 14:04:20.962 2515 2515 D ColorLauncherAppTransitionManagerImpl: getClosingWindowAnimators: transPoint๏ผš PointF(144.79175, 339.13452), currentWindowRect = [144.79175,339.13452][935.20825,2024.8285]
11-18 14:04:20.963 31557 31557 V PhoneWindow: DecorView setVisiblity: visibility = 8, Parent = android.view.ViewRootImpl@bb459d, this = DecorView@a937e7c[InputMethod]
11-18 14:04:20.969 841 841 I BufferQueueProducer: [FramebufferSurface](this:0xb400007348832ed0,id:-1,api:1,p:841,c:841) queueBuffer: fps=11.81 dur=1439.03 max=1305.29 min=6.09
11-18 14:04:20.977 3455 3468 E oiface : Average freq 1665521 for 3s.
11-18 14:04:20.978 3455 3468 E oiface : Average freq 1531870 for 3s.
11-18 14:04:20.979 2515 2515 D ColorLauncherAppTransitionManagerImpl: getClosingWindowAnimators: transPoint๏ผš PointF(203.10825, 475.7246), currentWindowRect = [203.10825,475.7246][876.8917,1873.7239]
11-18 14:04:20.979 1470 4252 E ORMS_Platform : OplusResourceManagerPlatformUtils: readFile function exception:/d/ged/hal/gpu_utilization: open failed: ENOENT (No such file or directory)
11-18 14:04:20.979 3455 3468 E oiface : get gpu freq table failed
11-18 14:04:20.983 3455 3468 E oiface : client not found, skipped
11-18 14:04:20.983 3455 3468 D oiface : forground package is com.oppo.launcher
11-18 14:04:20.983 2515 2515 D ColorLauncherAppTransitionManagerImpl: getClosingWindowAnimators: transPoint๏ผš PointF(283.05908, 662.9872), currentWindowRect = [283.05908,662.9872][796.9409,1666.5625]
11-18 14:04:20.983 1470 2005 D OppoDisplayPolicy: com.android.systemui, change system app cutoutMode: color always
11-18 14:04:20.993 2515 2515 D ColorLauncherAppTransitionManagerImpl: getClosingWindowAnimators: transPoint๏ผš PointF(306.6412, 718.2218), currentWindowRect = [306.6412,718.2218][773.35876,1605.4585]
11-18 14:04:20.999 2515 2515 D ColorLauncherAppTransitionManagerImpl: getClosingWindowAnimators: transPoint๏ผš PointF(328.86493, 770.2748), currentWindowRect = [328.86493,770.2748][751.1351,1547.8745]
11-18 14:04:21.001 1470 2005 E ORMS_Platform : OplusResourceManagerPlatformUtils: readFile function exception:/d/ged/hal/gpu_utilization: open failed: ENOENT (No such file or directory)
11-18 14:04:21.001 3455 3468 E oiface : get gpu freq table failed
11-18 14:04:21.008 2515 2515 D ColorLauncherAppTransitionManagerImpl: getClosingWindowAnimators: transPoint๏ผš PointF(345.2299, 808.6051), currentWindowRect = [345.2299,808.6051][734.77014,1505.471]
11-18 14:04:21.016 2515 2515 D ColorLauncherAppTransitionManagerImpl: getClosingWindowAnimators: transPoint๏ผš PointF(359.42734, 841.85864), currentWindowRect = [359.42734,841.85864][720.57263,1468.6838]
11-18 14:04:21.023 2785 30272 W CursorWindow: Window is full: requested allocation 72 bytes, free space 20 bytes, window size 2097152 bytes
11-18 14:04:21.024 2515 2515 D ColorLauncherAppTransitionManagerImpl: getClosingWindowAnimators: transPoint๏ผš PointF(371.26694, 869.5897), currentWindowRect = [371.26694,869.5897][708.73303,1438.0061]
11-18 14:04:21.033 2515 2515 D ColorLauncherAppTransitionManagerImpl: getClosingWindowAnimators: transPoint๏ผš PointF(382.79474, 896.5902), currentWindowRect = [382.79474,896.5902][697.20526,1408.1362]
11-18 14:04:21.041 2515 2515 D ColorLauncherAppTransitionManagerImpl: getClosingWindowAnimators: transPoint๏ผš PointF(391.87344, 917.8546), currentWindowRect = [391.87344,917.8546][688.1266,1384.6123]
11-18 14:04:21.049 2515 2515 D ColorLauncherAppTransitionManagerImpl: getClosingWindowAnimators: transPoint๏ผš PointF(399.4817, 935.6749), currentWindowRect = [399.4817,935.6749][680.5183,1364.8986]
11-18 14:04:21.051 5545 5548 E IHansComunication: HANS printMessageBody: RCVed message body: type = 0, port = 86870, caller_pid = 1470, caller_uid = 1000, target_pid = 14900, target_uid = 11365, pkg_cmd = -1
11-18 14:04:21.058 2515 2515 D ColorLauncherAppTransitionManagerImpl: getClosingWindowAnimators: transPoint๏ผš PointF(407.17426, 953.6926), currentWindowRect = [407.17426,953.6926][672.82574,1344.9663]
11-18 14:04:21.064 2069 2081 I ndroid.systemu: NativeAlloc concurrent copying GC freed 40151(1662KB) AllocSpace objects, 0(0B) LOS objects, 50% free, 19MB/38MB, paused 66us total 119.192ms
11-18 14:04:21.066 2515 2515 D ColorLauncherAppTransitionManagerImpl: getClosingWindowAnimators: transPoint๏ผš PointF(413.44745, 968.38574), currentWindowRect = [413.44745,968.38574][666.55255,1328.7117]
11-18 14:04:21.074 2515 2515 D ColorLauncherAppTransitionManagerImpl: getClosingWindowAnimators: transPoint๏ผš PointF(418.551, 980.3395), currentWindowRect = [418.551,980.3395][661.449,1315.4879]
11-18 14:04:21.075 2515 2515 E Launcher.ColorBubbleTextView: mForceHideDot is false
11-18 14:04:21.075 2515 2515 I chatty : uid=10062(com.oppo.launcher) identical 1 line
11-18 14:04:21.075 2515 2515 E Launcher.ColorBubbleTextView: mForceHideDot is false
11-18 14:04:21.083 2515 2515 D ColorLauncherAppTransitionManagerImpl: getClosingWindowAnimators: transPoint๏ผš PointF(423.96628, 993.0232), currentWindowRect = [423.96628,993.0232][656.0337,1301.4563]
11-18 14:04:21.091 2515 2515 D ColorLauncherAppTransitionManagerImpl: getClosingWindowAnimators: transPoint๏ผš PointF(428.01666, 1002.51013), currentWindowRect = [428.01666,1002.51013][651.98334,1290.9613]
11-18 14:04:21.099 2515 2515 D ColorLauncherAppTransitionManagerImpl: getClosingWindowAnimators: transPoint๏ผš PointF(431.76813, 1011.29675), currentWindowRect = [431.76813,1011.29675][648.2319,1281.2408]
11-18 14:04:21.108 2515 2515 D ColorLauncherAppTransitionManagerImpl: getClosingWindowAnimators: transPoint๏ผš PointF(435.2798, 1019.5221), currentWindowRect = [435.2798,1019.5221][644.7202,1272.1417]
11-18 14:04:21.116 2515 2515 D ColorLauncherAppTransitionManagerImpl: getClosingWindowAnimators: transPoint๏ผš PointF(438.16, 1026.2681), currentWindowRect = [438.16,1026.2681][641.83997,1264.6787]
11-18 14:04:21.124 2515 2515 D ColorLauncherAppTransitionManagerImpl: getClosingWindowAnimators: transPoint๏ผš PointF(440.45218, 1031.637), currentWindowRect = [440.45218,1031.637][639.54785,1258.7395]
11-18 14:04:21.133 2515 2515 D ColorLauncherAppTransitionManagerImpl: getClosingWindowAnimators: transPoint๏ผš PointF(442.9738, 1037.5431), currentWindowRect = [442.9738,1037.5431][637.02625,1252.2057]
11-18 14:04:21.141 2515 2515 D ColorLauncherAppTransitionManagerImpl: getClosingWindowAnimators: transPoint๏ผš PointF(444.5229, 1041.1714), currentWindowRect = [444.5229,1041.1714][635.4771,1248.1919]
11-18 14:04:21.149 2515 2515 D ColorLauncherAppTransitionManagerImpl: getClosingWindowAnimators: transPoint๏ผš PointF(446.07196, 1044.7996), currentWindowRect = [446.07196,1044.7996][633.92804,1244.178]
11-18 14:04:21.151 5545 5548 E IHansComunication: HANS printMessageBody: RCVed message body: type = 0, port = 86870, caller_pid = 1470, caller_uid = 1000, target_pid = 14900, target_uid = 11365, pkg_cmd = -1
11-18 14:04:21.152 1139 1251 D ULogGuard: Monitoring: 7 threads, 0 requests, 0 time-bombs; 1 guards. ResetFlags = 0x7
11-18 14:04:21.158 2515 2515 D ColorLauncherAppTransitionManagerImpl: getClosingWindowAnimators: transPoint๏ผš PointF(447.36652, 1047.8319), currentWindowRect = [447.36652,1047.8319][632.6335,1240.8236]
11-18 14:04:21.166 2515 2515 D ColorLauncherAppTransitionManagerImpl: getClosingWindowAnimators: transPoint๏ผš PointF(448.24756, 1049.8953), currentWindowRect = [448.24756,1049.8953][631.75244,1238.5408]
11-18 14:04:21.174 2515 2515 D ColorLauncherAppTransitionManagerImpl: getClosingWindowAnimators: transPoint๏ผš PointF(449.12857, 1051.9589), currentWindowRect = [449.12857,1051.9589][630.87146,1236.2579]
11-18 14:04:21.182 2515 2515 D ColorLauncherAppTransitionManagerImpl: getClosingWindowAnimators: transPoint๏ผš PointF(449.47803, 1052.7775), currentWindowRect = [449.47803,1052.7775][630.522,1235.3524]
11-18 14:04:21.191 2515 2515 D ColorLauncherAppTransitionManagerImpl: getClosingWindowAnimators: transPoint๏ผš PointF(449.75644, 1053.4294), currentWindowRect = [449.75644,1053.4294][630.2435,1234.6311]
11-18 14:04:21.199 2515 2515 D ColorLauncherAppTransitionManagerImpl: getClosingWindowAnimators: transPoint๏ผš PointF(450.0, 1054.0), currentWindowRect = [450.0,1054.0][630.0,1234.0]
11-18 14:04:21.200 1470 1838 V ColorZoomWindowManagerService: onAnimationFinished: r = ActivityRecord{92accb1 u0 com.android.settings/.applications.InstalledAppDetails t18210 f}}
11-18 14:04:21.200 1470 1838 I OplusMirageDisplayManagerService: onAnimationFinished:
11-18 14:04:21.200 1470 1838 V ColorZoomWindowManagerService: onAnimationFinished: r = ActivityRecord{e39e91 u0 com.oppo.launcher/.Launcher t2}
11-18 14:04:21.201 1470 1838 I ColorAppSwitchManagerService: handleAppVisible , r = ActivityRecord{e39e91 u0 com.oppo.launcher/.Launcher t2}
11-18 14:04:21.201 1470 1838 I OplusMirageDisplayManagerService: onAnimationFinished:
11-18 14:04:21.201 1470 2457 I ColorHansManager : unfreeze uid: 10071 package: com.redteamobile.roaming reason: F-direct scene: FastFreezerScene
11-18 14:04:21.201 1470 2457 I ColorHansManager : unfreeze uid: 10095 package: com.nearme.gamecenter reason: F-direct scene: FastFreezerScene
11-18 14:04:21.202 1470 2457 I ColorHansManager : unfreeze uid: 10177 package: com.heytap.health reason: F-direct scene: FastFreezerScene
11-18 14:04:21.202 1470 2457 I ColorHansManager : unfreeze uid: 11365 package: io.appium.uiautomator2.server reason: F-direct scene: FastFreezerScene
11-18 14:04:21.203 1470 2457 I ColorHansManager : unfreeze uid: 10494 package: com.alibaba.android.rimet reason: F-direct scene: FastFreezerScene
11-18 14:04:21.203 1470 2457 I ColorHansManager : exit fastfreezer, reason:F-direct
11-18 14:04:21.203 1470 2457 D OppoBasePowerManagerService: do restore jobs
11-18 14:04:21.204 1470 2461 I ColorHansManager : stateRToFFreeze--imporant case: pkgName: io.appium.uiautomator2.server, reason: lastResumeProtect
11-18 14:04:21.205 1470 2461 I ColorHansManager : stateRToFFreeze--imporant case: pkgName: com.alibaba.android.rimet, reason: lastResumeProtect
11-18 14:04:21.207 841 841 E Layer : [Surface(name=Task=18210)/@0x119d785 - animation-leash#0] No local sync point found
11-18 14:04:21.207 841 841 E Layer : [Surface(name=Task=2)/@0x56cae47 - animation-leash#0] No local sync point found
11-18 14:04:21.210 20726 18198 I RemoteGuardClient.DWB.ActivityMonitor: onForegroundActivitiesChanged 13683,1000,foreground false pkg= android.uid.system:1000
11-18 14:04:21.211 20726 20763 I RemoteGuardClient.DWB.ActivityMonitor: topActivities = []
11-18 14:04:21.213 841 900 I BufferQueueProducer: [com.android.settings/com.android.settings.applications.InstalledAppDetails#0](id:349000020bf,api:1,p:13683,c:841) disconnect(): api=1
11-18 14:04:21.220 13683 13710 D OpenGLRenderer: endAllActiveAnimators on 0xb4000076b59d7f00 (RippleDrawable) with handle 0xb400007746a2d6c0
11-18 14:04:21.229 13683 13683 V PhoneWindow: DecorView setVisiblity: visibility = 4, Parent = android.view.ViewRootImpl@b83e19b, this = DecorView@fc1fc7f[InstalledAppDetails]
11-18 14:04:21.238 1470 1888 D IAtlas : IAtlas::init CallingPid 1470
11-18 14:04:21.238 1470 1888 D IAtlas : IAtlas::init this 0xb4000076c2dd12a0
11-18 14:04:21.238 1107 12851 E MMListParser: open file /proc/1470/cmdline err 13
11-18 14:04:21.238 1470 1888 I BpBinder: onLastStrongRef automatically unlinking death recipients:
11-18 14:04:21.238 1470 1888 D system_server: ##Make: options.fQuality:95,quality:95,encoderMgr->imageprocessing_flag:0
11-18 14:04:21.236 1107 1107 W Binder:1107_3: type=1400 audit(0.0:564169): avc: denied { search } for name="1470" dev="proc" ino=23538 scontext=u:r:atlasservice:s0 tcontext=u:r:system_server:s0 tclass=dir permissive=0
11-18 14:04:21.239 1470 1888 D system_server: Resolution: 1080 x 2400; FLAG:0
11-18 14:04:21.240 13683 13683 D View : [Warning] assignParent to null: this = DecorView@fc1fc7f[InstalledAppDetails]
11-18 14:04:21.242 13683 13683 I InputTransport: Destroy ARC handle: 0xb400007746ae85a0
11-18 14:04:21.203 1470 2457 I chatty : uid=1000(system) HansManagerHand identical 1 line
11-18 14:04:21.203 1470 2457 D OppoBasePowerManagerService: do restore jobs
11-18 14:04:21.243 1470 4264 D WindowManager: removeChild,stack:Task{37d4596 #18210 visible=true type=standard mode=fullscreen translucent=true A=1000:.applications.InstalledAppDetailsTop U=0 StackId=18210 sz=0}
11-18 14:04:21.243 1470 4264 D WindowManager: java.lang.Throwable
11-18 14:04:21.243 1470 4264 D WindowManager: at com.android.server.wm.TaskDisplayArea.removeChild(TaskDisplayArea.java:366)
11-18 14:04:21.243 1470 4264 D WindowManager: at com.android.server.wm.TaskDisplayArea.removeChild(TaskDisplayArea.java:102)
11-18 14:04:21.243 1470 4264 D WindowManager: at com.android.server.wm.WindowContainer.removeImmediately(WindowContainer.java:629)
11-18 14:04:21.243 1470 4264 D WindowManager: at com.android.server.wm.Task.removeImmediately(Task.java:2932)
11-18 14:04:21.243 1470 4264 D WindowManager: at com.android.server.wm.Task.removeIfPossible(Task.java:682)
11-18 14:04:21.243 1470 4264 D WindowManager: at com.android.server.wm.Task.removeChild(Task.java:1559)
11-18 14:04:21.243 1470 4264 D WindowManager: at com.android.server.wm.Task.removeChild(Task.java:1497)
11-18 14:04:21.243 1470 4264 D WindowManager: at com.android.server.wm.WindowContainer.removeImmediately(WindowContainer.java:629)
11-18 14:04:21.243 1470 4264 D WindowManager: at com.android.server.wm.WindowToken.removeImmediately(WindowToken.java:402)
11-18 14:04:21.243 1470 4264 D WindowManager: at com.android.server.wm.ActivityRecord.removeImmediately(ActivityRecord.java:3403)
11-18 14:04:21.243 1470 4264 D WindowManager: at com.android.server.wm.ActivityRecord.removeIfPossible(ActivityRecord.java:3410)
11-18 14:04:21.243 1470 4264 D WindowManager: at com.android.server.wm.ActivityRecord.onRemovedFromDisplay(ActivityRecord.java:3495)
11-18 14:04:21.243 1470 4264 D WindowManager: at com.android.server.wm.DisplayContent.removeAppToken(DisplayContent.java:1296)
11-18 14:04:21.243 1470 4264 D WindowManager: at com.android.server.wm.ActivityRecord.removeAppTokenFromDisplay(ActivityRecord.java:2167)
11-18 14:04:21.243 1470 4264 D WindowManager: at com.android.server.wm.ActivityRecord.removeFromHistory(ActivityRecord.java:3195)
11-18 14:04:21.243 1470 4264 D WindowManager: at com.android.server.wm.ActivityRecord.destroyed(ActivityRecord.java:3238)
11-18 14:04:21.243 1470 4264 D WindowManager: at com.android.server.wm.ActivityTaskManagerService.activityDestroyed(ActivityTaskManagerService.java:2090)
11-18 14:04:21.243 1470 4264 D WindowManager: at android.app.IActivityTaskManager$Stub.onTransact(IActivityTaskManager.java:1995)
11-18 14:04:21.243 1470 4264 D WindowManager: at com.android.server.wm.OppoActivityTaskManagerService.onTransact(OppoActivityTaskManagerService.java:174)
11-18 14:04:21.243 1470 4264 D WindowManager: at android.os.Binder.execTransactInternal(Binder.java:1166)
11-18 14:04:21.243 1470 4264 D WindowManager: at android.os.Binder.execTransact(Binder.java:1130)
11-18 14:04:21.245 1470 4264 D ColorAppListInterceptManager: shouldFilterTask
11-18 14:04:21.245 1470 4264 D ColorAppListInterceptManager: shouldFilterTask::packageName = com.android.settings
11-18 14:04:21.245 1470 4264 D ColorAppListInterceptManager: shouldFilterTask
11-18 14:04:21.245 1470 4264 D ColorAppListInterceptManager: shouldFilterTask::packageName = com.coloros.gallery3d
11-18 14:04:21.246 1470 4264 D ColorAppListInterceptManager: shouldFilterTask
11-18 14:04:21.246 1470 4264 D ColorAppListInterceptManager: shouldFilterTask::packageName = com.android.settings
11-18 14:04:21.246 1470 4264 D ColorAppListInterceptManager: shouldFilterTask
11-18 14:04:21.246 1470 4264 D ColorAppListInterceptManager: shouldFilterTask::packageName = com.coloros.gallery3d
11-18 14:04:21.248 841 841 D OppoExLayer: ~Layer() sequence=61719, name=Task=18210#0@0xb4000073294db000
11-18 14:04:21.248 841 841 D OppoExLayer: ~Layer() sequence=61720, name=ActivityRecord{92accb1 u0 com.android.settings/.applications.InstalledAppDetails#0@0xb400007329460000
11-18 14:04:21.248 841 841 D OppoExLayer: ~Layer() sequence=61727, name=f0ad280 com.android.settings/com.android.settings.applications.InstalledAppDetails#0@0xb400007336113000
11-18 14:04:21.249 841 841 I BufferQueueConsumer: [com.android.settings/com.android.settings.applications.InstalledAppDetails#0](id:349000020bf,api:0,p:-1,c:841) disconnect()
11-18 14:04:21.249 841 841 I BufferQueue: [com.android.settings/com.android.settings.applications.InstalledAppDetails#0](this:0xb40000734895ce58,id:8383,api:1,p:-1,c:-1) onDestructor()
11-18 14:04:21.249 841 841 D OppoExLayer: ~Layer() sequence=61760, name=com.android.settings/com.android.settings.applications.InstalledAppDetails#0@0xb4000073360b2000
11-18 14:04:21.249 1470 4264 I InputDispatcher: Window went away: com.android.settings/com.android.settings.applications.InstalledAppDetails#0
11-18 14:04:21.270 1470 1888 W Bitmap : Called getWidth() on a recycle()'d bitmap! This is undefined behavior!
11-18 14:04:21.270 1470 1888 W Bitmap : Called getHeight() on a recycle()'d bitmap! This is undefined behavior!
11-18 14:04:21.281 1470 1888 D IAtlas : IAtlas::init CallingPid 1470
11-18 14:04:21.281 1470 1888 D IAtlas : IAtlas::init this 0xb4000076c2dd12a0
11-18 14:04:21.281 1107 12851 E MMListParser: open file /proc/1470/cmdline err 13
11-18 14:04:21.281 1470 1888 I BpBinder: onLastStrongRef automatically unlinking death recipients:
11-18 14:04:21.281 1470 1888 D system_server: ##Make: options.fQuality:95,quality:95,encoderMgr->imageprocessing_flag:0
11-18 14:04:21.276 1107 1107 W Binder:1107_3: type=1400 audit(0.0:564170): avc: denied { search } for name="1470" dev="proc" ino=23538 scontext=u:r:atlasservice:s0 tcontext=u:r:system_server:s0 tclass=dir permissive=0
11-18 14:04:21.281 1470 1888 D system_server: Resolution: 540 x 1200; FLAG:0
11-18 14:04:21.482 1470 1829 I mtkpower_client: perf_lock_rel, hdl:40361, tid:1829
11-18 14:04:21.482 1470 1829 I mtkpower_client: perf_lock_acq, hdl:40361, dur:0, num:4, tid:1829
11-18 14:04:21.483 809 875 I libPowerHal: [perfLockRel] hdl:40361, idx:0
11-18 14:04:21.483 809 875 I libPowerHal: [PD] scn:0 hdl:40361 lock_user:system_server pid:1470 tid:1829 dur:0
11-18 14:04:21.483 809 875 I libPowerHal: system_server: cpu_ctrl set cpu freq: -1 -1 -1 -1
11-18 14:04:21.483 809 875 I libPowerHal: [PD] system_server update cmd:1c3c000, param:1
11-18 14:04:21.483 809 875 I libPowerHal: [PD] system_server update cmd:10000100 param:2
11-18 14:04:21.484 1470 1829 I mtkpower_client: ret_hdl:40363
11-18 14:04:21.484 809 875 I libPowerHal: [perfLockAcq] idx:0 hdl:40363 hint:-1 pid:1470 duration:0 => ret_hdl:40363
11-18 14:04:21.484 809 875 I libPowerHal: [PE] scn:0 hdl:40363 lock_user:system_server pid:1470 tid:1829 dur:0
11-18 14:04:21.484 809 875 I libPowerHal: [PE] system_server update cmd:10000100, param:2
11-18 14:04:21.514 1470 2461 I ColorHansManager : stateRToFFreeze--imporant case: pkgName: io.appium.uiautomator2.server, reason: lastResumeProtect
11-18 14:04:21.786 1470 2461 I ColorHansManager : stateRToFFreeze--imporant case: pkgName: com.sohu.inputmethod.sogou, reason: input
11-18 14:04:22.000 863 878 D ccci_mdinit: (1):monitor_time_update_thread round:14176 ########
11-18 14:04:22.565 20949 20997 D HoraeHelper: getAllShellTemps tSize : 4
11-18 14:04:22.875 1470 2591 I ColorGameSpaceManager: in handleApplicationSwitchInner ---- gamemode = 0 ----mModeStatus = 0
11-18 14:04:22.566 20949 20997 D HoraeHelper: getAllShellTemps tSize : 4
11-18 14:04:22.890 2515 2862 D Launcher.: panicValue = false
11-18 14:04:22.894 3812 5370 I Athena : MemoryGuardAction: triggerMemory:2400MB, availMemory:3886MB
11-18 14:04:22.903 1470 1591 V AppStateTracker: Package com.jlpay.merch/11378 toggled into fg service restriction
11-18 14:04:22.903 1470 1591 I chatty : uid=1000(system) android.fg identical 1 line
11-18 14:04:22.903 1470 1591 V AppStateTracker: Package com.jlpay.merch/11378 toggled into fg service restriction
11-18 14:04:22.906 1470 2473 D CompatibilityChangeReporter: Compat change id reported: 135634846; UID 11378; state: DISABLED
11-18 14:04:22.907 1470 2473 D CompatibilityChangeReporter: Compat change id reported: 135754954; UID 11378; state: ENABLED
11-18 14:04:22.908 1470 1609 D CompatibilityChangeReporter: Compat change id reported: 143937733; UID 11378; state: ENABLED
11-18 14:04:22.923 745 745 D Zygote : Forked child process 15549
11-18 14:04:22.925 1470 1609 I ActivityManager: Start proc 15549:com.jlpay.merch/u0a1378 for next_app {com.jlpay.merch/com.jlpay.merch.ui.start.SplashActivity}
11-18 14:04:22.925 1470 1609 W ContextImpl: Calling a method in the system process without a qualified user: android.app.ContextImpl.sendBroadcast:1143 com.android.server.am.OplusAppStartupConfig.sendAbnormalNotify:1233 com.android.server.am.OplusAppStartupConfig.notifyAbnormalInfo:1166 com.android.server.am.ColorAppStartupManager.handleStartAppInfo:4779 com.android.server.am.ProcessList.handleProcessStartedLocked:2801
11-18 14:04:22.934 15549 15549 I com.jlpay.merc: Late-enabling -Xcheck:jni
11-18 14:04:22.940 809 875 I mtkpower@impl: [powerd_req] TIMER_MSG_PERF_LOCK_TIMEOUT hdl:40362
11-18 14:04:22.940 809 875 I libPowerHal: [perfLockRel] hdl:40362, idx:1
11-18 14:04:22.940 809 875 I libPowerHal: [PD] scn:1 hdl:40362 hint:30 comm:mtkpower@1.0-se pid:809
11-18 14:04:22.940 809 875 I libPowerHal: [PD] MTKPOWER_HINT_EXT_LAUNCH update cmd:1000000, param:-1
11-18 14:04:22.941 809 875 I libPowerHal: [PD] MTKPOWER_HINT_EXT_LAUNCH update cmd:2020000 param:1
11-18 14:04:22.941 809 875 I libPowerHal: [PD] MTKPOWER_HINT_EXT_LAUNCH update cmd:1408300 param:0
11-18 14:04:22.943 809 875 I libPowerHal: [PD] MTKPOWER_HINT_EXT_LAUNCH update cmd:1000000 param:-1
11-18 14:04:22.964 15549 15549 I com.jlpay.merc: Unquickening 23 vdex files!
11-18 14:04:22.964 15549 15549 E com.jlpay.merc: Unknown bits set in runtime_flags: 0x40000000
11-18 14:04:22.973 31612 31617 I adbd : jdwp connection from 15549
11-18 14:04:22.983 15549 15549 E RefClass: java.lang.reflect.InvocationTargetException
11-18 14:04:22.983 15549 15549 I OneTrace: Mark active for pid=15549? true
11-18 14:04:22.987 1470 4252 V ActivityManager: New death recipient com.android.server.am.ActivityManagerService$AppDeathRecipient@f61594f for thread android.os.BinderProxy@7c348dc
11-18 14:04:22.996 1470 1592 D OplusAppBwCore: onUidImportance: 11378, 300
11-18 14:04:23.010 15549 15549 I oplus.android.OplusFrameworkFactoryImpl: get feature:IOplusScreenModeFeature
11-18 14:04:23.010 15549 15549 I oplus.android.OplusFrameworkFactoryImpl: getOplusScreenModeFeature
11-18 14:04:23.027 15549 15549 W ActivityThread: Application com.jlpay.merch can be debugged on port 8100...
11-18 14:04:23.033 15549 15549 I com.jlpay.merc: The ClassLoaderContext is a special shared library.
11-18 14:04:23.276 1142 1142 I thermal_repeater: [recvMdThermalInfo] ret=35, strLen=127, 0, 32767, -127, 9947, 32767, 10838
11-18 14:04:23.524 2467 2467 E OplusNecManagerHelper: com.oplus.nec.OplusNecManager.notifyOrigSignalStrengthChanged [class android.telephony.SignalStrength, int]
11-18 14:04:24.072 1470 2461 I ColorHansManager : stateRToFFreeze--imporant case: pkgName: io.appium.uiautomator2.server, reason: lastResumeProtect
11-18 14:04:24.153 1139 1251 D ULogGuard: Monitoring: 7 threads, 0 requests, 0 time-bombs; 1 guards. ResetFlags = 0x7
11-18 14:04:24.222 841 841 D OppoExSurfaceFlinger: hecate traverse disp:43,com.android.systemui.ImageWallpaper#0,5
11-18 14:04:24.223 841 841 D OppoExSurfaceFlinger: hecate traverse disp:61769,com.oppo.launcher/com.oppo.launcher.Launcher#0,32
11-18 14:04:24.223 841 841 D OppoExSurfaceFlinger: hecate traverse disp:43,com.android.systemui.ImageWallpaper#0,5
11-18 14:04:24.223 841 841 D OppoExSurfaceFlinger: hecate traverse disp:61769,com.oppo.launcher/com.oppo.launcher.Launcher#0,32
11-18 14:04:24.235 841 1224 D OppoExSurfaceFlinger: hecate pixels[0,0]=0xffef3525
11-18 14:04:24.627 15549 15549 D NetworkSecurityConfig: Using Network Security Config from resource network_security_config debugBuild: true
11-18 14:04:24.632 15549 15549 D NetworkSecurityConfig: Using Network Security Config from resource network_security_config debugBuild: true
11-18 14:04:24.640 15549 15549 D Tinker.TinkerLoader: tryLoad test test
11-18 14:04:24.647 15549 15549 W Tinker.TinkerLoader: tryLoadPatchFiles:patch dir not exist:/data/user/0/com.jlpay.merch/tinker
11-18 14:04:24.654 15549 15549 D Tinker.DefaultAppLike: onBaseContextAttached:
11-18 14:04:24.657 15549 15549 I MultiDex: VM with version 2.1.0 has multidex support
11-18 14:04:24.657 15549 15549 I MultiDex: Installing application
11-18 14:04:24.657 15549 15549 I MultiDex: VM has multidex support, MultiDex support library is disabled.
11-18 14:04:24.694 15549 15549 I Tinker.TinkerPatchListener: application maxMemory:384
11-18 14:04:24.700 15549 15549 W Tinker.Tinker: tinker patch directory: /data/user/0/com.jlpay.merch/tinker
11-18 14:04:24.704 15549 15549 I Tinker.Tinker: try to install tinker, isEnable: true, version: 1.9.14.7
11-18 14:04:24.706 15549 15549 I Tinker.TinkerLoadResult: parseTinkerResult loadCode:-2, process name:com.jlpay.merch, main process:true, systemOTA:false, fingerPrint:OPPO/PDKM00/OP4ABB:11/RP1A.200720.011/1629909164040:user/release-keys, oatDir:null, useInterpretMode:false
11-18 14:04:24.706 15549 15549 W Tinker.TinkerLoadResult: can't find patch file, is ok, just return
11-18 14:04:24.707 15549 15549 I Tinker.DefaultLoadReporter: patch loadReporter onLoadResult: patch load result, path:/data/user/0/com.jlpay.merch/tinker, code: -2, cost: 9ms
11-18 14:04:24.707 15549 15549 W Tinker.Tinker: tinker load fail!
11-18 14:04:24.724 15549 15549 W HMSSDK_PushPreferences: get new sharedPreferences failed,start to get from context.
11-18 14:04:24.746 15549 15549 E MLInitializerProvider: MLInitializerProvider Done
11-18 14:04:24.789 15549 15577 E HMSSDK_HMSPackageManager: Failed to find HMS apk
11-18 14:04:24.838 15549 15549 I AGConnectProvider: AGConnectInitializeProvider#onCreate
11-18 14:04:24.839 15549 15549 I AGConnectInstance: AGConnectInstance#initialize
11-18 14:04:24.846 15549 15549 I ServiceRegistrarParser: getServices
11-18 14:04:24.848 15549 15549 I ServiceRegistrarParser: services:0
11-18 14:04:24.964 1470 1823 D JobScheduler.Temperature: get temperature=30.904
11-18 14:04:25.076 15549 15549 W com.jlpay.merc: Accessing hidden method Landroid/view/WindowManagerGlobal;->getInstance()Landroid/view/WindowManagerGlobal; (greylist, reflection, allowed)
11-18 14:04:25.076 15549 15549 W com.jlpay.merc: Accessing hidden field Landroid/view/WindowManagerGlobal;->mViews:Ljava/util/ArrayList; (greylist, reflection, allowed)
11-18 14:04:25.077 15549 15549 W com.jlpay.merc: Accessing hidden field Landroid/app/ActivityThread;->mH:Landroid/app/ActivityThread$H; (greylist, reflection, allowed)
11-18 14:04:25.078 15549 15549 W com.jlpay.merc: Accessing hidden method Landroid/app/ActivityThread;->currentActivityThread()Landroid/app/ActivityThread; (greylist, reflection, allowed)
11-18 14:04:25.078 15549 15549 W com.jlpay.merc: Accessing hidden field Landroid/os/Handler;->mCallback:Landroid/os/Handler$Callback; (greylist, reflection, allowed)
11-18 14:04:25.079 15549 15549 W com.jlpay.merc: Accessing hidden field Landroid/util/Singleton;->mInstance:Ljava/lang/Object; (greylist, reflection, allowed)
11-18 14:04:25.080 15549 15549 W com.jlpay.merc: Accessing hidden method Landroid/util/Singleton;->get()Ljava/lang/Object; (greylist, reflection, allowed)
11-18 14:04:25.080 15549 15549 W com.jlpay.merc: Accessing hidden field Landroid/app/ActivityManager;->IActivityManagerSingleton:Landroid/util/Singleton; (greylist, reflection, allowed)
11-18 14:04:25.113 15549 15549 D Tinker.DefaultAppLike: onCreate
11-18 14:04:25.169 3651 29257 E MediaProvider: Creating a non-default top level directory or deleting an existing one is not allowed!
11-18 14:04:25.172 3651 21937 E MediaProvider: Creating a non-default top level directory or deleting an existing one is not allowed!
11-18 14:04:25.179 3651 21932 E MediaProvider: Creating a non-default top level directory or deleting an existing one is not allowed!
11-18 14:04:25.181 3651 21847 E MediaProvider: Creating a non-default top level directory or deleting an existing one is not allowed!
11-18 14:04:25.211 15549 15549 I greenDAO: Creating tables for schema version 4
11-18 14:04:25.238 15549 15549 I MMKV : current API level = 30
11-18 14:04:25.238 15549 15549 I MMKV : version v1.2.5 page size:4096
11-18 14:04:25.239 15549 15549 I MMKV : armv8 AES instructions is supported
11-18 14:04:25.239 15549 15549 I MMKV : armv8 CRC32 instructions is supported
11-18 14:04:25.239 15549 15549 I MMKV : root dir: /data/user/0/com.jlpay.merch/files/mmkv
11-18 14:04:25.245 15549 15549 I PRETTY_LOGGER: โ”Œโ”€โ”€โ”€โ”€โ”€โ”€โ”€โ”€โ”€โ”€โ”€โ”€โ”€โ”€โ”€โ”€โ”€โ”€โ”€โ”€โ”€โ”€โ”€โ”€โ”€โ”€โ”€โ”€โ”€โ”€โ”€โ”€โ”€โ”€โ”€โ”€โ”€โ”€โ”€โ”€โ”€โ”€โ”€โ”€โ”€โ”€โ”€โ”€โ”€โ”€โ”€โ”€โ”€โ”€โ”€โ”€โ”€โ”€โ”€โ”€โ”€โ”€โ”€โ”€โ”€โ”€โ”€โ”€โ”€โ”€โ”€โ”€โ”€โ”€โ”€โ”€โ”€โ”€โ”€โ”€โ”€โ”€โ”€โ”€โ”€โ”€โ”€โ”€โ”€โ”€โ”€โ”€โ”€โ”€โ”€โ”€โ”€โ”€โ”€โ”€โ”€โ”€โ”€โ”€โ”€โ”€โ”€โ”€โ”€โ”€โ”€โ”€
11-18 14:04:25.246 15549 15549 I PRETTY_LOGGER: โ”‚ LogUtils.i (LogUtils.java:27)
11-18 14:04:25.246 15549 15549 I PRETTY_LOGGER: โ”‚ LogUtils.i (LogUtils.java:21)
11-18 14:04:25.246 15549 15549 I PRETTY_LOGGER: โ”œโ”„โ”„โ”„โ”„โ”„โ”„โ”„โ”„โ”„โ”„โ”„โ”„โ”„โ”„โ”„โ”„โ”„โ”„โ”„โ”„โ”„โ”„โ”„โ”„โ”„โ”„โ”„โ”„โ”„โ”„โ”„โ”„โ”„โ”„โ”„โ”„โ”„โ”„โ”„โ”„โ”„โ”„โ”„โ”„โ”„โ”„โ”„โ”„โ”„โ”„โ”„โ”„โ”„โ”„โ”„โ”„โ”„โ”„โ”„โ”„โ”„โ”„โ”„โ”„โ”„โ”„โ”„โ”„โ”„โ”„โ”„โ”„โ”„โ”„โ”„โ”„โ”„โ”„โ”„โ”„โ”„โ”„โ”„โ”„โ”„โ”„โ”„โ”„โ”„โ”„โ”„โ”„โ”„โ”„โ”„โ”„โ”„โ”„โ”„โ”„โ”„โ”„โ”„โ”„โ”„โ”„โ”„โ”„โ”„โ”„โ”„โ”„
11-18 14:04:25.246 15549 15549 I PRETTY_LOGGER: โ”‚ app ==> JLPayApplication onCreate
11-18 14:04:25.246 15549 15549 I PRETTY_LOGGER: โ””โ”€โ”€โ”€โ”€โ”€โ”€โ”€โ”€โ”€โ”€โ”€โ”€โ”€โ”€โ”€โ”€โ”€โ”€โ”€โ”€โ”€โ”€โ”€โ”€โ”€โ”€โ”€โ”€โ”€โ”€โ”€โ”€โ”€โ”€โ”€โ”€โ”€โ”€โ”€โ”€โ”€โ”€โ”€โ”€โ”€โ”€โ”€โ”€โ”€โ”€โ”€โ”€โ”€โ”€โ”€โ”€โ”€โ”€โ”€โ”€โ”€โ”€โ”€โ”€โ”€โ”€โ”€โ”€โ”€โ”€โ”€โ”€โ”€โ”€โ”€โ”€โ”€โ”€โ”€โ”€โ”€โ”€โ”€โ”€โ”€โ”€โ”€โ”€โ”€โ”€โ”€โ”€โ”€โ”€โ”€โ”€โ”€โ”€โ”€โ”€โ”€โ”€โ”€โ”€โ”€โ”€โ”€โ”€โ”€โ”€โ”€โ”€
11-18 14:04:25.259 15549 15549 E ANR_LOG : >>> msg's executing time is too long
11-18 14:04:25.259 15549 15549 E ANR_LOG : Blocked msg = { when=-2s251ms what=110 target=android.app.ActivityThread$H obj=AppBindData{appInfo=ApplicationInfo{7f338d9 com.jlpay.merch}} } , cost = 2249 ms
11-18 14:04:25.259 15549 15549 E ANR_LOG : >>>Current msg List is:
11-18 14:04:25.260 1470 2473 I ColorHansManager : freeze uid: 11378 package: com.jlpay.merch reason: preload scene: PreloadFreezerScene
11-18 14:04:25.260 1470 2473 I ColorHansManager : uid=11378 allow=false netrestore=0 scenes=0
11-18 14:04:25.261 1470 1927 D OppoNwPowerService: Hans update:[11378=true][0|0] blackList:[11277, 11378]
11-18 14:04:26.100 1470 2461 I ColorHansManager : stateRToFFreeze--imporant case: pkgName: io.appium.uiautomator2.server, reason: lastResumeProtect
11-18 14:04:26.739 1470 1629 D BatteryLed: getLightInColorState, oppoLightMgr empty!
11-18 14:04:27.030 1135 1163 W AString : ctor got NULL, using empty string instead
11-18 14:04:27.031 1135 1163 I SensorSavedChannel: [-1372,-1800,31,27686,58351,12155]==>gyro_temp.json
11-18 14:04:27.031 1135 1163 W AString : ctor got NULL, using empty string instead
11-18 14:04:27.031 1135 1163 I SensorSavedChannel: [-1607,186,1307]==>gyro_bias.json
11-18 14:04:27.156 1139 1251 D ULogGuard: Monitoring: 7 threads, 0 requests, 0 time-bombs; 1 guards. ResetFlags = 0x7
11-18 14:04:27.264 5545 5545 D IHansComunication: HansComunication::configCheckedUid-- 11378, type = 0
11-18 14:04:27.265 5545 5545 D IHansComunication: HANS sendMessageToKernel: threadId = 516016815296, netLinkSetup = 1, type = FROZEN_TRANS, targetUid = 11378, pkgCmd = PKG_CMD_MAX
11-18 14:04:27.473 20949 20992 D HoraeHelper: getAllShellTemps tSize : 4
11-18 14:04:27.474 20949 20992 D HoraeHelper: getAllShellTemps tSize : 4
11-18 14:04:27.475 20949 20992 D HoraeHelper: Thermal length:1
11-18 14:04:27.482 20949 20992 D HoraeHelper: Thermal length:1
11-18 14:04:27.756 841 900 I BufferQueueProducer: [StatusBar#0](this:0xb400007334a18a58,id:7,api:1,p:2069,c:841) queueBuffer: fps=2.20 dur=6806.18 max=6685.04 min=2.71
11-18 14:04:27.844 841 841 I BufferQueueProducer: [FramebufferSurface](this:0xb400007348832ed0,id:-1,api:1,p:841,c:841) queueBuffer: fps=1.89 dur=6875.58 max=5975.48 min=6.78
11-18 14:04:29.217 1470 1470 W WindowManager: removeWindowToken: Attempted to remove non-existing token: android.os.Binder@79996fe
11-18 14:04:30.160 1139 1251 D ULogGuard: Monitoring: 7 threads, 0 requests, 0 time-bombs; 1 guards. ResetFlags = 0x7
11-18 14:04:30.928 22083 22083 W CrashSDKBkgdHan: type=1400 audit(0.0:564171): avc: denied { read } for name="loadavg" dev="proc" ino=4026532352 scontext=u:r:untrusted_app_27:s0:c512,c768 tcontext=u:object_r:proc_loadavg:s0 tclass=file permissive=0
11-18 14:04:30.952 22311 22311 W CrashSDKBkgdHan: type=1400 audit(0.0:564172): avc: denied { read } for name="loadavg" dev="proc" ino=4026532352 scontext=u:r:untrusted_app_27:s0:c512,c768 tcontext=u:object_r:proc_loadavg:s0 tclass=file permissive=0 app=com.alibaba.android.rimet
11-18 14:04:31.036 1470 4264 W ActivityManager: Unable to start service Intent { act=com.tencent.tpns.mqttchannel.FEEDBACK pkg=com.sohu.inputmethod.sogou } U=0: not found
11-18 14:04:31.043 31641 31751 I TPush : [XGVipPushService] heartBeat
11-18 14:04:31.069 31641 31751 I TPush : [ServiceUtil] disable pull up other app
11-18 14:04:32.566 20949 21001 D HoraeHelper: getAllShellTemps tSize : 4
11-18 14:04:32.577 1470 1629 D BatteryLed: getLightInColorState, oppoLightMgr empty!
11-18 14:04:32.573 20949 21001 D HoraeHelper: getAllShellTemps tSize : 4
11-18 14:04:33.079 1470 1481 I system_server: Background young concurrent copying GC freed 173035(9738KB) AllocSpace objects, 285(11MB) LOS objects, 27% free, 55MB/76MB, paused 387us total 143ms
11-18 14:04:33.163 1139 1251 D ULogGuard: Monitoring: 7 threads, 0 requests, 0 time-bombs; 1 guards. ResetFlags = 0x7
11-18 14:04:33.163 1135 1163 W AString : ctor got NULL, using empty string instead
11-18 14:04:33.163 1135 1163 I SensorSavedChannel: [-973,-1620,423,15610,52907,291]==>gyro_temp.json
11-18 14:04:33.164 1135 1163 W AString : ctor got NULL, using empty string instead
11-18 14:04:33.164 1135 1163 I SensorSavedChannel: [-1552,215,1362]==>gyro_bias.json
11-18 14:04:33.292 1142 1142 I thermal_repeater: [recvMdThermalInfo] ret=32, strLen=127, 0, 32767, -127, 0, 32767, 10838
11-18 14:04:33.768 2467 2467 E OplusNecManagerHelper: com.oplus.nec.OplusNecManager.notifyOrigSignalStrengthChanged [class android.telephony.SignalStrength, int]
11-18 14:04:33.774 841 3662 I BufferQueueProducer: [StatusBar#0](this:0xb400007334a18a58,id:7,api:1,p:2069,c:841) queueBuffer: fps=0.17 dur=6018.01 max=6018.01 min=6018.01
11-18 14:04:33.855 841 841 I BufferQueueProducer: [FramebufferSurface](this:0xb400007348832ed0,id:-1,api:1,p:841,c:841) queueBuffer: fps=0.17 dur=6011.02 max=6011.02 min=6011.02
11-18 14:04:34.977 1470 1823 D JobScheduler.Temperature: get temperature=31.176
11-18 14:04:36.164 1139 1251 D ULogGuard: Monitoring: 7 threads, 0 requests, 0 time-bombs; 1 guards. ResetFlags = 0x7
11-18 14:04:36.744 3812 5370 I Athena : MemoryGuardAction: 425629s since the last releasing, try to force trigger
11-18 14:04:36.745 3812 5370 I Athena : MemoryGuardAction: triggerMemory:2400MB, availMemory:3856MB
11-18 14:04:36.789 841 900 I BufferQueueProducer: [StatusBar#0](this:0xb400007334a18a58,id:7,api:1,p:2069,c:841) queueBuffer: fps=0.33 dur=3015.47 max=3015.47 min=3015.47
11-18 14:04:36.876 841 841 I BufferQueueProducer: [FramebufferSurface](this:0xb400007348832ed0,id:-1,api:1,p:841,c:841) queueBuffer: fps=0.33 dur=3021.10 max=3021.10 min=3021.10
11-18 14:04:37.474 20949 20997 D HoraeHelper: getAllShellTemps tSize : 4
11-18 14:04:37.475 20949 20997 D HoraeHelper: getAllShellTemps tSize : 4
11-18 14:04:37.476 20949 20997 D HoraeHelper: Thermal length:1
11-18 14:04:37.811 1470 4252 E AppOps : noteOperation
11-18 14:04:37.811 1470 4252 E AppOps : java.lang.SecurityException: Specified package com.android.phone under uid 10159 but it is really 1001
11-18 14:04:37.811 1470 4252 E AppOps : at com.android.server.appop.AppOpsService.verifyAndGetBypass(AppOpsService.java:3966)
11-18 14:04:37.811 1470 4252 E AppOps : at com.android.server.appop.AppOpsService.noteOperationUnchecked(AppOpsService.java:3106)
11-18 14:04:37.811 1470 4252 E AppOps : at com.android.server.appop.AppOpsService.noteOperationImpl(AppOpsService.java:3094)
11-18 14:04:37.811 1470 4252 E AppOps : at com.android.server.appop.AppOpsService.noteOperation(AppOpsService.java:3077)
11-18 14:04:37.811 1470 4252 E AppOps : at com.android.internal.app.IAppOpsService$Stub.onTransact(IAppOpsService.java:447)
11-18 14:04:37.811 1470 4252 E AppOps : at android.os.Binder.execTransactInternal(Binder.java:1166)
11-18 14:04:37.811 1470 4252 E AppOps : at android.os.Binder.execTransact(Binder.java:1130)
11-18 14:04:38.461 1470 1629 D BatteryLed: getLightInColorState, oppoLightMgr empty!
11-18 14:04:37.483 20949 20997 D HoraeHelper: Thermal length:1
11-18 14:04:38.588 14900 15592 I appium : channel read: DELETE /wd/hub/session/9ba62e7b-8703-4eba-a850-4b2105d05fc4
11-18 14:04:38.590 14900 15592 I appium : DeleteSession command
11-18 14:04:38.597 14900 15592 I appium : Stopping uiautomator2 io.appium.uiautomator2.http io.appium.uiautomator2.server
11-18 14:04:38.601 14900 15592 I appium : AppiumResponse: {"sessionId":"9ba62e7b-8703-4eba-a850-4b2105d05fc4","value":null}
11-18 14:04:38.888 2467 2467 E OplusNecManagerHelper: com.oplus.nec.OplusNecManager.notifyOrigSignalStrengthChanged [class android.telephony.SignalStrength, int]
11-18 14:04:39.119 564 564 I servicemanager: Since 'apexservice' could not be found, trying to start it as a lazy AIDL service
11-18 14:04:39.168 1139 1251 D ULogGuard: Monitoring: 7 threads, 0 requests, 0 time-bombs; 1 guards. ResetFlags = 0x7
11-18 14:04:39.176 564 564 I BpBinder: onLastStrongRef automatically unlinking death recipients:
11-18 14:04:39.177 564 564 I servicemanager: Tried to unregister apexservice, but there is about to be a client.
11-18 14:04:39.270 14900 14923 I TestRunner: finished: startServer(io.appium.uiautomator2.server.test.AppiumUiAutomator2Server)
11-18 14:04:39.278 14900 14923 I TestRunner: run finished: 1 tests, 0 failed, 0 ignored
11-18 14:04:39.292 14900 14923 I MonitoringInstr: waitForActivitiesToComplete() took: 0ms
11-18 14:04:39.297 1470 4264 W WindowManager: removeWindowToken: Attempted to remove non-existing token: android.os.Binder@60d2414
11-18 14:04:39.303 20608 20628 V ColorMiniProgram: OppoGestureObserver: onChange uri = content://settings/secure/accessibility_enabled
11-18 14:04:39.315 1470 4264 I ActivityManager: Force stopping io.appium.uiautomator2.server appid=11365 user=0: finished inst
11-18 14:04:39.316 1470 4264 W ContextImpl: Calling a method in the system process without a qualified user: android.app.ContextImpl.sendBroadcast:1143 com.android.server.am.OppoExtraActivityManagerService.setKeyLockModeNormal:51 com.android.server.am.ActivityManagerService.forceStopPackageLocked:5380 com.android.server.am.ActivityManagerService.finishInstrumentationLocked:18411 com.android.server.am.ActivityManagerService.finishInstrumentation:18430
11-18 14:04:39.317 14885 14885 D AndroidRuntime: Shutting down VM
11-18 14:04:39.318 841 841 D OppoExLayer: ~Layer() sequence=61464, name=WindowToken{ea4bd android.os.Binder@60d2414}#0@0xb4000073295b4000
11-18 14:04:39.321 20608 20628 V ColorMiniProgram: OppoGestureObserver: mPointerScreenCapture: true mEnableFingerResize: true mEnableTalkBack : false mRepeatShowToast: false accessibilityEnabled : false tempServiceNeedStart: true myUserId: 0 currentUserid: 0
11-18 14:04:39.326 1470 4264 I ActivityManager: Killing 14900:io.appium.uiautomator2.server/u0a1365 (adj 0): stop io.appium.uiautomator2.server due to finished inst
11-18 14:04:39.330 5545 5548 E IHansComunication: HANS printMessageBody: RCVed message body: type = 0, port = 86870, caller_pid = 1470, caller_uid = 1000, target_pid = 6361, target_uid = 10963, pkg_cmd = -1
11-18 14:04:39.330 809 875 I libPowerHal: [perfNotifyAppState] pack:io.appium.uiautomator2.server, pid:14900, STATE_DEAD
11-18 14:04:39.331 809 875 D RilUtility: notify_rild_crash_pid_set certPid:-1, crash:14900, scn:0x0
11-18 14:04:39.334 1470 2005 I ColorHansManager : unfreeze uid: 10963 package: com.tencent.mm reason: AsyncBinder scene: LcdOnScene
11-18 14:04:39.336 1470 2005 I ColorHansManager : pkg: com.tencent.mm,state: F -> M
11-18 14:04:39.336 5545 5548 E IHansComunication: HANS printMessageBody: RCVed message body: type = 0, port = 86870, caller_pid = 1470, caller_uid = 1000, target_pid = 10813, target_uid = 11277, pkg_cmd = -1
11-18 14:04:39.340 5545 5548 E IHansComunication: HANS printMessageBody: RCVed message body: type = 0, port = 86870, caller_pid = 1470, caller_uid = 1000, target_pid = 904, target_uid = 11180, pkg_cmd = -1
11-18 14:04:39.343 1135 1163 W AString : ctor got NULL, using empty string instead
11-18 14:04:39.343 1135 1163 I SensorSavedChannel: [-93,-1343,261,-11117,44545,5201]==>gyro_temp.json
11-18 14:04:39.343 1135 1163 W AString : ctor got NULL, using empty string instead
11-18 14:04:39.343 1135 1163 I SensorSavedChannel: [-1448,284,1335]==>gyro_bias.json
11-18 14:04:39.346 1470 1592 D OplusAppBwCore: onUidImportance: 11365, 1000
11-18 14:04:39.351 20726 18198 E RemoteGuardClient.DWB.ActivityMonitor: onProcessDied io.appium.uiautomator2.server pid = 14900 uid = 11365
11-18 14:04:39.354 20726 20763 I RemoteGuardClient.DWB.ActivityMonitor: topActivities = []
11-18 14:04:39.372 5545 5548 E IHansComunication: HANS printMessageBody: RCVed message body: type = 0, port = 86870, caller_pid = 1470, caller_uid = 1000, target_pid = 10813, target_uid = 11277, pkg_cmd = -1
11-18 14:04:39.379 5545 5548 E IHansComunication: HANS printMessageBody: RCVed message body: type = 0, port = 86870, caller_pid = 1470, caller_uid = 1000, target_pid = 904, target_uid = 11180, pkg_cmd = -1
11-18 14:04:39.392 1470 1838 D DisplayManagerService: Display listener for pid 14900 died.
11-18 14:04:39.392 745 745 I Zygote : Process 14900 exited due to signal 9 (Killed)
11-18 14:04:39.395 1470 1470 I OppoPhoneWindowManager: KeyLockModeReceiver KeyLockMode: 0 ProcessName: io.appium.uiautomator2.server
11-18 14:04:39.413 1470 1610 I libprocessgroup: Successfully killed process cgroup uid 11365 pid 14900 in 85ms
11-18 14:04:39.468 841 841 I BufferQueueProducer: [FramebufferSurface](this:0xb400007348832ed0,id:-1,api:1,p:841,c:841) queueBuffer: fps=0.39 dur=2592.03 max=2592.03 min=2592.03
11-18 14:04:39.763 31612 31612 E adbd : failed to connect to socket 'tcp:6790': Connection refused
11-18 14:04:39.790 564 564 I servicemanager: Notifying apexservice they have clients: 1
