11-18 14:05:23.346 15549 15997 D MotuCrashAdapter: send error log success. appkey: 333341675, error type: HA_RESOURCE_LEAK
11-18 14:05:23.358 1142 1142 I thermal_repeater: [recvMdThermalInfo] ret=32, strLen=127, 0, 32767, -127, 0, 32767, 10838
11-18 14:05:23.807 841 841 D OppoExSurfaceFlinger: hecate traverse disp:61874,com.jlpay.merch/com.jlpay.merch.ui.webview.WebviewActivity#0,4
11-18 14:05:23.808 841 841 D OppoExSurfaceFlinger: hecate traverse disp:61874,com.jlpay.merch/com.jlpay.merch.ui.webview.WebviewActivity#0,4
11-18 14:05:23.827 841 1224 D OppoExSurfaceFlinger: hecate pixels[0,0]=0xfffafafa
11-18 14:05:24.078 1470 2461 I ColorHansManager : stateRToFFreeze--imporant case: pkgName: io.appium.uiautomator2.server, reason: lastResumeProtect
11-18 14:05:24.152 15718 15750 I appium : channel read: POST /wd/hub/session/48f6a8a8-93b4-40c2-8c7a-a35989fcd518/back
11-18 14:05:24.154 15718 15750 I appium : PressBack command
11-18 14:05:24.163 841 899 D OppoExSurfaceFlinger: applyTransactionState timed out try= 1, 0, 1
11-18 14:05:24.167 1470 1572 E OplusCustomizeRestrictionManagerService: isBackButtonDisabled start
11-18 14:05:24.167 1470 1572 D OppoPhoneWindowManager: interceptKeyBeforeQueueing:KeyEvent { action=ACTION_DOWN, keyCode=KEYCODE_BACK, scanCode=0, metaState=0, flags=0x0, repeatCount=0, eventTime=425702673, downTime=425702673, deviceId=-1, source=0x101, displayId=-1 }mSosPowerKeyEnabled = falsemWalletPowerKeyEnabled = falsemWalletQuickLaunch = true
11-18 14:05:24.168 1470 1572 W ColorGameSpaceManager: mInterceptGamepadKey is false
11-18 14:05:24.168 1470 1572 D TheiaBackMonitor: Entering onBackPressedOnTheiaMonitor, time: 1637215524168
11-18 14:05:24.181 15549 15549 D ViewRootImpl[WebviewActivity]: processKeyEvent KeyEvent { action=ACTION_DOWN, keyCode=KEYCODE_BACK, scanCode=0, metaState=0, flags=0x0, repeatCount=0, eventTime=425702673, downTime=425702673, deviceId=-1, source=0x101, displayId=-1 }
11-18 14:05:24.186 1470 4256 V ColorZoomWindowManagerService: prepareZoomTransition: curStack=Task{3e1dd20 #18211 visible=true type=standard mode=fullscreen translucent=false A=11378:com.jlpay.merch U=0 StackId=18211 sz=2} nextStackTask{3e1dd20 #18211 visible=true type=standard mode=fullscreen translucent=false A=11378:com.jlpay.merch U=0 StackId=18211 sz=2}
11-18 14:05:24.191 809 875 I libPowerHal: [perfLockRel] hdl:40404, idx:-1
11-18 14:05:24.192 809 875 I libPowerHal: [perfLockAcq] idx:1 hdl:40407 hint:23 pid:809 duration:10000 => ret_hdl:40407
11-18 14:05:24.192 809 875 I libPowerHal: [PE] scn:1 hdl:40407 hint:23 comm:mtkpower@1.0-se pid:809
11-18 14:05:24.192 1139 1251 D ULogGuard: Monitoring: 7 threads, 0 requests, 0 time-bombs; 1 guards. ResetFlags = 0x7
11-18 14:05:24.193 809 875 I libPowerHal: MTKPOWER_HINT_ACT_SWITCH: cpu_ctrl set cpu freq: 2000000 -1 2000000 -1
11-18 14:05:24.193 809 875 I libPowerHal: [PE] MTKPOWER_HINT_ACT_SWITCH update cmd:1000000, param:0
11-18 14:05:24.193 809 875 I libPowerHal: [PE] MTKPOWER_HINT_ACT_SWITCH update cmd:1408300, param:100
11-18 14:05:24.194 809 875 I libPowerHal: [PE] MTKPOWER_HINT_ACT_SWITCH update cmd:1000000 param:0
11-18 14:05:24.194 15549 15549 D DecorView: dispatchKeyEvent handled=false, KeyEvent { action=ACTION_DOWN, keyCode=KEYCODE_BACK, scanCode=0, metaState=0, flags=0x0, repeatCount=0, eventTime=425702673, downTime=425702673, deviceId=-1, source=0x101, displayId=-1 }, activity=androidx.appcompat.app.AppCompatDelegateImpl$AppCompatWindowCallback@760c9d, mFeatureId=-1
11-18 14:05:24.196 1470 4256 D OppoPhoneWindowManager: interceptKeyBeforeQueueing:KeyEvent { action=ACTION_UP, keyCode=KEYCODE_BACK, scanCode=0, metaState=0, flags=0x0, repeatCount=0, eventTime=425702673, downTime=425702673, deviceId=-1, source=0x101, displayId=-1 }mSosPowerKeyEnabled = falsemWalletPowerKeyEnabled = falsemWalletQuickLaunch = true
11-18 14:05:24.196 1470 4256 W ColorGameSpaceManager: mInterceptGamepadKey is false
11-18 14:05:24.196 15549 15549 D MotuCrashSDK: onActivityPaused๏ผšcom.jlpay.merch.ui.webview.WebviewActivity
11-18 14:05:24.198 1470 1572 I OppoBaseActivityStack: notifyAppSwitch the same packageName!
11-18 14:05:24.199 1470 1572 I ActivityTaskManager: perfNotifyAppState TopResumedActivityChanged ActivityRecord{43bff65 u0 com.jlpay.merch/.ui.main.MainActivity t18211}
11-18 14:05:24.199 1470 1572 I InputDispatcher: setFocusedApplication displayId=0 ActivityRecord{43bff65 u0 com.jlpay.merch/.ui.main.MainActivity t18211}
11-18 14:05:24.199 809 875 I libPowerHal: [perfNotifyAppState] [activity updated] pack:com.jlpay.merch, act:com.jlpay.merch.ui.main.MainActivity
11-18 14:05:24.199 809 875 I libPowerHal: Act_Match:0, Common_index:-1
11-18 14:05:24.199 809 819 I mtkpower@impl: [notifyAppState] act com.jlpay.merch.ui.webview.WebviewActivity => com.jlpay.merch.ui.main.MainActivity
11-18 14:05:24.199 1470 1572 W WindowManager: Changing focus fromWindow{b85e0e4 u0 com.jlpay.merch/com.jlpay.merch.ui.webview.WebviewActivity} to null displayId=0 Callers=com.android.server.wm.RootWindowContainer.updateFocusedWindowLocked:509 com.android.server.wm.WindowManagerService.updateFocusedWindowLocked:6073 com.android.server.wm.DisplayContent.setFocusedApp:5895 com.android.server.wm.ActivityTaskManagerService.setResumedActivityUncheckLocked:5860
11-18 14:05:24.200 1470 1572 D Theia.NoFocusWindow: FocusWindowErrorScene CheckFreezeScreen
11-18 14:05:24.203 15549 15771 W SQLiteLog: (28) double-quoted string literal: "
11-18 14:05:24.203 15549 15771 W SQLiteLog: (28) double-quoted string literal: "9B78C915D769800156BDA4A0D7CAD150"
11-18 14:05:24.205 1470 1572 I ActivityTaskManager: perfNotifyAppState PAUSED ActivityRecord{75c2123 u0 com.jlpay.merch/.ui.webview.WebviewActivity t18211 f}}
11-18 14:05:24.207 15549 15549 D ViewRootImpl[WebviewActivity]: processKeyEvent KeyEvent { action=ACTION_UP, keyCode=KEYCODE_BACK, scanCode=0, metaState=0, flags=0x0, repeatCount=0, eventTime=425702673, downTime=425702673, deviceId=-1, source=0x101, displayId=-1 }
11-18 14:05:24.207 1470 2005 I InputDispatcher: Focus left window: Window{b85e0e4 u0 com.jlpay.merch/com.jlpay.merch.ui.webview.WebviewActivity} in display 0
11-18 14:05:24.207 1470 2005 I InputDispatcher: Window went away: Window{b85e0e4 u0 com.jlpay.merch/com.jlpay.merch.ui.webview.WebviewActivity}
11-18 14:05:24.207 15549 15549 D DecorView: dispatchKeyEvent handled=false, KeyEvent { action=ACTION_UP, keyCode=KEYCODE_BACK, scanCode=0, metaState=0, flags=0x0, repeatCount=0, eventTime=425702673, downTime=425702673, deviceId=-1, source=0x101, displayId=-1 }, activity=androidx.appcompat.app.AppCompatDelegateImpl$AppCompatWindowCallback@760c9d, mFeatureId=-1
11-18 14:05:24.209 15549 15549 D MotuCrashSDK: onActivityStarted๏ผšcom.jlpay.merch.ui.main.MainActivity
11-18 14:05:24.209 15549 15549 D MotuCrashSDK: nativeSetForeground foreground
11-18 14:05:24.209 15549 15979 W TLOG_MONITOR: MSG_PULL:TLOG.FileUploadHandler:ๆถˆๆฏๆ‹‰ๅ–๏ผšไธปๅŠจๅ‘้€ๆถˆๆฏ๏ผŒๆ‹‰ๅ–ไปปๅŠก
11-18 14:05:24.212 15549 15549 V PhoneWindow: DecorView setVisiblity: visibility = 0, Parent = android.view.ViewRootImpl@435279a, this = DecorView@114f08d[MainActivity]
11-18 14:05:24.214 15549 15549 D MotuCrashSDK: onActivityResumed๏ผšcom.jlpay.merch.ui.main.MainActivity
11-18 14:05:24.214 15549 15549 I PRETTY_LOGGER: โ”Œโ”€โ”€โ”€โ”€โ”€โ”€โ”€โ”€โ”€โ”€โ”€โ”€โ”€โ”€โ”€โ”€โ”€โ”€โ”€โ”€โ”€โ”€โ”€โ”€โ”€โ”€โ”€โ”€โ”€โ”€โ”€โ”€โ”€โ”€โ”€โ”€โ”€โ”€โ”€โ”€โ”€โ”€โ”€โ”€โ”€โ”€โ”€โ”€โ”€โ”€โ”€โ”€โ”€โ”€โ”€โ”€โ”€โ”€โ”€โ”€โ”€โ”€โ”€โ”€โ”€โ”€โ”€โ”€โ”€โ”€โ”€โ”€โ”€โ”€โ”€โ”€โ”€โ”€โ”€โ”€โ”€โ”€โ”€โ”€โ”€โ”€โ”€โ”€โ”€โ”€โ”€โ”€โ”€โ”€โ”€โ”€โ”€โ”€โ”€โ”€โ”€โ”€โ”€โ”€โ”€โ”€โ”€โ”€โ”€โ”€โ”€โ”€
11-18 14:05:24.214 15549 15549 I PRETTY_LOGGER: โ”‚ LogUtils.i (LogUtils.java:27)
11-18 14:05:24.215 15549 15549 I PRETTY_LOGGER: โ”‚ LogUtils.i (LogUtils.java:21)
11-18 14:05:24.215 15549 15549 I PRETTY_LOGGER: โ”œโ”„โ”„โ”„โ”„โ”„โ”„โ”„โ”„โ”„โ”„โ”„โ”„โ”„โ”„โ”„โ”„โ”„โ”„โ”„โ”„โ”„โ”„โ”„โ”„โ”„โ”„โ”„โ”„โ”„โ”„โ”„โ”„โ”„โ”„โ”„โ”„โ”„โ”„โ”„โ”„โ”„โ”„โ”„โ”„โ”„โ”„โ”„โ”„โ”„โ”„โ”„โ”„โ”„โ”„โ”„โ”„โ”„โ”„โ”„โ”„โ”„โ”„โ”„โ”„โ”„โ”„โ”„โ”„โ”„โ”„โ”„โ”„โ”„โ”„โ”„โ”„โ”„โ”„โ”„โ”„โ”„โ”„โ”„โ”„โ”„โ”„โ”„โ”„โ”„โ”„โ”„โ”„โ”„โ”„โ”„โ”„โ”„โ”„โ”„โ”„โ”„โ”„โ”„โ”„โ”„โ”„โ”„โ”„โ”„โ”„โ”„โ”„
11-18 14:05:24.215 15549 15549 I PRETTY_LOGGER: โ”‚ MainActivity Resume:2019052210007581
11-18 14:05:24.215 15549 15549 I PRETTY_LOGGER: โ””โ”€โ”€โ”€โ”€โ”€โ”€โ”€โ”€โ”€โ”€โ”€โ”€โ”€โ”€โ”€โ”€โ”€โ”€โ”€โ”€โ”€โ”€โ”€โ”€โ”€โ”€โ”€โ”€โ”€โ”€โ”€โ”€โ”€โ”€โ”€โ”€โ”€โ”€โ”€โ”€โ”€โ”€โ”€โ”€โ”€โ”€โ”€โ”€โ”€โ”€โ”€โ”€โ”€โ”€โ”€โ”€โ”€โ”€โ”€โ”€โ”€โ”€โ”€โ”€โ”€โ”€โ”€โ”€โ”€โ”€โ”€โ”€โ”€โ”€โ”€โ”€โ”€โ”€โ”€โ”€โ”€โ”€โ”€โ”€โ”€โ”€โ”€โ”€โ”€โ”€โ”€โ”€โ”€โ”€โ”€โ”€โ”€โ”€โ”€โ”€โ”€โ”€โ”€โ”€โ”€โ”€โ”€โ”€โ”€โ”€โ”€โ”€
11-18 14:05:24.217 15549 16012 I PRETTY_LOGGER: โ”Œโ”€โ”€โ”€โ”€โ”€โ”€โ”€โ”€โ”€โ”€โ”€โ”€โ”€โ”€โ”€โ”€โ”€โ”€โ”€โ”€โ”€โ”€โ”€โ”€โ”€โ”€โ”€โ”€โ”€โ”€โ”€โ”€โ”€โ”€โ”€โ”€โ”€โ”€โ”€โ”€โ”€โ”€โ”€โ”€โ”€โ”€โ”€โ”€โ”€โ”€โ”€โ”€โ”€โ”€โ”€โ”€โ”€โ”€โ”€โ”€โ”€โ”€โ”€โ”€โ”€โ”€โ”€โ”€โ”€โ”€โ”€โ”€โ”€โ”€โ”€โ”€โ”€โ”€โ”€โ”€โ”€โ”€โ”€โ”€โ”€โ”€โ”€โ”€โ”€โ”€โ”€โ”€โ”€โ”€โ”€โ”€โ”€โ”€โ”€โ”€โ”€โ”€โ”€โ”€โ”€โ”€โ”€โ”€โ”€โ”€โ”€โ”€
11-18 14:05:24.217 15549 16012 I PRETTY_LOGGER: โ”‚ LogUtils.i (LogUtils.java:27)
11-18 14:05:24.217 15549 16012 I PRETTY_LOGGER: โ”‚ LogUtils.i (LogUtils.java:21)
11-18 14:05:24.217 15549 16012 I PRETTY_LOGGER: โ”œโ”„โ”„โ”„โ”„โ”„โ”„โ”„โ”„โ”„โ”„โ”„โ”„โ”„โ”„โ”„โ”„โ”„โ”„โ”„โ”„โ”„โ”„โ”„โ”„โ”„โ”„โ”„โ”„โ”„โ”„โ”„โ”„โ”„โ”„โ”„โ”„โ”„โ”„โ”„โ”„โ”„โ”„โ”„โ”„โ”„โ”„โ”„โ”„โ”„โ”„โ”„โ”„โ”„โ”„โ”„โ”„โ”„โ”„โ”„โ”„โ”„โ”„โ”„โ”„โ”„โ”„โ”„โ”„โ”„โ”„โ”„โ”„โ”„โ”„โ”„โ”„โ”„โ”„โ”„โ”„โ”„โ”„โ”„โ”„โ”„โ”„โ”„โ”„โ”„โ”„โ”„โ”„โ”„โ”„โ”„โ”„โ”„โ”„โ”„โ”„โ”„โ”„โ”„โ”„โ”„โ”„โ”„โ”„โ”„โ”„โ”„โ”„
11-18 14:05:24.217 15549 16012 I PRETTY_LOGGER: โ”‚ ่ฏทๆฑ‚๏ผšhttps://login-api-dev.jlpay.com/boss_user/getUnreadMsgNumRpc
11-18 14:05:24.217 15549 16012 I PRETTY_LOGGER: โ”‚
11-18 14:05:24.217 15549 16012 I PRETTY_LOGGER: โ”‚ {"app_id":"162575608951564","rid":"1121323","format":"json","timestamp":1637215524215,"version":"1822","sign_type":"RSA2","sign":"1822","nonce_str":"c4d473093c6b4f938f1281a03a347a7b","biz_content":{"token":"eyJ2ZXIiOiIxIiwidHlwIjoiSldUIiwicGxhdCI6ImFwcF9ib3NzIiwiYWxnIjoiU00zV2l0aFNNMiJ9.eyJ1aWQiOiIyMDE5MDUyMjEwMDA3NTgxIiwibmJmIjoxNjM3MjE1NTA4LCJ1bmFtZSI6IumcsuWonCIsImlzcyI6IkpMUEFZIiwidXR5cGUiOiIxIiwibW5hbWUiOiLpnLLlqJzluqblgYfmnZE2IiwiZXhwIjoxNjM5ODA3NTA4LCJkZXZpY2VJZCI6ImY1ZTQ2ZWRjLTFiNjQtNDI4MS05ZDVkLWFhZTM4OTcwMDJiMSIsImlhdCI6MTYzNzIxNTUwOCwianRpIjoiZjVlNDZlZGMtMWI2NC00MjgxLTlkNWQtYWFlMzg5NzAwMmIxIiwiY2lkIjoiNDQwMzA1MTkwNTIyMTAwMTMwMzEiLCJtbm8iOiI4NDk0NDAzNzAxMUEwME8ifQ.MEQCIGKg8_oCYcx3f6LN7vbxs9FixBjORER-daXkBEHn3JxgAiAka-sVnhU0ELBcCiS4ZP2lA4pE4yi7D6nvgGcOYHFBrg","os_type":"ANDROID","os_version":"11","device_no":"f5e46edc-1b64-4281-9d5d-aae3897002b1","device_type":"PDKM00","app_version":"2.8.4"}}
11-18 14:05:24.218 15549 16012 I PRETTY_LOGGER: โ””โ”€โ”€โ”€โ”€โ”€โ”€โ”€โ”€โ”€โ”€โ”€โ”€โ”€โ”€โ”€โ”€โ”€โ”€โ”€โ”€โ”€โ”€โ”€โ”€โ”€โ”€โ”€โ”€โ”€โ”€โ”€โ”€โ”€โ”€โ”€โ”€โ”€โ”€โ”€โ”€โ”€โ”€โ”€โ”€โ”€โ”€โ”€โ”€โ”€โ”€โ”€โ”€โ”€โ”€โ”€โ”€โ”€โ”€โ”€โ”€โ”€โ”€โ”€โ”€โ”€โ”€โ”€โ”€โ”€โ”€โ”€โ”€โ”€โ”€โ”€โ”€โ”€โ”€โ”€โ”€โ”€โ”€โ”€โ”€โ”€โ”€โ”€โ”€โ”€โ”€โ”€โ”€โ”€โ”€โ”€โ”€โ”€โ”€โ”€โ”€โ”€โ”€โ”€โ”€โ”€โ”€โ”€โ”€โ”€โ”€โ”€โ”€
11-18 14:05:24.218 15549 15549 V PhoneWindow: DecorView setVisiblity: visibility = 0, Parent = android.view.ViewRootImpl@435279a, this = DecorView@114f08d[MainActivity]
11-18 14:05:24.218 15549 15851 I PRETTY_LOGGER: โ”Œโ”€โ”€โ”€โ”€โ”€โ”€โ”€โ”€โ”€โ”€โ”€โ”€โ”€โ”€โ”€โ”€โ”€โ”€โ”€โ”€โ”€โ”€โ”€โ”€โ”€โ”€โ”€โ”€โ”€โ”€โ”€โ”€โ”€โ”€โ”€โ”€โ”€โ”€โ”€โ”€โ”€โ”€โ”€โ”€โ”€โ”€โ”€โ”€โ”€โ”€โ”€โ”€โ”€โ”€โ”€โ”€โ”€โ”€โ”€โ”€โ”€โ”€โ”€โ”€โ”€โ”€โ”€โ”€โ”€โ”€โ”€โ”€โ”€โ”€โ”€โ”€โ”€โ”€โ”€โ”€โ”€โ”€โ”€โ”€โ”€โ”€โ”€โ”€โ”€โ”€โ”€โ”€โ”€โ”€โ”€โ”€โ”€โ”€โ”€โ”€โ”€โ”€โ”€โ”€โ”€โ”€โ”€โ”€โ”€โ”€โ”€โ”€
11-18 14:05:24.218 15549 15851 I PRETTY_LOGGER: โ”‚ LogUtils.i (LogUtils.java:27)
11-18 14:05:24.218 15549 15851 I PRETTY_LOGGER: โ”‚ LogUtils.i (LogUtils.java:21)
11-18 14:05:24.219 15549 15851 I PRETTY_LOGGER: โ”œโ”„โ”„โ”„โ”„โ”„โ”„โ”„โ”„โ”„โ”„โ”„โ”„โ”„โ”„โ”„โ”„โ”„โ”„โ”„โ”„โ”„โ”„โ”„โ”„โ”„โ”„โ”„โ”„โ”„โ”„โ”„โ”„โ”„โ”„โ”„โ”„โ”„โ”„โ”„โ”„โ”„โ”„โ”„โ”„โ”„โ”„โ”„โ”„โ”„โ”„โ”„โ”„โ”„โ”„โ”„โ”„โ”„โ”„โ”„โ”„โ”„โ”„โ”„โ”„โ”„โ”„โ”„โ”„โ”„โ”„โ”„โ”„โ”„โ”„โ”„โ”„โ”„โ”„โ”„โ”„โ”„โ”„โ”„โ”„โ”„โ”„โ”„โ”„โ”„โ”„โ”„โ”„โ”„โ”„โ”„โ”„โ”„โ”„โ”„โ”„โ”„โ”„โ”„โ”„โ”„โ”„โ”„โ”„โ”„โ”„โ”„โ”„
11-18 14:05:24.219 15549 15851 I PRETTY_LOGGER: โ”‚ ่ฏทๆฑ‚๏ผšhttps://merchant-dev.jlpay.com/boss_trans/newSuccessOrderRpc
11-18 14:05:24.219 15549 15851 I PRETTY_LOGGER: โ”‚
11-18 14:05:24.219 15549 15851 I PRETTY_LOGGER: โ”‚ {"app_id":"162575608951564","rid":"1121323","format":"json","timestamp":1637215524217,"version":"1822","sign_type":"RSA2","sign":"1822","nonce_str":"568949bfb4ba4e059fb075d7f45a7831","biz_content":{"merch_no":"84944037011A00O","token":"eyJ2ZXIiOiIxIiwidHlwIjoiSldUIiwicGxhdCI6ImFwcF9ib3NzIiwiYWxnIjoiU00zV2l0aFNNMiJ9.eyJ1aWQiOiIyMDE5MDUyMjEwMDA3NTgxIiwibmJmIjoxNjM3MjE1NTA4LCJ1bmFtZSI6IumcsuWonCIsImlzcyI6IkpMUEFZIiwidXR5cGUiOiIxIiwibW5hbWUiOiLpnLLlqJzluqblgYfmnZE2IiwiZXhwIjoxNjM5ODA3NTA4LCJkZXZpY2VJZCI6ImY1ZTQ2ZWRjLTFiNjQtNDI4MS05ZDVkLWFhZTM4OTcwMDJiMSIsImlhdCI6MTYzNzIxNTUwOCwianRpIjoiZjVlNDZlZGMtMWI2NC00MjgxLTlkNWQtYWFlMzg5NzAwMmIxIiwiY2lkIjoiNDQwMzA1MTkwNTIyMTAwMTMwMzEiLCJtbm8iOiI4NDk0NDAzNzAxMUEwME8ifQ.MEQCIGKg8_oCYcx3f6LN7vbxs9FixBjORER-daXkBEHn3JxgAiAka-sVnhU0ELBcCiS4ZP2lA4pE4yi7D6nvgGcOYHFBrg","os_type":"ANDROID","os_version":"11","device_no":"f5e46edc-1b64-4281-9d5d-aae3897002b1","device_type":"PDKM00","app_version":"2.8.4"}}
11-18 14:05:24.219 15549 15851 I PRETTY_LOGGER: โ””โ”€โ”€โ”€โ”€โ”€โ”€โ”€โ”€โ”€โ”€โ”€โ”€โ”€โ”€โ”€โ”€โ”€โ”€โ”€โ”€โ”€โ”€โ”€โ”€โ”€โ”€โ”€โ”€โ”€โ”€โ”€โ”€โ”€โ”€โ”€โ”€โ”€โ”€โ”€โ”€โ”€โ”€โ”€โ”€โ”€โ”€โ”€โ”€โ”€โ”€โ”€โ”€โ”€โ”€โ”€โ”€โ”€โ”€โ”€โ”€โ”€โ”€โ”€โ”€โ”€โ”€โ”€โ”€โ”€โ”€โ”€โ”€โ”€โ”€โ”€โ”€โ”€โ”€โ”€โ”€โ”€โ”€โ”€โ”€โ”€โ”€โ”€โ”€โ”€โ”€โ”€โ”€โ”€โ”€โ”€โ”€โ”€โ”€โ”€โ”€โ”€โ”€โ”€โ”€โ”€โ”€โ”€โ”€โ”€โ”€โ”€โ”€
11-18 14:05:24.219 15549 15771 D MobclickAgent: ๅปถ็ปญไธŠไธ€ไธชไผš่ฏ: 9B78C915D769800156BDA4A0D7CAD150
11-18 14:05:24.221 15549 15771 W SQLiteLog: (28) double-quoted string literal: "9B78C915D769800156BDA4A0D7CAD150"
11-18 14:05:24.221 15549 15771 W SQLiteLog: (28) double-quoted string literal: ""
11-18 14:05:24.222 15549 15771 W SQLiteLog: (28) double-quoted string literal: "9B78C915D769800156BDA4A0D7CAD150"
11-18 14:05:24.222 15549 15771 W SQLiteLog: (28) double-quoted string literal: "-1"
11-18 14:05:24.222 15549 15771 D UMLog : ๅฝ“ๅ‰ๅ‘้€็ญ–็•ฅไธบ: ้—ด้š”ๅ‘้€ใ€‚้—ด้š”ๆ—ถ้—ดไธบ๏ผš90็ง’ใ€‚่ฏฆ่ง้“พๆŽฅ https://developer.umeng.com/docs/66632/detail/66976?um_channel=sdk
11-18 14:05:24.243 1470 1572 I WindowManager: Relayout Window{fc8d0b6 u0 com.jlpay.merch/com.jlpay.merch.ui.main.MainActivity}: oldVis=8 newVis=0 focusMayChange = true
11-18 14:05:24.244 841 900 D DispPerfService: get hint proc=com.jlpay.merch, idx=0 none
11-18 14:05:24.244 841 900 I BufferQueueConsumer: [](id:349000020cd,api:0,p:-1,c:841) connect(): controlledByApp=false
11-18 14:05:24.244 841 900 I BufferQueue: [unnamed-841-8397](this:0xb400007329d18858,id:8397,api:0,p:-1,c:-1) BufferQueue core=(841:/system/bin/surfaceflinger)
11-18 14:05:24.245 1470 1572 W WindowManager: Changing focus fromnull to Window{fc8d0b6 u0 com.jlpay.merch/com.jlpay.merch.ui.main.MainActivity} displayId=0 Callers=com.android.server.wm.RootWindowContainer.updateFocusedWindowLocked:509 com.android.server.wm.WindowManagerService.updateFocusedWindowLocked:6073 com.android.server.wm.WindowManagerService.relayoutWindow:2717 com.android.server.wm.Session.relayout:229
11-18 14:05:24.246 841 900 D DispPerfService: get hint proc=Surface(name=8eb967f StatusBar), idx=0 none
11-18 14:05:24.246 841 900 D DispPerfService: get hint proc=Surface(name=c91655d NavigationBar0), idx=0 none
11-18 14:05:24.247 1470 1572 D Theia.NoFocusWindow: FocusWindowErrorScene cancelCheckFreezeScreen
11-18 14:05:24.250 15549 15979 I System.out: [OkHttp] sendRequest>>
11-18 14:05:24.250 15549 15979 I System.out: [OkHttp] sendRequest<<
11-18 14:05:24.250 841 899 I BufferQueueProducer: [com.jlpay.merch/com.jlpay.merch.ui.main.MainActivity#0](id:349000020cd,api:1,p:15549,c:841) connect(): api=1 producerControlledByApp=false
11-18 14:05:24.265 1470 1572 I InputDispatcher: Window went away: com.jlpay.merch/com.jlpay.merch.ui.main.MainActivity#0
11-18 14:05:24.271 841 899 D DispPerfService: onframeavailable pid=15549, slot=4, seq=61882, name=com.jlpay.merch:com.jlpay.merch/com.jlpay.merch.ui.main.MainActivity#0
11-18 14:05:24.274 841 900 D DispPerfService: get hint proc=Surface(name=ActivityRecord{43bff65 u0 com.jlpay.merch, idx=0 none
11-18 14:05:24.275 1470 1595 D ColorZoomWindowManagerService: adjustWindowCropForLeash start: appToken = ActivityRecord{43bff65 u0 com.jlpay.merch/.ui.main.MainActivity t18211}
11-18 14:05:24.275 841 900 D DispPerfService: get hint proc=Surface(name=ActivityRecord{43bff65 u0 com.jlpay.merch, idx=0 none
11-18 14:05:24.275 31557 31557 V PhoneWindow: DecorView setVisiblity: visibility = 8, Parent = android.view.ViewRootImpl@bb459d, this = DecorView@a937e7c[InputMethod]
11-18 14:05:24.276 841 3662 D DispPerfService: get hint proc=Surface(name=ActivityRecord{75c2123 u0 com.jlpay.merch, idx=0 none
11-18 14:05:24.277 841 899 D DispPerfService: get hint proc=Surface(name=ActivityRecord{75c2123 u0 com.jlpay.merch, idx=0 none
11-18 14:05:24.277 1470 1595 D ColorZoomWindowManagerService: adjustWindowCropForLeash start: appToken = ActivityRecord{75c2123 u0 com.jlpay.merch/.ui.webview.WebviewActivity t18211 f}}
11-18 14:05:24.279 809 819 I mtkpower@impl: [mtkPowerHint] hint:23, hold:0, ext:30, ext_hold:2000
11-18 14:05:24.279 809 875 I libPowerHal: [perfLockRel] hdl:40407, idx:1
11-18 14:05:24.279 809 875 I libPowerHal: [PD] scn:1 hdl:40407 hint:23 comm:mtkpower@1.0-se pid:809
11-18 14:05:24.280 809 875 I libPowerHal: MTKPOWER_HINT_ACT_SWITCH: cpu_ctrl set cpu freq: -1 -1 -1 -1
11-18 14:05:24.280 809 875 I libPowerHal: [PD] MTKPOWER_HINT_ACT_SWITCH update cmd:1000000, param:-1
11-18 14:05:24.280 809 875 I libPowerHal: [PD] MTKPOWER_HINT_ACT_SWITCH update cmd:1408300 param:0
11-18 14:05:24.280 809 875 I libPowerHal: [PD] MTKPOWER_HINT_ACT_SWITCH update cmd:1000000 param:-1
11-18 14:05:24.281 809 875 I libPowerHal: [perfLockAcq] idx:2 hdl:40408 hint:30 pid:809 duration:2000 => ret_hdl:40408
11-18 14:05:24.281 809 875 I libPowerHal: [PE] scn:2 hdl:40408 hint:30 comm:mtkpower@1.0-se pid:809
11-18 14:05:24.281 809 875 I libPowerHal: [PE] MTKPOWER_HINT_EXT_LAUNCH update cmd:1000000, param:1
11-18 14:05:24.281 809 875 I libPowerHal: [PE] MTKPOWER_HINT_EXT_LAUNCH update cmd:2020000, param:15
11-18 14:05:24.281 841 841 D OppoExLayer: ~Layer() sequence=61875, name=Surface(name=8eb967f StatusBar)/@0x65f64c4 - animation-leash#1@0xb400007336106000
11-18 14:05:24.281 841 841 D OppoExLayer: ~Layer() sequence=61876, name=Surface(name=c91655d NavigationBar0)/@0xae9cfad - animation-leash#0@0xb400007336129000
11-18 14:05:24.282 809 875 I libPowerHal: [PE] MTKPOWER_HINT_EXT_LAUNCH update cmd:1408300, param:40
11-18 14:05:24.282 1470 1572 I InputDispatcher: Focus entered window: Window{fc8d0b6 u0 com.jlpay.merch/com.jlpay.merch.ui.main.MainActivity} in display 0
11-18 14:05:24.282 809 875 I libPowerHal: [PE] MTKPOWER_HINT_EXT_LAUNCH update cmd:1000000 param:1
11-18 14:05:24.287 1470 1572 D InputMethodManagerService: isSecurity: attribute.packageName=com.jlpay.merch
11-18 14:05:24.287 1470 1572 D InputMethodManagerService: isSecurity= false ( enable=false needShow=false inBlackList=false isExist=true )
11-18 14:05:24.287 1470 1572 D OplusVerificationCodeController: notifyImeAttributeChanged: 64false
11-18 14:05:24.288 841 899 D DispPerfService: get hint proc=Surface(name=9e67e93 InputMethod), idx=0 none
11-18 14:05:24.293 15549 15979 D SendMessage: pull request message:
11-18 14:05:24.293 1470 2436 D ColorInputMethodManagerServiceEx: onHandleImeWindowVisibleStatus handledVis: 0, switcher visible: 0, switcher active: 0, needsToShowImeSwitcher: false
11-18 14:05:24.294 31557 31557 V PhoneWindow: DecorView setVisiblity: visibility = 8, Parent = android.view.ViewRootImpl@bb459d, this = DecorView@a937e7c[InputMethod]
11-18 14:05:24.298 841 841 D OppoExLayer: ~Layer() sequence=61881, name=Surface(name=9e67e93 InputMethod)/@0xa906ec9 - animation-leash#0@0xb4000073361b4000
11-18 14:05:24.300 1470 1572 D OppoDisplayPolicy: com.android.systemui, change system app cutoutMode: color always
11-18 14:05:24.314 841 3662 I BufferQueueProducer: [StatusBar#0](this:0xb400007334a18a58,id:7,api:1,p:2069,c:841) queueBuffer: fps=4.09 dur=3664.40 max=3547.08 min=7.38
11-18 14:05:24.350 15549 16012 I PRETTY_LOGGER: โ”Œโ”€โ”€โ”€โ”€โ”€โ”€โ”€โ”€โ”€โ”€โ”€โ”€โ”€โ”€โ”€โ”€โ”€โ”€โ”€โ”€โ”€โ”€โ”€โ”€โ”€โ”€โ”€โ”€โ”€โ”€โ”€โ”€โ”€โ”€โ”€โ”€โ”€โ”€โ”€โ”€โ”€โ”€โ”€โ”€โ”€โ”€โ”€โ”€โ”€โ”€โ”€โ”€โ”€โ”€โ”€โ”€โ”€โ”€โ”€โ”€โ”€โ”€โ”€โ”€โ”€โ”€โ”€โ”€โ”€โ”€โ”€โ”€โ”€โ”€โ”€โ”€โ”€โ”€โ”€โ”€โ”€โ”€โ”€โ”€โ”€โ”€โ”€โ”€โ”€โ”€โ”€โ”€โ”€โ”€โ”€โ”€โ”€โ”€โ”€โ”€โ”€โ”€โ”€โ”€โ”€โ”€โ”€โ”€โ”€โ”€โ”€โ”€
11-18 14:05:24.351 15549 16012 I PRETTY_LOGGER: โ”‚ LogUtils.i (LogUtils.java:27)
11-18 14:05:24.351 15549 16012 I PRETTY_LOGGER: โ”‚ LogUtils.i (LogUtils.java:21)
11-18 14:05:24.351 15549 16012 I PRETTY_LOGGER: โ”œโ”„โ”„โ”„โ”„โ”„โ”„โ”„โ”„โ”„โ”„โ”„โ”„โ”„โ”„โ”„โ”„โ”„โ”„โ”„โ”„โ”„โ”„โ”„โ”„โ”„โ”„โ”„โ”„โ”„โ”„โ”„โ”„โ”„โ”„โ”„โ”„โ”„โ”„โ”„โ”„โ”„โ”„โ”„โ”„โ”„โ”„โ”„โ”„โ”„โ”„โ”„โ”„โ”„โ”„โ”„โ”„โ”„โ”„โ”„โ”„โ”„โ”„โ”„โ”„โ”„โ”„โ”„โ”„โ”„โ”„โ”„โ”„โ”„โ”„โ”„โ”„โ”„โ”„โ”„โ”„โ”„โ”„โ”„โ”„โ”„โ”„โ”„โ”„โ”„โ”„โ”„โ”„โ”„โ”„โ”„โ”„โ”„โ”„โ”„โ”„โ”„โ”„โ”„โ”„โ”„โ”„โ”„โ”„โ”„โ”„โ”„โ”„
11-18 14:05:24.351 15549 16012 I PRETTY_LOGGER: โ”‚ https://login-api-dev.jlpay.com/boss_user/getUnreadMsgNumRpc,่ฟ”ๅ›ž cookie= JLSESSIONID=4002C0FB4DCC25B9C9A256DF108F496E
11-18 14:05:24.351 15549 16012 I PRETTY_LOGGER: โ””โ”€โ”€โ”€โ”€โ”€โ”€โ”€โ”€โ”€โ”€โ”€โ”€โ”€โ”€โ”€โ”€โ”€โ”€โ”€โ”€โ”€โ”€โ”€โ”€โ”€โ”€โ”€โ”€โ”€โ”€โ”€โ”€โ”€โ”€โ”€โ”€โ”€โ”€โ”€โ”€โ”€โ”€โ”€โ”€โ”€โ”€โ”€โ”€โ”€โ”€โ”€โ”€โ”€โ”€โ”€โ”€โ”€โ”€โ”€โ”€โ”€โ”€โ”€โ”€โ”€โ”€โ”€โ”€โ”€โ”€โ”€โ”€โ”€โ”€โ”€โ”€โ”€โ”€โ”€โ”€โ”€โ”€โ”€โ”€โ”€โ”€โ”€โ”€โ”€โ”€โ”€โ”€โ”€โ”€โ”€โ”€โ”€โ”€โ”€โ”€โ”€โ”€โ”€โ”€โ”€โ”€โ”€โ”€โ”€โ”€โ”€โ”€
11-18 14:05:24.352 15549 16012 I PRETTY_LOGGER: โ”Œโ”€โ”€โ”€โ”€โ”€โ”€โ”€โ”€โ”€โ”€โ”€โ”€โ”€โ”€โ”€โ”€โ”€โ”€โ”€โ”€โ”€โ”€โ”€โ”€โ”€โ”€โ”€โ”€โ”€โ”€โ”€โ”€โ”€โ”€โ”€โ”€โ”€โ”€โ”€โ”€โ”€โ”€โ”€โ”€โ”€โ”€โ”€โ”€โ”€โ”€โ”€โ”€โ”€โ”€โ”€โ”€โ”€โ”€โ”€โ”€โ”€โ”€โ”€โ”€โ”€โ”€โ”€โ”€โ”€โ”€โ”€โ”€โ”€โ”€โ”€โ”€โ”€โ”€โ”€โ”€โ”€โ”€โ”€โ”€โ”€โ”€โ”€โ”€โ”€โ”€โ”€โ”€โ”€โ”€โ”€โ”€โ”€โ”€โ”€โ”€โ”€โ”€โ”€โ”€โ”€โ”€โ”€โ”€โ”€โ”€โ”€โ”€
11-18 14:05:24.352 15549 16012 I PRETTY_LOGGER: โ”‚ LogUtils.i (LogUtils.java:27)
11-18 14:05:24.352 15549 16012 I PRETTY_LOGGER: โ”‚ LogUtils.i (LogUtils.java:21)
11-18 14:05:24.352 15549 16012 I PRETTY_LOGGER: โ”œโ”„โ”„โ”„โ”„โ”„โ”„โ”„โ”„โ”„โ”„โ”„โ”„โ”„โ”„โ”„โ”„โ”„โ”„โ”„โ”„โ”„โ”„โ”„โ”„โ”„โ”„โ”„โ”„โ”„โ”„โ”„โ”„โ”„โ”„โ”„โ”„โ”„โ”„โ”„โ”„โ”„โ”„โ”„โ”„โ”„โ”„โ”„โ”„โ”„โ”„โ”„โ”„โ”„โ”„โ”„โ”„โ”„โ”„โ”„โ”„โ”„โ”„โ”„โ”„โ”„โ”„โ”„โ”„โ”„โ”„โ”„โ”„โ”„โ”„โ”„โ”„โ”„โ”„โ”„โ”„โ”„โ”„โ”„โ”„โ”„โ”„โ”„โ”„โ”„โ”„โ”„โ”„โ”„โ”„โ”„โ”„โ”„โ”„โ”„โ”„โ”„โ”„โ”„โ”„โ”„โ”„โ”„โ”„โ”„โ”„โ”„โ”„
11-18 14:05:24.352 15549 16012 I PRETTY_LOGGER: โ”‚ ๅ“ๅบ”๏ผšhttps://login-api-dev.jlpay.com/boss_user/getUnreadMsgNumRpc
11-18 14:05:24.352 15549 16012 I PRETTY_LOGGER: โ”‚
11-18 14:05:24.352 15549 16012 I PRETTY_LOGGER: โ”‚ {"biz_context":"{\"ret_code\":\"00\",\"ret_msg\":\"่ฏทๆฑ‚ๆˆๅŠŸ\",\"success\":true,\"total\":1}","ret_code":"00","ret_msg":"่ฏทๆฑ‚ๆˆๅŠŸ"}
11-18 14:05:24.352 15549 16012 I PRETTY_LOGGER: โ””โ”€โ”€โ”€โ”€โ”€โ”€โ”€โ”€โ”€โ”€โ”€โ”€โ”€โ”€โ”€โ”€โ”€โ”€โ”€โ”€โ”€โ”€โ”€โ”€โ”€โ”€โ”€โ”€โ”€โ”€โ”€โ”€โ”€โ”€โ”€โ”€โ”€โ”€โ”€โ”€โ”€โ”€โ”€โ”€โ”€โ”€โ”€โ”€โ”€โ”€โ”€โ”€โ”€โ”€โ”€โ”€โ”€โ”€โ”€โ”€โ”€โ”€โ”€โ”€โ”€โ”€โ”€โ”€โ”€โ”€โ”€โ”€โ”€โ”€โ”€โ”€โ”€โ”€โ”€โ”€โ”€โ”€โ”€โ”€โ”€โ”€โ”€โ”€โ”€โ”€โ”€โ”€โ”€โ”€โ”€โ”€โ”€โ”€โ”€โ”€โ”€โ”€โ”€โ”€โ”€โ”€โ”€โ”€โ”€โ”€โ”€โ”€
11-18 14:05:24.360 15549 15851 I PRETTY_LOGGER: โ”Œโ”€โ”€โ”€โ”€โ”€โ”€โ”€โ”€โ”€โ”€โ”€โ”€โ”€โ”€โ”€โ”€โ”€โ”€โ”€โ”€โ”€โ”€โ”€โ”€โ”€โ”€โ”€โ”€โ”€โ”€โ”€โ”€โ”€โ”€โ”€โ”€โ”€โ”€โ”€โ”€โ”€โ”€โ”€โ”€โ”€โ”€โ”€โ”€โ”€โ”€โ”€โ”€โ”€โ”€โ”€โ”€โ”€โ”€โ”€โ”€โ”€โ”€โ”€โ”€โ”€โ”€โ”€โ”€โ”€โ”€โ”€โ”€โ”€โ”€โ”€โ”€โ”€โ”€โ”€โ”€โ”€โ”€โ”€โ”€โ”€โ”€โ”€โ”€โ”€โ”€โ”€โ”€โ”€โ”€โ”€โ”€โ”€โ”€โ”€โ”€โ”€โ”€โ”€โ”€โ”€โ”€โ”€โ”€โ”€โ”€โ”€โ”€
11-18 14:05:24.360 15549 15851 I PRETTY_LOGGER: โ”‚ LogUtils.i (LogUtils.java:27)
11-18 14:05:24.360 15549 15851 I PRETTY_LOGGER: โ”‚ LogUtils.i (LogUtils.java:21)
11-18 14:05:24.360 15549 15851 I PRETTY_LOGGER: โ”œโ”„โ”„โ”„โ”„โ”„โ”„โ”„โ”„โ”„โ”„โ”„โ”„โ”„โ”„โ”„โ”„โ”„โ”„โ”„โ”„โ”„โ”„โ”„โ”„โ”„โ”„โ”„โ”„โ”„โ”„โ”„โ”„โ”„โ”„โ”„โ”„โ”„โ”„โ”„โ”„โ”„โ”„โ”„โ”„โ”„โ”„โ”„โ”„โ”„โ”„โ”„โ”„โ”„โ”„โ”„โ”„โ”„โ”„โ”„โ”„โ”„โ”„โ”„โ”„โ”„โ”„โ”„โ”„โ”„โ”„โ”„โ”„โ”„โ”„โ”„โ”„โ”„โ”„โ”„โ”„โ”„โ”„โ”„โ”„โ”„โ”„โ”„โ”„โ”„โ”„โ”„โ”„โ”„โ”„โ”„โ”„โ”„โ”„โ”„โ”„โ”„โ”„โ”„โ”„โ”„โ”„โ”„โ”„โ”„โ”„โ”„โ”„
11-18 14:05:24.360 15549 15851 I PRETTY_LOGGER: โ”‚ ๅ“ๅบ”๏ผšhttps://merchant-dev.jlpay.com/boss_trans/newSuccessOrderRpc
11-18 14:05:24.360 15549 15851 I PRETTY_LOGGER: โ”‚
11-18 14:05:24.360 15549 15851 I PRETTY_LOGGER: โ”‚ {"biz_context":"{\"detail\":{\"amount\":100,\"buz_sub_type\":\"0104\",\"discount_amt\":\"0\",\"merch_name\":\"้œฒๅจœๅบฆๅ‡ๆ‘6\",\"merch_no\":\"84944037011A00O\",\"order_id\":\"411049699623563221401658\",\"pay_type\":\"02\",\"status\":\"2\",\"term_no\":\"60016381\",\"trans_time\":1637054585000},\"ret_code\":\"00\",\"ret_msg\":\"่ฏทๆฑ‚ๆˆๅŠŸ\",\"success\":true}","ret_code":"00","ret_msg":"่ฏทๆฑ‚ๆˆๅŠŸ"}
11-18 14:05:24.360 15549 15851 I PRETTY_LOGGER: โ””โ”€โ”€โ”€โ”€โ”€โ”€โ”€โ”€โ”€โ”€โ”€โ”€โ”€โ”€โ”€โ”€โ”€โ”€โ”€โ”€โ”€โ”€โ”€โ”€โ”€โ”€โ”€โ”€โ”€โ”€โ”€โ”€โ”€โ”€โ”€โ”€โ”€โ”€โ”€โ”€โ”€โ”€โ”€โ”€โ”€โ”€โ”€โ”€โ”€โ”€โ”€โ”€โ”€โ”€โ”€โ”€โ”€โ”€โ”€โ”€โ”€โ”€โ”€โ”€โ”€โ”€โ”€โ”€โ”€โ”€โ”€โ”€โ”€โ”€โ”€โ”€โ”€โ”€โ”€โ”€โ”€โ”€โ”€โ”€โ”€โ”€โ”€โ”€โ”€โ”€โ”€โ”€โ”€โ”€โ”€โ”€โ”€โ”€โ”€โ”€โ”€โ”€โ”€โ”€โ”€โ”€โ”€โ”€โ”€โ”€โ”€โ”€
11-18 14:05:24.448 1470 1595 V ColorZoomWindowManagerService: onAnimationFinished: r = ActivityRecord{43bff65 u0 com.jlpay.merch/.ui.main.MainActivity t18211}
11-18 14:05:24.449 1470 1595 I ColorAppSwitchManagerService: handleAppVisible , r = ActivityRecord{43bff65 u0 com.jlpay.merch/.ui.main.MainActivity t18211}
11-18 14:05:24.449 1470 1595 I OplusMirageDisplayManagerService: onAnimationFinished:
11-18 14:05:24.449 1470 1595 V ColorZoomWindowManagerService: onAnimationFinished: r = ActivityRecord{75c2123 u0 com.jlpay.merch/.ui.webview.WebviewActivity t18211 f}}
11-18 14:05:24.449 1470 1595 I OplusMirageDisplayManagerService: onAnimationFinished:
11-18 14:05:24.456 841 841 D OppoExLayer: ~Layer() sequence=61886, name=Surface(name=ActivityRecord{43bff65 u0 com.jlpay.merch/.ui.main.MainActivity)/@0xa5f09a2 - animation-bounds#0@0xb4000073295ac000
11-18 14:05:24.456 841 841 D OppoExLayer: ~Layer() sequence=61885, name=Surface(name=ActivityRecord{43bff65 u0 com.jlpay.merch/.ui.main.MainActivity)/@0xa5f09a2 - animation-leash#0@0xb4000073294aa000
11-18 14:05:24.456 841 841 D OppoExLayer: ~Layer() sequence=61888, name=Surface(name=ActivityRecord{75c2123 u0 com.jlpay.merch/.ui.webview.WebviewActivity)/@0xc060480 - animation-bounds#0@0xb4000073361e0000
11-18 14:05:24.456 841 841 D OppoExLayer: ~Layer() sequence=61887, name=Surface(name=ActivityRecord{75c2123 u0 com.jlpay.merch/.ui.webview.WebviewActivity)/@0xc060480 - animation-leash#0@0xb4000073361fa000
11-18 14:05:24.462 841 900 I BufferQueueProducer: [com.jlpay.merch/com.jlpay.merch.ui.webview.WebviewActivity#0](id:349000020cc,api:1,p:15549,c:841) disconnect(): api=1
11-18 14:05:24.465 841 899 D OppoExSurfaceFlinger: applyTransactionState timed out try= 1, 0, 1
11-18 14:05:24.473 15718 15750 I appium : AppiumResponse: {"sessionId":"48f6a8a8-93b4-40c2-8c7a-a35989fcd518","value":null}
11-18 14:05:24.475 15549 15549 D MotuCrashSDK: onActivityStopped๏ผšcom.jlpay.merch.ui.webview.WebviewActivity
11-18 14:05:24.475 15549 15549 D MotuCrashSDK: nativeSetForeground background
11-18 14:05:24.476 15549 15979 W TLOG_MONITOR: MSG_PULL:TLOG.FileUploadHandler:ๆถˆๆฏๆ‹‰ๅ–๏ผšไธปๅŠจๅ‘้€ๆถˆๆฏ๏ผŒๆ‹‰ๅ–ไปปๅŠก
11-18 14:05:24.477 15549 15549 V PhoneWindow: DecorView setVisiblity: visibility = 4, Parent = android.view.ViewRootImpl@b30bce4, this = DecorView@b0eb04c[WebviewActivity]
11-18 14:05:24.478 15549 15549 D LeakCanary: Watching instance of androidx.fragment.app.FragmentManagerViewModel (androidx.fragment.app.FragmentManagerViewModel received ViewModel#onCleared() callback) with key 0039b95b-5cb0-4a46-909d-38a6a6608ef9
11-18 14:05:24.478 15549 15549 D LeakCanary: Watching instance of leakcanary.internal.ViewModelClearedWatcher (leakcanary.internal.ViewModelClearedWatcher received ViewModel#onCleared() callback) with key d65dcdd1-08d1-48f1-9100-eaf75e650b1a
11-18 14:05:24.479 15549 15549 D LeakCanary: Watching instance of androidx.lifecycle.ReportFragment (androidx.lifecycle.ReportFragment received Fragment#onDestroy() callback) with key 0dbac3f7-76eb-479a-94e6-69579b01c4ee
11-18 14:05:24.479 15549 15549 D LeakCanary: Watching instance of com.jlpay.merch.ui.webview.WebviewActivity (com.jlpay.merch.ui.webview.WebviewActivity received Activity#onDestroy() callback) with key 31b86c62-fdac-46ca-8a23-57159d2f8ad4
11-18 14:05:24.480 15549 15549 D MotuCrashSDK: onActivityDestroyed๏ผšcom.jlpay.merch.ui.webview.WebviewActivity
11-18 14:05:24.488 15549 15549 D View : [Warning] assignParent to null: this = DecorView@b0eb04c[WebviewActivity]
11-18 14:05:24.494 15549 15549 I InputTransport: Destroy ARC handle: 0xb4000076e3a27680
11-18 14:05:24.496 15549 15549 D LeakCanary: Watching instance of com.android.internal.policy.DecorView (com.android.internal.policy.DecorView received View#onDetachedFromWindow() callback) with key 92fa99be-c9a1-4893-aea6-4cfffeb45e24
11-18 14:05:24.498 841 841 D OppoExLayer: ~Layer() sequence=61873, name=b85e0e4 com.jlpay.merch/com.jlpay.merch.ui.webview.WebviewActivity#0@0xb4000073360b8000
11-18 14:05:24.498 841 841 I BufferQueueConsumer: [com.jlpay.merch/com.jlpay.merch.ui.webview.WebviewActivity#0](id:349000020cc,api:0,p:-1,c:841) disconnect()
11-18 14:05:24.498 841 841 I BufferQueue: [com.jlpay.merch/com.jlpay.merch.ui.webview.WebviewActivity#0](this:0xb400007334b68458,id:8396,api:1,p:-1,c:-1) onDestructor()
11-18 14:05:24.498 841 841 D OppoExLayer: ~Layer() sequence=61874, name=com.jlpay.merch/com.jlpay.merch.ui.webview.WebviewActivity#0@0xb4000073360c2000
11-18 14:05:24.499 1470 1572 I InputDispatcher: Window went away: com.jlpay.merch/com.jlpay.merch.ui.webview.WebviewActivity#0
11-18 14:05:24.506 841 841 D OppoExLayer: ~Layer() sequence=61872, name=ActivityRecord{75c2123 u0 com.jlpay.merch/.ui.webview.WebviewActivity#0@0xb400007329516000
11-18 14:05:24.520 15549 15979 I System.out: [OkHttp] sendRequest>>
11-18 14:05:24.520 15549 15979 I System.out: [OkHttp] sendRequest<<
11-18 14:05:24.567 15549 15979 D SendMessage: pull request message:
11-18 14:05:24.988 15718 15750 I appium : channel read: GET /wd/hub/session/48f6a8a8-93b4-40c2-8c7a-a35989fcd518/source
11-18 14:05:24.990 15718 15750 I appium : Source command
11-18 14:05:24.991 15718 15750 I appium : Waiting up to 10000ms for the device to idle
11-18 14:05:25.023 1470 1823 D JobScheduler.Temperature: get temperature=31.109
11-18 14:05:25.298 15718 15750 I appium : AppiumResponse: {"sessionId":"48f6a8a8-93b4-40c2-8c7a-a35989fcd518","value":"\r\n\r\n
> 11-18 14:05:25.483 15549 16091 I System.out: [OkHttp] sendRequest<<
11-18 14:05:25.526 15549 16091 D RestApi : errCode:0
11-18 14:05:25.580 15718 15750 I appium : channel read: GET /wd/hub/session/48f6a8a8-93b4-40c2-8c7a-a35989fcd518/screenshot
11-18 14:05:25.581 15718 15750 I appium : CaptureScreenshot command
11-18 14:05:25.751 16229 16229 D AVStageFactory: Opened liboplusavenhancements.so
11-18 14:05:25.751 16229 16229 D AVStageFactory: createInstance(64bit): createVendorAVFactory success!
11-18 14:05:25.751 16229 16229 D AVStageUtils: Opened liboplusavenhancements.so
11-18 14:05:25.751 16229 16229 D AVStageUtils: createInstance(64bit): createVendorAVUtils success!
11-18 14:05:25.751 16229 16229 D OplusUtils: OplusUtils [83]:
11-18 14:05:25.752 16229 16229 D AVMediaServiceFactory: Opened liboplusavenhancements.so
11-18 14:05:25.752 16229 16229 D AVMediaServiceFactory: createInstance(64bit): createExtendedMediaServiceFactory success!
11-18 14:05:25.753 16229 16229 D AVNuFactory: Opened liboplusavenhancements.so
11-18 14:05:25.753 16229 16229 D AVNuFactory: createInstance(64bit): createExtendedNuFactory success!
11-18 14:05:25.753 16229 16229 D AVStageFactory: createInstance(64bit): createVendorAVFactory success!
11-18 14:05:25.753 16229 16229 D AVStageUtils: createInstance(64bit): createVendorAVUtils success!
11-18 14:05:25.753 16229 16229 D OplusUtils: OplusUtils [83]:
11-18 14:05:25.753 16229 16229 D AVMediaServiceFactory: createInstance(64bit): createExtendedMediaServiceFactory success!
11-18 14:05:25.753 16229 16229 D AVNuFactory: createInstance(64bit): createExtendedNuFactory success!
11-18 14:05:25.753 16229 16229 D AVStageFactory: Opened liboplusavenhancements.so
11-18 14:05:25.753 16229 16229 D AVStageFactory: createInstance(64bit): createVendorAVFactory success!
11-18 14:05:25.753 16229 16229 D AVStageUtils: createInstance(64bit): createVendorAVUtils success!
11-18 14:05:25.753 16229 16229 D OplusUtils: OplusUtils [83]:
11-18 14:05:25.793 16229 16229 E ion : ioctl c0044901 failed with code -1: Invalid argument
11-18 14:05:26.110 1470 2461 I ColorHansManager : stateRToFFreeze--imporant case: pkgName: io.appium.uiautomator2.server, reason: lastResumeProtect
11-18 14:05:26.230 5409 5409 D BoundBrokerSvc: onUnbind: Intent { act=com.google.android.gms.safetynet.service.START pkg=com.google.android.gms }
11-18 14:05:26.272 16229 16229 D RefBase : RefBase: Explicit destruction, weak count = 0 (in 0x72f377d240)
11-18 14:05:26.276 16229 16229 D RefBase : #00 pc 00000000000de7c4 /apex/com.android.runtime/lib64/bionic/libc.so (__cxa_finalize+148)
11-18 14:05:26.276 16229 16229 D RefBase : #01 pc 00000000000d9438 /apex/com.android.runtime/lib64/bionic/libc.so (exit+24)
11-18 14:05:26.276 16229 16229 D RefBase : #02 pc 0000000000073e28 /apex/com.android.runtime/lib64/bionic/libc.so (__libc_init+112)
11-18 14:05:26.284 809 875 I mtkpower@impl: [powerd_req] TIMER_MSG_PERF_LOCK_TIMEOUT hdl:40408
11-18 14:05:26.284 809 875 I libPowerHal: [perfLockRel] hdl:40408, idx:2
11-18 14:05:26.285 809 875 I libPowerHal: [PD] scn:2 hdl:40408 hint:30 comm:mtkpower@1.0-se pid:809
11-18 14:05:26.285 809 875 I libPowerHal: [PD] MTKPOWER_HINT_EXT_LAUNCH update cmd:1000000, param:-1
11-18 14:05:26.285 809 875 I libPowerHal: [PD] MTKPOWER_HINT_EXT_LAUNCH update cmd:2020000 param:1
11-18 14:05:26.285 809 875 I libPowerHal: [PD] MTKPOWER_HINT_EXT_LAUNCH update cmd:1408300 param:0
11-18 14:05:26.286 809 875 I libPowerHal: [PD] MTKPOWER_HINT_EXT_LAUNCH update cmd:1000000 param:-1
11-18 14:05:26.390 15718 15750 I appium : AppiumResponse: {"sessionId":"48f6a8a8-93b4-40c2-8c7a-a35989fcd518","value":"iVBORw0KGgoAAAANSUhEUgAABDgAAAlgCAYAAABtGofVAAAAAXNSR0IArs4c6QAAAARzQklUCAgI\nCHwIZIgAACAASURBVHic7N13fFRV/sbxz71T0hMCoUNQ6b3qWuiIYHdta1kLKiLWXdcGYgcRe0Ox\n997dtf0A6dgAQelFpZeEmp6Zuff3x5TMpIdMgNHnva9ZZu6c2zJg5j73nO8xeh95nI2IiIiIiIiI\nSAwzDโ€ฆ
11-18 14:05:26.627 1470 1629 D BatteryLed: getLightInColorState, oppoLightMgr empty!
11-18 14:05:26.740 15718 15750 I appium : channel read: POST /wd/hub/session/48f6a8a8-93b4-40c2-8c7a-a35989fcd518/element
11-18 14:05:26.741 15718 15750 I appium : FindElement command
11-18 14:05:26.744 15718 15750 I appium : method: 'xpath', selector: '//android.widget.TextView[@text='่ดฆๅ•' and @class='android.widget.TextView']'
11-18 14:05:26.745 15718 15750 I appium : Waiting up to 10000ms for the device to idle
11-18 14:05:26.748 15718 15750 I appium : The following attributes will be included to the page source: [text, class]
11-18 14:05:26.965 15718 15750 I appium : Took 16ms to retrieve 1 matches for '//android.widget.TextView[@text='่ดฆๅ•' and @class='android.widget.TextView']' XPath query
11-18 14:05:26.971 15718 15750 I appium : AppiumResponse: {"sessionId":"48f6a8a8-93b4-40c2-8c7a-a35989fcd518","value":{"ELEMENT":"00000000-0000-1545-ffff-ffff00000073","element-6066-11e4-a52e-4f735466cecf":"00000000-0000-1545-ffff-ffff00000073"}}
11-18 14:05:26.986 15718 15750 I appium : channel read: POST /wd/hub/session/48f6a8a8-93b4-40c2-8c7a-a35989fcd518/element/00000000-0000-1545-ffff-ffff00000073/click
11-18 14:05:26.988 15718 15750 I appium : Click command
11-18 14:05:27.003 841 900 D OppoExSurfaceFlinger: applyTransactionState timed out try= 1, 0, 1
11-18 14:05:27.007 809 875 I libPowerHal: [perfLockAcq] idx:1 hdl:40409 hint:25 pid:809 duration:10000 => ret_hdl:40409
11-18 14:05:27.007 809 875 I libPowerHal: [PE] scn:1 hdl:40409 hint:25 comm:mtkpower@1.0-se pid:809
11-18 14:05:27.007 809 875 I libPowerHal: [PE] MTKPOWER_HINT_APP_TOUCH update cmd:3408600 param:1
11-18 14:05:27.008 15549 15549 D ViewRootImpl: enqueueInputEventMotionEvent { action=ACTION_DOWN, actionButton=0, id[0]=0, x[0]=269.0, y[0]=671.0, toolType[0]=TOOL_TYPE_FINGER, buttonState=0, classification=NONE, metaState=0, flags=0x0, edgeFlags=0x0, pointerCount=1, historySize=0, eventTime=425705517, downTime=425705516, deviceId=-1, source=0x1002, displayId=0 }
11-18 14:05:27.009 15549 15549 D ViewRootImpl[MainActivity]: processMotionEvent MotionEvent { action=ACTION_DOWN, actionButton=0, id[0]=0, x[0]=269.0, y[0]=671.0, toolType[0]=TOOL_TYPE_FINGER, buttonState=0, classification=NONE, metaState=0, flags=0x0, edgeFlags=0x0, pointerCount=1, historySize=0, eventTime=425705517, downTime=425705516, deviceId=-1, source=0x1002, displayId=0 }
11-18 14:05:27.010 15549 15549 D ViewRootImpl[MainActivity]: dispatchPointerEvent handled=true, event=MotionEvent { action=ACTION_DOWN, actionButton=0, id[0]=0, x[0]=269.0, y[0]=671.0, toolType[0]=TOOL_TYPE_FINGER, buttonState=0, classification=NONE, metaState=0, flags=0x0, edgeFlags=0x0, pointerCount=1, historySize=0, eventTime=425705517, downTime=425705516, deviceId=-1, source=0x1002, displayId=0 }
11-18 14:05:27.012 809 875 I libPowerHal: [perfLockRel] hdl:40409, idx:1
11-18 14:05:27.012 809 875 I libPowerHal: [PD] scn:1 hdl:40409 hint:25 comm:mtkpower@1.0-se pid:809
11-18 14:05:27.013 809 875 I libPowerHal: [PD] MTKPOWER_HINT_APP_TOUCH update cmd:3408600 param:0
11-18 14:05:27.013 15549 15549 D ViewRootImpl[MainActivity]: processMotionEvent MotionEvent { action=ACTION_UP, actionButton=0, id[0]=0, x[0]=269.0, y[0]=671.0, toolType[0]=TOOL_TYPE_FINGER, buttonState=0, classification=NONE, metaState=0, flags=0x0, edgeFlags=0x0, pointerCount=1, historySize=0, eventTime=425705517, downTime=425705516, deviceId=-1, source=0x1002, displayId=0 }
11-18 14:05:27.014 15549 15549 D ViewRootImpl[MainActivity]: dispatchPointerEvent handled=true, event=MotionEvent { action=ACTION_UP, actionButton=0, id[0]=0, x[0]=269.0, y[0]=671.0, toolType[0]=TOOL_TYPE_FINGER, buttonState=0, classification=NONE, metaState=0, flags=0x0, edgeFlags=0x0, pointerCount=1, historySize=0, eventTime=425705517, downTime=425705516, deviceId=-1, source=0x1002, displayId=0 }
11-18 14:05:27.018 1470 1572 I ActivityTaskManager: START u0 {cmp=com.jlpay.merch/.ui.home.bill.BillActivity mCallingUid=11378} from uid 11378 and from pid 15549
11-18 14:05:27.019 1470 1829 I mtkpower_client: perf_lock_rel, hdl:40406, tid:1829
11-18 14:05:27.019 1470 1572 D ColorZoomWindowRUSConfigManager: isSupportZoomModeWithPolicyLocked: target = com.jlpay.merch/.ui.home.bill.BillActivity
11-18 14:05:27.019 1470 1572 D ColorZoomWindowRUSConfigManager: targetPkg = com.jlpay.merch
11-18 14:05:27.019 1470 1572 V ColorZoomWindowManagerService: unSupportZoom: false ,callingPid: 15549 ,sourceStack: Task{3e1dd20 #18211 visible=true type=standard mode=fullscreen translucent=false A=11378:com.jlpay.merch U=0 StackId=18211 sz=1}
11-18 14:05:27.019 1470 1829 I mtkpower_client: perf_lock_acq, hdl:40406, dur:0, num:12, tid:1829
11-18 14:05:27.019 809 875 I libPowerHal: [perfLockRel] hdl:40406, idx:0
11-18 14:05:27.019 841 1311 D DispPerfService: get hint proc=ActivityRecord{f81d759 u0 com.jlpay.merch, idx=0 none
11-18 14:05:27.019 809 875 I libPowerHal: [PD] scn:0 hdl:40406 lock_user:system_server pid:1470 tid:1829 dur:0
11-18 14:05:27.019 809 875 I libPowerHal: [PD] system_server update cmd:10000100 param:2
11-18 14:05:27.020 1470 1829 I mtkpower_client: ret_hdl:40410
11-18 14:05:27.020 809 875 I libPowerHal: [perfLockAcq] idx:0 hdl:40410 hint:-1 pid:1470 duration:0 => ret_hdl:40410
11-18 14:05:27.020 809 875 I libPowerHal: [PE] scn:0 hdl:40410 lock_user:system_server pid:1470 tid:1829 dur:0
11-18 14:05:27.020 809 875 I libPowerHal: system_server: cpu_ctrl set cpu freq: 2000000 -1 2000000 -1
11-18 14:05:27.020 809 875 I libPowerHal: [PE] system_server update cmd:1410000, param:1
11-18 14:05:27.020 809 820 I mtkpower@impl: [setMode] type:5, enabled:1
11-18 14:05:27.020 809 875 I libPowerHal: [PE] system_server update cmd:1c3c000, param:0
11-18 14:05:27.020 1470 1572 D ColorZoomWindowRUSConfigManager: isSupportZoomModeWithPolicyLocked: target = com.jlpay.merch/.ui.home.bill.BillActivity
11-18 14:05:27.020 1470 1572 D ColorZoomWindowRUSConfigManager: targetPkg = com.jlpay.merch
11-18 14:05:27.020 1470 1572 V ColorZoomWindowManagerService: unSupportZoom: false ,callingPid: 15549 ,sourceStack: Task{3e1dd20 #18211 visible=true type=standard mode=fullscreen translucent=false A=11378:com.jlpay.merch U=0 StackId=18211 sz=2}
11-18 14:05:27.020 809 875 I libPowerHal: [PE] system_server update cmd:10000100, param:2
11-18 14:05:27.021 809 875 I libPowerHal: [perfLockAcq] idx:1 hdl:40411 hint:11 pid:809 duration:30000 => ret_hdl:40411
11-18 14:05:27.021 809 875 I libPowerHal: [PE] scn:1 hdl:40411 hint:11 comm:mtkpower@1.0-se pid:809
11-18 14:05:27.021 809 875 I libPowerHal: [PE] LAUNCH update cmd:1000000, param:0
11-18 14:05:27.021 809 875 I libPowerHal: [PE] LAUNCH update cmd:1408300, param:100
11-18 14:05:27.021 809 875 I libPowerHal: [PE] LAUNCH update cmd:300c000, param:15
11-18 14:05:27.021 809 875 I libPowerHal: [PE] LAUNCH update cmd:1000000 param:0
11-18 14:05:27.021 809 875 I libPowerHal: [perfLockRel] hdl:40408, idx:-1
11-18 14:05:27.022 809 875 I libPowerHal: [perfLockAcq] idx:2 hdl:40412 hint:23 pid:809 duration:10000 => ret_hdl:40412
11-18 14:05:27.022 809 875 I libPowerHal: [PE] scn:2 hdl:40412 hint:23 comm:mtkpower@1.0-se pid:809
11-18 14:05:27.023 15549 15771 D UMLog : ๅฝ“ๅ‰ๅ‘้€็ญ–็•ฅไธบ: ้—ด้š”ๅ‘้€ใ€‚้—ด้š”ๆ—ถ้—ดไธบ๏ผš90็ง’ใ€‚่ฏฆ่ง้“พๆŽฅ https://developer.umeng.com/docs/66632/detail/66976?um_channel=sdk
11-18 14:05:27.024 841 899 D OppoExSurfaceFlinger: applyTransactionState timed out try= 1, 0, 1
11-18 14:05:27.025 15549 15549 D MotuCrashSDK: onActivityPaused๏ผšcom.jlpay.merch.ui.main.MainActivity
11-18 14:05:27.026 15718 15750 I appium : Waiting up to 10000ms for the device to idle
11-18 14:05:27.027 15718 15750 I appium : AppiumResponse: {"sessionId":"48f6a8a8-93b4-40c2-8c7a-a35989fcd518","value":null}
11-18 14:05:27.027 1470 4252 I OppoBaseActivityStack: notifyAppSwitch the same packageName!
11-18 14:05:27.027 1470 4252 W ActivityTaskManager: Tried to set launchTime (0) < mLastActivityLaunchTime (425698892)
11-18 14:05:27.028 1470 4252 I ActivityTaskManager: perfNotifyAppState TopResumedActivityChanged ActivityRecord{f81d759 u0 com.jlpay.merch/.ui.home.bill.BillActivity t18211}
11-18 14:05:27.028 1470 4252 I InputDispatcher: setFocusedApplication displayId=0
11-18 14:05:27.028 809 875 I libPowerHal: [perfNotifyAppState] [activity updated] pack:com.jlpay.merch, act:com.jlpay.merch.ui.home.bill.BillActivity
11-18 14:05:27.029 809 875 I libPowerHal: Act_Match:0, Common_index:-1
11-18 14:05:27.029 809 819 I mtkpower@impl: [notifyAppState] act com.jlpay.merch.ui.main.MainActivity => com.jlpay.merch.ui.home.bill.BillActivity
11-18 14:05:27.029 1470 4252 W WindowManager: Changing focus fromWindow{fc8d0b6 u0 com.jlpay.merch/com.jlpay.merch.ui.main.MainActivity} to null displayId=0 Callers=com.android.server.wm.RootWindowContainer.updateFocusedWindowLocked:509 com.android.server.wm.WindowManagerService.updateFocusedWindowLocked:6073 com.android.server.wm.DisplayContent.setFocusedApp:5895 com.android.server.wm.ActivityTaskManagerService.setResumedActivityUncheckLocked:5860
11-18 14:05:27.029 1470 4252 D Theia.NoFocusWindow: FocusWindowErrorScene CheckFreezeScreen
11-18 14:05:27.031 1470 4252 I ActivityTaskManager: perfNotifyAppState PAUSED ActivityRecord{43bff65 u0 com.jlpay.merch/.ui.main.MainActivity t18211}
11-18 14:05:27.033 15549 15771 W SQLiteLog: (28) double-quoted string literal: "
11-18 14:05:27.033 15549 15771 W SQLiteLog: (28) double-quoted string literal: "9B78C915D769800156BDA4A0D7CAD150"
11-18 14:05:27.034 15549 16234 E libEGL : Invalid file path for libcolorx-loader.so
11-18 14:05:27.034 15549 16234 D libMEOW : applied 0 plugin for [com.jlpay.merch].
11-18 14:05:27.034 1470 1829 I mtkpower_client: perf_lock_rel, hdl:40410, tid:1829
11-18 14:05:27.034 1470 1829 I mtkpower_client: perf_lock_acq, hdl:40410, dur:0, num:12, tid:1829
11-18 14:05:27.035 809 875 I libPowerHal: [perfLockRel] hdl:40410, idx:0
11-18 14:05:27.035 809 875 I libPowerHal: [PD] scn:0 hdl:40410 lock_user:system_server pid:1470 tid:1829 dur:0
11-18 14:05:27.035 809 875 I libPowerHal: [PD] system_server update cmd:1410000 param:0
11-18 14:05:27.035 809 875 I libPowerHal: [PD] system_server update cmd:1c3c000, param:1
11-18 14:05:27.035 809 875 I libPowerHal: [PD] system_server update cmd:10000100 param:2
11-18 14:05:27.035 1470 1829 I mtkpower_client: ret_hdl:40413
11-18 14:05:27.038 809 875 I libPowerHal: [perfLockAcq] idx:0 hdl:40413 hint:-1 pid:1470 duration:0 => ret_hdl:40413
11-18 14:05:27.038 809 875 I libPowerHal: [PE] scn:0 hdl:40413 lock_user:system_server pid:1470 tid:1829 dur:0
11-18 14:05:27.038 809 875 I libPowerHal: [PE] system_server update cmd:1410000, param:1
11-18 14:05:27.038 809 875 I libPowerHal: [PE] system_server update cmd:1c3c000, param:0
11-18 14:05:27.038 809 875 I libPowerHal: [PE] system_server update cmd:10000100, param:2
11-18 14:05:27.039 1470 1572 I InputDispatcher: Focus left window: Window{fc8d0b6 u0 com.jlpay.merch/com.jlpay.merch.ui.main.MainActivity} in display 0
11-18 14:05:27.039 1470 1572 I InputDispatcher: Window went away: Window{fc8d0b6 u0 com.jlpay.merch/com.jlpay.merch.ui.main.MainActivity}
11-18 14:05:27.042 15549 15549 I PRETTY_LOGGER: โ”Œโ”€โ”€โ”€โ”€โ”€โ”€โ”€โ”€โ”€โ”€โ”€โ”€โ”€โ”€โ”€โ”€โ”€โ”€โ”€โ”€โ”€โ”€โ”€โ”€โ”€โ”€โ”€โ”€โ”€โ”€โ”€โ”€โ”€โ”€โ”€โ”€โ”€โ”€โ”€โ”€โ”€โ”€โ”€โ”€โ”€โ”€โ”€โ”€โ”€โ”€โ”€โ”€โ”€โ”€โ”€โ”€โ”€โ”€โ”€โ”€โ”€โ”€โ”€โ”€โ”€โ”€โ”€โ”€โ”€โ”€โ”€โ”€โ”€โ”€โ”€โ”€โ”€โ”€โ”€โ”€โ”€โ”€โ”€โ”€โ”€โ”€โ”€โ”€โ”€โ”€โ”€โ”€โ”€โ”€โ”€โ”€โ”€โ”€โ”€โ”€โ”€โ”€โ”€โ”€โ”€โ”€โ”€โ”€โ”€โ”€โ”€โ”€
11-18 14:05:27.042 15549 15549 I PRETTY_LOGGER: โ”‚ LogUtils.i (LogUtils.java:27)
11-18 14:05:27.042 15549 15549 I PRETTY_LOGGER: โ”‚ LogUtils.i (LogUtils.java:21)
11-18 14:05:27.042 15549 15549 I PRETTY_LOGGER: โ”œโ”„โ”„โ”„โ”„โ”„โ”„โ”„โ”„โ”„โ”„โ”„โ”„โ”„โ”„โ”„โ”„โ”„โ”„โ”„โ”„โ”„โ”„โ”„โ”„โ”„โ”„โ”„โ”„โ”„โ”„โ”„โ”„โ”„โ”„โ”„โ”„โ”„โ”„โ”„โ”„โ”„โ”„โ”„โ”„โ”„โ”„โ”„โ”„โ”„โ”„โ”„โ”„โ”„โ”„โ”„โ”„โ”„โ”„โ”„โ”„โ”„โ”„โ”„โ”„โ”„โ”„โ”„โ”„โ”„โ”„โ”„โ”„โ”„โ”„โ”„โ”„โ”„โ”„โ”„โ”„โ”„โ”„โ”„โ”„โ”„โ”„โ”„โ”„โ”„โ”„โ”„โ”„โ”„โ”„โ”„โ”„โ”„โ”„โ”„โ”„โ”„โ”„โ”„โ”„โ”„โ”„โ”„โ”„โ”„โ”„โ”„โ”„
11-18 14:05:27.042 15549 15549 I PRETTY_LOGGER: โ”‚ activity ==> ======================================================BillActivity
11-18 14:05:27.042 15549 15549 I PRETTY_LOGGER: โ””โ”€โ”€โ”€โ”€โ”€โ”€โ”€โ”€โ”€โ”€โ”€โ”€โ”€โ”€โ”€โ”€โ”€โ”€โ”€โ”€โ”€โ”€โ”€โ”€โ”€โ”€โ”€โ”€โ”€โ”€โ”€โ”€โ”€โ”€โ”€โ”€โ”€โ”€โ”€โ”€โ”€โ”€โ”€โ”€โ”€โ”€โ”€โ”€โ”€โ”€โ”€โ”€โ”€โ”€โ”€โ”€โ”€โ”€โ”€โ”€โ”€โ”€โ”€โ”€โ”€โ”€โ”€โ”€โ”€โ”€โ”€โ”€โ”€โ”€โ”€โ”€โ”€โ”€โ”€โ”€โ”€โ”€โ”€โ”€โ”€โ”€โ”€โ”€โ”€โ”€โ”€โ”€โ”€โ”€โ”€โ”€โ”€โ”€โ”€โ”€โ”€โ”€โ”€โ”€โ”€โ”€โ”€โ”€โ”€โ”€โ”€โ”€
11-18 14:05:27.080 15549 15549 D BillActivity: updateTimeRange:2021-11-18
11-18 14:05:27.093 841 899 I SurfaceFlinger: [SF client] NEW(0xb400007334bec900) for (15549:com.jlpay.merch)
11-18 14:05:27.094 15549 15549 D ColorViewRootUtil: initSwipState, isDisplayCompatApp false
11-18 14:05:27.094 15549 15549 D ColorViewRootUtil: mScreenHeight 2400, mScreenWidth 1080
11-18 14:05:27.096 15549 15549 D ViewRootImpl[BillActivity]: hardware acceleration = true , fakeHwAccelerated = false, sRendererDisabled = false, forceHwAccelerated = false, sSystemRendererDisabled = false
11-18 14:05:27.097 1470 1572 D OppoDisplayPolicy: com.jlpay.merch, setting cutoutMode: color always
11-18 14:05:27.098 841 899 D DispPerfService: get hint proc=8a2accd com.jlpay.merch, idx=0 none
11-18 14:05:27.098 1470 1572 W WindowManager: Changing focus fromnull to Window{8a2accd u0 com.jlpay.merch/com.jlpay.merch.ui.home.bill.BillActivity} displayId=0 Callers=com.android.server.wm.RootWindowContainer.updateFocusedWindowLocked:509 com.android.server.wm.WindowManagerService.updateFocusedWindowLocked:6073 com.android.server.wm.WindowManagerService.addWindow:1941 com.android.server.wm.Session.addToDisplayAsUser:184
11-18 14:05:27.099 841 899 D DispPerfService: get hint proc=Surface(name=8eb967f StatusBar), idx=0 none
11-18 14:05:27.099 841 899 D DispPerfService: get hint proc=Surface(name=c91655d NavigationBar0), idx=0 none
11-18 14:05:27.100 1470 1572 D Theia.NoFocusWindow: FocusWindowErrorScene cancelCheckFreezeScreen
11-18 14:05:27.101 15549 15549 E libEGL : Invalid file path for libcolorx-loader.so
11-18 14:05:27.102 15549 15549 I chatty : uid=11378(com.jlpay.merch) identical 4 lines
11-18 14:05:27.102 15549 15549 E libEGL : Invalid file path for libcolorx-loader.so
11-18 14:05:27.102 15549 15549 I InputTransport: Create ARC handle: 0xb4000076cd4d6a60
11-18 14:05:27.104 15549 15549 V PhoneWindow: DecorView setVisiblity: visibility = 0, Parent = android.view.ViewRootImpl@45a0156, this = DecorView@53ef5d7[BillActivity]
11-18 14:05:27.108 15549 15549 V PhoneWindow: DecorView setVisiblity: visibility = 0, Parent = android.view.ViewRootImpl@45a0156, this = DecorView@53ef5d7[BillActivity]
11-18 14:05:27.109 841 841 I BufferQueueProducer: [FramebufferSurface](this:0xb400007348832ed0,id:-1,api:1,p:841,c:841) queueBuffer: fps=0.58 dur=1732.35 max=1732.35 min=1732.35
