11-18 14:01:20.029 1470 1608 W ContextImpl: Calling a method in the system process without a qualified user: android.app.ContextImpl.sendBroadcast:1143 com.android.server.am.OppoExtraActivityManagerService.setKeyLockModeNormal:51 com.android.server.am.ActivityManagerService.forceStopPackageLocked:5380 com.android.server.am.ActivityManagerService$MainHandler.handleMessage:2011 android.os.Handler.dispatchMessage:106
11-18 14:01:20.031 1470 1835 D ColorAppListInterceptManager: shouldFilterTask
11-18 14:01:20.031 1470 1835 D ColorAppListInterceptManager: shouldFilterTask::packageName = com.android.settings
11-18 14:01:20.031 1470 1835 D ColorAppListInterceptManager: shouldFilterTask
11-18 14:01:20.031 1470 1835 D ColorAppListInterceptManager: shouldFilterTask::packageName = com.coloros.gallery3d
11-18 14:01:20.033 1470 4262 D ColorAppListInterceptManager: shouldFilterTask
11-18 14:01:20.033 1470 4262 D ColorAppListInterceptManager: shouldFilterTask::packageName = com.android.settings
11-18 14:01:20.033 1470 4262 D ColorAppListInterceptManager: shouldFilterTask
11-18 14:01:20.033 1470 4262 D ColorAppListInterceptManager: shouldFilterTask::packageName = com.coloros.gallery3d
11-18 14:01:20.034 1470 1927 D OppoNwPowerService: Close socket:[11378] succeeded
11-18 14:01:20.034 1470 1927 D OppoNwPowerService: App died destroySocketForUid:11378
11-18 14:01:20.034 1470 1926 D NwPowerNetworkMonitor: Rst[0] { stamp=1637215280034 uid=11378 package=com.jlp********}
11-18 14:01:20.038 1470 4262 W WindowManager: Changing focus fromWindow{765e88b u0 com.android.settings/com.android.settings.SubSettings EXITING} to Window{db3a925 u0 com.android.settings/com.android.settings.SubSettings} displayId=0 Callers=com.android.server.wm.RootWindowContainer.updateFocusedWindowLocked:509 com.android.server.wm.WindowManagerService.updateFocusedWindowLocked:6073 com.android.server.wm.WindowState.setupWindowForRemoveOnExit:2542 com.android.server.wm.WindowState.removeIfPossible:2507
11-18 14:01:20.079 1470 3038 D DisplayManagerService: Display listener for pid 13896 died.
11-18 14:01:20.080 1470 1835 W WindowManager: Cannot find window which accessibility connection is added to
11-18 14:01:20.091 1470 1594 W ActivityManager: setHasOverlayUi called on unknown pid: 13896
11-18 14:01:20.103 1470 4256 I SecurityPermissionService: updateCachedPermission pkgName:com.jlpay.merch, userId:0, delete:false
11-18 14:01:20.137 1470 4554 I LoadedApk: connected :com.android.providers.media.MediaService
11-18 14:01:20.137 1470 1470 I LoadedApk: onServiceConnected :com.android.providers.media.MediaService
11-18 14:01:20.168 2785 2962 W ContextImpl: Calling a method in the system process without a qualified user: android.app.ContextImpl.sendBroadcast:1158 android.content.ContextWrapper.sendBroadcast:483 android.content.ContextWrapper.sendBroadcast:483 com.coloros.notificationmanager.AppModificationReceiver.notifyAppDataCleared:45 com.coloros.notificationmanager.receiver.DataReceiver.processBroadcast:67
11-18 14:01:20.192 1470 1597 V OppoBaseWatchdog: @WatchDog_ error e: java.io.FileNotFoundException: /d/wakeup_sources: open failed: ENOENT (No such file or directory)
11-18 14:01:20.205 1470 1816 W ActivityManager: Unable to start service Intent { cmp=com.android.mms/com.oppo.push.UpdateServiceNumberJobService (has extras) } U=0: not found
11-18 14:01:20.205 1470 1816 D JobScheduler: Error executing JobStatus{190f3b3 #u0a61/110 com.android.mms/com.oppo.push.UpdateServiceNumberJobService u=0 s=10061 TIME=-4d22h10m46s53ms:-4d22h10m46s53ms PERIODIC PERSISTED READY}
11-18 14:01:20.206 1470 1816 W ActivityManager: Unable to start service Intent { cmp=com.coloros.deepthinker/com.coloros.proton.learn.schedule.TrainJobService (has extras) } U=0: not found
11-18 14:01:20.207 1470 1816 D JobScheduler: Error executing JobStatus{57c9c21 #1000/648162385 com.coloros.deepthinker/com.coloros.proton.learn.schedule.TrainJobService u=0 s=1000 TIME=-4d22h10m46s53ms:-4d22h10m46s53ms PERSISTED READY}
11-18 14:01:20.567 1470 1629 D BatteryLed: getLightInColorState, oppoLightMgr empty!
11-18 14:01:20.642 13683 13683 D ViewRootImpl: enqueueInputEventMotionEvent { action=ACTION_DOWN, actionButton=0, id[0]=0, x[0]=82.0, y[0]=256.0, toolType[0]=TOOL_TYPE_FINGER, buttonState=0, classification=NONE, metaState=0, flags=0x2, edgeFlags=0x0, pointerCount=1, historySize=0, eventTime=425459158, downTime=425459158, deviceId=3, source=0x1002, displayId=0 }
11-18 14:01:20.742 1470 4265 V ColorZoomWindowManagerService: prepareZoomTransition: curStack=Task{5f6fe30 #18207 visible=true type=standard mode=fullscreen translucent=true A=1000:.applications.InstalledAppDetailsTop U=0 StackId=18207 sz=2} nextStackTask{5f6fe30 #18207 visible=true type=standard mode=fullscreen translucent=true A=1000:.applications.InstalledAppDetailsTop U=0 StackId=18207 sz=2}
11-18 14:01:20.754 1470 4257 I OppoBaseActivityStack: notifyAppSwitch the same packageName!
11-18 14:01:20.756 1470 4257 I ActivityTaskManager: perfNotifyAppState TopResumedActivityChanged ActivityRecord{2efff73 u0 com.android.settings/.applications.InstalledAppDetails t18207}
11-18 14:01:20.758 1470 4257 W WindowManager: Changing focus fromWindow{db3a925 u0 com.android.settings/com.android.settings.SubSettings} to null displayId=0 Callers=com.android.server.wm.RootWindowContainer.updateFocusedWindowLocked:509 com.android.server.wm.WindowManagerService.updateFocusedWindowLocked:6073 com.android.server.wm.DisplayContent.setFocusedApp:5895 com.android.server.wm.ActivityTaskManagerService.setResumedActivityUncheckLocked:5860
11-18 14:01:20.765 1470 4257 I ActivityTaskManager: perfNotifyAppState PAUSED ActivityRecord{514f130 u0 com.android.settings/.SubSettings t18207 f}}
11-18 14:01:20.868 1470 4237 I WindowManager: Relayout Window{544ddca u0 com.android.settings/com.android.settings.applications.InstalledAppDetails}: oldVis=8 newVis=0 focusMayChange = true
11-18 14:01:20.871 1470 4237 W WindowManager: Changing focus fromnull to Window{544ddca u0 com.android.settings/com.android.settings.applications.InstalledAppDetails} displayId=0 Callers=com.android.server.wm.RootWindowContainer.updateFocusedWindowLocked:509 com.android.server.wm.WindowManagerService.updateFocusedWindowLocked:6073 com.android.server.wm.WindowManagerService.relayoutWindow:2717 com.android.server.wm.Session.relayout:229
11-18 14:01:20.890 1470 1595 D ColorZoomWindowManagerService: adjustWindowCropForLeash start: appToken = ActivityRecord{2efff73 u0 com.android.settings/.applications.InstalledAppDetails t18207}
11-18 14:01:20.893 1470 1595 D ColorZoomWindowManagerService: adjustWindowCropForLeash start: appToken = ActivityRecord{514f130 u0 com.android.settings/.SubSettings t18207 f}}
11-18 14:01:20.919 1470 4265 D ColorInputMethodManagerServiceEx: onHandleImeWindowVisibleStatus handledVis: 0, switcher visible: 0, switcher active: 0, needsToShowImeSwitcher: false
11-18 14:01:20.932 1470 4257 D ColorInputMethodManagerServiceEx: onHandleImeWindowVisibleStatus handledVis: 0, switcher visible: 0, switcher active: 0, needsToShowImeSwitcher: false
11-18 14:01:21.066 13683 13683 D ViewRootImpl: enqueueInputEventMotionEvent { action=ACTION_DOWN, actionButton=0, id[0]=0, x[0]=82.0, y[0]=253.0, toolType[0]=TOOL_TYPE_FINGER, buttonState=0, classification=NONE, metaState=0, flags=0x2, edgeFlags=0x0, pointerCount=1, historySize=0, eventTime=425459583, downTime=425459583, deviceId=3, source=0x1002, displayId=0 }
11-18 14:01:21.070 1470 1595 V ColorZoomWindowManagerService: onAnimationFinished: r = ActivityRecord{2efff73 u0 com.android.settings/.applications.InstalledAppDetails t18207}
11-18 14:01:21.070 1470 1595 I ColorAppSwitchManagerService: handleAppVisible , r = ActivityRecord{2efff73 u0 com.android.settings/.applications.InstalledAppDetails t18207}
11-18 14:01:21.070 1470 1595 I OplusMirageDisplayManagerService: onAnimationFinished:
11-18 14:01:21.070 1470 1595 V ColorZoomWindowManagerService: onAnimationFinished: r = ActivityRecord{514f130 u0 com.android.settings/.SubSettings t18207 f}}
11-18 14:01:21.071 1470 1595 I OplusMirageDisplayManagerService: onAnimationFinished:
11-18 14:01:21.159 1470 4257 W WindowManager: Changing focus fromWindow{544ddca u0 com.android.settings/com.android.settings.applications.InstalledAppDetails} to null displayId=0 Callers=com.android.server.wm.RootWindowContainer.updateFocusedWindowLocked:509 com.android.server.wm.WindowManagerService.updateFocusedWindowLocked:6073 com.android.server.wm.DisplayContent.setFocusedApp:5895 com.android.server.wm.ActivityTaskManagerService.setResumedActivityUncheckLocked:5860
11-18 14:01:21.160 1470 4257 V ColorZoomWindowManagerService: prepareZoomTransition: curStack=Task{5f6fe30 #18207 visible=true type=standard mode=fullscreen translucent=true A=1000:.applications.InstalledAppDetailsTop U=0 StackId=18207 sz=1} nextStackTask{61e70a #1 visible=true type=home mode=fullscreen translucent=true I=com.oppo.launcher/.Launcher U=0 StackId=1 sz=1}
11-18 14:01:21.170 1470 4257 I ActivityTaskManager: perfNotifyAppState TopResumedActivityChanged ActivityRecord{e39e91 u0 com.oppo.launcher/.Launcher t2}
11-18 14:01:21.176 1470 4257 I ActivityTaskManager: perfNotifyAppState PAUSED ActivityRecord{2efff73 u0 com.android.settings/.applications.InstalledAppDetails t18207 f}}
11-18 14:01:21.179 1470 4237 I WindowManager: Relayout Window{c6aacdb u0 com.coloros.assistantscreen}: oldVis=8 newVis=0 focusMayChange = true
11-18 14:01:21.185 1470 1594 E OppoThermalStats: Error getting package info: com.oppo.launcher
11-18 14:01:21.185 1470 1594 D OomAdjuster: TOP_APP is ProcessRecord{133788a 2515:com.oppo.launcher/u0a62} uid is 10062
11-18 14:01:21.190 1470 4237 I WindowManager: Relayout Window{f1ec59d u0 com.oppo.launcher/com.oppo.launcher.Launcher}: oldVis=4 newVis=0 focusMayChange = true
11-18 14:01:21.196 1470 4237 W WindowManager: Changing focus fromnull to Window{f1ec59d u0 com.oppo.launcher/com.oppo.launcher.Launcher} displayId=0 Callers=com.android.server.wm.RootWindowContainer.updateFocusedWindowLocked:509 com.android.server.wm.WindowManagerService.updateFocusedWindowLocked:6073 com.android.server.wm.WindowManagerService.relayoutWindow:2717 com.android.server.wm.Session.relayout:229
11-18 14:01:21.216 1470 1595 V WindowManager: mIsWallpaper: setAlpha ok mShownAlpha = 0.98
11-18 14:01:21.235 1470 1829 E ORMS_CORE: Unsupported action!!!
11-18 14:01:21.236 1470 4262 E ORMS_Platform : OplusResourceManagerPlatformUtils: readFile function exception:/d/ged/hal/gpu_utilization: open failed: ENOENT (No such file or directory)
11-18 14:01:21.244 1470 4256 D ColorAppListInterceptManager: shouldFilterTask
11-18 14:01:21.245 1470 4256 D ColorAppListInterceptManager: shouldFilterTask::packageName = com.android.settings
11-18 14:01:21.245 1470 4256 D ColorAppListInterceptManager: shouldFilterTask
11-18 14:01:21.245 1470 4256 D ColorAppListInterceptManager: shouldFilterTask::packageName = com.coloros.gallery3d
11-18 14:01:21.245 1470 2648 D ColorInputMethodManagerServiceEx: onHandleImeWindowVisibleStatus handledVis: 0, switcher visible: 0, switcher active: 0, needsToShowImeSwitcher: false
11-18 14:01:21.246 1470 2648 D ColorInputMethodManagerServiceEx: onHandleImeWindowVisibleStatus handledVis: 0, switcher visible: 0, switcher active: 0, needsToShowImeSwitcher: false
11-18 14:01:21.255 1470 2978 D ColorInputMethodManagerServiceEx: onHandleImeWindowVisibleStatus handledVis: 0, switcher visible: 0, switcher active: 0, needsToShowImeSwitcher: false
11-18 14:01:21.269 1470 4255 E ORMS_Platform : OplusResourceManagerPlatformUtils: readFile function exception:/d/ged/hal/gpu_utilization: open failed: ENOENT (No such file or directory)
11-18 14:01:21.488 1470 4257 V ColorZoomWindowManagerService: onAnimationFinished: r = ActivityRecord{2efff73 u0 com.android.settings/.applications.InstalledAppDetails t18207 f}}
11-18 14:01:21.488 1470 4257 I OplusMirageDisplayManagerService: onAnimationFinished:
11-18 14:01:21.488 1470 4257 V ColorZoomWindowManagerService: onAnimationFinished: r = ActivityRecord{e39e91 u0 com.oppo.launcher/.Launcher t2}
11-18 14:01:21.488 1470 4257 I ColorAppSwitchManagerService: handleAppVisible , r = ActivityRecord{e39e91 u0 com.oppo.launcher/.Launcher t2}
11-18 14:01:21.488 1470 4257 I OplusMirageDisplayManagerService: onAnimationFinished:
11-18 14:01:21.492 1470 2457 D OppoBasePowerManagerService: do restore jobs
11-18 14:01:21.492 1470 2457 I chatty : uid=1000(system) HansManagerHand identical 1 line
11-18 14:01:21.492 1470 2457 D OppoBasePowerManagerService: do restore jobs
11-18 14:01:21.530 1470 2648 D WindowManager: removeChild,stack:Task{5f6fe30 #18207 visible=true type=standard mode=fullscreen translucent=true A=1000:.applications.InstalledAppDetailsTop U=0 StackId=18207 sz=0}
11-18 14:01:21.530 1470 2648 D WindowManager: java.lang.Throwable
11-18 14:01:21.530 1470 2648 D WindowManager: at com.android.server.wm.TaskDisplayArea.removeChild(TaskDisplayArea.java:366)
11-18 14:01:21.530 1470 2648 D WindowManager: at com.android.server.wm.TaskDisplayArea.removeChild(TaskDisplayArea.java:102)
11-18 14:01:21.530 1470 2648 D WindowManager: at com.android.server.wm.WindowContainer.removeImmediately(WindowContainer.java:629)
11-18 14:01:21.530 1470 2648 D WindowManager: at com.android.server.wm.Task.removeImmediately(Task.java:2932)
11-18 14:01:21.530 1470 2648 D WindowManager: at com.android.server.wm.Task.removeIfPossible(Task.java:682)
11-18 14:01:21.530 1470 2648 D WindowManager: at com.android.server.wm.Task.removeChild(Task.java:1559)
11-18 14:01:21.530 1470 2648 D WindowManager: at com.android.server.wm.Task.removeChild(Task.java:1497)
11-18 14:01:21.530 1470 2648 D WindowManager: at com.android.server.wm.WindowContainer.removeImmediately(WindowContainer.java:629)
11-18 14:01:21.530 1470 2648 D WindowManager: at com.android.server.wm.WindowToken.removeImmediately(WindowToken.java:402)
11-18 14:01:21.530 1470 2648 D WindowManager: at com.android.server.wm.ActivityRecord.removeImmediately(ActivityRecord.java:3403)
11-18 14:01:21.530 1470 2648 D WindowManager: at com.android.server.wm.ActivityRecord.removeIfPossible(ActivityRecord.java:3410)
11-18 14:01:21.530 1470 2648 D WindowManager: at com.android.server.wm.ActivityRecord.onRemovedFromDisplay(ActivityRecord.java:3495)
11-18 14:01:21.530 1470 2648 D WindowManager: at com.android.server.wm.DisplayContent.removeAppToken(DisplayContent.java:1296)
11-18 14:01:21.530 1470 2648 D WindowManager: at com.android.server.wm.ActivityRecord.removeAppTokenFromDisplay(ActivityRecord.java:2167)
11-18 14:01:21.530 1470 2648 D WindowManager: at com.android.server.wm.ActivityRecord.removeFromHistory(ActivityRecord.java:3195)
11-18 14:01:21.530 1470 2648 D WindowManager: at com.android.server.wm.ActivityRecord.destroyed(ActivityRecord.java:3238)
11-18 14:01:21.530 1470 2648 D WindowManager: at com.android.server.wm.ActivityTaskManagerService.activityDestroyed(ActivityTaskManagerService.java:2090)
11-18 14:01:21.530 1470 2648 D WindowManager: at android.app.IActivityTaskManager$Stub.onTransact(IActivityTaskManager.java:1995)
11-18 14:01:21.530 1470 2648 D WindowManager: at com.android.server.wm.OppoActivityTaskManagerService.onTransact(OppoActivityTaskManagerService.java:174)
11-18 14:01:21.530 1470 2648 D WindowManager: at android.os.Binder.execTransactInternal(Binder.java:1166)
11-18 14:01:21.530 1470 2648 D WindowManager: at android.os.Binder.execTransact(Binder.java:1130)
11-18 14:01:21.532 1470 2648 D ColorAppListInterceptManager: shouldFilterTask
11-18 14:01:21.532 1470 2648 D ColorAppListInterceptManager: shouldFilterTask::packageName = com.android.settings
11-18 14:01:21.532 1470 2648 D ColorAppListInterceptManager: shouldFilterTask
11-18 14:01:21.532 1470 2648 D ColorAppListInterceptManager: shouldFilterTask::packageName = com.coloros.gallery3d
11-18 14:01:21.534 1470 2648 D ColorAppListInterceptManager: shouldFilterTask
11-18 14:01:21.534 1470 2648 D ColorAppListInterceptManager: shouldFilterTask::packageName = com.android.settings
11-18 14:01:21.534 1470 2648 D ColorAppListInterceptManager: shouldFilterTask
11-18 14:01:21.534 1470 2648 D ColorAppListInterceptManager: shouldFilterTask::packageName = com.coloros.gallery3d
11-18 14:01:21.558 1470 4257 W NotificationService: Toast already killed. pkg=com.jlpay.merch token=android.os.BinderProxy@d433f2a
11-18 14:01:21.915 2515 2515 D ViewRootImpl: enqueueInputEventMotionEvent { action=ACTION_DOWN, actionButton=0, id[0]=0, x[0]=573.0, y[0]=608.0, toolType[0]=TOOL_TYPE_FINGER, buttonState=0, classification=NONE, metaState=0, flags=0x2, edgeFlags=0x0, pointerCount=1, historySize=0, eventTime=425460432, downTime=425460432, deviceId=3, source=0x1002, displayId=0 }
11-18 14:01:22.563 2515 2515 D ViewRootImpl: enqueueInputEventMotionEvent { action=ACTION_DOWN, actionButton=0, id[0]=0, x[0]=665.0, y[0]=542.0, toolType[0]=TOOL_TYPE_FINGER, buttonState=0, classification=NONE, metaState=0, flags=0x0, edgeFlags=0x0, pointerCount=1, historySize=0, eventTime=425461079, downTime=425461079, deviceId=3, source=0x1002, displayId=0 }
11-18 14:01:22.639 1470 2978 I ActivityTaskManager: START u0 {act=android.intent.action.MAIN cat=[android.intent.category.LAUNCHER] flg=0x10200000 cmp=com.jlpay.merch/.ui.start.SplashActivity bnds=[540,448][786,754] mCallingUid=10062} from uid 10062 and from pid 2515
11-18 14:01:22.639 1470 2978 D MultiApp.CMAService: changeIntentIfNeed --- from launcher
11-18 14:01:22.640 1470 2978 E ColorZoomWindowManagerService: onConfigurationChanged rotation not changed - prevRotation: 0
11-18 14:01:22.641 1470 2978 E ColorZoomWindowManagerService: onConfigurationChanged rotation not changed - prevRotation: 0
11-18 14:01:22.644 1470 2978 V ColorZoomWindowManagerService: windowMode: 0 ,stack: Task{96ed556 #18208 visible=true type=standard mode=fullscreen translucent=true A=11378:com.jlpay.merch U=0 StackId=18208 sz=1}
11-18 14:01:22.652 1470 4257 I ActivityTaskManager: perfNotifyAppState PAUSED ActivityRecord{e39e91 u0 com.oppo.launcher/.Launcher t2}
11-18 14:01:22.654 1470 1594 D CompatibilityChangeReporter: Compat change id reported: 135634846; UID 11378; state: DISABLED
11-18 14:01:22.654 1470 1594 D CompatibilityChangeReporter: Compat change id reported: 135754954; UID 11378; state: ENABLED
11-18 14:01:22.654 1470 1609 D CompatibilityChangeReporter: Compat change id reported: 143937733; UID 11378; state: ENABLED
11-18 14:01:22.656 1470 1595 D ColorViewRootUtil: initSwipState, isDisplayCompatApp false
11-18 14:01:22.656 1470 1595 D ColorViewRootUtil: mScreenHeight 2400, mScreenWidth 1080
11-18 14:01:22.668 1470 1609 I ActivityManager: Start proc 14617:com.jlpay.merch/u0a1378 for pre-top-activity {com.jlpay.merch/com.jlpay.merch.ui.start.SplashActivity}
11-18 14:01:22.668 1470 1595 W WindowManager: Changing focus fromWindow{f1ec59d u0 com.oppo.launcher/com.oppo.launcher.Launcher} to null displayId=0 Callers=com.android.server.wm.RootWindowContainer.updateFocusedWindowLocked:509 com.android.server.wm.WindowManagerService.updateFocusedWindowLocked:6073 com.android.server.wm.WindowManagerService.relayoutWindow:2717 com.android.server.wm.Session.relayout:229
11-18 14:01:22.670 1470 1595 V OplusZoomWindowDecorViewHelper: setLastReportedMergedConfiguration mZoomDisplayHeight: 2400 getDecorView.DecorView@cdedc1[merch]
11-18 14:01:22.705 1470 4255 V ActivityManager: New death recipient com.android.server.am.ActivityManagerService$AppDeathRecipient@afb85f2 for thread android.os.BinderProxy@b13f443
11-18 14:01:22.710 1470 4255 I ColorAppSwitchManagerService: appswitch hasProcess ActivityRecord{22dc371 u0 com.jlpay.merch/.ui.start.SplashActivity t18208}
11-18 14:01:22.710 1470 4255 I ColorAppSwitchManagerService: appswitch hasProcess ActivityRecord{22dc371 u0 com.jlpay.merch/.ui.start.SplashActivity t18208}
11-18 14:01:22.711 1470 4255 I ActivityTaskManager: perfNotifyAppState TopResumedActivityChanged ActivityRecord{22dc371 u0 com.jlpay.merch/.ui.start.SplashActivity t18208}
11-18 14:01:22.718 1470 4255 D ColorDefaultAppPolicyManager: check , currentMode = false mUd = 0
11-18 14:01:22.718 1470 4255 I OplusPackageManager: filterBlackList, skip for intent package=com.jlpay.merch
11-18 14:01:22.732 1470 1594 E OppoThermalStats: Error getting package info: com.jlpay.merch
11-18 14:01:22.733 1470 1594 D OomAdjuster: TOP_APP is ProcessRecord{fbb47bf 14617:com.jlpay.merch/u0a1378} uid is 11378
11-18 14:01:22.733 1470 1829 E ORMS_CORE: Unsupported action!!!
11-18 14:01:22.737 14617 14617 W ActivityThread: Application com.jlpay.merch can be debugged on port 8100...
11-18 14:01:22.752 1470 2978 D ColorAppListInterceptManager: shouldFilterTask
11-18 14:01:22.752 1470 2978 D ColorAppListInterceptManager: shouldFilterTask::packageName = com.jlpay.merch
11-18 14:01:22.752 1470 2978 D ColorAppListInterceptManager: shouldFilterTask
11-18 14:01:22.752 1470 2978 D ColorAppListInterceptManager: shouldFilterTask::packageName = com.android.settings
11-18 14:01:22.769 1470 2978 E ORMS_Platform : OplusResourceManagerPlatformUtils: readFile function exception:/d/ged/hal/gpu_utilization: open failed: ENOENT (No such file or directory)
11-18 14:01:22.780 1470 4255 E ORMS_Platform : OplusResourceManagerPlatformUtils: readFile function exception:/d/ged/hal/gpu_utilization: open failed: ENOENT (No such file or directory)
11-18 14:01:22.992 1470 2978 V ColorZoomWindowManagerService: onAnimationFinished: r = ActivityRecord{e39e91 u0 com.oppo.launcher/.Launcher t2}
11-18 14:01:22.992 1470 2978 I OplusMirageDisplayManagerService: onAnimationFinished:
11-18 14:01:22.994 1470 2978 V ColorZoomWindowManagerService: onAnimationFinished: r = ActivityRecord{22dc371 u0 com.jlpay.merch/.ui.start.SplashActivity t18208}
11-18 14:01:22.994 1470 2978 I ColorAppSwitchManagerService: handleAppVisible , r = ActivityRecord{22dc371 u0 com.jlpay.merch/.ui.start.SplashActivity t18208}
11-18 14:01:22.994 1470 2978 I OplusMirageDisplayManagerService: onAnimationFinished:
11-18 14:01:23.171 1470 2591 I ColorGameSpaceManager: in handleApplicationSwitchInner ---- gamemode = 0 ----mModeStatus = 0
11-18 14:01:23.836 14617 14617 D OplusInputMethodUtil: init DEBUG to false, update DEBUG_IME to false
11-18 14:01:23.842 14617 14617 D ColorViewRootUtil: initSwipState, isDisplayCompatApp false
11-18 14:01:23.842 14617 14617 D ColorViewRootUtil: mScreenHeight 2400, mScreenWidth 1080
11-18 14:01:23.876 14617 14617 E OplusCustomizeRestrictionManager: sInstance is null, start a new sInstance
11-18 14:01:23.910 14617 14617 D ColorViewRootUtil: initSwipState, isDisplayCompatApp false
11-18 14:01:23.910 14617 14617 D ColorViewRootUtil: mScreenHeight 2400, mScreenWidth 1080
11-18 14:01:23.915 1470 4244 W WindowManager: Changing focus fromnull to Window{fbf2cad u0 com.jlpay.merch/com.jlpay.merch.ui.start.SplashActivity} displayId=0 Callers=com.android.server.wm.RootWindowContainer.updateFocusedWindowLocked:509 com.android.server.wm.WindowManagerService.updateFocusedWindowLocked:6073 com.android.server.wm.WindowManagerService.addWindow:1941 com.android.server.wm.Session.addToDisplayAsUser:184
11-18 14:01:23.927 1470 4244 I WindowManager: Relayout Window{c592100 u0 com.jlpay.merch/com.jlpay.merch.ui.start.SplashActivity}: oldVis=4 newVis=0 focusMayChange = true
11-18 14:01:23.933 14617 14617 V OplusZoomWindowDecorViewHelper: setLastReportedMergedConfiguration mZoomDisplayHeight: 2400 getDecorView.DecorView@9e10cae[SplashActivity]
11-18 14:01:23.981 1470 4244 W ActivityManager: setGlThreads detect 14617 14655
11-18 14:01:23.997 14617 14617 V OplusZoomWindowDecorViewHelper: setLastReportedMergedConfiguration mZoomDisplayHeight: 2400 getDecorView.DecorView@c9f02ad[SplashActivity]
11-18 14:01:24.047 1470 2457 D OppoBasePowerManagerService: do restore jobs
11-18 14:01:24.047 1470 2457 I chatty : uid=1000(system) HansManagerHand identical 1 line
11-18 14:01:24.047 1470 2457 D OppoBasePowerManagerService: do restore jobs
11-18 14:01:24.070 1470 4244 D ColorInputMethodManagerServiceEx: onHandleImeWindowVisibleStatus handledVis: 0, switcher visible: 0, switcher active: 0, needsToShowImeSwitcher: false
11-18 14:01:24.071 1470 4244 D ColorInputMethodManagerServiceEx: onHandleImeWindowVisibleStatus handledVis: 0, switcher visible: 0, switcher active: 0, needsToShowImeSwitcher: false
11-18 14:01:24.074 1470 3546 I ActivityTaskManager: perfNotifyAppState STOP ActivityRecord{e39e91 u0 com.oppo.launcher/.Launcher t2}
11-18 14:01:24.083 1470 2978 D ColorInputMethodManagerServiceEx: onHandleImeWindowVisibleStatus handledVis: 0, switcher visible: 0, switcher active: 0, needsToShowImeSwitcher: false
11-18 14:01:24.483 14617 14617 D ViewRootImpl: enqueueInputEventMotionEvent { action=ACTION_DOWN, actionButton=0, id[0]=0, x[0]=282.0, y[0]=1022.0, toolType[0]=TOOL_TYPE_FINGER, buttonState=0, classification=NONE, metaState=0, flags=0x0, edgeFlags=0x0, pointerCount=1, historySize=0, eventTime=425463000, downTime=425463000, deviceId=3, source=0x1002, displayId=0 }
11-18 14:01:24.540 1470 3546 W WindowManager: Changing focus fromWindow{fbf2cad u0 com.jlpay.merch/com.jlpay.merch.ui.start.SplashActivity EXITING} to Window{c592100 u0 com.jlpay.merch/com.jlpay.merch.ui.start.SplashActivity} displayId=0 Callers=com.android.server.wm.RootWindowContainer.updateFocusedWindowLocked:509 com.android.server.wm.WindowManagerService.updateFocusedWindowLocked:6073 com.android.server.wm.WindowState.setupWindowForRemoveOnExit:2542 com.android.server.wm.WindowState.removeIfPossible:2507
11-18 14:01:24.569 14617 14617 D ColorViewRootUtil: initSwipState, isDisplayCompatApp false
11-18 14:01:24.569 14617 14617 D ColorViewRootUtil: mScreenHeight 2400, mScreenWidth 1080
11-18 14:01:24.575 1470 4255 W WindowManager: Changing focus fromWindow{c592100 u0 com.jlpay.merch/com.jlpay.merch.ui.start.SplashActivity} to Window{71e6031 u0 com.jlpay.merch/com.jlpay.merch.ui.start.SplashActivity} displayId=0 Callers=com.android.server.wm.RootWindowContainer.updateFocusedWindowLocked:509 com.android.server.wm.WindowManagerService.updateFocusedWindowLocked:6073 com.android.server.wm.WindowManagerService.addWindow:1941 com.android.server.wm.Session.addToDisplayAsUser:184
11-18 14:01:24.598 14617 14617 V OplusZoomWindowDecorViewHelper: setLastReportedMergedConfiguration mZoomDisplayHeight: 2400 getDecorView.DecorView@59668a2[SplashActivity]
11-18 14:01:24.631 1470 3546 D ColorInputMethodManagerServiceEx: onHandleImeWindowVisibleStatus handledVis: 0, switcher visible: 0, switcher active: 0, needsToShowImeSwitcher: false
11-18 14:01:24.639 1470 3546 D ColorInputMethodManagerServiceEx: onHandleImeWindowVisibleStatus handledVis: 0, switcher visible: 0, switcher active: 0, needsToShowImeSwitcher: false
11-18 14:01:24.711 1470 2591 I ColorGameSpaceManager: in handleApplicationSwitchInner ---- gamemode = 0 ----mModeStatus = 0
11-18 14:01:24.770 1470 1823 D JobScheduler.Temperature: get temperature=30.614
11-18 14:01:24.842 14617 14617 D ViewRootImpl: enqueueInputEventMotionEvent { action=ACTION_DOWN, actionButton=0, id[0]=0, x[0]=275.00003, y[0]=768.0001, toolType[0]=TOOL_TYPE_FINGER, buttonState=0, classification=NONE, metaState=0, flags=0x0, edgeFlags=0x0, pointerCount=1, historySize=0, eventTime=425463358, downTime=425463358, deviceId=3, source=0x1002, displayId=0 }
11-18 14:01:25.659 14617 14617 D ViewRootImpl: enqueueInputEventMotionEvent { action=ACTION_DOWN, actionButton=0, id[0]=0, x[0]=260.0, y[0]=730.0, toolType[0]=TOOL_TYPE_FINGER, buttonState=0, classification=NONE, metaState=0, flags=0x0, edgeFlags=0x0, pointerCount=1, historySize=0, eventTime=425464174, downTime=425464174, deviceId=3, source=0x1002, displayId=0 }
11-18 14:01:25.722 1470 4255 W WindowManager: Changing focus fromWindow{71e6031 u0 com.jlpay.merch/com.jlpay.merch.ui.start.SplashActivity EXITING} to Window{c592100 u0 com.jlpay.merch/com.jlpay.merch.ui.start.SplashActivity} displayId=0 Callers=com.android.server.wm.RootWindowContainer.updateFocusedWindowLocked:509 com.android.server.wm.WindowManagerService.updateFocusedWindowLocked:6073 com.android.server.wm.WindowState.setupWindowForRemoveOnExit:2542 com.android.server.wm.WindowState.removeIfPossible:2507
11-18 14:01:25.759 1470 4255 V ActivityManager: Death received in com.android.server.am.ActivityManagerService$AppDeathRecipient@afb85f2 for thread android.os.BinderProxy@b13f443
11-18 14:01:25.759 1470 4554 I WindowManager: WIN DEATH: Window{c592100 u0 com.jlpay.merch/com.jlpay.merch.ui.start.SplashActivity}
11-18 14:01:25.759 1470 4257 D DisplayManagerService: Display listener for pid 14617 died.
11-18 14:01:25.761 1470 4554 W WindowManager: Changing focus fromWindow{c592100 u0 com.jlpay.merch/com.jlpay.merch.ui.start.SplashActivity} to null displayId=0 Callers=com.android.server.wm.RootWindowContainer.updateFocusedWindowLocked:509 com.android.server.wm.WindowManagerService.updateFocusedWindowLocked:6073 com.android.server.wm.RootWindowContainer.performSurfacePlacementNoTrace:878 com.android.server.wm.RootWindowContainer.performSurfacePlacement:862
11-18 14:01:25.768 1470 4265 W WindowManager: Cannot find window which accessibility connection is added to
11-18 14:01:25.768 1470 3546 I WindowManager: WIN DEATH: Window{71e6031 u0 com.jlpay.merch/com.jlpay.merch.ui.start.SplashActivity EXITING}
11-18 14:01:25.770 1470 4255 I ActivityManager: Process com.jlpay.merch (pid 14617) has died: fg TOP
11-18 14:01:25.770 1470 2571 W ContextImpl: Calling a method in the system process without a qualified user: android.app.ContextImpl.startService:1701 com.oplus.util.OplusStatisticsImpl.startService:216 com.oplus.util.OplusStatisticsImpl.sendDataToDCS:192 com.oplus.util.OplusStatisticsImpl.onCommonSync:84 com.oplus.util.OplusStatisticsImpl$1.run:124
11-18 14:01:25.770 1470 4255 W ContextImpl: Calling a method in the system process without a qualified user: android.app.ContextImpl.sendBroadcast:1143 com.android.server.am.OppoExtraActivityManagerService.setKeyLockModeNormal:51 com.android.server.am.ActivityManagerService.appDiedLocked:4305 com.android.server.am.ActivityManagerService$AppDeathRecipient.binderDied:1765 android.os.IBinder$DeathRecipient.binderDied:305
11-18 14:01:25.774 1470 4255 W ActivityTaskManager: Force removing ActivityRecord{22dc371 u0 com.jlpay.merch/.ui.start.SplashActivity t18208}: app died, no saved state
11-18 14:01:25.788 1470 3546 I WindowManager: Relayout Window{c6aacdb u0 com.coloros.assistantscreen}: oldVis=8 newVis=0 focusMayChange = true
11-18 14:01:25.812 1470 4255 I WindowManager: Relayout Window{f1ec59d u0 com.oppo.launcher/com.oppo.launcher.Launcher}: oldVis=8 newVis=0 focusMayChange = true
11-18 14:01:25.815 1470 4255 W WindowManager: Changing focus fromnull to Window{f1ec59d u0 com.oppo.launcher/com.oppo.launcher.Launcher} displayId=0 Callers=com.android.server.wm.RootWindowContainer.updateFocusedWindowLocked:509 com.android.server.wm.WindowManagerService.updateFocusedWindowLocked:6073 com.android.server.wm.WindowManagerService.relayoutWindow:2717 com.android.server.wm.Session.relayout:229
11-18 14:01:25.839 1470 1595 V WindowManager: mIsWallpaper: setAlpha ok mShownAlpha = 0.98
11-18 14:01:25.856 1470 4554 D ColorInputMethodManagerServiceEx: onHandleImeWindowVisibleStatus handledVis: 0, switcher visible: 0, switcher active: 0, needsToShowImeSwitcher: false
11-18 14:01:25.861 1470 1595 W WindowManager: Failed to deliver inset state change to w=Window{71e6031 u0 com.jlpay.merch/com.jlpay.merch.ui.start.SplashActivity EXITING}
11-18 14:01:25.861 1470 1595 W WindowManager: android.os.DeadObjectException
11-18 14:01:25.861 1470 1595 W WindowManager: at android.os.BinderProxy.transactNative(Native Method)
11-18 14:01:25.861 1470 1595 W WindowManager: at android.os.BinderProxy.transact(BinderProxy.java:568)
11-18 14:01:25.861 1470 1595 W WindowManager: at android.view.IWindow$Stub$Proxy.insetsControlChanged(IWindow.java:765)
11-18 14:01:25.861 1470 1595 W WindowManager: at com.android.server.wm.WindowState.notifyInsetsControlChanged(WindowState.java:3979)
11-18 14:01:25.861 1470 1595 W WindowManager: at com.android.server.wm.InsetsStateController.lambda$notifyPendingInsetsControlChanged$4$InsetsStateController(InsetsStateController.java:469)
11-18 14:01:25.861 1470 1595 W WindowManager: at com.android.server.wm.-$$Lambda$InsetsStateController$-1iOXDf-1s3wDHcMIHBKNk6MS3I.run(Unknown Source:2)
11-18 14:01:25.861 1470 1595 W WindowManager: at com.android.server.wm.WindowAnimator.executeAfterPrepareSurfacesRunnables(WindowAnimator.java:376)
11-18 14:01:25.861 1470 1595 W WindowManager: at com.android.server.wm.WindowAnimator.animate(WindowAnimator.java:257)
11-18 14:01:25.861 1470 1595 W WindowManager: at com.android.server.wm.WindowAnimator.lambda$new$1$WindowAnimator(WindowAnimator.java:114)
11-18 14:01:25.861 1470 1595 W WindowManager: at com.android.server.wm.-$$Lambda$WindowAnimator$ddXU8gK8rmDqri0OZVMNa3Y4GHk.doFrame(Unknown Source:2)
11-18 14:01:25.861 1470 1595 W WindowManager: at android.view.Choreographer$CallbackRecord.run(Choreographer.java:1064)
11-18 14:01:25.861 1470 1595 W WindowManager: at android.view.Choreographer.doCallbacks(Choreographer.java:889)
11-18 14:01:25.861 1470 1595 W WindowManager: at android.view.Choreographer.doFrame(Choreographer.java:812)
11-18 14:01:25.861 1470 1595 W WindowManager: at android.view.Choreographer$FrameDisplayEventReceiver.run(Choreographer.java:1051)
11-18 14:01:25.861 1470 1595 W WindowManager: at android.os.Handler.handleCallback(Handler.java:938)
11-18 14:01:25.861 1470 1595 W WindowManager: at android.os.Handler.dispatchMessage(Handler.java:99)
11-18 14:01:25.861 1470 1595 W WindowManager: at android.os.Looper.loop(Looper.java:264)
11-18 14:01:25.861 1470 1595 W WindowManager: at android.os.HandlerThread.run(HandlerThread.java:67)
11-18 14:01:25.861 1470 1595 W WindowManager: at com.android.server.ServiceThread.run(ServiceThread.java:44)
11-18 14:01:25.864 1470 4554 D ColorInputMethodManagerServiceEx: onHandleImeWindowVisibleStatus handledVis: 0, switcher visible: 0, switcher active: 0, needsToShowImeSwitcher: false
11-18 14:01:25.952 1470 1594 W ActivityManager: setHasOverlayUi called on unknown pid: 14617
11-18 14:01:25.954 1470 1595 D WindowManager: removeChild,stack:Task{96ed556 #18208 visible=true type=standard mode=fullscreen translucent=true A=11378:com.jlpay.merch U=0 StackId=18208 sz=0}
11-18 14:01:25.954 1470 1595 D WindowManager: java.lang.Throwable
11-18 14:01:25.954 1470 1595 D WindowManager: at com.android.server.wm.TaskDisplayArea.removeChild(TaskDisplayArea.java:366)
11-18 14:01:25.954 1470 1595 D WindowManager: at com.android.server.wm.TaskDisplayArea.removeChild(TaskDisplayArea.java:102)
11-18 14:01:25.954 1470 1595 D WindowManager: at com.android.server.wm.WindowContainer.removeImmediately(WindowContainer.java:629)
11-18 14:01:25.954 1470 1595 D WindowManager: at com.android.server.wm.Task.removeImmediately(Task.java:2932)
11-18 14:01:25.954 1470 1595 D WindowManager: at com.android.server.wm.Task.removeIfPossible(Task.java:682)
11-18 14:01:25.954 1470 1595 D WindowManager: at com.android.server.wm.Task.removeChild(Task.java:1559)
11-18 14:01:25.954 1470 1595 D WindowManager: at com.android.server.wm.Task.removeChild(Task.java:1497)
11-18 14:01:25.954 1470 1595 D WindowManager: at com.android.server.wm.WindowContainer.removeImmediately(WindowContainer.java:629)
11-18 14:01:25.954 1470 1595 D WindowManager: at com.android.server.wm.WindowToken.removeImmediately(WindowToken.java:402)
11-18 14:01:25.954 1470 1595 D WindowManager: at com.android.server.wm.ActivityRecord.removeImmediately(ActivityRecord.java:3403)
11-18 14:01:25.954 1470 1595 D WindowManager: at com.android.server.wm.ActivityRecord.removeIfPossible(ActivityRecord.java:3410)
11-18 14:01:25.954 1470 1595 D WindowManager: at com.android.server.wm.ActivityRecord.onRemovedFromDisplay(ActivityRecord.java:3495)
11-18 14:01:25.954 1470 1595 D WindowManager: at com.android.server.wm.ActivityRecord.removeImmediately(ActivityRecord.java:3402)
11-18 14:01:25.954 1470 1595 D WindowManager: at com.android.server.wm.ActivityRecord.removeIfPossible(ActivityRecord.java:3410)
11-18 14:01:25.954 1470 1595 D WindowManager: at com.android.server.wm.ActivityRecord.handleCompleteDeferredRemoval(ActivityRecord.java:3416)
11-18 14:01:25.954 1470 1595 D WindowManager: at com.android.server.wm.WindowContainer.handleCompleteDeferredRemoval(WindowContainer.java:1083)
11-18 14:01:25.954 1470 1595 D WindowManager: at com.android.server.wm.ActivityStack.handleCompleteDeferredRemoval(ActivityStack.java:3752)
11-18 14:01:25.954 1470 1595 D WindowManager: at com.android.server.wm.WindowContainer.handleCompleteDeferredRemoval(WindowContainer.java:1083)
11-18 14:01:25.954 1470 1595 D WindowManager: at com.android.server.wm.WindowContainer.handleCompleteDeferredRemoval(WindowContainer.java:1083)
11-18 14:01:25.954 1470 1595 D WindowManager: at com.android.server.wm.WindowContainer.handleCompleteDeferredRemoval(WindowContainer.java:1083)
11-18 14:01:25.954 1470 1595 D WindowManager: at com.android.server.wm.WindowContainer.handleCompleteDeferredRemoval(WindowContainer.java:1083)
11-18 14:01:25.954 1470 1595 D WindowManager: at com.android.server.wm.DisplayContent.handleCompleteDeferredRemoval(DisplayContent.java:2979)
11-18 14:01:25.954 1470 1595 D WindowManager: at com.android.server.wm.WindowContainer.handleCompleteDeferredRemoval(WindowContainer.java:1083)
11-18 14:01:25.954 1470 1595 D WindowManager: at com.android.server.wm.RootWindowContainer.performSurfacePlacementNoTrace(RootWindowContainer.java:1074)
11-18 14:01:25.954 1470 1595 D WindowManager: at com.android.server.wm.RootWindowContainer.performSurfacePlacement(RootWindowContainer.java:862)
11-18 14:01:25.954 1470 1595 D WindowManager: at com.android.server.wm.WindowSurfacePlacer.performSurfacePlacementLoop(WindowSurfacePlacer.java:178)
11-18 14:01:25.954 1470 1595 D WindowManager: at com.android.server.wm.WindowSurfacePlacer.performSurfacePlacement(WindowSurfacePlacer.java:127)
11-18 14:01:25.954 1470 1595 D WindowManager: at com.android.server.wm.WindowSurfacePlacer.performSurfacePlacement(WindowSurfacePlacer.java:116)
11-18 14:01:25.954 1470 1595 D WindowManager: at com.android.server.wm.WindowManagerService.postWindowRemoveCleanupLocked(WindowManagerService.java:2230)
11-18 14:01:25.954 1470 1595 D WindowManager: at com.android.server.wm.WindowState.removeImmediately(WindowState.java:2390)
11-18 14:01:25.954 1470 1595 D WindowManager: at com.android.server.wm.OppoWindowState.removeImmediately(OppoWindowState.java:100)
11-18 14:01:25.954 1470 1595 D WindowManager: at com.android.server.wm.WindowState.destroySurface(WindowState.java:3567)
11-18 14:01:25.954 1470 1595 D WindowManager: at com.android.server.wm.ActivityRecord.destroySurfaces(ActivityRecord.java:4866)
11-18 14:01:25.954 1470 1595 D WindowManager: at com.android.server.wm.ActivityRecord.destroySurfaces(ActivityRecord.java:4843)
11-18 14:01:25.954 1470 1595 D WindowManager: at com.android.server.wm.WindowState.onExitAnimationDone(WindowState.java:5085)
11-18 14:01:25.954 1470 1595 D WindowManager: at com.android.server.wm.WindowStateAnimator.onAnimationFinished(WindowStateAnimator.java:307)
11-18 14:01:25.954 1470 1595 D WindowManager: at com.android.server.wm.WindowState.onAnimationFinished(WindowState.java:5530)
11-18 14:01:25.954 1470 1595 D WindowManager: at com.android.server.wm.-$$Lambda$dwJG8BAnLlvKNGuDY9U3-haNY4M.onAnimationFinished(Unknown Source:2)
11-18 14:01:25.954 1470 1595 D WindowManager: at com.android.server.wm.SurfaceAnimator.lambda$getFinishedCallback$0$SurfaceAnimator(SurfaceAnimator.java:126)
11-18 14:01:25.954 1470 1595 D WindowManager: at com.android.server.wm.-$$Lambda$SurfaceAnimator$qxm0Z0Ve0b3lKnyQQMgWVQfTP3Q.run(Unknown Source:8)
11-18 14:01:25.954 1470 1595 D WindowManager: at com.android.server.wm.SurfaceAnimator.lambda$getFinishedCallback$1$SurfaceAnimator(SurfaceAnimator.java:136)
11-18 14:01:25.954 1470 1595 D WindowManager: at com.android.server.wm.-$$Lambda$SurfaceAnimator$Y4hCTFZUnyoMqrbq2rxOWj68ccg.onAnimationFinished(Unknown Source:4)
11-18 14:01:25.954 1470 1595 D WindowManager: at com.android.server.wm.LocalAnimationAdapter.lambda$startAnimation$0$LocalAnimationAdapter(LocalAnimationAdapter.java:56)
11-18 14:01:25.954 1470 1595 D WindowManager: at com.android.server.wm.-$$Lambda$LocalAnimationAdapter$zbLki1x5Fhwh-g7q-dA43aw6Y4M.run(Unknown Source:6)
11-18 14:01:25.954 1470 1595 D WindowManager: at android.os.Handler.handleCallback(Handler.java:938)
11-18 14:01:25.954 1470 1595 D WindowManager: at android.os.Handler.dispatchMessage(Handler.java:99)
11-18 14:01:25.954 1470 1595 D WindowManager: at android.os.Looper.loop(Looper.java:264)
11-18 14:01:25.954 1470 1595 D WindowManager: at android.os.HandlerThread.run(HandlerThread.java:67)
11-18 14:01:25.954 1470 1595 D WindowManager: at com.android.server.ServiceThread.run(ServiceThread.java:44)
11-18 14:01:25.958 1470 2978 D ColorAppListInterceptManager: shouldFilterTask
11-18 14:01:25.958 1470 2978 D ColorAppListInterceptManager: shouldFilterTask::packageName = com.jlpay.merch
11-18 14:01:25.958 1470 2978 D ColorAppListInterceptManager: shouldFilterTask
11-18 14:01:25.958 1470 2978 D ColorAppListInterceptManager: shouldFilterTask::packageName = com.android.settings
11-18 14:01:25.961 1470 4554 D ColorAppListInterceptManager: shouldFilterTask
11-18 14:01:25.961 1470 4554 D ColorAppListInterceptManager: shouldFilterTask::packageName = com.jlpay.merch
11-18 14:01:25.961 1470 4554 D ColorAppListInterceptManager: shouldFilterTask
11-18 14:01:25.961 1470 4554 D ColorAppListInterceptManager: shouldFilterTask::packageName = com.android.settings
11-18 14:01:26.052 1470 1595 V ColorZoomWindowManagerService: onAnimationFinished: r = ActivityRecord{e39e91 u0 com.oppo.launcher/.Launcher t2}
11-18 14:01:26.052 1470 1595 I ColorAppSwitchManagerService: handleAppVisible , r = ActivityRecord{e39e91 u0 com.oppo.launcher/.Launcher t2}
11-18 14:01:26.052 1470 1595 I OplusMirageDisplayManagerService: onAnimationFinished:
11-18 14:01:26.067 1470 2457 D OppoBasePowerManagerService: do restore jobs
11-18 14:01:26.067 1470 2457 I chatty : uid=1000(system) HansManagerHand identical 1 line
11-18 14:01:26.068 1470 2457 D OppoBasePowerManagerService: do restore jobs
11-18 14:01:26.305 1470 4554 E OppoThermalStats: Error getting package info: com.oppo.launcher
11-18 14:01:26.518 1470 1629 D BatteryLed: getLightInColorState, oppoLightMgr empty!
11-18 14:01:27.182 1470 4554 D OomAdjuster: TOP_APP is ProcessRecord{133788a 2515:com.oppo.launcher/u0a62} uid is 10062
11-18 14:01:27.455 1470 2571 W ContextImpl: Calling a method in the system process without a qualified user: android.app.ContextImpl.startService:1701 com.oplus.util.OplusStatisticsImpl.startService:216 com.oplus.util.OplusStatisticsImpl.sendDataToDCS:192 com.oplus.util.OplusStatisticsImpl.onCommonSync:84 com.oplus.util.OplusStatisticsImpl$1.run:124
11-18 14:01:27.784 1470 1591 V AppStateTracker: Package com.jlpay.merch/11378 toggled into fg service restriction
11-18 14:01:27.784 1470 1591 I chatty : uid=1000(system) android.fg identical 1 line
11-18 14:01:27.784 1470 1591 V AppStateTracker: Package com.jlpay.merch/11378 toggled into fg service restriction
11-18 14:01:27.787 1470 2473 D CompatibilityChangeReporter: Compat change id reported: 135634846; UID 11378; state: DISABLED
11-18 14:01:27.788 1470 2473 D CompatibilityChangeReporter: Compat change id reported: 135754954; UID 11378; state: ENABLED
11-18 14:01:27.790 1470 1609 D CompatibilityChangeReporter: Compat change id reported: 143937733; UID 11378; state: ENABLED
11-18 14:01:27.835 1470 1609 W ActivityManager: Slow operation: 51ms so far, now at startProcess: returned from zygote!
11-18 14:01:27.836 1470 1609 W ActivityManager: Slow operation: 51ms so far, now at startProcess: done updating battery stats
11-18 14:01:27.836 1470 1609 W ActivityManager: Slow operation: 52ms so far, now at startProcess: building log message
11-18 14:01:27.836 1470 1609 I ActivityManager: Start proc 14697:com.jlpay.merch/u0a1378 for next_app {com.jlpay.merch/com.jlpay.merch.ui.start.SplashActivity}
11-18 14:01:27.836 1470 1609 W ActivityManager: Slow operation: 52ms so far, now at startProcess: starting to update pids map
11-18 14:01:27.838 1470 1609 W ActivityManager: Slow operation: 53ms so far, now at startProcess: done updating pids map
11-18 14:01:27.938 1470 4265 V ActivityManager: New death recipient com.android.server.am.ActivityManagerService$AppDeathRecipient@44ba4eb for thread android.os.BinderProxy@9370248
11-18 14:01:27.986 14697 14697 W ActivityThread: Application com.jlpay.merch can be debugged on port 8100...
11-18 14:01:29.042 1470 1470 W WindowManager: removeWindowToken: Attempted to remove non-existing token: android.os.Binder@2b6928
11-18 14:01:30.031 1470 1927 D OppoNwPowerService: Hans update:[11378=true][0|0] blackList:[11277, 11378]
11-18 14:01:32.554 1470 1470 W WindowManager: removeWindowToken: Attempted to remove non-existing token: android.os.Binder@a3f2844
11-18 14:01:32.664 1470 1629 D BatteryLed: getLightInColorState, oppoLightMgr empty!
11-18 14:01:34.782 1470 1823 D JobScheduler.Temperature: get temperature=31.053
11-18 14:01:38.488 1470 1629 D BatteryLed: getLightInColorState, oppoLightMgr empty!
11-18 14:01:44.688 1470 1470 D OppoBaseBatteryService: send broadcast : oppo.intent.action.BATTERY_DATA_UPDATE
11-18 14:01:44.688 1470 1629 D BatteryLed: getLightInColorState, oppoLightMgr empty!
11-18 14:01:44.688 1470 1470 W ContextImpl: Calling a method in the system process without a qualified user: android.app.ContextImpl.sendBroadcast:1158 com.android.server.OppoBaseBatteryService$2.run:280 android.os.Handler.handleCallback:938 android.os.Handler.dispatchMessage:99 android.os.Looper.loop:264
11-18 14:01:44.794 1470 1823 D JobScheduler.Temperature: get temperature=30.75
11-18 14:01:50.195 1470 1597 V OppoBaseWatchdog: @WatchDog_ error e: java.io.FileNotFoundException: /d/wakeup_sources: open failed: ENOENT (No such file or directory)
11-18 14:01:50.525 1470 1629 D BatteryLed: getLightInColorState, oppoLightMgr empty!
11-18 14:01:54.804 1470 1823 D JobScheduler.Temperature: get temperature=30.75
11-18 14:01:56.727 1470 1629 D BatteryLed: getLightInColorState, oppoLightMgr empty!
11-18 14:01:57.483 1470 4255 E AppOps : noteOperation
11-18 14:01:57.483 1470 4255 E AppOps : java.lang.SecurityException: Specified package com.android.phone under uid 10159 but it is really 1001
11-18 14:01:57.483 1470 4255 E AppOps : at com.android.server.appop.AppOpsService.verifyAndGetBypass(AppOpsService.java:3966)
11-18 14:01:57.483 1470 4255 E AppOps : at com.android.server.appop.AppOpsService.noteOperationUnchecked(AppOpsService.java:3106)
11-18 14:01:57.483 1470 4255 E AppOps : at com.android.server.appop.AppOpsService.noteOperationImpl(AppOpsService.java:3094)
11-18 14:01:57.483 1470 4255 E AppOps : at com.android.server.appop.AppOpsService.noteOperation(AppOpsService.java:3077)
11-18 14:01:57.483 1470 4255 E AppOps : at com.android.internal.app.IAppOpsService$Stub.onTransact(IAppOpsService.java:447)
11-18 14:01:57.483 1470 4255 E AppOps : at android.os.Binder.execTransactInternal(Binder.java:1166)
11-18 14:01:57.483 1470 4255 E AppOps : at android.os.Binder.execTransact(Binder.java:1130)
11-18 14:02:00.023 1470 4265 E OplusCustomizeRestrictionManagerService: isBiometricDisabled start
11-18 14:02:00.026 1470 3546 E OplusCustomizeRestrictionManagerService: isBiometricDisabled start
11-18 14:02:04.815 1470 1823 D JobScheduler.Temperature: get temperature=30.663
11-18 14:02:08.693 1470 1629 D BatteryLed: getLightInColorState, oppoLightMgr empty!
11-18 14:02:12.106 1470 4255 W WindowManager: removeWindowToken: Attempted to remove non-existing token: android.os.Binder@da138
11-18 14:02:12.132 1470 4265 I ActivityManager: Force stopping io.appium.uiautomator2.server appid=11365 user=0: finished inst
11-18 14:02:12.133 1470 4265 W ContextImpl: Calling a method in the system process without a qualified user: android.app.ContextImpl.sendBroadcast:1143 com.android.server.am.OppoExtraActivityManagerService.setKeyLockModeNormal:51 com.android.server.am.ActivityManagerService.forceStopPackageLocked:5380 com.android.server.am.ActivityManagerService.finishInstrumentationLocked:18411 com.android.server.am.ActivityManagerService.finishInstrumentation:18430
11-18 14:02:12.137 1470 4265 I ActivityManager: Killing 14024:io.appium.uiautomator2.server/u0a1365 (adj 0): stop io.appium.uiautomator2.server due to finished inst
11-18 14:02:12.167 1470 2978 D DisplayManagerService: Display listener for pid 14024 died.
11-18 14:02:13.024 1470 4554 I ActivityManager: Force stopping io.appium.uiautomator2.server.test appid=11366 user=0: from pid 14882
11-18 14:02:13.025 1470 4554 W ContextImpl: Calling a method in the system process without a qualified user: android.app.ContextImpl.sendBroadcast:1143 com.android.server.am.OppoExtraActivityManagerService.setKeyLockModeNormal:51 com.android.server.am.ActivityManagerService.forceStopPackageLocked:5380 com.android.server.am.ActivityManagerService.forceStopPackageLocked:5220 com.android.server.am.ActivityManagerService.forceStopPackage:4969
11-18 14:02:13.375 1470 4262 I ActivityManager: Force stopping io.appium.uiautomator2.server appid=11365 user=0: start instr
11-18 14:02:13.376 1470 4262 W ContextImpl: Calling a method in the system process without a qualified user: android.app.ContextImpl.sendBroadcast:1143 com.android.server.am.OppoExtraActivityManagerService.setKeyLockModeNormal:51 com.android.server.am.ActivityManagerService.forceStopPackageLocked:5380 com.android.server.am.ActivityManagerService.startInstrumentation:18282 android.app.IActivityManager$Stub.onTransact:2763
11-18 14:02:13.384 1470 4262 D CompatibilityChangeReporter: Compat change id reported: 135634846; UID 11365; state: DISABLED
