11-18 14:04:14.070 14697 15151 I PRETTY_LOGGER: โ”œโ”„โ”„โ”„โ”„โ”„โ”„โ”„โ”„โ”„โ”„โ”„โ”„โ”„โ”„โ”„โ”„โ”„โ”„โ”„โ”„โ”„โ”„โ”„โ”„โ”„โ”„โ”„โ”„โ”„โ”„โ”„โ”„โ”„โ”„โ”„โ”„โ”„โ”„โ”„โ”„โ”„โ”„โ”„โ”„โ”„โ”„โ”„โ”„โ”„โ”„โ”„โ”„โ”„โ”„โ”„โ”„โ”„โ”„โ”„โ”„โ”„โ”„โ”„โ”„โ”„โ”„โ”„โ”„โ”„โ”„โ”„โ”„โ”„โ”„โ”„โ”„โ”„โ”„โ”„โ”„โ”„โ”„โ”„โ”„โ”„โ”„โ”„โ”„โ”„โ”„โ”„โ”„โ”„โ”„โ”„โ”„โ”„โ”„โ”„โ”„โ”„โ”„โ”„โ”„โ”„โ”„โ”„โ”„โ”„โ”„โ”„โ”„
11-18 14:04:14.070 14697 15151 I PRETTY_LOGGER: โ”‚ ๅ“ๅบ”๏ผšhttps://merchant-dev.jlpay.com/boss_account/getAccBalaceRpc
11-18 14:04:14.070 14697 15151 I PRETTY_LOGGER: โ”‚
11-18 14:04:14.070 14697 15151 I PRETTY_LOGGER: โ”‚ {"biz_context":"{\"available_balance\":1368633947,\"balance\":1946017960,\"fz_balance\":577384013,\"ret_code\":\"00\",\"ret_msg\":\"่ฏทๆฑ‚ๆˆๅŠŸ\",\"success\":true}","ret_code":"00","ret_msg":"่ฏทๆฑ‚ๆˆๅŠŸ"}
11-18 14:04:14.070 14697 15151 I PRETTY_LOGGER: โ””โ”€โ”€โ”€โ”€โ”€โ”€โ”€โ”€โ”€โ”€โ”€โ”€โ”€โ”€โ”€โ”€โ”€โ”€โ”€โ”€โ”€โ”€โ”€โ”€โ”€โ”€โ”€โ”€โ”€โ”€โ”€โ”€โ”€โ”€โ”€โ”€โ”€โ”€โ”€โ”€โ”€โ”€โ”€โ”€โ”€โ”€โ”€โ”€โ”€โ”€โ”€โ”€โ”€โ”€โ”€โ”€โ”€โ”€โ”€โ”€โ”€โ”€โ”€โ”€โ”€โ”€โ”€โ”€โ”€โ”€โ”€โ”€โ”€โ”€โ”€โ”€โ”€โ”€โ”€โ”€โ”€โ”€โ”€โ”€โ”€โ”€โ”€โ”€โ”€โ”€โ”€โ”€โ”€โ”€โ”€โ”€โ”€โ”€โ”€โ”€โ”€โ”€โ”€โ”€โ”€โ”€โ”€โ”€โ”€โ”€โ”€โ”€
11-18 14:04:14.384 14697 15301 I RestApi : RestAPI start send log!
11-18 14:04:14.387 14697 15301 I RestApi : RestAPI build data succ!
11-18 14:04:14.387 14697 15301 I RestApi : send url :ak=333341675&av=2.8.4&avsys=2.8.4&c=jlpay_apm&d=XgtwoZSz4p8DALQWBLfYHKP0&sv=6.5.1.3
11-18 14:04:14.388 14697 15301 I RestApi : packRequest success!
11-18 14:04:14.388 14697 15301 D RestApi : sendRequest use adashx, bytes length : 310
11-18 14:04:14.389 14697 15301 D RestApi : signValue:22248cc6049e61f4a23162103320b7a70a4de55b
11-18 14:04:14.392 14697 15301 I System.out: [OkHttp] sendRequest>>
11-18 14:04:14.392 14697 15301 I System.out: [OkHttp] sendRequest<<
11-18 14:04:14.425 809 875 I libPowerHal: [perfLockAcq] idx:1 hdl:40311 hint:25 pid:809 duration:10000 => ret_hdl:40311
11-18 14:04:14.425 809 875 I libPowerHal: [PE] scn:1 hdl:40311 hint:25 comm:mtkpower@1.0-se pid:809
11-18 14:04:14.426 14697 14697 D ViewRootImpl: enqueueInputEventMotionEvent { action=ACTION_DOWN, actionButton=0, id[0]=0, x[0]=988.0, y[0]=187.0, toolType[0]=TOOL_TYPE_FINGER, buttonState=0, classification=NONE, metaState=0, flags=0x0, edgeFlags=0x0, pointerCount=1, historySize=0, eventTime=425632942, downTime=425632942, deviceId=3, source=0x1002, displayId=0 }
11-18 14:04:14.426 809 875 I libPowerHal: [PE] MTKPOWER_HINT_APP_TOUCH update cmd:3408600 param:1
11-18 14:04:14.426 14697 14697 D ViewRootImpl[MainActivity]: processMotionEvent MotionEvent { action=ACTION_DOWN, actionButton=0, id[0]=0, x[0]=988.0, y[0]=187.0, toolType[0]=TOOL_TYPE_FINGER, buttonState=0, classification=NONE, metaState=0, flags=0x0, edgeFlags=0x0, pointerCount=1, historySize=0, eventTime=425632942, downTime=425632942, deviceId=3, source=0x1002, displayId=0 }
11-18 14:04:14.427 14697 14697 D ViewRootImpl[MainActivity]: dispatchPointerEvent handled=true, event=MotionEvent { action=ACTION_DOWN, actionButton=0, id[0]=0, x[0]=988.0, y[0]=187.0, toolType[0]=TOOL_TYPE_FINGER, buttonState=0, classification=NONE, metaState=0, flags=0x0, edgeFlags=0x0, pointerCount=1, historySize=0, eventTime=425632942, downTime=425632942, deviceId=3, source=0x1002, displayId=0 }
11-18 14:04:14.444 14697 15301 D RestApi : errCode:0
11-18 14:04:14.490 809 875 I libPowerHal: [perfLockRel] hdl:40311, idx:1
11-18 14:04:14.490 809 875 I libPowerHal: [PD] scn:1 hdl:40311 hint:25 comm:mtkpower@1.0-se pid:809
11-18 14:04:14.490 809 875 I libPowerHal: [PD] MTKPOWER_HINT_APP_TOUCH update cmd:3408600 param:0
11-18 14:04:14.490 14697 14697 D ViewRootImpl[MainActivity]: processMotionEvent MotionEvent { action=ACTION_UP, actionButton=0, id[0]=0, x[0]=988.0, y[0]=187.0, toolType[0]=TOOL_TYPE_FINGER, buttonState=0, classification=NONE, metaState=0, flags=0x0, edgeFlags=0x0, pointerCount=1, historySize=0, eventTime=425633008, downTime=425632942, deviceId=3, source=0x1002, displayId=0 }
11-18 14:04:14.490 14697 14697 D ViewRootImpl[MainActivity]: dispatchPointerEvent handled=true, event=MotionEvent { action=ACTION_UP, actionButton=0, id[0]=0, x[0]=988.0, y[0]=187.0, toolType[0]=TOOL_TYPE_FINGER, buttonState=0, classification=NONE, metaState=0, flags=0x0, edgeFlags=0x0, pointerCount=1, historySize=0, eventTime=425633008, downTime=425632942, deviceId=3, source=0x1002, displayId=0 }
11-18 14:04:14.495 1470 3038 I ActivityTaskManager: START u0 {cmp=com.jlpay.merch/.ui.account.safetysetting.SettingActivity mCallingUid=11378} from uid 11378 and from pid 14697
11-18 14:04:14.495 1470 1829 I mtkpower_client: perf_lock_rel, hdl:40303, tid:1829
11-18 14:04:14.496 1470 1829 I mtkpower_client: perf_lock_acq, hdl:40303, dur:0, num:12, tid:1829
11-18 14:04:14.496 809 819 I mtkpower@impl: [check_work_req] i:0, msg:1 hdl:40303, wait
11-18 14:04:14.496 1470 3038 D ColorZoomWindowRUSConfigManager: isSupportZoomModeWithPolicyLocked: target = com.jlpay.merch/.ui.account.safetysetting.SettingActivity
11-18 14:04:14.496 809 875 I libPowerHal: [perfLockRel] hdl:40303, idx:0
11-18 14:04:14.496 1470 3038 D ColorZoomWindowRUSConfigManager: targetPkg = com.jlpay.merch
11-18 14:04:14.496 809 875 I libPowerHal: [PD] scn:0 hdl:40303 lock_user:system_server pid:1470 tid:1829 dur:0
11-18 14:04:14.496 1470 3038 V ColorZoomWindowManagerService: unSupportZoom: false ,callingPid: 14697 ,sourceStack: Task{c29555e #18209 visible=true type=standard mode=fullscreen translucent=false A=11378:com.jlpay.merch U=0 StackId=18209 sz=1}
11-18 14:04:14.496 809 875 I libPowerHal: [PD] system_server update cmd:10000100 param:2
11-18 14:04:14.497 841 1311 D DispPerfService: get hint proc=ActivityRecord{b108d33 u0 com.jlpay.merch, idx=0 none
11-18 14:04:14.498 1470 1829 I mtkpower_client: ret_hdl:40312
11-18 14:04:14.498 809 875 I libPowerHal: [perfLockAcq] idx:0 hdl:40312 hint:-1 pid:1470 duration:0 => ret_hdl:40312
11-18 14:04:14.498 809 875 I libPowerHal: [PE] scn:0 hdl:40312 lock_user:system_server pid:1470 tid:1829 dur:0
11-18 14:04:14.499 809 820 I mtkpower@impl: [setMode] type:5, enabled:1
11-18 14:04:14.499 809 875 I libPowerHal: system_server: cpu_ctrl set cpu freq: 2000000 -1 2000000 -1
11-18 14:04:14.499 809 875 I libPowerHal: [PE] system_server update cmd:1410000, param:1
11-18 14:04:14.499 1470 3038 D ColorZoomWindowRUSConfigManager: isSupportZoomModeWithPolicyLocked: target = com.jlpay.merch/.ui.account.safetysetting.SettingActivity
11-18 14:04:14.499 1470 3038 D ColorZoomWindowRUSConfigManager: targetPkg = com.jlpay.merch
11-18 14:04:14.499 1470 3038 V ColorZoomWindowManagerService: unSupportZoom: false ,callingPid: 14697 ,sourceStack: Task{c29555e #18209 visible=true type=standard mode=fullscreen translucent=false A=11378:com.jlpay.merch U=0 StackId=18209 sz=2}
11-18 14:04:14.499 809 875 I libPowerHal: [PE] system_server update cmd:1c3c000, param:0
11-18 14:04:14.499 809 875 I libPowerHal: [PE] system_server update cmd:10000100, param:2
11-18 14:04:14.499 809 875 I libPowerHal: [perfLockAcq] idx:1 hdl:40313 hint:11 pid:809 duration:30000 => ret_hdl:40313
11-18 14:04:14.499 809 875 I libPowerHal: [PE] scn:1 hdl:40313 hint:11 comm:mtkpower@1.0-se pid:809
11-18 14:04:14.499 809 875 I libPowerHal: [PE] LAUNCH update cmd:1000000, param:0
11-18 14:04:14.499 809 875 I libPowerHal: [PE] LAUNCH update cmd:1408300, param:100
11-18 14:04:14.500 809 875 I libPowerHal: [PE] LAUNCH update cmd:300c000, param:15
11-18 14:04:14.500 809 875 I libPowerHal: [PE] LAUNCH update cmd:1000000 param:0
11-18 14:04:14.500 809 875 I libPowerHal: [perfLockRel] hdl:40309, idx:2
11-18 14:04:14.500 809 875 I libPowerHal: [PD] scn:2 hdl:40309 hint:30 comm:mtkpower@1.0-se pid:809
11-18 14:04:14.500 809 875 I libPowerHal: [PD] MTKPOWER_HINT_EXT_LAUNCH update cmd:2020000 param:1
11-18 14:04:14.500 809 875 I libPowerHal: [perfLockAcq] idx:3 hdl:40314 hint:23 pid:809 duration:10000 => ret_hdl:40314
11-18 14:04:14.500 809 875 I libPowerHal: [PE] scn:3 hdl:40314 hint:23 comm:mtkpower@1.0-se pid:809
11-18 14:04:14.503 14697 14949 D UMLog : ๅฝ“ๅ‰ๅ‘้€็ญ–็•ฅไธบ: ้—ด้š”ๅ‘้€ใ€‚้—ด้š”ๆ—ถ้—ดไธบ๏ผš90็ง’ใ€‚่ฏฆ่ง้“พๆŽฅ https://developer.umeng.com/docs/66632/detail/66976?um_channel=sdk
11-18 14:04:14.505 14697 14697 D MotuCrashSDK: onActivityPaused๏ผšcom.jlpay.merch.ui.main.MainActivity
11-18 14:04:14.508 1470 3038 I OppoBaseActivityStack: notifyAppSwitch the same packageName!
11-18 14:04:14.508 1470 3038 W ActivityTaskManager: Tried to set launchTime (0) < mLastActivityLaunchTime (425569801)
11-18 14:04:14.510 1470 3038 I ActivityTaskManager: perfNotifyAppState TopResumedActivityChanged ActivityRecord{b108d33 u0 com.jlpay.merch/.ui.account.safetysetting.SettingActivity t18209}
11-18 14:04:14.510 1470 3038 I InputDispatcher: setFocusedApplication displayId=0
11-18 14:04:14.510 809 875 I libPowerHal: [perfNotifyAppState] [activity updated] pack:com.jlpay.merch, act:com.jlpay.merch.ui.account.safetysetting.SettingActivity
11-18 14:04:14.510 809 875 I libPowerHal: Act_Match:0, Common_index:-1
11-18 14:04:14.510 809 819 I mtkpower@impl: [notifyAppState] act com.jlpay.merch.ui.main.MainActivity => com.jlpay.merch.ui.account.safetysetting.SettingActivity
11-18 14:04:14.510 1470 3038 W WindowManager: Changing focus fromWindow{6504fb u0 com.jlpay.merch/com.jlpay.merch.ui.main.MainActivity} to null displayId=0 Callers=com.android.server.wm.RootWindowContainer.updateFocusedWindowLocked:509 com.android.server.wm.WindowManagerService.updateFocusedWindowLocked:6073 com.android.server.wm.DisplayContent.setFocusedApp:5895 com.android.server.wm.ActivityTaskManagerService.setResumedActivityUncheckLocked:5860
11-18 14:04:14.511 1470 3038 D Theia.NoFocusWindow: FocusWindowErrorScene CheckFreezeScreen
11-18 14:04:14.513 14697 14949 W SQLiteLog: (28) double-quoted string literal: "
11-18 14:04:14.513 14697 14949 W SQLiteLog: (28) double-quoted string literal: "90636363EFF3B783FF0C44D127FE17FE"
11-18 14:04:14.514 1470 3038 I ActivityTaskManager: perfNotifyAppState PAUSED ActivityRecord{13726ef u0 com.jlpay.merch/.ui.main.MainActivity t18209}
11-18 14:04:14.516 1470 1829 I mtkpower_client: perf_lock_rel, hdl:40312, tid:1829
11-18 14:04:14.516 1470 1829 I mtkpower_client: perf_lock_acq, hdl:40312, dur:0, num:12, tid:1829
11-18 14:04:14.516 809 819 I mtkpower@impl: [check_work_req] i:0, msg:1 hdl:40312, wait
11-18 14:04:14.516 809 875 I libPowerHal: [perfLockRel] hdl:40312, idx:0
11-18 14:04:14.516 809 875 I libPowerHal: [PD] scn:0 hdl:40312 lock_user:system_server pid:1470 tid:1829 dur:0
11-18 14:04:14.516 809 875 I libPowerHal: [PD] system_server update cmd:1410000 param:0
11-18 14:04:14.516 809 875 I libPowerHal: [PD] system_server update cmd:1c3c000, param:1
11-18 14:04:14.516 809 875 I libPowerHal: [PD] system_server update cmd:10000100 param:2
11-18 14:04:14.517 14697 15479 E libEGL : Invalid file path for libcolorx-loader.so
11-18 14:04:14.517 14697 15479 D libMEOW : applied 0 plugin for [com.jlpay.merch].
11-18 14:04:14.518 1470 1829 I mtkpower_client: ret_hdl:40315
11-18 14:04:14.519 809 875 I libPowerHal: [perfLockAcq] idx:0 hdl:40315 hint:-1 pid:1470 duration:0 => ret_hdl:40315
11-18 14:04:14.519 809 875 I libPowerHal: [PE] scn:0 hdl:40315 lock_user:system_server pid:1470 tid:1829 dur:0
11-18 14:04:14.519 809 875 I libPowerHal: [PE] system_server update cmd:1410000, param:1
11-18 14:04:14.519 809 875 I libPowerHal: [PE] system_server update cmd:1c3c000, param:0
11-18 14:04:14.519 809 875 I libPowerHal: [PE] system_server update cmd:10000100, param:2
11-18 14:04:14.521 1470 4262 I InputDispatcher: Focus left window: Window{6504fb u0 com.jlpay.merch/com.jlpay.merch.ui.main.MainActivity} in display 0
11-18 14:04:14.521 1470 4262 I InputDispatcher: Window went away: Window{6504fb u0 com.jlpay.merch/com.jlpay.merch.ui.main.MainActivity}
11-18 14:04:14.525 14697 14697 I PRETTY_LOGGER: โ”Œโ”€โ”€โ”€โ”€โ”€โ”€โ”€โ”€โ”€โ”€โ”€โ”€โ”€โ”€โ”€โ”€โ”€โ”€โ”€โ”€โ”€โ”€โ”€โ”€โ”€โ”€โ”€โ”€โ”€โ”€โ”€โ”€โ”€โ”€โ”€โ”€โ”€โ”€โ”€โ”€โ”€โ”€โ”€โ”€โ”€โ”€โ”€โ”€โ”€โ”€โ”€โ”€โ”€โ”€โ”€โ”€โ”€โ”€โ”€โ”€โ”€โ”€โ”€โ”€โ”€โ”€โ”€โ”€โ”€โ”€โ”€โ”€โ”€โ”€โ”€โ”€โ”€โ”€โ”€โ”€โ”€โ”€โ”€โ”€โ”€โ”€โ”€โ”€โ”€โ”€โ”€โ”€โ”€โ”€โ”€โ”€โ”€โ”€โ”€โ”€โ”€โ”€โ”€โ”€โ”€โ”€โ”€โ”€โ”€โ”€โ”€โ”€
11-18 14:04:14.525 14697 14697 I PRETTY_LOGGER: โ”‚ LogUtils.i (LogUtils.java:27)
11-18 14:04:14.525 14697 14697 I PRETTY_LOGGER: โ”‚ LogUtils.i (LogUtils.java:21)
11-18 14:04:14.525 14697 14697 I PRETTY_LOGGER: โ”œโ”„โ”„โ”„โ”„โ”„โ”„โ”„โ”„โ”„โ”„โ”„โ”„โ”„โ”„โ”„โ”„โ”„โ”„โ”„โ”„โ”„โ”„โ”„โ”„โ”„โ”„โ”„โ”„โ”„โ”„โ”„โ”„โ”„โ”„โ”„โ”„โ”„โ”„โ”„โ”„โ”„โ”„โ”„โ”„โ”„โ”„โ”„โ”„โ”„โ”„โ”„โ”„โ”„โ”„โ”„โ”„โ”„โ”„โ”„โ”„โ”„โ”„โ”„โ”„โ”„โ”„โ”„โ”„โ”„โ”„โ”„โ”„โ”„โ”„โ”„โ”„โ”„โ”„โ”„โ”„โ”„โ”„โ”„โ”„โ”„โ”„โ”„โ”„โ”„โ”„โ”„โ”„โ”„โ”„โ”„โ”„โ”„โ”„โ”„โ”„โ”„โ”„โ”„โ”„โ”„โ”„โ”„โ”„โ”„โ”„โ”„โ”„
11-18 14:04:14.525 14697 14697 I PRETTY_LOGGER: โ”‚ activity ==> ======================================================SettingActivity
11-18 14:04:14.525 14697 14697 I PRETTY_LOGGER: โ””โ”€โ”€โ”€โ”€โ”€โ”€โ”€โ”€โ”€โ”€โ”€โ”€โ”€โ”€โ”€โ”€โ”€โ”€โ”€โ”€โ”€โ”€โ”€โ”€โ”€โ”€โ”€โ”€โ”€โ”€โ”€โ”€โ”€โ”€โ”€โ”€โ”€โ”€โ”€โ”€โ”€โ”€โ”€โ”€โ”€โ”€โ”€โ”€โ”€โ”€โ”€โ”€โ”€โ”€โ”€โ”€โ”€โ”€โ”€โ”€โ”€โ”€โ”€โ”€โ”€โ”€โ”€โ”€โ”€โ”€โ”€โ”€โ”€โ”€โ”€โ”€โ”€โ”€โ”€โ”€โ”€โ”€โ”€โ”€โ”€โ”€โ”€โ”€โ”€โ”€โ”€โ”€โ”€โ”€โ”€โ”€โ”€โ”€โ”€โ”€โ”€โ”€โ”€โ”€โ”€โ”€โ”€โ”€โ”€โ”€โ”€โ”€
11-18 14:04:14.570 841 1311 I SurfaceFlinger: [SF client] NEW(0xb400007329d68e00) for (14697:com.jlpay.merch)
11-18 14:04:14.571 14697 14697 D ColorViewRootUtil: initSwipState, isDisplayCompatApp false
11-18 14:04:14.571 14697 14697 D ColorViewRootUtil: mScreenHeight 2400, mScreenWidth 1080
11-18 14:04:14.573 14697 14697 D ViewRootImpl[SettingActivity]: hardware acceleration = true , fakeHwAccelerated = false, sRendererDisabled = false, forceHwAccelerated = false, sSystemRendererDisabled = false
11-18 14:04:14.574 1470 4262 D OppoDisplayPolicy: com.jlpay.merch, setting cutoutMode: color always
11-18 14:04:14.575 841 3662 D DispPerfService: get hint proc=b7a5b87 com.jlpay.merch, idx=0 none
11-18 14:04:14.576 1470 4262 W WindowManager: Changing focus fromnull to Window{b7a5b87 u0 com.jlpay.merch/com.jlpay.merch.ui.account.safetysetting.SettingActivity} displayId=0 Callers=com.android.server.wm.RootWindowContainer.updateFocusedWindowLocked:509 com.android.server.wm.WindowManagerService.updateFocusedWindowLocked:6073 com.android.server.wm.WindowManagerService.addWindow:1941 com.android.server.wm.Session.addToDisplayAsUser:184
11-18 14:04:14.576 841 3662 D DispPerfService: get hint proc=Surface(name=8eb967f StatusBar), idx=0 none
11-18 14:04:14.576 841 3662 D DispPerfService: get hint proc=Surface(name=c91655d NavigationBar0), idx=0 none
11-18 14:04:14.577 1470 4262 D Theia.NoFocusWindow: FocusWindowErrorScene cancelCheckFreezeScreen
11-18 14:04:14.579 14697 14697 E libEGL : Invalid file path for libcolorx-loader.so
11-18 14:04:14.579 14697 14697 I chatty : uid=11378(com.jlpay.merch) identical 4 lines
11-18 14:04:14.579 14697 14697 E libEGL : Invalid file path for libcolorx-loader.so
11-18 14:04:14.579 14697 14697 I InputTransport: Create ARC handle: 0xb4000076ccea6dc0
11-18 14:04:14.583 14697 14697 V PhoneWindow: DecorView setVisiblity: visibility = 0, Parent = android.view.ViewRootImpl@774c2d7, this = DecorView@95ea7c4[SettingActivity]
11-18 14:04:14.583 14697 15017 I PRETTY_LOGGER: โ”Œโ”€โ”€โ”€โ”€โ”€โ”€โ”€โ”€โ”€โ”€โ”€โ”€โ”€โ”€โ”€โ”€โ”€โ”€โ”€โ”€โ”€โ”€โ”€โ”€โ”€โ”€โ”€โ”€โ”€โ”€โ”€โ”€โ”€โ”€โ”€โ”€โ”€โ”€โ”€โ”€โ”€โ”€โ”€โ”€โ”€โ”€โ”€โ”€โ”€โ”€โ”€โ”€โ”€โ”€โ”€โ”€โ”€โ”€โ”€โ”€โ”€โ”€โ”€โ”€โ”€โ”€โ”€โ”€โ”€โ”€โ”€โ”€โ”€โ”€โ”€โ”€โ”€โ”€โ”€โ”€โ”€โ”€โ”€โ”€โ”€โ”€โ”€โ”€โ”€โ”€โ”€โ”€โ”€โ”€โ”€โ”€โ”€โ”€โ”€โ”€โ”€โ”€โ”€โ”€โ”€โ”€โ”€โ”€โ”€โ”€โ”€โ”€
11-18 14:04:14.584 14697 15017 I PRETTY_LOGGER: โ”‚ LogUtils.i (LogUtils.java:27)
11-18 14:04:14.584 14697 15017 I PRETTY_LOGGER: โ”‚ LogUtils.i (LogUtils.java:21)
11-18 14:04:14.584 14697 15017 I PRETTY_LOGGER: โ”œโ”„โ”„โ”„โ”„โ”„โ”„โ”„โ”„โ”„โ”„โ”„โ”„โ”„โ”„โ”„โ”„โ”„โ”„โ”„โ”„โ”„โ”„โ”„โ”„โ”„โ”„โ”„โ”„โ”„โ”„โ”„โ”„โ”„โ”„โ”„โ”„โ”„โ”„โ”„โ”„โ”„โ”„โ”„โ”„โ”„โ”„โ”„โ”„โ”„โ”„โ”„โ”„โ”„โ”„โ”„โ”„โ”„โ”„โ”„โ”„โ”„โ”„โ”„โ”„โ”„โ”„โ”„โ”„โ”„โ”„โ”„โ”„โ”„โ”„โ”„โ”„โ”„โ”„โ”„โ”„โ”„โ”„โ”„โ”„โ”„โ”„โ”„โ”„โ”„โ”„โ”„โ”„โ”„โ”„โ”„โ”„โ”„โ”„โ”„โ”„โ”„โ”„โ”„โ”„โ”„โ”„โ”„โ”„โ”„โ”„โ”„โ”„
11-18 14:04:14.584 14697 15017 I PRETTY_LOGGER: โ”‚ ่ฏทๆฑ‚๏ผšhttps://login-api-dev.jlpay.com/boss_user/queryUserConfigRpc
11-18 14:04:14.584 14697 15017 I PRETTY_LOGGER: โ”‚
11-18 14:04:14.584 14697 15017 I PRETTY_LOGGER: โ”‚ {"app_id":"162575608951564","rid":"1121323","format":"json","timestamp":1637215454581,"version":"1822","sign_type":"RSA2","sign":"1822","nonce_str":"2c8a3e6f5dfa4ba385353991ddd1f2c2","biz_content":{"user_id":"2019052210007581","token":"eyJ2ZXIiOiIxIiwidHlwIjoiSldUIiwicGxhdCI6ImFwcF9ib3NzIiwiYWxnIjoiU00zV2l0aFNNMiJ9.eyJ1aWQiOiIyMDE5MDUyMjEwMDA3NTgxIiwibmJmIjoxNjM3MjE1MzYwLCJ1bmFtZSI6IumcsuWonCIsImlzcyI6IkpMUEFZIiwidXR5cGUiOiIxIiwibW5hbWUiOiLpnLLlqJzluqblgYfmnZE2IiwiZXhwIjoxNjM5ODA3MzYwLCJkZXZpY2VJZCI6IjEwMjlkYTVlLWYyNmYtNDdjMS1iMzg3LTM3OGY5MDBhM2MwZCIsImlhdCI6MTYzNzIxNTM2MCwianRpIjoiMTAyOWRhNWUtZjI2Zi00N2MxLWIzODctMzc4ZjkwMGEzYzBkIiwiY2lkIjoiNDQwMzA1MTkwNTIyMTAwMTMwMzEiLCJtbm8iOiI4NDk0NDAzNzAxMUEwME8ifQ.MEUCIQC4lx9qoTmCUDi4-4m4KC9ko_GuoNt8We370geP_ol4cgIgFb6A-jlqPLuyc2aRq-DOqSt2mpbqKLeMYkITvJnqQL0","os_type":"ANDROID","os_version":"11","device_no":"1029da5e-f26f-47c1-b387-378f900a3c0d","device_type":"PDKM00","app_version":"2.8.4"}}
11-18 14:04:14.584 14697 15017 I PRETTY_LOGGER: โ””โ”€โ”€โ”€โ”€โ”€โ”€โ”€โ”€โ”€โ”€โ”€โ”€โ”€โ”€โ”€โ”€โ”€โ”€โ”€โ”€โ”€โ”€โ”€โ”€โ”€โ”€โ”€โ”€โ”€โ”€โ”€โ”€โ”€โ”€โ”€โ”€โ”€โ”€โ”€โ”€โ”€โ”€โ”€โ”€โ”€โ”€โ”€โ”€โ”€โ”€โ”€โ”€โ”€โ”€โ”€โ”€โ”€โ”€โ”€โ”€โ”€โ”€โ”€โ”€โ”€โ”€โ”€โ”€โ”€โ”€โ”€โ”€โ”€โ”€โ”€โ”€โ”€โ”€โ”€โ”€โ”€โ”€โ”€โ”€โ”€โ”€โ”€โ”€โ”€โ”€โ”€โ”€โ”€โ”€โ”€โ”€โ”€โ”€โ”€โ”€โ”€โ”€โ”€โ”€โ”€โ”€โ”€โ”€โ”€โ”€โ”€โ”€
11-18 14:04:14.586 14697 15155 I PRETTY_LOGGER: โ”Œโ”€โ”€โ”€โ”€โ”€โ”€โ”€โ”€โ”€โ”€โ”€โ”€โ”€โ”€โ”€โ”€โ”€โ”€โ”€โ”€โ”€โ”€โ”€โ”€โ”€โ”€โ”€โ”€โ”€โ”€โ”€โ”€โ”€โ”€โ”€โ”€โ”€โ”€โ”€โ”€โ”€โ”€โ”€โ”€โ”€โ”€โ”€โ”€โ”€โ”€โ”€โ”€โ”€โ”€โ”€โ”€โ”€โ”€โ”€โ”€โ”€โ”€โ”€โ”€โ”€โ”€โ”€โ”€โ”€โ”€โ”€โ”€โ”€โ”€โ”€โ”€โ”€โ”€โ”€โ”€โ”€โ”€โ”€โ”€โ”€โ”€โ”€โ”€โ”€โ”€โ”€โ”€โ”€โ”€โ”€โ”€โ”€โ”€โ”€โ”€โ”€โ”€โ”€โ”€โ”€โ”€โ”€โ”€โ”€โ”€โ”€โ”€
11-18 14:04:14.586 14697 15155 I PRETTY_LOGGER: โ”‚ LogUtils.i (LogUtils.java:27)
11-18 14:04:14.586 14697 15155 I PRETTY_LOGGER: โ”‚ LogUtils.i (LogUtils.java:21)
11-18 14:04:14.586 14697 15155 I PRETTY_LOGGER: โ”œโ”„โ”„โ”„โ”„โ”„โ”„โ”„โ”„โ”„โ”„โ”„โ”„โ”„โ”„โ”„โ”„โ”„โ”„โ”„โ”„โ”„โ”„โ”„โ”„โ”„โ”„โ”„โ”„โ”„โ”„โ”„โ”„โ”„โ”„โ”„โ”„โ”„โ”„โ”„โ”„โ”„โ”„โ”„โ”„โ”„โ”„โ”„โ”„โ”„โ”„โ”„โ”„โ”„โ”„โ”„โ”„โ”„โ”„โ”„โ”„โ”„โ”„โ”„โ”„โ”„โ”„โ”„โ”„โ”„โ”„โ”„โ”„โ”„โ”„โ”„โ”„โ”„โ”„โ”„โ”„โ”„โ”„โ”„โ”„โ”„โ”„โ”„โ”„โ”„โ”„โ”„โ”„โ”„โ”„โ”„โ”„โ”„โ”„โ”„โ”„โ”„โ”„โ”„โ”„โ”„โ”„โ”„โ”„โ”„โ”„โ”„โ”„
11-18 14:04:14.586 14697 15155 I PRETTY_LOGGER: โ”‚ ่ฏทๆฑ‚๏ผšhttps://merchant-dev.jlpay.com/boss_merch/queryMerchBusinessHours
11-18 14:04:14.586 14697 15155 I PRETTY_LOGGER: โ”‚
11-18 14:04:14.586 14697 15155 I PRETTY_LOGGER: โ”‚ {"app_id":"162575608951564","rid":"1121323","format":"json","timestamp":1637215454583,"version":"1822","sign_type":"RSA2","sign":"1822","nonce_str":"9f7e5f3e6389471395848c72f425e5ab","biz_content":{"merch_no":"84944037011A00O","token":"eyJ2ZXIiOiIxIiwidHlwIjoiSldUIiwicGxhdCI6ImFwcF9ib3NzIiwiYWxnIjoiU00zV2l0aFNNMiJ9.eyJ1aWQiOiIyMDE5MDUyMjEwMDA3NTgxIiwibmJmIjoxNjM3MjE1MzYwLCJ1bmFtZSI6IumcsuWonCIsImlzcyI6IkpMUEFZIiwidXR5cGUiOiIxIiwibW5hbWUiOiLpnLLlqJzluqblgYfmnZE2IiwiZXhwIjoxNjM5ODA3MzYwLCJkZXZpY2VJZCI6IjEwMjlkYTVlLWYyNmYtNDdjMS1iMzg3LTM3OGY5MDBhM2MwZCIsImlhdCI6MTYzNzIxNTM2MCwianRpIjoiMTAyOWRhNWUtZjI2Zi00N2MxLWIzODctMzc4ZjkwMGEzYzBkIiwiY2lkIjoiNDQwMzA1MTkwNTIyMTAwMTMwMzEiLCJtbm8iOiI4NDk0NDAzNzAxMUEwME8ifQ.MEUCIQC4lx9qoTmCUDi4-4m4KC9ko_GuoNt8We370geP_ol4cgIgFb6A-jlqPLuyc2aRq-DOqSt2mpbqKLeMYkITvJnqQL0","os_type":"ANDROID","os_version":"11","device_no":"1029da5e-f26f-47c1-b387-378f900a3c0d","device_type":"PDKM00","app_version":"2.8.4"}}
11-18 14:04:14.586 14697 15155 I PRETTY_LOGGER: โ””โ”€โ”€โ”€โ”€โ”€โ”€โ”€โ”€โ”€โ”€โ”€โ”€โ”€โ”€โ”€โ”€โ”€โ”€โ”€โ”€โ”€โ”€โ”€โ”€โ”€โ”€โ”€โ”€โ”€โ”€โ”€โ”€โ”€โ”€โ”€โ”€โ”€โ”€โ”€โ”€โ”€โ”€โ”€โ”€โ”€โ”€โ”€โ”€โ”€โ”€โ”€โ”€โ”€โ”€โ”€โ”€โ”€โ”€โ”€โ”€โ”€โ”€โ”€โ”€โ”€โ”€โ”€โ”€โ”€โ”€โ”€โ”€โ”€โ”€โ”€โ”€โ”€โ”€โ”€โ”€โ”€โ”€โ”€โ”€โ”€โ”€โ”€โ”€โ”€โ”€โ”€โ”€โ”€โ”€โ”€โ”€โ”€โ”€โ”€โ”€โ”€โ”€โ”€โ”€โ”€โ”€โ”€โ”€โ”€โ”€โ”€โ”€
11-18 14:04:14.591 14697 14697 D MotuCrashSDK: onActivityStarted๏ผšcom.jlpay.merch.ui.account.safetysetting.SettingActivity
11-18 14:04:14.591 14697 14697 D MotuCrashSDK: nativeSetForeground foreground
11-18 14:04:14.591 14697 15121 W TLOG_MONITOR: MSG_PULL:TLOG.FileUploadHandler:ๆถˆๆฏๆ‹‰ๅ–๏ผšไธปๅŠจๅ‘้€ๆถˆๆฏ๏ผŒๆ‹‰ๅ–ไปปๅŠก
11-18 14:04:14.594 14697 14697 D MotuCrashSDK: onActivityResumed๏ผšcom.jlpay.merch.ui.account.safetysetting.SettingActivity
11-18 14:04:14.595 14697 14697 V PhoneWindow: DecorView setVisiblity: visibility = 4, Parent = null, this = DecorView@b8c373a[]
11-18 14:04:14.595 841 3662 I SurfaceFlinger: [SF client] NEW(0xb400007334bec000) for (14697:com.jlpay.merch)
11-18 14:04:14.596 14697 14697 D ColorViewRootUtil: initSwipState, isDisplayCompatApp false
11-18 14:04:14.597 14697 14697 D ColorViewRootUtil: mScreenHeight 2400, mScreenWidth 1080
11-18 14:04:14.599 14697 14697 D ViewRootImpl[SettingActivity]: hardware acceleration = true , fakeHwAccelerated = false, sRendererDisabled = false, forceHwAccelerated = false, sSystemRendererDisabled = false
11-18 14:04:14.600 1470 3038 D OppoDisplayPolicy: com.jlpay.merch, setting cutoutMode: color always
11-18 14:04:14.601 841 1311 D DispPerfService: get hint proc=3b0f19e com.jlpay.merch, idx=0 none
11-18 14:04:14.602 14697 14949 D MobclickAgent: ๅปถ็ปญไธŠไธ€ไธชไผš่ฏ: 90636363EFF3B783FF0C44D127FE17FE
11-18 14:04:14.603 14697 14697 E libEGL : Invalid file path for libcolorx-loader.so
11-18 14:04:14.603 14697 14697 I chatty : uid=11378(com.jlpay.merch) identical 4 lines
11-18 14:04:14.603 14697 14697 E libEGL : Invalid file path for libcolorx-loader.so
11-18 14:04:14.603 14697 14697 I InputTransport: Create ARC handle: 0xb4000076ccea6d80
11-18 14:04:14.606 14697 14697 V PhoneWindow: DecorView setVisiblity: visibility = 0, Parent = android.view.ViewRootImpl@15e7392, this = DecorView@b8c373a[SettingActivity]
11-18 14:04:14.606 14697 14949 W SQLiteLog: (28) double-quoted string literal: "90636363EFF3B783FF0C44D127FE17FE"
11-18 14:04:14.606 14697 14949 W SQLiteLog: (28) double-quoted string literal: ""
11-18 14:04:14.606 14697 14949 W SQLiteLog: (28) double-quoted string literal: "90636363EFF3B783FF0C44D127FE17FE"
11-18 14:04:14.606 14697 14949 W SQLiteLog: (28) double-quoted string literal: "-1"
11-18 14:04:14.607 14697 14949 D UMLog : ๅฝ“ๅ‰ๅ‘้€็ญ–็•ฅไธบ: ้—ด้š”ๅ‘้€ใ€‚้—ด้š”ๆ—ถ้—ดไธบ๏ผš90็ง’ใ€‚่ฏฆ่ง้“พๆŽฅ https://developer.umeng.com/docs/66632/detail/66976?um_channel=sdk
11-18 14:04:14.609 1470 3038 D OppoDisplayPolicy: com.jlpay.merch, setting cutoutMode: color always
11-18 14:04:14.611 841 1311 D DispPerfService: get hint proc=com.jlpay.merch, idx=0 none
11-18 14:04:14.611 841 1311 I BufferQueueConsumer: [](id:349000020b2,api:0,p:-1,c:841) connect(): controlledByApp=false
11-18 14:04:14.611 841 1311 I BufferQueue: [unnamed-841-8370](this:0xb400007329d18858,id:8370,api:0,p:-1,c:-1) BufferQueue core=(841:/system/bin/surfaceflinger)
11-18 14:04:14.615 14697 14697 V OplusZoomWindowDecorViewHelper: setLastReportedMergedConfiguration mZoomDisplayHeight: 2400 getDecorView.DecorView@95ea7c4[SettingActivity]
11-18 14:04:14.616 841 1311 I BufferQueueProducer: [com.jlpay.merch/com.jlpay.merch.ui.account.safetysetting.SettingActivity#0](id:349000020b2,api:1,p:14697,c:841) connect(): api=1 producerControlledByApp=false
11-18 14:04:14.620 1470 3038 I InputDispatcher: Window went away: com.jlpay.merch/com.jlpay.merch.ui.account.safetysetting.SettingActivity#0
11-18 14:04:14.622 841 3662 D DispPerfService: onframeavailable pid=14697, slot=0, seq=61667, name=com.jlpay.merch:com.jlpay.merch/com.jlpay.merch.ui.account.safetysetting.SettingActivity#0
11-18 14:04:14.629 1470 3038 D OppoDisplayPolicy: com.jlpay.merch, setting cutoutMode: color always
11-18 14:04:14.629 1470 3038 I WindowManager: Relayout Window{3b0f19e u0 com.jlpay.merch/com.jlpay.merch.ui.account.safetysetting.SettingActivity}: oldVis=4 newVis=0 focusMayChange = true
11-18 14:04:14.631 841 1311 D DispPerfService: get hint proc=com.jlpay.merch, idx=0 none
11-18 14:04:14.631 841 1311 I BufferQueueConsumer: [](id:349000020b3,api:0,p:-1,c:841) connect(): controlledByApp=false
11-18 14:04:14.631 841 1311 I BufferQueue: [unnamed-841-8371](this:0xb400007329d1a458,id:8371,api:0,p:-1,c:-1) BufferQueue core=(841:/system/bin/surfaceflinger)
11-18 14:04:14.633 14697 14697 V OplusZoomWindowDecorViewHelper: setLastReportedMergedConfiguration mZoomDisplayHeight: 2400 getDecorView.DecorView@b8c373a[SettingActivity]
11-18 14:04:14.634 14697 15121 I System.out: [OkHttp] sendRequest>>
11-18 14:04:14.634 14697 15121 I System.out: [OkHttp] sendRequest<<
11-18 14:04:14.635 841 1311 I BufferQueueProducer: [com.jlpay.merch/com.jlpay.merch.ui.account.safetysetting.SettingActivity#1](id:349000020b3,api:1,p:14697,c:841) connect(): api=1 producerControlledByApp=false
11-18 14:04:14.645 1470 3038 I InputDispatcher: Window went away: com.jlpay.merch/com.jlpay.merch.ui.account.safetysetting.SettingActivity#1
11-18 14:04:14.653 14697 15155 I PRETTY_LOGGER: โ”Œโ”€โ”€โ”€โ”€โ”€โ”€โ”€โ”€โ”€โ”€โ”€โ”€โ”€โ”€โ”€โ”€โ”€โ”€โ”€โ”€โ”€โ”€โ”€โ”€โ”€โ”€โ”€โ”€โ”€โ”€โ”€โ”€โ”€โ”€โ”€โ”€โ”€โ”€โ”€โ”€โ”€โ”€โ”€โ”€โ”€โ”€โ”€โ”€โ”€โ”€โ”€โ”€โ”€โ”€โ”€โ”€โ”€โ”€โ”€โ”€โ”€โ”€โ”€โ”€โ”€โ”€โ”€โ”€โ”€โ”€โ”€โ”€โ”€โ”€โ”€โ”€โ”€โ”€โ”€โ”€โ”€โ”€โ”€โ”€โ”€โ”€โ”€โ”€โ”€โ”€โ”€โ”€โ”€โ”€โ”€โ”€โ”€โ”€โ”€โ”€โ”€โ”€โ”€โ”€โ”€โ”€โ”€โ”€โ”€โ”€โ”€โ”€
11-18 14:04:14.653 14697 15155 I PRETTY_LOGGER: โ”‚ LogUtils.i (LogUtils.java:27)
11-18 14:04:14.654 14697 15155 I PRETTY_LOGGER: โ”‚ LogUtils.i (LogUtils.java:21)
11-18 14:04:14.654 14697 15155 I PRETTY_LOGGER: โ”œโ”„โ”„โ”„โ”„โ”„โ”„โ”„โ”„โ”„โ”„โ”„โ”„โ”„โ”„โ”„โ”„โ”„โ”„โ”„โ”„โ”„โ”„โ”„โ”„โ”„โ”„โ”„โ”„โ”„โ”„โ”„โ”„โ”„โ”„โ”„โ”„โ”„โ”„โ”„โ”„โ”„โ”„โ”„โ”„โ”„โ”„โ”„โ”„โ”„โ”„โ”„โ”„โ”„โ”„โ”„โ”„โ”„โ”„โ”„โ”„โ”„โ”„โ”„โ”„โ”„โ”„โ”„โ”„โ”„โ”„โ”„โ”„โ”„โ”„โ”„โ”„โ”„โ”„โ”„โ”„โ”„โ”„โ”„โ”„โ”„โ”„โ”„โ”„โ”„โ”„โ”„โ”„โ”„โ”„โ”„โ”„โ”„โ”„โ”„โ”„โ”„โ”„โ”„โ”„โ”„โ”„โ”„โ”„โ”„โ”„โ”„โ”„
11-18 14:04:14.654 14697 15155 I PRETTY_LOGGER: โ”‚ ๅ“ๅบ”๏ผšhttps://merchant-dev.jlpay.com/boss_merch/queryMerchBusinessHours
11-18 14:04:14.654 14697 15155 I PRETTY_LOGGER: โ”‚
11-18 14:04:14.654 14697 15155 I PRETTY_LOGGER: โ”‚ {"biz_context":"{\"ret_msg\":\"็ณป็ปŸ็นๅฟ™๏ผŒ่ฏท็จๅŽๅ†่ฏ•[BIZ_ERROR]\",\"ret_code\":\"BIZ_ERROR\"}","ret_code":"00","ret_msg":"่ฏทๆฑ‚ๆˆๅŠŸ"}
11-18 14:04:14.654 14697 15155 I PRETTY_LOGGER: โ””โ”€โ”€โ”€โ”€โ”€โ”€โ”€โ”€โ”€โ”€โ”€โ”€โ”€โ”€โ”€โ”€โ”€โ”€โ”€โ”€โ”€โ”€โ”€โ”€โ”€โ”€โ”€โ”€โ”€โ”€โ”€โ”€โ”€โ”€โ”€โ”€โ”€โ”€โ”€โ”€โ”€โ”€โ”€โ”€โ”€โ”€โ”€โ”€โ”€โ”€โ”€โ”€โ”€โ”€โ”€โ”€โ”€โ”€โ”€โ”€โ”€โ”€โ”€โ”€โ”€โ”€โ”€โ”€โ”€โ”€โ”€โ”€โ”€โ”€โ”€โ”€โ”€โ”€โ”€โ”€โ”€โ”€โ”€โ”€โ”€โ”€โ”€โ”€โ”€โ”€โ”€โ”€โ”€โ”€โ”€โ”€โ”€โ”€โ”€โ”€โ”€โ”€โ”€โ”€โ”€โ”€โ”€โ”€โ”€โ”€โ”€โ”€
11-18 14:04:14.656 841 1311 D DispPerfService: onframeavailable pid=14697, slot=0, seq=61668, name=com.jlpay.merch:com.jlpay.merch/com.jlpay.merch.ui.account.safetysetting.SettingActivity#1
11-18 14:04:14.659 31557 31557 V PhoneWindow: DecorView setVisiblity: visibility = 8, Parent = android.view.ViewRootImpl@bb459d, this = DecorView@a937e7c[InputMethod]
11-18 14:04:14.660 841 3662 D DispPerfService: get hint proc=Surface(name=ActivityRecord{b108d33 u0 com.jlpay.merch, idx=0 none
11-18 14:04:14.661 841 841 D OppoExLayer: ~Layer() sequence=61656, name=Surface(name=c91655d NavigationBar0)/@0xae9cfad - animation-leash#0@0xb4000073360b8000
11-18 14:04:14.661 841 841 D OppoExLayer: ~Layer() sequence=61655, name=Surface(name=8eb967f StatusBar)/@0x65f64c4 - animation-leash#1@0xb4000073361ca000
11-18 14:04:14.661 841 3662 D DispPerfService: get hint proc=Surface(name=ActivityRecord{b108d33 u0 com.jlpay.merch, idx=0 none
11-18 14:04:14.662 1470 1595 D ColorZoomWindowManagerService: adjustWindowCropForLeash start: appToken = ActivityRecord{b108d33 u0 com.jlpay.merch/.ui.account.safetysetting.SettingActivity t18209}
11-18 14:04:14.663 841 3662 D DispPerfService: get hint proc=Surface(name=ActivityRecord{13726ef u0 com.jlpay.merch, idx=0 none
11-18 14:04:14.664 1470 1595 D ColorZoomWindowManagerService: adjustWindowCropForLeash start: appToken = ActivityRecord{13726ef u0 com.jlpay.merch/.ui.main.MainActivity t18209}
11-18 14:04:14.663 841 3662 D DispPerfService: get hint proc=Surface(name=ActivityRecord{13726ef u0 com.jlpay.merch, idx=0 none
11-18 14:04:14.664 841 3662 D DispPerfService: get hint proc=Surface(name=b7a5b87 com.jlpay.merch, idx=0 none
11-18 14:04:14.666 1470 1604 I ActivityTaskManager: Displayed com.jlpay.merch/.ui.account.safetysetting.SettingActivity: +170ms
11-18 14:04:14.670 1470 3038 I InputDispatcher: Focus entered window: Window{b7a5b87 u0 com.jlpay.merch/com.jlpay.merch.ui.account.safetysetting.SettingActivity} in display 0
11-18 14:04:14.670 14697 15183 D MotuCrashAdapter: start send error log. appkey: 333341675, error type: HA_RESOURCE_LEAK
11-18 14:04:14.670 841 1311 I BufferQueueProducer: [com.jlpay.merch/com.jlpay.merch.ui.account.safetysetting.SettingActivity#0](id:349000020b2,api:1,p:14697,c:841) disconnect(): api=1
11-18 14:04:14.670 14697 15183 I RestApi : RestAPI start send log!
11-18 14:04:14.671 14697 14697 D View : [Warning] assignParent to null: this = DecorView@95ea7c4[SettingActivity]
11-18 14:04:14.672 841 1311 D DispPerfService: get hint proc=Surface(name=b7a5b87 com.jlpay.merch, idx=0 none
11-18 14:04:14.672 14697 15183 I RestApi : RestAPI build data succ!
11-18 14:04:14.672 14697 15183 I RestApi : send url :ak=333341675&av=2.8.4&avsys=2.8.4&c=jlpay_apm&d=XgtwoZSz4p8DALQWBLfYHKP0&sv=6.5.1.3
11-18 14:04:14.673 1470 3038 W WindowManager: Changing focus fromWindow{b7a5b87 u0 com.jlpay.merch/com.jlpay.merch.ui.account.safetysetting.SettingActivity EXITING} to Window{3b0f19e u0 com.jlpay.merch/com.jlpay.merch.ui.account.safetysetting.SettingActivity} displayId=0 Callers=com.android.server.wm.RootWindowContainer.updateFocusedWindowLocked:509 com.android.server.wm.WindowManagerService.updateFocusedWindowLocked:6073 com.android.server.wm.WindowState.setupWindowForRemoveOnExit:2542 com.android.server.wm.WindowState.removeIfPossible:2507
11-18 14:04:14.673 841 1311 D DispPerfService: get hint proc=Surface(name=8eb967f StatusBar), idx=0 none
11-18 14:04:14.674 14697 15183 I RestApi : packRequest success!
11-18 14:04:14.674 14697 15183 D RestApi : sendRequest use adashx, bytes length : 7842
11-18 14:04:14.674 841 1311 D DispPerfService: get hint proc=Surface(name=c91655d NavigationBar0), idx=0 none
11-18 14:04:14.675 14697 15183 D RestApi : signValue:4b0a82489c992a66aa36eb687b404caa5a5fc29d
11-18 14:04:14.675 1470 3038 D Theia.NoFocusWindow: FocusWindowErrorScene cancelCheckFreezeScreen
11-18 14:04:14.676 14697 15121 D SendMessage: pull request message:
11-18 14:04:14.677 14697 14697 I InputTransport: Destroy ARC handle: 0xb4000076ccea6dc0
11-18 14:04:14.678 841 841 D OppoExLayer: ~Layer() sequence=61673, name=Surface(name=b7a5b87 com.jlpay.merch/com.jlpay.merch.ui.account.safetysetting.SettingActivity)/@0xbe3b6f - animation-leash#0@0xb4000073360fe000
11-18 14:04:14.678 1470 4262 I InputDispatcher: Focus left window: Window{b7a5b87 u0 com.jlpay.merch/com.jlpay.merch.ui.account.safetysetting.SettingActivity} in display 0
11-18 14:04:14.678 1470 4262 I InputDispatcher: Window went away: Window{b7a5b87 u0 com.jlpay.merch/com.jlpay.merch.ui.account.safetysetting.SettingActivity}
11-18 14:04:14.681 841 2967 D DispPerfService: get hint proc=, idx=0 none
11-18 14:04:14.681 14697 14697 E PRETTY_LOGGER: โ”Œโ”€โ”€โ”€โ”€โ”€โ”€โ”€โ”€โ”€โ”€โ”€โ”€โ”€โ”€โ”€โ”€โ”€โ”€โ”€โ”€โ”€โ”€โ”€โ”€โ”€โ”€โ”€โ”€โ”€โ”€โ”€โ”€โ”€โ”€โ”€โ”€โ”€โ”€โ”€โ”€โ”€โ”€โ”€โ”€โ”€โ”€โ”€โ”€โ”€โ”€โ”€โ”€โ”€โ”€โ”€โ”€โ”€โ”€โ”€โ”€โ”€โ”€โ”€โ”€โ”€โ”€โ”€โ”€โ”€โ”€โ”€โ”€โ”€โ”€โ”€โ”€โ”€โ”€โ”€โ”€โ”€โ”€โ”€โ”€โ”€โ”€โ”€โ”€โ”€โ”€โ”€โ”€โ”€โ”€โ”€โ”€โ”€โ”€โ”€โ”€โ”€โ”€โ”€โ”€โ”€โ”€โ”€โ”€โ”€โ”€โ”€โ”€
11-18 14:04:14.682 14697 14697 E PRETTY_LOGGER: โ”‚ LogUtils.e (LogUtils.java:31)
11-18 14:04:14.682 14697 14697 E PRETTY_LOGGER: โ”‚ LogUtils.e (LogUtils.java:35)
11-18 14:04:14.682 14697 14697 E PRETTY_LOGGER: โ”œโ”„โ”„โ”„โ”„โ”„โ”„โ”„โ”„โ”„โ”„โ”„โ”„โ”„โ”„โ”„โ”„โ”„โ”„โ”„โ”„โ”„โ”„โ”„โ”„โ”„โ”„โ”„โ”„โ”„โ”„โ”„โ”„โ”„โ”„โ”„โ”„โ”„โ”„โ”„โ”„โ”„โ”„โ”„โ”„โ”„โ”„โ”„โ”„โ”„โ”„โ”„โ”„โ”„โ”„โ”„โ”„โ”„โ”„โ”„โ”„โ”„โ”„โ”„โ”„โ”„โ”„โ”„โ”„โ”„โ”„โ”„โ”„โ”„โ”„โ”„โ”„โ”„โ”„โ”„โ”„โ”„โ”„โ”„โ”„โ”„โ”„โ”„โ”„โ”„โ”„โ”„โ”„โ”„โ”„โ”„โ”„โ”„โ”„โ”„โ”„โ”„โ”„โ”„โ”„โ”„โ”„โ”„โ”„โ”„โ”„โ”„โ”„
11-18 14:04:14.682 14697 14697 E PRETTY_LOGGER: โ”‚
11-18 14:04:14.682 14697 14697 E PRETTY_LOGGER: โ”‚ ret_code.="BIZ_ERROR",ret_msg="็ณป็ปŸ็นๅฟ™๏ผŒ่ฏท็จๅŽๅ†่ฏ•[BIZ_ERROR]"
11-18 14:04:14.682 14697 14697 E PRETTY_LOGGER: โ””โ”€โ”€โ”€โ”€โ”€โ”€โ”€โ”€โ”€โ”€โ”€โ”€โ”€โ”€โ”€โ”€โ”€โ”€โ”€โ”€โ”€โ”€โ”€โ”€โ”€โ”€โ”€โ”€โ”€โ”€โ”€โ”€โ”€โ”€โ”€โ”€โ”€โ”€โ”€โ”€โ”€โ”€โ”€โ”€โ”€โ”€โ”€โ”€โ”€โ”€โ”€โ”€โ”€โ”€โ”€โ”€โ”€โ”€โ”€โ”€โ”€โ”€โ”€โ”€โ”€โ”€โ”€โ”€โ”€โ”€โ”€โ”€โ”€โ”€โ”€โ”€โ”€โ”€โ”€โ”€โ”€โ”€โ”€โ”€โ”€โ”€โ”€โ”€โ”€โ”€โ”€โ”€โ”€โ”€โ”€โ”€โ”€โ”€โ”€โ”€โ”€โ”€โ”€โ”€โ”€โ”€โ”€โ”€โ”€โ”€โ”€โ”€
11-18 14:04:14.684 841 2967 I SurfaceFlinger: [SF client] NEW(0xb400007334bec240) for (2069:com.android.systemui)
11-18 14:04:14.685 2069 2069 D ColorViewRootUtil: initSwipState, isDisplayCompatApp false
11-18 14:04:14.685 2069 2069 D ColorViewRootUtil: mScreenHeight 2400, mScreenWidth 1080
11-18 14:04:14.686 2069 2069 D ViewRootImpl[Toast]: hardware acceleration = true , fakeHwAccelerated = false, sRendererDisabled = false, forceHwAccelerated = false, sSystemRendererDisabled = false
11-18 14:04:14.687 1470 4244 I InputDispatcher: Focus entered window: Window{3b0f19e u0 com.jlpay.merch/com.jlpay.merch.ui.account.safetysetting.SettingActivity} in display 0
11-18 14:04:14.688 1470 4244 D OppoDisplayPolicy: com.android.systemui, change system app cutoutMode: color always
11-18 14:04:14.689 841 3662 D DispPerfService: get hint proc=, idx=0 none
11-18 14:04:14.690 1470 1629 D BatteryLed: getLightInColorState, oppoLightMgr empty!
11-18 14:04:14.690 809 820 I mtkpower@impl: [setMode] type:5, enabled:0
11-18 14:04:14.690 2069 2069 E libEGL : Invalid file path for libcolorx-loader.so
11-18 14:04:14.691 2069 2069 I chatty : uid=10079(com.android.systemui) identical 1 line
11-18 14:04:14.691 2069 2069 E libEGL : Invalid file path for libcolorx-loader.so
11-18 14:04:14.691 809 875 I libPowerHal: [perfLockRel] hdl:40313, idx:1
11-18 14:04:14.691 809 875 I libPowerHal: [PD] scn:1 hdl:40313 hint:11 comm:mtkpower@1.0-se pid:809
11-18 14:04:14.691 2069 2069 E libEGL : Invalid file path for libcolorx-loader.so
11-18 14:04:14.691 809 875 I libPowerHal: [PD] LAUNCH update cmd:300c000 param:0
11-18 14:04:14.691 2069 2069 E libEGL : Invalid file path for libcolorx-loader.so
11-18 14:04:14.691 2069 2069 E libEGL : Invalid file path for libcolorx-loader.so
11-18 14:04:14.691 2069 2069 I InputTransport: Create ARC handle: 0xb4000076a2c65760
11-18 14:04:14.691 809 819 I mtkpower@impl: [mtkPowerHint] hint:23, hold:0, ext:30, ext_hold:2000
11-18 14:04:14.691 809 875 I libPowerHal: [perfLockRel] hdl:40314, idx:3
11-18 14:04:14.691 809 875 I libPowerHal: [PD] scn:3 hdl:40314 hint:23 comm:mtkpower@1.0-se pid:809
11-18 14:04:14.691 809 875 I libPowerHal: [PD] MTKPOWER_HINT_ACT_SWITCH update cmd:1000000, param:-1
11-18 14:04:14.692 809 875 I libPowerHal: [PD] MTKPOWER_HINT_ACT_SWITCH update cmd:1408300 param:0
11-18 14:04:14.692 1470 4262 D InputMethodManagerService: isSecurity: attribute.packageName=com.jlpay.merch
11-18 14:04:14.692 1470 4262 D InputMethodManagerService: isSecurity= false ( enable=false needShow=false inBlackList=false isExist=true )
11-18 14:04:14.692 809 875 I libPowerHal: [PD] MTKPOWER_HINT_ACT_SWITCH update cmd:1000000 param:-1
11-18 14:04:14.692 1470 4262 D ColorInputMethodManagerServiceEx: onHandleImeWindowVisibleStatus handledVis: 0, switcher visible: 0, switcher active: 0, needsToShowImeSwitcher: false
11-18 14:04:14.692 1470 4262 D OplusVerificationCodeController: notifyImeAttributeChanged: 64false
11-18 14:04:14.694 1470 4244 D OppoDisplayPolicy: com.android.systemui, change system app cutoutMode: color always
11-18 14:04:14.696 841 3662 D DispPerfService: get hint proc=, idx=0 none
11-18 14:04:14.696 841 3662 I BufferQueueConsumer: [](id:349000020b4,api:0,p:-1,c:841) connect(): controlledByApp=false
11-18 14:04:14.697 841 3662 I BufferQueue: [unnamed-841-8372](this:0xb400007334a1b458,id:8372,api:0,p:-1,c:-1) BufferQueue core=(841:/system/bin/surfaceflinger)
11-18 14:04:14.697 809 875 I libPowerHal: [perfLockAcq] idx:1 hdl:40316 hint:30 pid:809 duration:2000 => ret_hdl:40316
11-18 14:04:14.697 809 875 I libPowerHal: [PE] scn:1 hdl:40316 hint:30 comm:mtkpower@1.0-se pid:809
11-18 14:04:14.697 809 875 I libPowerHal: [PE] MTKPOWER_HINT_EXT_LAUNCH update cmd:1000000, param:1
11-18 14:04:14.697 809 875 I libPowerHal: [PE] MTKPOWER_HINT_EXT_LAUNCH update cmd:2020000, param:15
11-18 14:04:14.697 809 875 I libPowerHal: [PE] MTKPOWER_HINT_EXT_LAUNCH update cmd:1408300, param:40
11-18 14:04:14.697 809 875 I libPowerHal: [PE] MTKPOWER_HINT_EXT_LAUNCH update cmd:1000000 param:1
11-18 14:04:14.699 841 2967 D DispPerfService: get hint proc=Surface(name=9e67e93 InputMethod), idx=0 none
11-18 14:04:14.699 841 3662 I BufferQueueProducer: [Toast#0](id:349000020b4,api:1,p:2069,c:841) connect(): api=1 producerControlledByApp=false
11-18 14:04:14.706 31557 31557 V PhoneWindow: DecorView setVisiblity: visibility = 8, Parent = android.view.ViewRootImpl@bb459d, this = DecorView@a937e7c[InputMethod]
11-18 14:04:14.707 841 3662 D DispPerfService: onframeavailable pid=2069, slot=0, seq=61679, name=com.android.systemui:Toast#0
11-18 14:04:14.709 841 3662 D DispPerfService: get hint proc=Surface(name=f79017b Toast), idx=0 none
11-18 14:04:14.710 14697 15017 I PRETTY_LOGGER: โ”Œโ”€โ”€โ”€โ”€โ”€โ”€โ”€โ”€โ”€โ”€โ”€โ”€โ”€โ”€โ”€โ”€โ”€โ”€โ”€โ”€โ”€โ”€โ”€โ”€โ”€โ”€โ”€โ”€โ”€โ”€โ”€โ”€โ”€โ”€โ”€โ”€โ”€โ”€โ”€โ”€โ”€โ”€โ”€โ”€โ”€โ”€โ”€โ”€โ”€โ”€โ”€โ”€โ”€โ”€โ”€โ”€โ”€โ”€โ”€โ”€โ”€โ”€โ”€โ”€โ”€โ”€โ”€โ”€โ”€โ”€โ”€โ”€โ”€โ”€โ”€โ”€โ”€โ”€โ”€โ”€โ”€โ”€โ”€โ”€โ”€โ”€โ”€โ”€โ”€โ”€โ”€โ”€โ”€โ”€โ”€โ”€โ”€โ”€โ”€โ”€โ”€โ”€โ”€โ”€โ”€โ”€โ”€โ”€โ”€โ”€โ”€โ”€
11-18 14:04:14.711 14697 15017 I PRETTY_LOGGER: โ”‚ LogUtils.i (LogUtils.java:27)
11-18 14:04:14.711 14697 15017 I PRETTY_LOGGER: โ”‚ LogUtils.i (LogUtils.java:21)
11-18 14:04:14.711 14697 15017 I PRETTY_LOGGER: โ”œโ”„โ”„โ”„โ”„โ”„โ”„โ”„โ”„โ”„โ”„โ”„โ”„โ”„โ”„โ”„โ”„โ”„โ”„โ”„โ”„โ”„โ”„โ”„โ”„โ”„โ”„โ”„โ”„โ”„โ”„โ”„โ”„โ”„โ”„โ”„โ”„โ”„โ”„โ”„โ”„โ”„โ”„โ”„โ”„โ”„โ”„โ”„โ”„โ”„โ”„โ”„โ”„โ”„โ”„โ”„โ”„โ”„โ”„โ”„โ”„โ”„โ”„โ”„โ”„โ”„โ”„โ”„โ”„โ”„โ”„โ”„โ”„โ”„โ”„โ”„โ”„โ”„โ”„โ”„โ”„โ”„โ”„โ”„โ”„โ”„โ”„โ”„โ”„โ”„โ”„โ”„โ”„โ”„โ”„โ”„โ”„โ”„โ”„โ”„โ”„โ”„โ”„โ”„โ”„โ”„โ”„โ”„โ”„โ”„โ”„โ”„โ”„
11-18 14:04:14.711 14697 15017 I PRETTY_LOGGER: โ”‚ https://login-api-dev.jlpay.com/boss_user/queryUserConfigRpc,่ฟ”ๅ›ž cookie= JLSESSIONID=E58FA3053AEE82D8DB0D8602FE7AF3B3
11-18 14:04:14.711 14697 15017 I PRETTY_LOGGER: โ””โ”€โ”€โ”€โ”€โ”€โ”€โ”€โ”€โ”€โ”€โ”€โ”€โ”€โ”€โ”€โ”€โ”€โ”€โ”€โ”€โ”€โ”€โ”€โ”€โ”€โ”€โ”€โ”€โ”€โ”€โ”€โ”€โ”€โ”€โ”€โ”€โ”€โ”€โ”€โ”€โ”€โ”€โ”€โ”€โ”€โ”€โ”€โ”€โ”€โ”€โ”€โ”€โ”€โ”€โ”€โ”€โ”€โ”€โ”€โ”€โ”€โ”€โ”€โ”€โ”€โ”€โ”€โ”€โ”€โ”€โ”€โ”€โ”€โ”€โ”€โ”€โ”€โ”€โ”€โ”€โ”€โ”€โ”€โ”€โ”€โ”€โ”€โ”€โ”€โ”€โ”€โ”€โ”€โ”€โ”€โ”€โ”€โ”€โ”€โ”€โ”€โ”€โ”€โ”€โ”€โ”€โ”€โ”€โ”€โ”€โ”€โ”€
11-18 14:04:14.711 841 841 D OppoExLayer: ~Layer() sequence=61661, name=Surface(name=9e67e93 InputMethod)/@0xa906ec9 - animation-leash#0@0xb4000073361ef000
11-18 14:04:14.712 14697 15017 I PRETTY_LOGGER: โ”Œโ”€โ”€โ”€โ”€โ”€โ”€โ”€โ”€โ”€โ”€โ”€โ”€โ”€โ”€โ”€โ”€โ”€โ”€โ”€โ”€โ”€โ”€โ”€โ”€โ”€โ”€โ”€โ”€โ”€โ”€โ”€โ”€โ”€โ”€โ”€โ”€โ”€โ”€โ”€โ”€โ”€โ”€โ”€โ”€โ”€โ”€โ”€โ”€โ”€โ”€โ”€โ”€โ”€โ”€โ”€โ”€โ”€โ”€โ”€โ”€โ”€โ”€โ”€โ”€โ”€โ”€โ”€โ”€โ”€โ”€โ”€โ”€โ”€โ”€โ”€โ”€โ”€โ”€โ”€โ”€โ”€โ”€โ”€โ”€โ”€โ”€โ”€โ”€โ”€โ”€โ”€โ”€โ”€โ”€โ”€โ”€โ”€โ”€โ”€โ”€โ”€โ”€โ”€โ”€โ”€โ”€โ”€โ”€โ”€โ”€โ”€โ”€
11-18 14:04:14.712 14697 15017 I PRETTY_LOGGER: โ”‚ LogUtils.i (LogUtils.java:27)
11-18 14:04:14.712 1470 4244 I InputDispatcher: Window went away: Toast#0
11-18 14:04:14.712 14697 15017 I PRETTY_LOGGER: โ”‚ LogUtils.i (LogUtils.java:21)
11-18 14:04:14.713 1470 4244 D OppoDisplayPolicy: com.android.systemui, change system app cutoutMode: color always
11-18 14:04:14.713 14697 15017 I PRETTY_LOGGER: โ”œโ”„โ”„โ”„โ”„โ”„โ”„โ”„โ”„โ”„โ”„โ”„โ”„โ”„โ”„โ”„โ”„โ”„โ”„โ”„โ”„โ”„โ”„โ”„โ”„โ”„โ”„โ”„โ”„โ”„โ”„โ”„โ”„โ”„โ”„โ”„โ”„โ”„โ”„โ”„โ”„โ”„โ”„โ”„โ”„โ”„โ”„โ”„โ”„โ”„โ”„โ”„โ”„โ”„โ”„โ”„โ”„โ”„โ”„โ”„โ”„โ”„โ”„โ”„โ”„โ”„โ”„โ”„โ”„โ”„โ”„โ”„โ”„โ”„โ”„โ”„โ”„โ”„โ”„โ”„โ”„โ”„โ”„โ”„โ”„โ”„โ”„โ”„โ”„โ”„โ”„โ”„โ”„โ”„โ”„โ”„โ”„โ”„โ”„โ”„โ”„โ”„โ”„โ”„โ”„โ”„โ”„โ”„โ”„โ”„โ”„โ”„โ”„
11-18 14:04:14.713 14697 15017 I PRETTY_LOGGER: โ”‚ ๅ“ๅบ”๏ผšhttps://login-api-dev.jlpay.com/boss_user/queryUserConfigRpc
11-18 14:04:14.713 14697 15017 I PRETTY_LOGGER: โ”‚
11-18 14:04:14.713 14697 15017 I PRETTY_LOGGER: โ”‚ {"biz_context":"{\"ret_code\":\"00\",\"ret_msg\":\"่ฏทๆฑ‚ๆˆๅŠŸ\",\"simple_bill_flag\":\"0\",\"success\":true,\"user_id\":\"2019052210007581\",\"wx_push_flag\":\"1\"}","ret_code":"00","ret_msg":"่ฏทๆฑ‚ๆˆๅŠŸ"}
11-18 14:04:14.713 14697 15017 I PRETTY_LOGGER: โ””โ”€โ”€โ”€โ”€โ”€โ”€โ”€โ”€โ”€โ”€โ”€โ”€โ”€โ”€โ”€โ”€โ”€โ”€โ”€โ”€โ”€โ”€โ”€โ”€โ”€โ”€โ”€โ”€โ”€โ”€โ”€โ”€โ”€โ”€โ”€โ”€โ”€โ”€โ”€โ”€โ”€โ”€โ”€โ”€โ”€โ”€โ”€โ”€โ”€โ”€โ”€โ”€โ”€โ”€โ”€โ”€โ”€โ”€โ”€โ”€โ”€โ”€โ”€โ”€โ”€โ”€โ”€โ”€โ”€โ”€โ”€โ”€โ”€โ”€โ”€โ”€โ”€โ”€โ”€โ”€โ”€โ”€โ”€โ”€โ”€โ”€โ”€โ”€โ”€โ”€โ”€โ”€โ”€โ”€โ”€โ”€โ”€โ”€โ”€โ”€โ”€โ”€โ”€โ”€โ”€โ”€โ”€โ”€โ”€โ”€โ”€โ”€
11-18 14:04:14.716 14697 15147 I PRETTY_LOGGER: โ”Œโ”€โ”€โ”€โ”€โ”€โ”€โ”€โ”€โ”€โ”€โ”€โ”€โ”€โ”€โ”€โ”€โ”€โ”€โ”€โ”€โ”€โ”€โ”€โ”€โ”€โ”€โ”€โ”€โ”€โ”€โ”€โ”€โ”€โ”€โ”€โ”€โ”€โ”€โ”€โ”€โ”€โ”€โ”€โ”€โ”€โ”€โ”€โ”€โ”€โ”€โ”€โ”€โ”€โ”€โ”€โ”€โ”€โ”€โ”€โ”€โ”€โ”€โ”€โ”€โ”€โ”€โ”€โ”€โ”€โ”€โ”€โ”€โ”€โ”€โ”€โ”€โ”€โ”€โ”€โ”€โ”€โ”€โ”€โ”€โ”€โ”€โ”€โ”€โ”€โ”€โ”€โ”€โ”€โ”€โ”€โ”€โ”€โ”€โ”€โ”€โ”€โ”€โ”€โ”€โ”€โ”€โ”€โ”€โ”€โ”€โ”€โ”€
11-18 14:04:14.716 14697 15147 I PRETTY_LOGGER: โ”‚ LogUtils.i (LogUtils.java:27)
11-18 14:04:14.716 14697 15147 I PRETTY_LOGGER: โ”‚ LogUtils.i (LogUtils.java:21)
11-18 14:04:14.716 14697 15147 I PRETTY_LOGGER: โ”œโ”„โ”„โ”„โ”„โ”„โ”„โ”„โ”„โ”„โ”„โ”„โ”„โ”„โ”„โ”„โ”„โ”„โ”„โ”„โ”„โ”„โ”„โ”„โ”„โ”„โ”„โ”„โ”„โ”„โ”„โ”„โ”„โ”„โ”„โ”„โ”„โ”„โ”„โ”„โ”„โ”„โ”„โ”„โ”„โ”„โ”„โ”„โ”„โ”„โ”„โ”„โ”„โ”„โ”„โ”„โ”„โ”„โ”„โ”„โ”„โ”„โ”„โ”„โ”„โ”„โ”„โ”„โ”„โ”„โ”„โ”„โ”„โ”„โ”„โ”„โ”„โ”„โ”„โ”„โ”„โ”„โ”„โ”„โ”„โ”„โ”„โ”„โ”„โ”„โ”„โ”„โ”„โ”„โ”„โ”„โ”„โ”„โ”„โ”„โ”„โ”„โ”„โ”„โ”„โ”„โ”„โ”„โ”„โ”„โ”„โ”„โ”„
11-18 14:04:14.716 14697 15147 I PRETTY_LOGGER: โ”‚ ่ฏทๆฑ‚๏ผšhttps://merchant-dev.jlpay.com/boss_trans/newSuccessOrderRpc
11-18 14:04:14.716 14697 15147 I PRETTY_LOGGER: โ”‚
11-18 14:04:14.716 14697 15147 I PRETTY_LOGGER: โ”‚ {"app_id":"162575608951564","rid":"1121323","format":"json","timestamp":1637215454714,"version":"1822","sign_type":"RSA2","sign":"1822","nonce_str":"f60fd00695ea471887ef8cc3ceccc7af","biz_content":{"merch_no":"84944037011A00O","token":"eyJ2ZXIiOiIxIiwidHlwIjoiSldUIiwicGxhdCI6ImFwcF9ib3NzIiwiYWxnIjoiU00zV2l0aFNNMiJ9.eyJ1aWQiOiIyMDE5MDUyMjEwMDA3NTgxIiwibmJmIjoxNjM3MjE1MzYwLCJ1bmFtZSI6IumcsuWonCIsImlzcyI6IkpMUEFZIiwidXR5cGUiOiIxIiwibW5hbWUiOiLpnLLlqJzluqblgYfmnZE2IiwiZXhwIjoxNjM5ODA3MzYwLCJkZXZpY2VJZCI6IjEwMjlkYTVlLWYyNmYtNDdjMS1iMzg3LTM3OGY5MDBhM2MwZCIsImlhdCI6MTYzNzIxNTM2MCwianRpIjoiMTAyOWRhNWUtZjI2Zi00N2MxLWIzODctMzc4ZjkwMGEzYzBkIiwiY2lkIjoiNDQwMzA1MTkwNTIyMTAwMTMwMzEiLCJtbm8iOiI4NDk0NDAzNzAxMUEwME8ifQ.MEUCIQC4lx9qoTmCUDi4-4m4KC9ko_GuoNt8We370geP_ol4cgIgFb6A-jlqPLuyc2aRq-DOqSt2mpbqKLeMYkITvJnqQL0","os_type":"ANDROID","os_version":"11","device_no":"1029da5e-f26f-47c1-b387-378f900a3c0d","device_type":"PDKM00","app_version":"2.8.4"}}
11-18 14:04:14.716 14697 15147 I PRETTY_LOGGER: โ””โ”€โ”€โ”€โ”€โ”€โ”€โ”€โ”€โ”€โ”€โ”€โ”€โ”€โ”€โ”€โ”€โ”€โ”€โ”€โ”€โ”€โ”€โ”€โ”€โ”€โ”€โ”€โ”€โ”€โ”€โ”€โ”€โ”€โ”€โ”€โ”€โ”€โ”€โ”€โ”€โ”€โ”€โ”€โ”€โ”€โ”€โ”€โ”€โ”€โ”€โ”€โ”€โ”€โ”€โ”€โ”€โ”€โ”€โ”€โ”€โ”€โ”€โ”€โ”€โ”€โ”€โ”€โ”€โ”€โ”€โ”€โ”€โ”€โ”€โ”€โ”€โ”€โ”€โ”€โ”€โ”€โ”€โ”€โ”€โ”€โ”€โ”€โ”€โ”€โ”€โ”€โ”€โ”€โ”€โ”€โ”€โ”€โ”€โ”€โ”€โ”€โ”€โ”€โ”€โ”€โ”€โ”€โ”€โ”€โ”€โ”€โ”€
11-18 14:04:14.717 14697 15183 I System.out: [OkHttp] sendRequest>>
11-18 14:04:14.718 14697 15145 I PRETTY_LOGGER: โ”Œโ”€โ”€โ”€โ”€โ”€โ”€โ”€โ”€โ”€โ”€โ”€โ”€โ”€โ”€โ”€โ”€โ”€โ”€โ”€โ”€โ”€โ”€โ”€โ”€โ”€โ”€โ”€โ”€โ”€โ”€โ”€โ”€โ”€โ”€โ”€โ”€โ”€โ”€โ”€โ”€โ”€โ”€โ”€โ”€โ”€โ”€โ”€โ”€โ”€โ”€โ”€โ”€โ”€โ”€โ”€โ”€โ”€โ”€โ”€โ”€โ”€โ”€โ”€โ”€โ”€โ”€โ”€โ”€โ”€โ”€โ”€โ”€โ”€โ”€โ”€โ”€โ”€โ”€โ”€โ”€โ”€โ”€โ”€โ”€โ”€โ”€โ”€โ”€โ”€โ”€โ”€โ”€โ”€โ”€โ”€โ”€โ”€โ”€โ”€โ”€โ”€โ”€โ”€โ”€โ”€โ”€โ”€โ”€โ”€โ”€โ”€โ”€
11-18 14:04:14.718 14697 15145 I PRETTY_LOGGER: โ”‚ LogUtils.i (LogUtils.java:27)
11-18 14:04:14.718 14697 15145 I PRETTY_LOGGER: โ”‚ LogUtils.i (LogUtils.java:21)
11-18 14:04:14.718 14697 15145 I PRETTY_LOGGER: โ”œโ”„โ”„โ”„โ”„โ”„โ”„โ”„โ”„โ”„โ”„โ”„โ”„โ”„โ”„โ”„โ”„โ”„โ”„โ”„โ”„โ”„โ”„โ”„โ”„โ”„โ”„โ”„โ”„โ”„โ”„โ”„โ”„โ”„โ”„โ”„โ”„โ”„โ”„โ”„โ”„โ”„โ”„โ”„โ”„โ”„โ”„โ”„โ”„โ”„โ”„โ”„โ”„โ”„โ”„โ”„โ”„โ”„โ”„โ”„โ”„โ”„โ”„โ”„โ”„โ”„โ”„โ”„โ”„โ”„โ”„โ”„โ”„โ”„โ”„โ”„โ”„โ”„โ”„โ”„โ”„โ”„โ”„โ”„โ”„โ”„โ”„โ”„โ”„โ”„โ”„โ”„โ”„โ”„โ”„โ”„โ”„โ”„โ”„โ”„โ”„โ”„โ”„โ”„โ”„โ”„โ”„โ”„โ”„โ”„โ”„โ”„โ”„
11-18 14:04:14.718 14697 15145 I PRETTY_LOGGER: โ”‚ ่ฏทๆฑ‚๏ผšhttps://merchant-dev.jlpay.com/boss_trans/tradeTodayDayTotalRpc
11-18 14:04:14.718 14697 15145 I PRETTY_LOGGER: โ”‚
11-18 14:04:14.718 14697 15145 I PRETTY_LOGGER: โ”‚ {"app_id":"162575608951564","rid":"1121323","format":"json","timestamp":1637215454717,"version":"1822","sign_type":"RSA2","sign":"1822","nonce_str":"99fb275d3e364257aee37b3d9c551a64","biz_content":{"merch_no":"84944037011A00O","start_time":"20211118000000","end_time":"20211118235959","token":"eyJ2ZXIiOiIxIiwidHlwIjoiSldUIiwicGxhdCI6ImFwcF9ib3NzIiwiYWxnIjoiU00zV2l0aFNNMiJ9.eyJ1aWQiOiIyMDE5MDUyMjEwMDA3NTgxIiwibmJmIjoxNjM3MjE1MzYwLCJ1bmFtZSI6IumcsuWonCIsImlzcyI6IkpMUEFZIiwidXR5cGUiOiIxIiwibW5hbWUiOiLpnLLlqJzluqblgYfmnZE2IiwiZXhwIjoxNjM5ODA3MzYwLCJkZXZpY2VJZCI6IjEwMjlkYTVlLWYyNmYtNDdjMS1iMzg3LTM3OGY5MDBhM2MwZCIsImlhdCI6MTYzNzIxNTM2MCwianRpIjoiMTAyOWRhNWUtZjI2Zi00N2MxLWIzODctMzc4ZjkwMGEzYzBkIiwiY2lkIjoiNDQwMzA1MTkwNTIyMTAwMTMwMzEiLCJtbm8iOiI4NDk0NDAzNzAxMUEwME8ifQ.MEUCIQC4lx9qoTmCUDi4-4m4KC9ko_GuoNt8We370geP_ol4cgIgFb6A-jlqPLuyc2aRq-DOqSt2mpbqKLeMYkITvJnqQL0","os_type":"ANDROID","os_version":"11","device_no":"1029da5e-f26f-47c1-b387-378f900a3c0d","device_type":"PDKM00","app_version":"2.8.4"}}
11-18 14:04:14.718 14697 15145 I PRETTY_LOGGER: โ””โ”€โ”€โ”€โ”€โ”€โ”€โ”€โ”€โ”€โ”€โ”€โ”€โ”€โ”€โ”€โ”€โ”€โ”€โ”€โ”€โ”€โ”€โ”€โ”€โ”€โ”€โ”€โ”€โ”€โ”€โ”€โ”€โ”€โ”€โ”€โ”€โ”€โ”€โ”€โ”€โ”€โ”€โ”€โ”€โ”€โ”€โ”€โ”€โ”€โ”€โ”€โ”€โ”€โ”€โ”€โ”€โ”€โ”€โ”€โ”€โ”€โ”€โ”€โ”€โ”€โ”€โ”€โ”€โ”€โ”€โ”€โ”€โ”€โ”€โ”€โ”€โ”€โ”€โ”€โ”€โ”€โ”€โ”€โ”€โ”€โ”€โ”€โ”€โ”€โ”€โ”€โ”€โ”€โ”€โ”€โ”€โ”€โ”€โ”€โ”€โ”€โ”€โ”€โ”€โ”€โ”€โ”€โ”€โ”€โ”€โ”€โ”€
11-18 14:04:14.719 14697 15183 I System.out: [OkHttp] sendRequest<<
11-18 14:04:14.722 14697 14697 D PRETTY_LOGGER: โ”Œโ”€โ”€โ”€โ”€โ”€โ”€โ”€โ”€โ”€โ”€โ”€โ”€โ”€โ”€โ”€โ”€โ”€โ”€โ”€โ”€โ”€โ”€โ”€โ”€โ”€โ”€โ”€โ”€โ”€โ”€โ”€โ”€โ”€โ”€โ”€โ”€โ”€โ”€โ”€โ”€โ”€โ”€โ”€โ”€โ”€โ”€โ”€โ”€โ”€โ”€โ”€โ”€โ”€โ”€โ”€โ”€โ”€โ”€โ”€โ”€โ”€โ”€โ”€โ”€โ”€โ”€โ”€โ”€โ”€โ”€โ”€โ”€โ”€โ”€โ”€โ”€โ”€โ”€โ”€โ”€โ”€โ”€โ”€โ”€โ”€โ”€โ”€โ”€โ”€โ”€โ”€โ”€โ”€โ”€โ”€โ”€โ”€โ”€โ”€โ”€โ”€โ”€โ”€โ”€โ”€โ”€โ”€โ”€โ”€โ”€โ”€โ”€
11-18 14:04:14.722 14697 14697 D PRETTY_LOGGER: โ”‚ LogUtils.d (LogUtils.java:41)
11-18 14:04:14.722 14697 14697 D PRETTY_LOGGER: โ”‚ LogUtils.d (LogUtils.java:45)
11-18 14:04:14.722 14697 14697 D PRETTY_LOGGER: โ”œโ”„โ”„โ”„โ”„โ”„โ”„โ”„โ”„โ”„โ”„โ”„โ”„โ”„โ”„โ”„โ”„โ”„โ”„โ”„โ”„โ”„โ”„โ”„โ”„โ”„โ”„โ”„โ”„โ”„โ”„โ”„โ”„โ”„โ”„โ”„โ”„โ”„โ”„โ”„โ”„โ”„โ”„โ”„โ”„โ”„โ”„โ”„โ”„โ”„โ”„โ”„โ”„โ”„โ”„โ”„โ”„โ”„โ”„โ”„โ”„โ”„โ”„โ”„โ”„โ”„โ”„โ”„โ”„โ”„โ”„โ”„โ”„โ”„โ”„โ”„โ”„โ”„โ”„โ”„โ”„โ”„โ”„โ”„โ”„โ”„โ”„โ”„โ”„โ”„โ”„โ”„โ”„โ”„โ”„โ”„โ”„โ”„โ”„โ”„โ”„โ”„โ”„โ”„โ”„โ”„โ”„โ”„โ”„โ”„โ”„โ”„โ”„
11-18 14:04:14.722 14697 14697 D PRETTY_LOGGER: โ”‚ NetType:1
11-18 14:04:14.722 14697 14697 D PRETTY_LOGGER: โ””โ”€โ”€โ”€โ”€โ”€โ”€โ”€โ”€โ”€โ”€โ”€โ”€โ”€โ”€โ”€โ”€โ”€โ”€โ”€โ”€โ”€โ”€โ”€โ”€โ”€โ”€โ”€โ”€โ”€โ”€โ”€โ”€โ”€โ”€โ”€โ”€โ”€โ”€โ”€โ”€โ”€โ”€โ”€โ”€โ”€โ”€โ”€โ”€โ”€โ”€โ”€โ”€โ”€โ”€โ”€โ”€โ”€โ”€โ”€โ”€โ”€โ”€โ”€โ”€โ”€โ”€โ”€โ”€โ”€โ”€โ”€โ”€โ”€โ”€โ”€โ”€โ”€โ”€โ”€โ”€โ”€โ”€โ”€โ”€โ”€โ”€โ”€โ”€โ”€โ”€โ”€โ”€โ”€โ”€โ”€โ”€โ”€โ”€โ”€โ”€โ”€โ”€โ”€โ”€โ”€โ”€โ”€โ”€โ”€โ”€โ”€โ”€
11-18 14:04:14.766 841 1311 I BufferQueueProducer: [com.jlpay.merch/com.jlpay.merch.ui.main.MainActivity#0](this:0xb400007334b67658,id:8369,api:1,p:14697,c:841) queueBuffer: fps=3.77 dur=1590.41 max=680.38 min=4.21
11-18 14:04:14.799 841 1311 I BufferQueueProducer: [StatusBar#0](this:0xb400007334a18a58,id:7,api:1,p:2069,c:841) queueBuffer: fps=9.52 dur=1575.54 max=1460.19 min=5.72
11-18 14:04:14.806 14697 15183 D RestApi : errCode:0
11-18 14:04:14.807 14697 15183 D MotuCrashAdapter: send error log success. appkey: 333341675, error type: HA_RESOURCE_LEAK
11-18 14:04:14.835 14697 15145 I PRETTY_LOGGER: โ”Œโ”€โ”€โ”€โ”€โ”€โ”€โ”€โ”€โ”€โ”€โ”€โ”€โ”€โ”€โ”€โ”€โ”€โ”€โ”€โ”€โ”€โ”€โ”€โ”€โ”€โ”€โ”€โ”€โ”€โ”€โ”€โ”€โ”€โ”€โ”€โ”€โ”€โ”€โ”€โ”€โ”€โ”€โ”€โ”€โ”€โ”€โ”€โ”€โ”€โ”€โ”€โ”€โ”€โ”€โ”€โ”€โ”€โ”€โ”€โ”€โ”€โ”€โ”€โ”€โ”€โ”€โ”€โ”€โ”€โ”€โ”€โ”€โ”€โ”€โ”€โ”€โ”€โ”€โ”€โ”€โ”€โ”€โ”€โ”€โ”€โ”€โ”€โ”€โ”€โ”€โ”€โ”€โ”€โ”€โ”€โ”€โ”€โ”€โ”€โ”€โ”€โ”€โ”€โ”€โ”€โ”€โ”€โ”€โ”€โ”€โ”€โ”€
11-18 14:04:14.835 14697 15145 I PRETTY_LOGGER: โ”‚ LogUtils.i (LogUtils.java:27)
11-18 14:04:14.836 14697 15145 I PRETTY_LOGGER: โ”‚ LogUtils.i (LogUtils.java:21)
11-18 14:04:14.836 14697 15145 I PRETTY_LOGGER: โ”œโ”„โ”„โ”„โ”„โ”„โ”„โ”„โ”„โ”„โ”„โ”„โ”„โ”„โ”„โ”„โ”„โ”„โ”„โ”„โ”„โ”„โ”„โ”„โ”„โ”„โ”„โ”„โ”„โ”„โ”„โ”„โ”„โ”„โ”„โ”„โ”„โ”„โ”„โ”„โ”„โ”„โ”„โ”„โ”„โ”„โ”„โ”„โ”„โ”„โ”„โ”„โ”„โ”„โ”„โ”„โ”„โ”„โ”„โ”„โ”„โ”„โ”„โ”„โ”„โ”„โ”„โ”„โ”„โ”„โ”„โ”„โ”„โ”„โ”„โ”„โ”„โ”„โ”„โ”„โ”„โ”„โ”„โ”„โ”„โ”„โ”„โ”„โ”„โ”„โ”„โ”„โ”„โ”„โ”„โ”„โ”„โ”„โ”„โ”„โ”„โ”„โ”„โ”„โ”„โ”„โ”„โ”„โ”„โ”„โ”„โ”„โ”„
11-18 14:04:14.836 14697 15145 I PRETTY_LOGGER: โ”‚ https://merchant-dev.jlpay.com/boss_trans/tradeTodayDayTotalRpc,่ฟ”ๅ›ž cookie= JLSESSIONID=ZjkyOTFhZjEtMmY2YS00N2QxLThmYWMtZmVmNTA3NGE3ZWVj
