11-18 14:05:38.664 809 875 I libPowerHal: system_server: cpu_ctrl set cpu freq: -1 -1 -1 -1
11-18 14:05:38.664 809 875 I libPowerHal: [PD] system_server update cmd:1410000 param:0
11-18 14:05:38.665 809 875 I libPowerHal: [PD] system_server update cmd:1c3c000, param:1
11-18 14:05:38.665 809 875 I libPowerHal: [PD] system_server update cmd:10000100 param:2
11-18 14:05:38.665 1470 1829 I mtkpower_client: ret_hdl:40425
11-18 14:05:38.665 809 875 I libPowerHal: [perfLockAcq] idx:0 hdl:40425 hint:-1 pid:1470 duration:0 => ret_hdl:40425
11-18 14:05:38.665 809 875 I libPowerHal: [PE] scn:0 hdl:40425 lock_user:system_server pid:1470 tid:1829 dur:0
11-18 14:05:38.665 809 875 I libPowerHal: [PE] system_server update cmd:10000100, param:2
11-18 14:05:38.979 841 841 D OppoExLayer: ~Layer() sequence=61957, name=Surface(name=19df3c3 Toast)/@0x628183b - animation-leash#0@0xb40000732944d000
11-18 14:05:39.099 15718 15750 I appium : Adding toast message to root: ่ฎขๅ•ๅท้•ฟๅบฆไธๆญฃ็กฎ[MW_0004]
11-18 14:05:39.100 15718 15750 W tomator2.serve: Accessing hidden field Landroid/view/accessibility/AccessibilityNodeInfo;->mSealed:Z (greylist, reflection, allowed)
11-18 14:05:39.185 15718 15750 I appium : AppiumResponse: {"sessionId":"48f6a8a8-93b4-40c2-8c7a-a35989fcd518","value":"\r\n\r\n
> 11-18 14:05:39.555 15549 15986 I System.out: [OkHttp] sendRequest<<
11-18 14:05:39.598 15549 15986 D RestApi : errCode:0
11-18 14:05:39.603 16285 16285 D AVStageFactory: Opened liboplusavenhancements.so
11-18 14:05:39.603 16285 16285 D AVStageFactory: createInstance(64bit): createVendorAVFactory success!
11-18 14:05:39.604 16285 16285 D AVStageUtils: Opened liboplusavenhancements.so
11-18 14:05:39.604 16285 16285 D AVStageUtils: createInstance(64bit): createVendorAVUtils success!
11-18 14:05:39.604 16285 16285 D OplusUtils: OplusUtils [83]:
11-18 14:05:39.605 16285 16285 D AVMediaServiceFactory: Opened liboplusavenhancements.so
11-18 14:05:39.605 16285 16285 D AVMediaServiceFactory: createInstance(64bit): createExtendedMediaServiceFactory success!
11-18 14:05:39.606 16285 16285 D AVNuFactory: Opened liboplusavenhancements.so
11-18 14:05:39.606 16285 16285 D AVNuFactory: createInstance(64bit): createExtendedNuFactory success!
11-18 14:05:39.606 16285 16285 D AVStageFactory: createInstance(64bit): createVendorAVFactory success!
11-18 14:05:39.606 16285 16285 D AVStageUtils: createInstance(64bit): createVendorAVUtils success!
11-18 14:05:39.606 16285 16285 D OplusUtils: OplusUtils [83]:
11-18 14:05:39.606 16285 16285 D AVMediaServiceFactory: createInstance(64bit): createExtendedMediaServiceFactory success!
11-18 14:05:39.606 16285 16285 D AVNuFactory: createInstance(64bit): createExtendedNuFactory success!
11-18 14:05:39.606 16285 16285 D AVStageFactory: Opened liboplusavenhancements.so
11-18 14:05:39.606 16285 16285 D AVStageFactory: createInstance(64bit): createVendorAVFactory success!
11-18 14:05:39.606 16285 16285 D AVStageUtils: createInstance(64bit): createVendorAVUtils success!
11-18 14:05:39.606 16285 16285 D OplusUtils: OplusUtils [83]:
11-18 14:05:39.645 16285 16285 E ion : ioctl c0044901 failed with code -1: Invalid argument
11-18 14:05:39.664 841 841 I BufferQueueProducer: [FramebufferSurface](this:0xb400007348832ed0,id:-1,api:1,p:841,c:841) queueBuffer: fps=0.65 dur=1528.63 max=1528.63 min=1528.63
11-18 14:05:39.947 16285 16285 D RefBase : RefBase: Explicit destruction, weak count = 0 (in 0x76d7f7a240)
11-18 14:05:39.951 16285 16285 D RefBase : #00 pc 00000000000de7c4 /apex/com.android.runtime/lib64/bionic/libc.so (__cxa_finalize+148)
11-18 14:05:39.951 16285 16285 D RefBase : #01 pc 00000000000d9438 /apex/com.android.runtime/lib64/bionic/libc.so (exit+24)
11-18 14:05:39.951 16285 16285 D RefBase : #02 pc 0000000000073e28 /apex/com.android.runtime/lib64/bionic/libc.so (__libc_init+112)
11-18 14:05:39.992 15718 15750 I appium : AppiumResponse: {"sessionId":"48f6a8a8-93b4-40c2-8c7a-a35989fcd518","value":"iVBORw0KGgoAAAANSUhEUgAABDgAAAlgCAYAAABtGofVAAAAAXNSR0IArs4c6QAAAARzQklUCAgI\nCHwIZIgAACAASURBVHic7N13fBTV3gbwZ2Z30ysQIQFCLyKIFAWkCCIICBhAQBSxIlevBUUuiope\nLLSrV8FKUV8QFIQQlaZIEUETr0EEKaHXhBBCQnqyO3PeP2Z3srvZ9N0kq8/3fvYmOzvlTDaYnWfO\n+R1JCโ€ฆ
11-18 14:05:40.253 809 875 I mtkpower@impl: [powerd_req] TIMER_MSG_PERF_LOCK_TIMEOUT hdl:40424
11-18 14:05:40.253 809 875 I libPowerHal: [perfLockRel] hdl:40424, idx:1
11-18 14:05:40.253 809 875 I libPowerHal: [PD] scn:1 hdl:40424 hint:30 comm:mtkpower@1.0-se pid:809
11-18 14:05:40.253 809 875 I libPowerHal: [PD] MTKPOWER_HINT_EXT_LAUNCH update cmd:1000000, param:-1
11-18 14:05:40.254 809 875 I libPowerHal: [PD] MTKPOWER_HINT_EXT_LAUNCH update cmd:2020000 param:1
11-18 14:05:40.254 809 875 I libPowerHal: [PD] MTKPOWER_HINT_EXT_LAUNCH update cmd:1408300 param:0
11-18 14:05:40.255 809 875 I libPowerHal: [PD] MTKPOWER_HINT_EXT_LAUNCH update cmd:1000000 param:-1
11-18 14:05:40.327 2467 2467 E OplusNecManagerHelper: com.oplus.nec.OplusNecManager.notifyOrigSignalStrengthChanged [class android.telephony.SignalStrength, int]
11-18 14:05:40.770 1135 1163 W AString : ctor got NULL, using empty string instead
11-18 14:05:40.771 1135 1163 I SensorSavedChannel: [325,-1833,295,-23714,59327,4180]==>gyro_temp.json
11-18 14:05:40.771 1135 1163 W AString : ctor got NULL, using empty string instead
11-18 14:05:40.771 1135 1163 I SensorSavedChannel: [-1368,183,1344]==>gyro_bias.json
11-18 14:05:41.235 1470 1481 I system_server: Background young concurrent copying GC freed 566874(21MB) AllocSpace objects, 57(1716KB) LOS objects, 30% free, 53MB/76MB, paused 317us total 144.859ms
11-18 14:05:41.250 1470 1483 W System : A resource failed to call release.
11-18 14:05:41.250 1470 1483 I chatty : uid=1000(system) FinalizerDaemon identical 1 line
11-18 14:05:41.252 1470 1483 W System : A resource failed to call release.
11-18 14:05:41.253 841 841 D OppoExLayer: ~Layer() sequence=61939, name=Surface(name=8eb967f StatusBar)/@0x65f64c4 - animation-leash#1@0xb400007336116000
11-18 14:05:41.253 841 841 D OppoExLayer: ~Layer() sequence=61940, name=Surface(name=c91655d NavigationBar0)/@0xae9cfad - animation-leash#0@0xb400007336119000
11-18 14:05:41.253 1470 1483 W System : A resource failed to call release.
11-18 14:05:41.259 1470 1483 I chatty : uid=1000(system) FinalizerDaemon identical 5 lines
11-18 14:05:41.259 1470 1483 W System : A resource failed to call release.
11-18 14:05:41.270 841 841 D OppoExLayer: ~Layer() sequence=61909, name=Surface(name=c91655d NavigationBar0)/@0xae9cfad - animation-leash#0@0xb400007329896000
11-18 14:05:41.270 841 841 D OppoExLayer: ~Layer() sequence=61892, name=Surface(name=8eb967f StatusBar)/@0x65f64c4 - animation-leash#1@0xb40000733609b000
11-18 14:05:41.270 841 841 D OppoExLayer: ~Layer() sequence=61893, name=Surface(name=c91655d NavigationBar0)/@0xae9cfad - animation-leash#0@0xb4000073360a1000
11-18 14:05:41.270 841 841 D OppoExLayer: ~Layer() sequence=61918, name=Surface(name=8eb967f StatusBar)/@0x65f64c4 - animation-leash#1@0xb40000733614d000
11-18 14:05:41.270 841 841 D OppoExLayer: ~Layer() sequence=61908, name=Surface(name=8eb967f StatusBar)/@0x65f64c4 - animation-leash#1@0xb400007336172000
11-18 14:05:41.270 841 841 D OppoExLayer: ~Layer() sequence=61929, name=Surface(name=c91655d NavigationBar0)/@0xae9cfad - animation-leash#0@0xb40000733618b000
11-18 14:05:41.270 841 841 D OppoExLayer: ~Layer() sequence=61919, name=Surface(name=c91655d NavigationBar0)/@0xae9cfad - animation-leash#0@0xb4000073361b4000
11-18 14:05:41.270 841 841 D OppoExLayer: ~Layer() sequence=61928, name=Surface(name=8eb967f StatusBar)/@0x65f64c4 - animation-leash#1@0xb4000073361fa000
11-18 14:05:41.359 841 841 I BufferQueueProducer: [FramebufferSurface](this:0xb400007348832ed0,id:-1,api:1,p:841,c:841) queueBuffer: fps=0.59 dur=1694.83 max=1694.83 min=1694.83
11-18 14:05:41.949 841 1311 D DispPerfService: get hint proc=Surface(name=19df3c3 Toast), idx=0 none
11-18 14:05:41.966 841 2967 I BufferQueueProducer: [Toast#0](id:349000020d5,api:1,p:2069,c:841) disconnect(): api=1
11-18 14:05:41.968 2069 2069 D View : [Warning] assignParent to null: this = com.oplus.internal.widget.OplusToastLayout{5a82482 V.E...... ......ID 0,0-633,105 #c02006d oplus:id/oplus_toast_layout}
11-18 14:05:41.987 2069 2069 I InputTransport: Destroy ARC handle: 0xb4000076a2fcfcc0
11-18 14:05:41.988 1470 1572 W NotificationService: Toast already killed. pkg=com.jlpay.merch token=android.os.BinderProxy@7a73715
11-18 14:05:41.999 841 841 D OppoExSurfaceFlinger: hecate traverse disp:61943,com.jlpay.merch/com.jlpay.merch.ui.home.bill.detail.BillDetailActivity2#1,2
11-18 14:05:41.999 841 841 D OppoExSurfaceFlinger: hecate traverse disp:61943,com.jlpay.merch/com.jlpay.merch.ui.home.bill.detail.BillDetailActivity2#1,2
11-18 14:05:42.009 841 1224 D OppoExSurfaceFlinger: hecate pixels[0,0]=0xffffffff
11-18 14:05:42.011 1470 4252 I InputDispatcher: Window went away: Window{19df3c3 u0 Toast}
11-18 14:05:42.204 1139 1251 D ULogGuard: Monitoring: 7 threads, 0 requests, 0 time-bombs; 1 guards. ResetFlags = 0x7
11-18 14:05:42.476 841 841 D OppoExLayer: ~Layer() sequence=61958, name=Surface(name=19df3c3 Toast)/@0x628183b - animation-leash#0@0xb400007329460000
11-18 14:05:42.485 841 841 I BufferQueueConsumer: [Toast#0](id:349000020d5,api:0,p:-1,c:841) disconnect()
11-18 14:05:42.485 841 841 I BufferQueue: [Toast#0](this:0xb400007334b69258,id:8405,api:1,p:-1,c:-1) onDestructor()
11-18 14:05:42.485 841 841 D OppoExLayer: ~Layer() sequence=61955, name=Toast#0@0xb40000733619c000
11-18 14:05:42.489 1470 4252 I InputDispatcher: Window went away: Toast#0
11-18 14:05:42.493 841 841 D OppoExLayer: ~Layer() sequence=61953, name=WindowToken{a3bbc27 android.os.Binder@5efaee6}#0@0xb400007336199000
11-18 14:05:42.493 841 841 D OppoExLayer: ~Layer() sequence=61954, name=19df3c3 Toast#0@0xb4000073299dd000
11-18 14:05:42.565 20949 20997 D HoraeHelper: getAllShellTemps tSize : 4
11-18 14:05:42.566 20949 20997 D HoraeHelper: getAllShellTemps tSize : 4
11-18 14:05:43.100 841 1311 I BufferQueueProducer: [StatusBar#0](this:0xb400007334a18a58,id:7,api:1,p:2069,c:841) queueBuffer: fps=0.95 dur=15766.29 max=15650.04 min=6.57
11-18 14:05:43.338 841 841 I BufferQueueProducer: [FramebufferSurface](this:0xb400007348832ed0,id:-1,api:1,p:841,c:841) queueBuffer: fps=0.51 dur=1978.97 max=1978.97 min=1978.97
11-18 14:05:43.387 1142 1142 I thermal_repeater: [recvMdThermalInfo] ret=32, strLen=127, 0, 32767, -127, 0, 32767, 10838
11-18 14:05:43.640 1135 1165 E VirtualSensors: pedo minute, step_count = 87, report_count = 7095 move_statust = 0 ,time_gap = 0 , step_run_count = 0 , step_walk_count = 87
11-18 14:05:43.840 1470 2461 I ColorHansManager : pkg: io.appium.uiautomator2.server,state: R -> F
11-18 14:05:43.844 1470 2461 I ColorHansManager : freeze uid: 11365 package: io.appium.uiautomator2.server reason: Wakelock scene: LcdOnScene
11-18 14:05:43.846 5545 5550 D IHansComunication: HANS sendMessageToKernel: threadId = 516016815296, netLinkSetup = 1, type = PKG, targetUid = 11365, pkgCmd = ADD_ONE_UID
11-18 14:05:43.847 1470 2457 I ColorHansManager : unfreeze uid: 11365 package: io.appium.uiautomator2.server reason: Wakelock scene: LcdOnScene
11-18 14:05:43.848 1470 2457 I ColorHansManager : pkg: io.appium.uiautomator2.server,state: F -> R
11-18 14:05:44.562 1470 1629 D BatteryLed: getLightInColorState, oppoLightMgr empty!
11-18 14:05:44.622 1470 2461 I ColorHansManager : pkg: com.alibaba.android.rimet,state: M -> F
11-18 14:05:44.627 1470 2461 I ColorHansManager : freeze uid: 10494 package: com.alibaba.android.rimet reason: Broadcast scene: LcdOnScene
11-18 14:05:44.629 5545 5550 D IHansComunication: HANS sendMessageToKernel: threadId = 516016815296, netLinkSetup = 1, type = PKG, targetUid = 10494, pkgCmd = ADD_ONE_UID
11-18 14:05:45.042 1470 1823 D JobScheduler.Temperature: get temperature=31.109
11-18 14:05:45.205 1139 1251 D ULogGuard: Monitoring: 7 threads, 0 requests, 0 time-bombs; 1 guards. ResetFlags = 0x7
11-18 14:05:45.447 2467 2467 E OplusNecManagerHelper: com.oplus.nec.OplusNecManager.notifyOrigSignalStrengthChanged [class android.telephony.SignalStrength, int]
11-18 14:05:45.486 841 841 D OppoExSurfaceFlinger: hecate traverse disp:61943,com.jlpay.merch/com.jlpay.merch.ui.home.bill.detail.BillDetailActivity2#1,2
11-18 14:05:45.487 841 841 D OppoExSurfaceFlinger: hecate traverse disp:61943,com.jlpay.merch/com.jlpay.merch.ui.home.bill.detail.BillDetailActivity2#1,2
11-18 14:05:45.507 841 1224 D OppoExSurfaceFlinger: hecate pixels[0,0]=0xffffffff
11-18 14:05:45.849 5545 5550 D IHansComunication: HansComunication::configCheckedUid-- 11365, type = 0
11-18 14:05:45.850 5545 5550 D IHansComunication: HANS sendMessageToKernel: threadId = 516016815296, netLinkSetup = 1, type = FROZEN_TRANS, targetUid = 11365, pkgCmd = PKG_CMD_MAX
11-18 14:05:46.630 5545 5550 D IHansComunication: HansComunication::configCheckedUid-- 10494, type = 0
11-18 14:05:46.630 5545 5550 D IHansComunication: HANS sendMessageToKernel: threadId = 516016815296, netLinkSetup = 1, type = FROZEN_TRANS, targetUid = 10494, pkgCmd = PKG_CMD_MAX
11-18 14:05:46.912 1135 1163 W AString : ctor got NULL, using empty string instead
11-18 14:05:46.912 1135 1163 I SensorSavedChannel: [267,-1816,119,-21967,58824,9499]==>gyro_temp.json
11-18 14:05:46.912 1135 1163 W AString : ctor got NULL, using empty string instead
11-18 14:05:46.912 1470 2461 I ColorHansManager : stateRToFFreeze--imporant case: pkgName: com.jlpay.merch, reason: top
11-18 14:05:46.913 1135 1163 I SensorSavedChannel: [-1379,190,1319]==>gyro_bias.json
11-18 14:05:46.950 1470 2461 I ColorHansManager : stateRToFFreeze--imporant case: pkgName: io.appium.uiautomator2.server, reason: lastResumeProtect
11-18 14:05:47.138 1470 2461 I ColorHansManager : stateRToFFreeze--imporant case: pkgName: io.appium.uiautomator2.server, reason: lastResumeProtect
11-18 14:05:47.473 20949 21011 D HoraeHelper: getAllShellTemps tSize : 4
11-18 14:05:47.474 20949 21011 D HoraeHelper: getAllShellTemps tSize : 4
11-18 14:05:47.474 20949 21011 D HoraeHelper: Thermal length:1
11-18 14:05:47.482 20949 21011 D HoraeHelper: Thermal length:1
11-18 14:05:48.207 1139 1251 D ULogGuard: Monitoring: 7 threads, 0 requests, 0 time-bombs; 1 guards. ResetFlags = 0x7
11-18 14:05:50.220 1470 1597 D AES : AEEIOCTL_GET/SET_SF_STATE IOCTL,cmd= 1074294797, lParam=0.
11-18 14:05:50.220 1470 1597 D AES : AEEIOCTL_RT_MON_Kick IOCTL,cmd= 2147774474, lParam=300.
11-18 14:05:50.222 1470 1597 V OppoBaseWatchdog: @WatchDog_ error e: java.io.FileNotFoundException: /d/wakeup_sources: open failed: ENOENT (No such file or directory)
11-18 14:05:50.568 2467 2467 E OplusNecManagerHelper: com.oplus.nec.OplusNecManager.notifyOrigSignalStrengthChanged [class android.telephony.SignalStrength, int]
11-18 14:05:50.650 1470 1629 D BatteryLed: getLightInColorState, oppoLightMgr empty!
11-18 14:05:50.666 1470 1615 I ColorHansManager : unfreeze uid: 10494 package: com.alibaba.android.rimet reason: Broadcast scene: LcdOnScene
11-18 14:05:50.666 1470 1615 I ColorHansManager : pkg: com.alibaba.android.rimet,state: F -> M
11-18 14:05:51.210 1139 1251 D ULogGuard: Monitoring: 7 threads, 0 requests, 0 time-bombs; 1 guards. ResetFlags = 0x7
11-18 14:05:51.214 1470 2461 I ColorHansManager : stateRToFFreeze--imporant case: pkgName: io.appium.uiautomator2.server, reason: lastResumeProtect
11-18 14:05:51.475 1470 4252 E SystemServiceRegistry: Manager wrapper not available: linearmotor
11-18 14:05:51.478 1470 1608 I DropBoxManagerService: add tag=system_server_wtf isTagEnabled=true flags=0x2
11-18 14:05:51.490 1470 1608 D DropBoxManagerService: file :: /data/system/dropbox/system_server_wtf@1637215551483.txt
11-18 14:05:51.490 1470 1608 W AES : Exception Log handling...
11-18 14:05:51.491 1470 1608 D AES : ExceptionLog: notify aed, process:system_server pid:1470 cause:system_server_wtf
11-18 14:05:51.491 1470 1608 W AES : skip for Exp level 0
11-18 14:05:51.500 1470 1572 D OpenID : check auth getOpenId --> pkg = com.heytap.browser , uid = 10054 , only check pkg = false
11-18 14:05:51.500 27437 27455 E OpenID : com.heytap.browser:WhiteList Not
11-18 14:05:51.501 27437 27455 E OpenID : com.heytap.browser:GUID:ret:F
11-18 14:05:51.507 27437 27455 E OpenID : com.heytap.browser:DUID:ret:T
11-18 14:05:51.511 2581 5543 D OplusNotificationManager: getOpenid--pkg:com.heytap.browser,uid:10054,type:OUID
11-18 14:05:51.511 27437 27455 E OpenID : com.heytap.browser:OUID:ret:T
11-18 14:05:51.517 25821 16299 I System.out: [socket]:check permission begin!
11-18 14:05:51.519 1470 2461 I ColorHansManager : stateRToFFreeze--imporant case: pkgName: io.appium.uiautomator2.server, reason: lastResumeProtect
11-18 14:05:51.695 1470 2436 D OppoUserManagerService: getMultiSystemUserId res = -10000
11-18 14:05:51.700 2069 2069 D InterruptionStateProvider: No bubble up: not allowed to bubble: 0|com.heytap.browser|0|402164-4-3-6195ddeba8e7aaa63934f280|10054
11-18 14:05:51.724 841 900 I BufferQueueProducer: [StatusBar#0](this:0xb400007334a18a58,id:7,api:1,p:2069,c:841) queueBuffer: fps=0.12 dur=8624.76 max=8624.76 min=8624.76
11-18 14:05:51.777 1470 4252 D OpenID : check auth getOpenId --> pkg = com.heytap.browser , uid = 10054 , only check pkg = false
11-18 14:05:51.778 27437 27455 E OpenID : com.heytap.browser:WhiteList Not
11-18 14:05:51.778 27437 27455 E OpenID : com.heytap.browser:GUID:ret:F
11-18 14:05:51.789 27437 27455 E OpenID : com.heytap.browser:DUID:ret:T
11-18 14:05:51.791 1470 2461 I ColorHansManager : stateRToFFreeze--imporant case: pkgName: com.sohu.inputmethod.sogou, reason: input
11-18 14:05:51.794 2581 5543 D OplusNotificationManager: getOpenid--pkg:com.heytap.browser,uid:10054,type:OUID
11-18 14:05:51.795 27437 27455 E OpenID : com.heytap.browser:OUID:ret:T
11-18 14:05:51.815 841 841 I BufferQueueProducer: [FramebufferSurface](this:0xb400007348832ed0,id:-1,api:1,p:841,c:841) queueBuffer: fps=0.12 dur=8476.75 max=8476.75 min=8476.75
11-18 14:05:52.087 863 878 D ccci_mdinit: (1):monitor_time_update_thread round:14179 ########
11-18 14:05:52.567 20949 20992 D HoraeHelper: getAllShellTemps tSize : 4
11-18 14:05:52.960 1470 1470 W WindowManager: removeWindowToken: Attempted to remove non-existing token: android.os.Binder@5efaee6
11-18 14:05:52.568 20949 20992 D HoraeHelper: getAllShellTemps tSize : 4
11-18 14:05:53.034 1135 1163 W AString : ctor got NULL, using empty string instead
11-18 14:05:53.035 1135 1163 I SensorSavedChannel: [-295,-1465,-34,-5043,48227,14128]==>gyro_temp.json
11-18 14:05:53.035 1135 1163 W AString : ctor got NULL, using empty string instead
11-18 14:05:53.035 1135 1163 I SensorSavedChannel: [-1475,264,1292]==>gyro_bias.json
11-18 14:05:53.405 1142 1142 I thermal_repeater: [recvMdThermalInfo] ret=32, strLen=127, 0, 32767, -127, 0, 32767, 10838
11-18 14:05:53.490 1470 1615 W BroadcastQueue: Background execution not allowed: receiving Intent { act=android.intent.action.DROPBOX_ENTRY_ADDED flg=0x10 (has extras) } to com.google.android.gms/.stats.service.DropBoxEntryAddedReceiver
11-18 14:05:53.491 1470 1615 W BroadcastQueue: Background execution not allowed: receiving Intent { act=android.intent.action.DROPBOX_ENTRY_ADDED flg=0x10 (has extras) } to com.google.android.gms/.chimera.GmsIntentOperationService$PersistentTrustedReceiver
11-18 14:05:54.084 1470 2461 I ColorHansManager : stateRToFFreeze--imporant case: pkgName: io.appium.uiautomator2.server, reason: lastResumeProtect
11-18 14:05:54.215 1139 1251 D ULogGuard: Monitoring: 7 threads, 0 requests, 0 time-bombs; 1 guards. ResetFlags = 0x7
11-18 14:05:55.056 1470 1823 D JobScheduler.Temperature: get temperature=31.009
11-18 14:05:55.164 841 1311 I BufferQueueProducer: [StatusBar#0](this:0xb400007334a18a58,id:7,api:1,p:2069,c:841) queueBuffer: fps=0.58 dur=3439.84 max=3018.45 min=421.39
11-18 14:05:55.250 841 841 I BufferQueueProducer: [FramebufferSurface](this:0xb400007348832ed0,id:-1,api:1,p:841,c:841) queueBuffer: fps=0.58 dur=3435.66 max=3020.43 min=415.22
11-18 14:05:56.116 1470 2461 I ColorHansManager : stateRToFFreeze--imporant case: pkgName: io.appium.uiautomator2.server, reason: lastResumeProtect
11-18 14:05:57.217 1139 1251 D ULogGuard: Monitoring: 7 threads, 0 requests, 0 time-bombs; 1 guards. ResetFlags = 0x7
11-18 14:05:57.474 20949 21001 D HoraeHelper: getAllShellTemps tSize : 4
11-18 14:05:57.475 20949 21001 D HoraeHelper: getAllShellTemps tSize : 4
11-18 14:05:57.476 20949 21001 D HoraeHelper: Thermal length:1
11-18 14:05:57.998 1470 2436 E AppOps : noteOperation
11-18 14:05:57.998 1470 2436 E AppOps : java.lang.SecurityException: Specified package com.android.phone under uid 10159 but it is really 1001
11-18 14:05:57.998 1470 2436 E AppOps : at com.android.server.appop.AppOpsService.verifyAndGetBypass(AppOpsService.java:3966)
11-18 14:05:57.998 1470 2436 E AppOps : at com.android.server.appop.AppOpsService.noteOperationUnchecked(AppOpsService.java:3106)
11-18 14:05:57.998 1470 2436 E AppOps : at com.android.server.appop.AppOpsService.noteOperationImpl(AppOpsService.java:3094)
11-18 14:05:57.998 1470 2436 E AppOps : at com.android.server.appop.AppOpsService.noteOperation(AppOpsService.java:3077)
11-18 14:05:57.998 1470 2436 E AppOps : at com.android.internal.app.IAppOpsService$Stub.onTransact(IAppOpsService.java:447)
11-18 14:05:57.998 1470 2436 E AppOps : at android.os.Binder.execTransactInternal(Binder.java:1166)
11-18 14:05:57.998 1470 2436 E AppOps : at android.os.Binder.execTransact(Binder.java:1130)
11-18 14:05:57.484 20949 21001 D HoraeHelper: Thermal length:1
11-18 14:05:58.184 841 900 I BufferQueueProducer: [StatusBar#0](this:0xb400007334a18a58,id:7,api:1,p:2069,c:841) queueBuffer: fps=0.33 dur=3019.54 max=3019.54 min=3019.54
11-18 14:05:58.279 841 841 I BufferQueueProducer: [FramebufferSurface](this:0xb400007348832ed0,id:-1,api:1,p:841,c:841) queueBuffer: fps=0.33 dur=3028.08 max=3028.08 min=3028.08
11-18 14:05:59.217 1135 1163 W AString : ctor got NULL, using empty string instead
11-18 14:05:59.218 1135 1163 I SensorSavedChannel: [-1284,-740,-91,24599,26449,15819]==>gyro_temp.json
11-18 14:05:59.218 1135 1163 W AString : ctor got NULL, using empty string instead
11-18 14:05:59.218 1135 1163 I SensorSavedChannel: [-1647,394,1279]==>gyro_bias.json
11-18 14:06:00.007 2932 2932 I WeatherS_WeatherServiceVersionUtils: serviceVersionCode8003001
11-18 14:06:00.007 2932 2932 I chatty : uid=10089(com.coloros.alarmclock) identical 1 line
11-18 14:06:00.008 2932 2932 I WeatherS_WeatherServiceVersionUtils: serviceVersionCode8003001
11-18 14:06:00.018 2069 2069 D SingleClockView: updateTime, 24hfmt=true, h=14, m=06
11-18 14:06:00.023 1470 2436 E OplusCustomizeRestrictionManagerService: isBiometricDisabled start
11-18 14:06:00.028 1470 4256 E OplusCustomizeRestrictionManagerService: isBiometricDisabled start
11-18 14:06:00.091 841 900 I BufferQueueProducer: [StatusBar#0](this:0xb400007334a18a58,id:7,api:1,p:2069,c:841) queueBuffer: fps=0.52 dur=1907.32 max=1907.32 min=1907.32
11-18 14:06:00.186 841 841 I BufferQueueProducer: [FramebufferSurface](this:0xb400007348832ed0,id:-1,api:1,p:841,c:841) queueBuffer: fps=0.52 dur=1907.00 max=1907.00 min=1907.00
11-18 14:06:00.219 1139 1251 D ULogGuard: Monitoring: 7 threads, 0 requests, 0 time-bombs; 1 guards. ResetFlags = 0x7
11-18 14:06:01.203 841 1311 I BufferQueueProducer: [StatusBar#0](this:0xb400007334a18a58,id:7,api:1,p:2069,c:841) queueBuffer: fps=0.90 dur=1112.01 max=1112.01 min=1112.01
11-18 14:06:01.302 841 841 I BufferQueueProducer: [FramebufferSurface](this:0xb400007348832ed0,id:-1,api:1,p:841,c:841) queueBuffer: fps=0.90 dur=1116.43 max=1116.43 min=1116.43
11-18 14:06:02.567 20949 20997 D HoraeHelper: getAllShellTemps tSize : 4
11-18 14:06:02.679 1470 1629 D BatteryLed: getLightInColorState, oppoLightMgr empty!
11-18 14:06:02.568 20949 20997 D HoraeHelper: getAllShellTemps tSize : 4
11-18 14:06:03.221 1139 1251 D ULogGuard: Monitoring: 7 threads, 0 requests, 0 time-bombs; 1 guards. ResetFlags = 0x7
11-18 14:06:03.419 1142 1142 I thermal_repeater: [recvMdThermalInfo] ret=37, strLen=127, 0, 32767, -127, -28265, 32767, 10838
11-18 14:06:05.066 1470 1823 D JobScheduler.Temperature: get temperature=30.973
11-18 14:06:05.360 1135 1163 W AString : ctor got NULL, using empty string instead
11-18 14:06:05.361 1135 1163 I SensorSavedChannel: [-511,-577,90,1172,21684,10313]==>gyro_temp.json
11-18 14:06:05.362 1135 1163 W AString : ctor got NULL, using empty string instead
11-18 14:06:05.362 1135 1163 I SensorSavedChannel: [-1562,455,1302]==>gyro_bias.json
11-18 14:06:06.224 1139 1251 D ULogGuard: Monitoring: 7 threads, 0 requests, 0 time-bombs; 1 guards. ResetFlags = 0x7
11-18 14:06:07.474 20949 20992 D HoraeHelper: getAllShellTemps tSize : 4
11-18 14:06:07.476 20949 20992 D HoraeHelper: getAllShellTemps tSize : 4
11-18 14:06:07.478 20949 20992 D HoraeHelper: Thermal length:1
11-18 14:06:07.485 20949 20992 D HoraeHelper: Thermal length:1
11-18 14:06:09.228 1139 1251 D ULogGuard: Monitoring: 7 threads, 0 requests, 0 time-bombs; 1 guards. ResetFlags = 0x7
11-18 14:06:09.314 1470 1699 I ColorHansManager : unfreeze uid: 10963 package: com.tencent.mm reason: Alarm scene: LcdOnScene
11-18 14:06:09.315 1470 1699 I ColorHansManager : pkg: com.tencent.mm,state: F -> M
11-18 14:06:09.363 15549 15549 D AlarmPingSender: Sending Ping at:1637215569363
11-18 14:06:09.370 15549 15549 D AlarmPingSender: Schedule next alarm at 1637215569514
11-18 14:06:09.370 15549 15549 D AlarmPingSender: Alarm scheule using setExactAndAllowWhileIdle, next: 145
11-18 14:06:09.401 20356 20421 I PAS127384e210622.ScheduleTaskManager: addAlarmTask task size=4
11-18 14:06:09.401 20356 20421 I PAS127384e210622.LocationHelper: getCurrentLocationFromNetWorkInThread start
11-18 14:06:09.403 20356 20421 I PAS127384e210622.ColorNetworkUtil: isNetworkConnected, network is available
11-18 14:06:09.404 2442 2442 E NhsAppRILMsger: MSG_REQ_KPI_DONE Error received :com.android.internal.telephony.CommandException: RADIO_NOT_AVAILABLE
11-18 14:06:09.405 20356 20421 I PAS127384e210622.LocationModeHelper: isLocationServiceEnabled current location mode is 3
11-18 14:06:09.405 20356 20421 I PAS127384e210622.LocationHelper: getCurrentLocationFromNetWorkInThread wait start
11-18 14:06:09.409 2442 2442 I MdaciManager: UTF LO: OppoAppTrafficInfo{ date=11-18 14:06:09.404 trafficC={com.amap.and*************=18764, com.alibaba.*************=128, com.nearme.s*************=5312, com.ten*******=194, com.andro**********=183, com.google.ui**************=902, com.heyta*********=19749, io.appium.uiau***************=7129696, com.sohu.inpu*************=252, tv.danm********=767466, com.jlp********=2380921}}
11-18 14:06:09.410 2442 2442 I MdaciManager: UTF CH: OppoAppTrafficInfo{ date=11-18 14:06:09.404 trafficC={com.amap.and*************=18764, com.alibaba.*************=128, com.nearme.s*************=5312, com.ten*******=194, com.andro**********=183, com.google.ui**************=902, com.heyta*********=19749, io.appium.uiau***************=7129696, com.sohu.inpu*************=252, tv.danm********=767466, com.jlp********=2380921}}
11-18 14:06:09.410 1470 4252 V OplusLocationBlacklistUtil: block status:com.coloros.sceneservice=false
11-18 14:06:09.410 1470 4252 D LocationManagerService: request dd4b465 network Request[POWER_LOW network interval=+15s0ms fastestInterval=+15s0ms] from com.coloros.sceneservice(10070 background)
11-18 14:06:09.411 1470 4252 D OplusNlpProxy: OplusNlpProxy setRequest! NLP is: nlp
11-18 14:06:09.411 1470 4252 D OplusNlpProxy: add MSG_FNLP_REPORT_DELAY!
11-18 14:06:09.412 2442 2442 I MdaciManager: UTF LS: OppoAppTrafficInfo{ date=11-18 14:06:09.404 trafficC={com.amap.and*************=18764, com.alibaba.*************=128, com.nearme.s*************=5312, com.ten*******=194, com.andro**********=183, com.google.ui**************=902, com.heyta*********=19749, io.appium.uiau***************=7129696, com.sohu.inpu*************=252, tv.danm********=767466, com.jlp********=2380921}}
11-18 14:06:09.412 2442 2442 I MdaciManager: UKF LO: OppoKernelWakeupInfo{ date=11-18 14:06:09.412 qrtrWakeupC={} allWakeupC={Modem=0, Qrtr=0, WiFi=0, Mpss=0, TCPInput=0, TCPOutput=0, TCPInputRetrans=0, TCPOutputRetrans=0}}
11-18 14:06:09.413 2442 2442 I MdaciManager: UKF CH: OppoKernelWakeupInfo{ date=11-18 14:06:09.412 qrtrWakeupC={} allWakeupC={Modem=0, Qrtr=0, WiFi=0, Mpss=0, TCPInput=0, TCPOutput=0, TCPInputRetrans=0, TCPOutputRetrans=0}}
11-18 14:06:09.413 2442 2442 I MdaciManager: UKF LS: OppoKernelWakeupInfo{ date=11-18 14:06:09.412 qrtrWakeupC={} allWakeupC={Modem=0, Qrtr=0, WiFi=0, Mpss=0, TCPInput=0, TCPOutput=0, TCPInputRetrans=0, TCPOutputRetrans=0}}
11-18 14:06:09.417 2442 2442 I MdaciManager: UAF LO: OppoAppWakeupInfo{ date=11-18 14:06:09.416 inWakeupC={} outWakeupC={}}
11-18 14:06:09.417 2442 2442 I MdaciManager: UAF CH: OppoAppWakeupInfo{ date=11-18 14:06:09.416 inWakeupC={} outWakeupC={}}
11-18 14:06:09.417 2442 2442 I MdaciManager: UAF LS: OppoAppWakeupInfo{ date=11-18 14:06:09.416 inWakeupC={} outWakeupC={}}
11-18 14:06:09.492 20894 21015 I System.out: [socket]:check permission begin!
11-18 14:06:09.561 20894 21015 I System.out: [OkHttp] sendRequest>>
11-18 14:06:09.561 20894 21015 I System.out: [OkHttp] sendRequest<<
11-18 14:06:09.584 1470 4256 D OplusNlpProxy: OplusNlpProxy onlocation changed!! location:Location[network 22.53****,113.95**** hAcc=53 et=+4d22h15m48s101ms vAcc=??? sAcc=??? bAcc=???]
11-18 14:06:09.584 1470 4256 D LocationManagerService: incoming location from: network
11-18 14:06:09.584 1470 4256 D LocationManagerService: incoming location from: network
11-18 14:06:09.585 1056 1730 D MNLD : mnld_nfw_mnl2agps_location_sync: ret = 37
11-18 14:06:09.591 1470 4256 D OplusNlpProxy: Remove MSG_FNLP_REPORT_DELAY!
11-18 14:06:09.594 20356 20416 I PAS127384e210622.LocationHelper: onLocationChanged notifyAll
11-18 14:06:09.594 1470 2436 I LocationManagerService: remove dd4b465
11-18 14:06:09.594 1470 2436 D OplusNlpProxy: OplusNlpProxy setRequest! NLP is: nlp
11-18 14:06:09.595 20356 20421 I PAS127384e210622.LocationHelper: getCurrentLocationFromNetWorkInThread wait over
11-18 14:06:09.608 20356 20421 I PAS127384e210622.UserProfileDao: WeakReference have info
11-18 14:06:09.609 20356 20421 I PAS127384e210622.PhoneStateInfoCollector: checkDistance, hc'd =50.523950266221554
11-18 14:06:09.610 20356 20421 I PAS127384e210622.PhoneStateInfoCollector: checkDistance, hc'd =50.523950266221554
11-18 14:06:09.623 20488 20508 I [0]DCS-StrategyManager: isNeedUpload: true, type: 2006, appID: 20156, logTag: 2015603, eventID: 201560304
11-18 14:06:09.685 20356 20421 I PAS127384e210622.ColorNetworkUtil: isNetworkConnected, network is available
11-18 14:06:09.687 20356 16316 I PAS127384e210622.ResourceTrigger: resourceOnChange, resourceId is 10009
11-18 14:06:09.687 20356 16316 I PAS127384e210622.ResourceTrigger: startAlign
11-18 14:06:09.690 20488 20508 I [0]DCS-StrategyManager: isNeedUpload: true, type: 2006, appID: 20156, logTag: 2015603, eventID: 201560302
11-18 14:06:09.811 2442 2442 I MdaciManager: UMF LO: OppoModemActivityInfo{ date=11-18 14:06:09.710 modemPowermA[]=[0,0,0] sleepTimeMs=288710 idleTimeMs=0 rxTimeMs=0 5gRxTimeMs=0 txTimeMs[]=[0, 0, 0, 0, 0] 5gTxTimeMs[]=[0, 0, 0, 0, 0] mtkTxTimeMs[]=[0, 0, 0, 0, 0, 0, 0, 0] mtk5gTxTimeMs[]=[0, 0, 0, 0, 0, 0, 0, 0] techTimeMs[]=[0, 0, 0, 0, 0, 0, 0, 0, 0] rrcConn10sC[]=[0, 0] rrcConn20sC[]=[0, 0] rrcConnMore20sC[]=[0, 0] rrcConnC[]=[0, 0] csChangedC[]=[0, 0] psChangedC[]=[0, 0] iRatC[]=[0, 0] cellUpdateC[]=[0, 0] nwSrchC[]=[0, 0] nwSrchT[]=[0, 0] lteRrcConnT[]=[0, 0] psRegT[]=[0, 0] csRegT[]=[0, 0] psNoRegT[]=[0, 0] csNoRegT[]=[0, 0] sigGrid0T[]=[0, 0] endcActT[]=[0, 0] saActT[]=[0, 0] gpsTimeMs=0 wlanTimeMs=0}
11-18 14:06:09.811 2442 2442 I MdaciManager: UMF CH: OppoModemActivityInfo{ date=11-18 14:06:09.710 modemPowermA[]=[0,0,0] sleepTimeMs=288710 idleTimeMs=0 rxTimeMs=0 5gRxTimeMs=0 txTimeMs[]=[0, 0, 0, 0, 0] 5gTxTimeMs[]=[0, 0, 0, 0, 0] mtkTxTimeMs[]=[0, 0, 0, 0, 0, 0, 0, 0] mtk5gTxTimeMs[]=[0, 0, 0, 0, 0, 0, 0, 0] techTimeMs[]=[0, 0, 0, 0, 0, 0, 0, 0, 0] rrcConn10sC[]=[0, 0] rrcConn20sC[]=[0, 0] rrcConnMore20sC[]=[0, 0] rrcConnC[]=[0, 0] csChangedC[]=[0, 0] psChangedC[]=[0, 0] iRatC[]=[0, 0] cellUpdateC[]=[0, 0] nwSrchC[]=[0, 0] nwSrchT[]=[0, 0] lteRrcConnT[]=[0, 0] psRegT[]=[0, 0] csRegT[]=[0, 0] psNoRegT[]=[0, 0] csNoRegT[]=[0, 0] sigGrid0T[]=[0, 0] endcActT[]=[0, 0] saActT[]=[0, 0] gpsTimeMs=0 wlanTimeMs=0}
11-18 14:06:09.812 2442 2442 I MdaciManager: UMF LS: OppoModemActivityInfo{ date=11-18 14:06:09.710 modemPowermA[]=[0,0,0] sleepTimeMs=288710 idleTimeMs=0 rxTimeMs=0 5gRxTimeMs=0 txTimeMs[]=[0, 0, 0, 0, 0] 5gTxTimeMs[]=[0, 0, 0, 0, 0] mtkTxTimeMs[]=[0, 0, 0, 0, 0, 0, 0, 0] mtk5gTxTimeMs[]=[0, 0, 0, 0, 0, 0, 0, 0] techTimeMs[]=[0, 0, 0, 0, 0, 0, 0, 0, 0] rrcConn10sC[]=[0, 0] rrcConn20sC[]=[0, 0] rrcConnMore20sC[]=[0, 0] rrcConnC[]=[0, 0] csChangedC[]=[0, 0] psChangedC[]=[0, 0] iRatC[]=[0, 0] cellUpdateC[]=[0, 0] nwSrchC[]=[0, 0] nwSrchT[]=[0, 0] lteRrcConnT[]=[0, 0] psRegT[]=[0, 0] csRegT[]=[0, 0] psNoRegT[]=[0, 0] csNoRegT[]=[0, 0] sigGrid0T[]=[0, 0] endcActT[]=[0, 0] saActT[]=[0, 0] gpsTimeMs=0 wlanTimeMs=0}
11-18 14:06:10.256 841 1311 I BufferQueueProducer: [StatusBar#0](this:0xb400007334a18a58,id:7,api:1,p:2069,c:841) queueBuffer: fps=0.11 dur=9053.05 max=9053.05 min=9053.05
11-18 14:06:10.345 841 841 I BufferQueueProducer: [FramebufferSurface](this:0xb400007348832ed0,id:-1,api:1,p:841,c:841) queueBuffer: fps=0.11 dur=9042.78 max=9042.78 min=9042.78