11-18 14:04:17.867 1470 2657 I ColorResourcePreloadManager: resume pkg: com.android.settings, uid:1000, prev pkg: com.oppo.launcher, prev uid: 10062
11-18 14:04:17.867 809 819 I mtkpower@impl: [notifyAppState] pc:0, com.oppo.launcher => com.android.settings
11-18 14:04:17.867 809 819 I mtkpower@impl: [check_work_req] i:0, msg:1 hdl:40338, wait
11-18 14:04:17.868 809 875 I libPowerHal: [perfLockRel] hdl:40338, idx:0
11-18 14:04:17.868 809 875 I libPowerHal: [PD] scn:0 hdl:40338 lock_user:system_server pid:1470 tid:1829 dur:0
11-18 14:04:17.868 809 875 I libPowerHal: [PD] system_server update cmd:1410000 param:0
11-18 14:04:17.868 809 875 I libPowerHal: [PD] system_server update cmd:1c3c000, param:1
11-18 14:04:17.868 20608 20632 D ZoomAppController: ignore onAppEnter: Invalid cvActionFlag = 0
11-18 14:04:17.868 13683 15523 E libEGL : Invalid file path for libcolorx-loader.so
11-18 14:04:17.868 809 875 I libPowerHal: [PD] system_server update cmd:10000100 param:2
11-18 14:04:17.868 13683 15523 D libMEOW : applied 0 plugin for [com.android.settings].
11-18 14:04:17.869 1470 4554 D Theia.NoFocusWindow: FocusWindowErrorScene CheckFreezeScreen
11-18 14:04:17.871 1470 1829 I mtkpower_client: ret_hdl:40339
11-18 14:04:17.871 809 875 I libPowerHal: [perfLockAcq] idx:0 hdl:40339 hint:-1 pid:1470 duration:0 => ret_hdl:40339
11-18 14:04:17.871 809 875 I libPowerHal: [PE] scn:0 hdl:40339 lock_user:system_server pid:1470 tid:1829 dur:0
11-18 14:04:17.871 809 875 I libPowerHal: [PE] system_server update cmd:1c3c000, param:0
11-18 14:04:17.871 1470 1829 I mtkpower_client: perf_lock_rel, hdl:40339, tid:1829
11-18 14:04:17.871 809 875 I libPowerHal: [PE] system_server update cmd:10000100, param:2
11-18 14:04:17.871 1470 1829 I mtkpower_client: perf_lock_acq, hdl:40339, dur:0, num:10, tid:1829
11-18 14:04:17.872 809 875 I libPowerHal: [perfLockRel] hdl:40339, idx:0
11-18 14:04:17.872 809 875 I libPowerHal: [PD] scn:0 hdl:40339 lock_user:system_server pid:1470 tid:1829 dur:0
11-18 14:04:17.873 809 875 I libPowerHal: [PD] system_server update cmd:1c3c000, param:1
11-18 14:04:17.873 809 875 I libPowerHal: [PD] system_server update cmd:10000100 param:2
11-18 14:04:17.873 1470 4554 I ActivityTaskManager: perfNotifyAppState PAUSED ActivityRecord{e39e91 u0 com.oppo.launcher/.Launcher t2}
11-18 14:04:17.873 1470 1829 I mtkpower_client: ret_hdl:40340
11-18 14:04:17.874 1470 1595 D OppoDisplayPolicy: com.android.settings, change system app cutoutMode: color always
11-18 14:04:17.874 809 875 I libPowerHal: [perfLockAcq] idx:0 hdl:40340 hint:-1 pid:1470 duration:0 => ret_hdl:40340
11-18 14:04:17.874 809 875 I libPowerHal: [PE] scn:0 hdl:40340 lock_user:system_server pid:1470 tid:1829 dur:0
11-18 14:04:17.874 809 875 I libPowerHal: [PE] system_server update cmd:1c3c000, param:0
11-18 14:04:17.874 809 875 I libPowerHal: [PE] system_server update cmd:10000100, param:2
11-18 14:04:17.874 2515 2515 E Launcher.ColorBubbleTextView: mForceHideDot is false
11-18 14:04:17.875 841 1311 D DispPerfService: get hint proc=, idx=0 none
11-18 14:04:17.875 20488 20508 I [0]DCS-BackgroundAppData: sendAppBgEvent: has no pkgName=com.android.settings
11-18 14:04:17.876 13683 13683 D AppCompatDelegate: Application config ({1.0 ?mcc?mnc [zh_CN] ldltr sw360dp w360dp h762dp 480dpi nrml long port finger -keyb/v/h -nav/h winConfig={ mBounds=Rect(0, 0 - 1080, 2400) mAppBounds=Rect(0, 112 - 1080, 2400) mWindowingMode=fullscreen mDisplayWindowingMode=fullscreen mActivityType=undefined mAlwaysOnTop=undefined mRotation=ROTATION_0} s.1393mThemeChanged= 0, mThemeChangedFlags= 0, mFlipFont= 0, mAccessibleChanged= -1, mUxIconConfig= 1163076078932590624, mMaterialColor= 0, mUserId= 0, mFontUserId= 0, mFontVariationSettings= 226, mIconPackName= , mDarkModeBackgroundMaxL= 0.0, mDarkModeDialogBgMaxL= 27.0, mDarkModeForegroundMinL= 100.0, mOplusConfigType= 1}) does not match base config ({1.0 ?mcc?mnc [zh_CN] ldltr sw360dp w360dp h762dp 480dpi nrml long port finger -keyb/v/h -nav/h winConfig={ mBounds=Rect(0, 0 - 1080, 2400) mAppBounds=Rect(0, 112 - 1080, 2400) mWindowingMode=fullscreen mDisplayWindowingMode=fullscreen mActivityType=standard mAlwaysOnTop=undefined mRotation=ROTATION_0} s.1mThemeChanged= 0, mThemeChangedFlags= 0, mFlipFont= 0, mAccessibleChanged= -1, mUxIconConfig= 1163076078932590624, mMaterialColor= 0, mUserId= 0, mFontUserId= 0, mFontVariationSettings= 226, mIconPackName= , mDarkModeBackgroundMaxL= 0.0, mDarkModeDialogBgMaxL= 27.0, mDarkModeForegroundMinL= 100.0, mOplusConfigType= 1}), using base overlay: {0.0 ?mcc?mnc ?localeList ?layoutDir ?swdp ?wdp ?hdp ?density ?lsize ?long ?ldr ?wideColorGamut ?orien ?uimode ?night ?touch ?keyb/?/? ?nav/? winConfig={ mBounds=Rect(0, 0 - 0, 0) mAppBounds=null mWindowingMode=undefined mDisplayWindowingMode=undefined mActivityType=undefined mAlwaysOnTop=undefined mRotation=undefined}mThemeChanged= 0, mThemeChangedFlags= 0, mFlipFont= 0, mAccessibleChanged= 0, mUxIconConfig= 0, mMaterialColor= -1, mUserId= -1, mFontUserId= -1, mFontVariationSettings= 0, mIconPackName= , mDarkModeBackgroundMaxL= -1.0, mDarkModeDialogBgMaxL= -1.0, mDarkModeForegroundMinL= -1.0, mOplusConfigType= 0}
11-18 14:04:17.876 13683 13683 D AppCompatDelegate: Applying night mode using ContextThemeWrapper and applyOverrideConfiguration(). Config: {0.0 ?mcc?mnc ?localeList ?layoutDir ?swdp ?wdp ?hdp ?density ?lsize ?long ?ldr ?wideColorGamut ?orien ?uimode ?touch ?keyb/?/? ?nav/? winConfig={ mBounds=Rect(0, 0 - 0, 0) mAppBounds=null mWindowingMode=undefined mDisplayWindowingMode=undefined mActivityType=undefined mAlwaysOnTop=undefined mRotation=undefined}mThemeChanged= 0, mThemeChangedFlags= 0, mFlipFont= 0, mAccessibleChanged= 0, mUxIconConfig= 0, mMaterialColor= -1, mUserId= -1, mFontUserId= -1, mFontVariationSettings= 0, mIconPackName= , mDarkModeBackgroundMaxL= -1.0, mDarkModeDialogBgMaxL= -1.0, mDarkModeForegroundMinL= -1.0, mOplusConfigType= 0}
11-18 14:04:17.876 1470 1594 E OppoThermalStats: Error getting package info: com.android.settings
11-18 14:04:17.876 1470 1595 E libEGL : Invalid file path for libcolorx-loader.so
11-18 14:04:17.876 1470 1594 D OomAdjuster: TOP_APP is ProcessRecord{74c471f 13683:com.android.settings/1000} uid is 1000
11-18 14:04:17.876 1470 1595 I chatty : uid=1000(system) android.anim identical 4 lines
11-18 14:04:17.876 1470 1595 E libEGL : Invalid file path for libcolorx-loader.so
11-18 14:04:17.876 1470 1595 I InputTransport: Create ARC handle: 0xb4000076abecaa20
11-18 14:04:17.879 2515 2515 E Launcher.ColorBubbleTextView: mForceHideDot is false
11-18 14:04:17.879 1470 1595 D OppoDisplayPolicy: com.android.settings, change system app cutoutMode: color always
11-18 14:04:17.880 13683 13683 D AppCompatDelegate: updateForNightMode [allowRecreation:false, currentNightMode:16, newNightMode:16, activityHandlingUiMode:false, baseContextAttached:true, created:false, canReturnDifferentContext:true, host:com.android.settings.applications.InstalledAppDetailsTop@8f0d191]
11-18 14:04:17.880 13683 13683 D AppCompatDelegate: updateForNightMode not recreating Activity: com.android.settings.applications.InstalledAppDetailsTop@8f0d191
11-18 14:04:17.880 13683 13683 D AppCompatDelegate: updateForNightMode. Skipping. Night mode: -1 for host:com.android.settings.applications.InstalledAppDetailsTop@8f0d191
11-18 14:04:17.882 841 1311 D DispPerfService: get hint proc=, idx=0 none
11-18 14:04:17.882 841 1311 I BufferQueueConsumer: [](id:349000020ba,api:0,p:-1,c:841) connect(): controlledByApp=false
11-18 14:04:17.883 841 1311 I BufferQueue: [unnamed-841-8378](this:0xb4000073c9cf3058,id:8378,api:0,p:-1,c:-1) BufferQueue core=(841:/system/bin/surfaceflinger)
11-18 14:04:17.885 1470 1595 V OplusZoomWindowDecorViewHelper: setLastReportedMergedConfiguration mZoomDisplayHeight: 2400 getDecorView.DecorView@21c2d64[settings]
11-18 14:04:17.886 1470 1595 D Surface : lockCanvas
11-18 14:04:17.886 841 1311 I BufferQueueProducer: [Splash Screen com.android.settings#0](id:349000020ba,api:2,p:1470,c:841) connect(): api=2 producerControlledByApp=false
11-18 14:04:17.887 2515 2515 E Launcher.ColorBubbleTextView: mForceHideDot is false
11-18 14:04:17.890 13683 13683 D SettingsActivity: Starting onCreate
11-18 14:04:17.893 13683 14588 E ActivityThread: Failed to find provider info for com.qti.smq.Feedback.provider
11-18 14:04:17.895 2515 2515 E Launcher.ColorBubbleTextView: mForceHideDot is false
11-18 14:04:17.899 841 1311 D DispPerfService: onframeavailable pid=1470, slot=0, seq=61722, name=system_server:Splash Screen com.android.settings#0
11-18 14:04:17.900 20726 18198 I RemoteGuardClient.DWB.ActivityMonitor: onForegroundActivitiesChanged 13683,1000,foreground true pkg= android.uid.system:1000
11-18 14:04:17.903 1470 4257 I InputDispatcher: Focus left window: Window{f1ec59d u0 com.oppo.launcher/com.oppo.launcher.Launcher} in display 0
11-18 14:04:17.903 1470 4257 I InputDispatcher: Window went away: Splash Screen com.android.settings#0
11-18 14:04:17.903 1470 4257 I InputDispatcher: Window went away: Window{c6aacdb u0 com.coloros.assistantscreen}
11-18 14:04:17.903 1470 4257 I InputDispatcher: Window went away: Window{f1ec59d u0 com.oppo.launcher/com.oppo.launcher.Launcher}
11-18 14:04:17.903 20726 20763 I RemoteGuardClient.DWB.ActivityMonitor: topActivities = [com.android.settings]
11-18 14:04:17.903 2515 2515 E Launcher.ColorBubbleTextView: mForceHideDot is false
11-18 14:04:17.904 841 1311 D DispPerfService: get hint proc=Surface(name=Task=18210), idx=0 none
11-18 14:04:17.905 841 1311 D DispPerfService: get hint proc=Surface(name=Task=2), idx=0 none
11-18 14:04:17.908 841 1311 D DispPerfService: get hint proc=Surface(name=8eb967f StatusBar), idx=0 none
11-18 14:04:17.909 841 1311 D DispPerfService: get hint proc=Surface(name=c91655d NavigationBar0), idx=0 none
11-18 14:04:17.911 13683 13683 D SettingsActivity: Starting to set activity title
11-18 14:04:17.911 13683 13683 D SettingsActivity: Done setting title
11-18 14:04:17.911 13683 13683 D SettingsActivity: Switching to fragment com.android.settings.applications.appinfo.AppInfoDashboardFragment
11-18 14:04:17.912 31557 31557 V PhoneWindow: DecorView setVisiblity: visibility = 8, Parent = android.view.ViewRootImpl@bb459d, this = DecorView@a937e7c[InputMethod]
11-18 14:04:17.912 2515 2515 E Launcher.ColorBubbleTextView: mForceHideDot is false
11-18 14:04:17.914 3455 3455 E oiface : packageSwitch pkg com.android.settings, enter
11-18 14:04:17.914 3455 3455 E oiface : current package is com.android.settings and pid is 13683
11-18 14:04:17.917 1470 3546 D AS.AudioService: getParameters() keyValuePairs:OPLUS_AUDIO_GET_FOCUS_STACK
11-18 14:04:17.917 2785 30272 W OppoGuardElf: ThermalControllHandler: tempLevel=3,userMode=2,gameUserMode=-1,appType=-1,envTempType=0,appStates=[]
11-18 14:04:17.918 13683 13683 D PrefCtrlListHelper: Could not find Context-only controller for pref: com.coloros.settings.feature.appmanager.details.controller.ColorAppStoragePreferenceController
11-18 14:04:17.918 13683 13683 D PrefCtrlListHelper: Could not find Context-only controller for pref: com.coloros.settings.feature.appmanager.details.controller.ColorAppDataUsagePreferenceController
11-18 14:04:17.918 2785 30272 W OppoGuardElf: ThermalControllerCenter: mSafetyState=10000
11-18 14:04:17.919 841 841 D OppoExLayer: ~Layer() sequence=61717, name=Surface(name=c91655d NavigationBar0)/@0xae9cfad - animation-leash#0@0xb4000073360b5000
11-18 14:04:17.919 841 841 D OppoExLayer: ~Layer() sequence=61716, name=Surface(name=8eb967f StatusBar)/@0x65f64c4 - animation-leash#1@0xb400007336810000
11-18 14:04:17.919 2785 30272 W OppoGuardElf: ThermalControllHandler: tempGear=3,configItemName=common_config
11-18 14:04:17.919 2785 4816 W OppoGuardElf: ThermalControllHandler: MSG_THERMAL_CONTROL_CATEGORY_CHANGED
11-18 14:04:17.920 2515 2515 E Launcher.ColorBubbleTextView: mForceHideDot is false
11-18 14:04:17.928 2515 2515 E Launcher.ColorBubbleTextView: mForceHideDot is false
11-18 14:04:17.930 841 899 I BufferQueueProducer: [StatusBar#0](this:0xb400007334a18a58,id:7,api:1,p:2069,c:841) queueBuffer: fps=10.38 dur=1540.73 max=1415.05 min=6.73
11-18 14:04:17.932 13683 13683 I AppInfoFeature: displayPreference owner.isInstantApp: false owner.isSystemModule: false packageName: com.jlpay.merch
11-18 14:04:17.934 3455 3468 E oiface : Average freq 1576936 for 0s.
11-18 14:04:17.934 3455 3468 E oiface : Average freq 1452854 for 0s.
11-18 14:04:17.935 1470 3546 E ORMS_Platform : OplusResourceManagerPlatformUtils: readFile function exception:/d/ged/hal/gpu_utilization: open failed: ENOENT (No such file or directory)
11-18 14:04:17.935 13683 13683 D AppInfoDashboard: All preferences added, reporting fully drawn
11-18 14:04:17.936 3455 3468 E oiface : get gpu freq table failed
11-18 14:04:17.937 2515 2515 E Launcher.ColorBubbleTextView: mForceHideDot is false
11-18 14:04:17.937 3455 3468 E oiface : client not found, skipped
11-18 14:04:17.937 3455 3468 D oiface : forground package is com.android.settings
11-18 14:04:17.941 13683 13683 D AppUtils: Have 0 number of activities in preferred list
11-18 14:04:17.943 13683 13683 I AppInfoFeature: displayPreference owner.isInstantApp: false owner.isSystemModule: false packageName: com.jlpay.merch
11-18 14:04:17.945 2515 2515 E Launcher.ColorBubbleTextView: mForceHideDot is false
11-18 14:04:17.949 13683 13683 W AppButtonsPrefCtl: App is not explicitly stopped
11-18 14:04:17.952 13683 13683 D AppFeatureProviderUtils: getStringListForFeature: []
11-18 14:04:17.953 13683 13683 D SettingsActivity: Executed frag manager pendingTransactions
11-18 14:04:17.953 2515 2515 E Launcher.ColorBubbleTextView: mForceHideDot is false
11-18 14:04:17.962 1470 3038 E ORMS_Platform : OplusResourceManagerPlatformUtils: readFile function exception:/d/ged/hal/gpu_utilization: open failed: ENOENT (No such file or directory)
11-18 14:04:17.962 2515 2515 E Launcher.ColorBubbleTextView: mForceHideDot is false
11-18 14:04:17.962 13683 13683 D AppCompatDelegate: updateForNightMode [allowRecreation:true, currentNightMode:16, newNightMode:16, activityHandlingUiMode:false, baseContextAttached:true, created:true, canReturnDifferentContext:true, host:com.android.settings.applications.InstalledAppDetailsTop@8f0d191]
11-18 14:04:17.962 13683 13683 D AppCompatDelegate: updateForNightMode not recreating Activity: com.android.settings.applications.InstalledAppDetailsTop@8f0d191
11-18 14:04:17.962 13683 13683 D AppCompatDelegate: updateForNightMode. Skipping. Night mode: -1 for host:com.android.settings.applications.InstalledAppDetailsTop@8f0d191
11-18 14:04:17.962 3455 3468 E oiface : get gpu freq table failed
11-18 14:04:17.970 13683 13683 I AppInfoFeature: displayPreference owner.isInstantApp: false owner.isSystemModule: false packageName: com.jlpay.merch
11-18 14:04:17.970 2515 2515 E Launcher.ColorBubbleTextView: mForceHideDot is false
11-18 14:04:17.974 1470 3038 D ColorAppListInterceptManager: shouldFilterTask
11-18 14:04:17.974 1470 3038 D ColorAppListInterceptManager: shouldFilterTask::packageName = com.android.settings
11-18 14:04:17.974 1470 3038 D ColorAppListInterceptManager: shouldFilterTask
11-18 14:04:17.975 1470 3038 D ColorAppListInterceptManager: shouldFilterTask::packageName = com.jlpay.merch
11-18 14:04:17.975 13683 13683 W AppButtonsPrefCtl: App is not explicitly stopped
11-18 14:04:17.976 2069 2086 D OplusDynamicProvider: Provider call, method = getSwitchData, uriStr = content://com.coloros.AodDynamicProvider/getSwitchData, bundle = null
11-18 14:04:17.978 13683 13683 D AppFeatureProviderUtils: getStringListForFeature: []
11-18 14:04:17.978 2069 2086 D OplusDynamicProvider: Provider call, method = getSwitchData, uriStr = content://com.coloros.systemui.qs.personality.PersonalityCoverImageProvider/getSwitchData, bundle = null
11-18 14:04:17.978 2515 2515 E Launcher.ColorBubbleTextView: mForceHideDot is false
11-18 14:04:17.987 2515 2515 E Launcher.ColorBubbleTextView: mForceHideDot is false
11-18 14:04:17.992 13683 14588 D LauncherUtils: isLaunchersImpleMode: curLauncherMode = 0
11-18 14:04:17.993 13683 14588 D FingerprintItemController: getItemTitle, resId = 2131888898
11-18 14:04:17.993 13683 14588 D FontDisplayItemController: getItemTitle, resId = 2131888927
11-18 14:04:17.995 2515 2515 E Launcher.ColorBubbleTextView: mForceHideDot is false
11-18 14:04:18.002 13683 13683 D d : doResumeIfNeededLocked
11-18 14:04:18.004 2515 2515 E Launcher.ColorBubbleTextView: mForceHideDot is false
11-18 14:04:18.012 2515 2515 I chatty : uid=10062(com.oppo.launcher) identical 1 line
11-18 14:04:18.020 2515 2515 E Launcher.ColorBubbleTextView: mForceHideDot is false
11-18 14:04:18.025 13683 13683 D d : doResumeIfNeededLocked
11-18 14:04:18.028 2515 2515 E Launcher.ColorBubbleTextView: mForceHideDot is false
11-18 14:04:18.035 2785 28242 W CursorWindow: Window is full: requested allocation 72 bytes, free space 20 bytes, window size 2097152 bytes
11-18 14:04:18.032 617 617 W Binder:617_2: type=1400 audit(0.0:564163): avc: denied { read } for name="wakeup24" dev="sysfs" ino=46626 scontext=u:r:system_suspend:s0 tcontext=u:object_r:sysfs_battery_supply:s0 tclass=dir permissive=0
11-18 14:04:18.037 2515 2515 E Launcher.ColorBubbleTextView: mForceHideDot is false
11-18 14:04:18.037 617 623 E android.system.suspend@1.0-service: Error opening kernel wakelock stats for: wakeup24: Permission denied
11-18 14:04:18.036 617 617 W Binder:617_2: type=1400 audit(0.0:564164): avc: denied { read } for name="wakeup25" dev="sysfs" ino=46707 scontext=u:r:system_suspend:s0 tcontext=u:object_r:sysfs_battery_supply:s0 tclass=dir permissive=0
11-18 14:04:18.039 617 623 E android.system.suspend@1.0-service: Error opening kernel wakelock stats for: wakeup25: Permission denied
11-18 14:04:18.036 617 617 W Binder:617_2: type=1400 audit(0.0:564165): avc: denied { read } for name="wakeup23" dev="sysfs" ino=46578 scontext=u:r:system_suspend:s0 tcontext=u:object_r:sysfs_battery_supply:s0 tclass=dir permissive=0
11-18 14:04:18.040 617 623 E android.system.suspend@1.0-service: Error opening kernel wakelock stats for: wakeup23: Permission denied
11-18 14:04:18.041 13683 13683 D AppUtils: Have 0 number of activities in preferred list
11-18 14:04:18.041 13683 15525 D SettingsActivity: No enabled state changed, skipping updateCategory call
11-18 14:04:18.041 565 565 I hwservicemanager: getTransport: Cannot find entry android.hardware.power.stats@1.0::IPowerStats/default in either framework or device manifest.
11-18 14:04:18.042 565 565 I hwservicemanager: getTransport: Cannot find entry android.hardware.power@1.0::IPower/default in either framework or device manifest.
11-18 14:04:18.043 1470 1618 E BatteryStatsService: Unable to load Power Hal or power.stats HAL
11-18 14:04:18.044 13683 13683 I AppInfoFeature: displayPreference owner.isInstantApp: false owner.isSystemModule: false packageName: com.jlpay.merch
11-18 14:04:18.045 2515 2515 E Launcher.ColorBubbleTextView: mForceHideDot is false
11-18 14:04:18.049 13683 13683 W AppButtonsPrefCtl: App is not explicitly stopped
11-18 14:04:18.052 13683 13683 D AppFeatureProviderUtils: getStringListForFeature: []
11-18 14:04:18.053 13683 13683 V PhoneWindow: DecorView setVisiblity: visibility = 4, Parent = null, this = DecorView@fc1fc7f[]
11-18 14:04:18.053 841 899 I SurfaceFlinger: [SF client] NEW(0xb400007348877b80) for (13683:com.android.settings)
11-18 14:04:18.053 2515 2515 E Launcher.ColorBubbleTextView: mForceHideDot is false
11-18 14:04:18.054 13683 13683 D ColorViewRootUtil: initSwipState, isDisplayCompatApp false
11-18 14:04:18.054 13683 13683 D ColorViewRootUtil: mScreenHeight 2400, mScreenWidth 1080
11-18 14:04:18.055 13683 13683 D ViewRootImpl[InstalledAppDetails]: hardware acceleration = true , fakeHwAccelerated = false, sRendererDisabled = false, forceHwAccelerated = false, sSystemRendererDisabled = false
11-18 14:04:18.055 2785 30272 E DatabaseUtils: Writing exception to parcel
11-18 14:04:18.055 2785 30272 E DatabaseUtils: java.lang.SecurityException: The authority com.android.settings does not match the one of the contentProvider: com.color.provider.SafeProvider
11-18 14:04:18.055 2785 30272 E DatabaseUtils: at android.content.ContentProvider.validateIncomingAuthority(ContentProvider.java:2505)
11-18 14:04:18.055 2785 30272 E DatabaseUtils: at android.content.ContentProvider.access$200(ContentProvider.java:115)
11-18 14:04:18.055 2785 30272 E DatabaseUtils: at android.content.ContentProvider$Transport.call(ContentProvider.java:511)
11-18 14:04:18.055 2785 30272 E DatabaseUtils: at android.content.ContentProviderNative.onTransact(ContentProviderNative.java:296)
11-18 14:04:18.055 2785 30272 E DatabaseUtils: at android.os.Binder.execTransactInternal(Binder.java:1161)
11-18 14:04:18.055 2785 30272 E DatabaseUtils: at android.os.Binder.execTransact(Binder.java:1130)
11-18 14:04:18.057 1470 4265 D OppoDisplayPolicy: com.android.settings, change system app cutoutMode: color always
11-18 14:04:18.057 841 899 D DispPerfService: get hint proc=f0ad280 com.android.settings, idx=0 none
11-18 14:04:18.057 13683 15525 E OppoSettingsUtils: getPermissionOptimizableCount e=java.lang.SecurityException: The authority com.android.settings does not match the one of the contentProvider: com.color.provider.SafeProvider
11-18 14:04:18.059 13683 13683 E libEGL : Invalid file path for libcolorx-loader.so
11-18 14:04:18.059 13683 13683 I chatty : uid=1000(system) com.android.settings identical 4 lines
11-18 14:04:18.059 13683 13683 E libEGL : Invalid file path for libcolorx-loader.so
11-18 14:04:18.059 13683 13683 I InputTransport: Create ARC handle: 0xb400007746ae85a0
11-18 14:04:18.062 2515 2515 E Launcher.ColorBubbleTextView: mForceHideDot is false
11-18 14:04:18.062 13683 13683 V PhoneWindow: DecorView setVisiblity: visibility = 0, Parent = android.view.ViewRootImpl@b83e19b, this = DecorView@fc1fc7f[InstalledAppDetails]
11-18 14:04:18.070 2515 2515 E Launcher.ColorBubbleTextView: mForceHideDot is false
11-18 14:04:18.074 13683 13683 D AppUtils: Have 0 number of activities in preferred list
11-18 14:04:18.077 1470 3544 D OppoDisplayPolicy: com.android.settings, change system app cutoutMode: color always
11-18 14:04:18.077 1470 3544 I WindowManager: Relayout Window{f0ad280 u0 com.android.settings/com.android.settings.applications.InstalledAppDetails}: oldVis=4 newVis=0 focusMayChange = true
11-18 14:04:18.078 2515 2515 E Launcher.ColorBubbleTextView: mForceHideDot is false
11-18 14:04:18.079 841 899 D DispPerfService: get hint proc=com.android.settings, idx=0 none
11-18 14:04:18.079 841 899 I BufferQueueConsumer: [](id:349000020bb,api:0,p:-1,c:841) connect(): controlledByApp=false
11-18 14:04:18.079 841 899 I BufferQueue: [unnamed-841-8379](this:0xb40000734895ce58,id:8379,api:0,p:-1,c:-1) BufferQueue core=(841:/system/bin/surfaceflinger)
11-18 14:04:18.081 1470 3544 W WindowManager: Changing focus fromnull to Window{f0ad280 u0 com.android.settings/com.android.settings.applications.InstalledAppDetails} displayId=0 Callers=com.android.server.wm.RootWindowContainer.updateFocusedWindowLocked:509 com.android.server.wm.WindowManagerService.updateFocusedWindowLocked:6073 com.android.server.wm.WindowManagerService.relayoutWindow:2717 com.android.server.wm.Session.relayout:229
11-18 14:04:18.082 841 1311 D DispPerfService: get hint proc=Surface(name=8eb967f StatusBar), idx=0 none
11-18 14:04:18.083 841 1311 D DispPerfService: get hint proc=Surface(name=c91655d NavigationBar0), idx=0 none
11-18 14:04:18.085 1470 3544 D Theia.NoFocusWindow: FocusWindowErrorScene cancelCheckFreezeScreen
11-18 14:04:18.086 13683 13683 V OplusZoomWindowDecorViewHelper: setLastReportedMergedConfiguration mZoomDisplayHeight: 2400 getDecorView.DecorView@fc1fc7f[InstalledAppDetails]
11-18 14:04:18.087 2515 2515 E Launcher.ColorBubbleTextView: mForceHideDot is false
11-18 14:04:18.088 841 3662 I BufferQueueProducer: [com.android.settings/com.android.settings.applications.InstalledAppDetails#0](id:349000020bb,api:1,p:13683,c:841) connect(): api=1 producerControlledByApp=false
11-18 14:04:18.094 1470 1816 W ActivityManager: Unable to start service Intent { cmp=com.android.mms/com.oppo.push.UpdateServiceNumberJobService (has extras) } U=0: not found
11-18 14:04:18.094 1470 1816 D JobScheduler: Error executing JobStatus{190f3b3 #u0a61/110 com.android.mms/com.oppo.push.UpdateServiceNumberJobService u=0 s=10061 TIME=-4d22h13m43s941ms:-4d22h13m43s941ms PERIODIC PERSISTED READY}
11-18 14:04:18.095 2515 2515 E Launcher.ColorBubbleTextView: mForceHideDot is false
11-18 14:04:18.096 1470 1816 W ActivityManager: Unable to start service Intent { cmp=com.coloros.deepthinker/com.coloros.proton.learn.schedule.TrainJobService (has extras) } U=0: not found
11-18 14:04:18.097 1470 1816 D JobScheduler: Error executing JobStatus{57c9c21 #1000/648162385 com.coloros.deepthinker/com.coloros.proton.learn.schedule.TrainJobService u=0 s=1000 TIME=-4d22h13m43s943ms:-4d22h13m43s943ms PERSISTED READY}
11-18 14:04:18.102 841 841 D OppoExLayer: ~Layer() sequence=61725, name=Surface(name=8eb967f StatusBar)/@0x65f64c4 - animation-leash#0@0xb400007328d57000
11-18 14:04:18.102 841 841 D OppoExLayer: ~Layer() sequence=61726, name=Surface(name=c91655d NavigationBar0)/@0xae9cfad - animation-leash#1@0xb40000732981e000
11-18 14:04:18.103 1470 4265 I InputDispatcher: Window went away: com.android.settings/com.android.settings.applications.InstalledAppDetails#0
11-18 14:04:18.103 2515 2515 E Launcher.ColorBubbleTextView: mForceHideDot is false
11-18 14:04:18.137 2515 2515 I chatty : uid=10062(com.oppo.launcher) identical 4 lines
11-18 14:04:18.146 2515 2515 E Launcher.ColorBubbleTextView: mForceHideDot is false
11-18 14:04:18.150 841 1311 D DispPerfService: onframeavailable pid=13683, slot=3, seq=61728, name=com.android.settings:com.android.settings/com.android.settings.applications.InstalledAppDetails#0
11-18 14:04:18.151 1139 1251 D ULogGuard: Monitoring: 7 threads, 0 requests, 0 time-bombs; 1 guards. ResetFlags = 0x7
11-18 14:04:18.162 1470 4265 I InputDispatcher: Focus entered window: Window{f0ad280 u0 com.android.settings/com.android.settings.applications.InstalledAppDetails} in display 0
11-18 14:04:18.163 1470 1595 D View : [Warning] assignParent to null: this = DecorView@21c2d64[settings]
11-18 14:04:18.165 13683 13683 D AppUtils: Have 0 number of activities in preferred list
11-18 14:04:18.165 841 899 I BufferQueueProducer: [Splash Screen com.android.settings#0](id:349000020ba,api:2,p:1470,c:841) disconnect(): api=2
11-18 14:04:18.166 841 899 D DispPerfService: get hint proc=Surface(name=fa2581b Splash Screen com.android.settings), idx=0 none
11-18 14:04:18.168 13683 13683 I AppInfoFeature: displayPreference owner.isInstantApp: false owner.isSystemModule: false packageName: com.jlpay.merch
11-18 14:04:18.172 1470 1595 I InputTransport: Destroy ARC handle: 0xb4000076abecaa20
11-18 14:04:18.173 1470 1604 D ArtManagerInternalImpl: /data/misc/iorapd/com.android.settings/7000002/com.android.settings.applications.InstalledAppDetails/compiled_traces/compiled_trace.pb doesn't exist
11-18 14:04:18.175 1470 1604 I ActivityTaskManager: Displayed com.android.settings/.applications.InstalledAppDetails: +312ms
11-18 14:04:18.175 1470 1604 I ActivityTaskManager: Fully drawn com.android.settings/.applications.InstalledAppDetails: +312ms
11-18 14:04:18.177 13683 13683 W AppButtonsPrefCtl: App is not explicitly stopped
11-18 14:04:18.179 1470 1595 V ColorZoomWindowManagerService: onAnimationFinished: r = ActivityRecord{e39e91 u0 com.oppo.launcher/.Launcher t2}
11-18 14:04:18.179 1470 1595 I OplusMirageDisplayManagerService: onAnimationFinished:
11-18 14:04:18.179 1470 1595 V ColorZoomWindowManagerService: onAnimationFinished: r = ActivityRecord{92accb1 u0 com.android.settings/.applications.InstalledAppDetails t18210}
11-18 14:04:18.180 1470 1595 I ColorAppSwitchManagerService: handleAppVisible , r = ActivityRecord{92accb1 u0 com.android.settings/.applications.InstalledAppDetails t18210}
11-18 14:04:18.180 1470 1595 I OplusMirageDisplayManagerService: onAnimationFinished:
11-18 14:04:18.181 13683 13683 D AppFeatureProviderUtils: getStringListForFeature: []
11-18 14:04:18.185 841 841 D OppoExLayer: ~Layer() sequence=61724, name=Surface(name=Task=2)/@0x56cae47 - animation-leash#0@0xb400007328cb6000
11-18 14:04:18.185 841 841 D OppoExLayer: ~Layer() sequence=61723, name=Surface(name=Task=18210)/@0x119d785 - animation-leash#0@0xb40000732953b000
11-18 14:04:18.186 1470 3038 D InputMethodManagerService: isSecurity: attribute.packageName=com.android.settings
11-18 14:04:18.186 1470 3038 D InputMethodManagerService: isSecurity= false ( enable=false needShow=false inBlackList=false isExist=true )
11-18 14:04:18.186 1470 3038 D ColorInputMethodManagerServiceEx: onHandleImeWindowVisibleStatus handledVis: 0, switcher visible: 0, switcher active: 0, needsToShowImeSwitcher: false
11-18 14:04:18.186 1470 4554 I InputDispatcher: Window went away: Window{fa2581b u0 Splash Screen com.android.settings}
11-18 14:04:18.187 1470 3038 D OplusVerificationCodeController: notifyImeAttributeChanged: 64false
11-18 14:04:18.189 841 1311 I BufferQueueProducer: [#0](id:349000020b8,api:1,p:20261,c:841) disconnect(): api=1
11-18 14:04:18.190 841 900 I BufferQueueProducer: [Toast#0](id:349000020b4,api:1,p:2069,c:841) disconnect(): api=1
11-18 14:04:18.191 841 899 I BufferQueueProducer: [com.oppo.launcher/com.oppo.launcher.Launcher#0](id:349000020b9,api:1,p:2515,c:841) disconnect(): api=1
11-18 14:04:18.192 2069 2069 D View : [Warning] assignParent to null: this = com.oplus.internal.widget.OplusToastLayout{330e87d V.E...... ......ID 0,0-742,105 #c02006d oplus:id/oplus_toast_layout}
11-18 14:04:18.194 841 900 D DispPerfService: get hint proc=Surface(name=f79017b Toast), idx=0 none
11-18 14:04:18.197 13683 13695 I ndroid.setting: Background concurrent copying GC freed 111047(6055KB) AllocSpace objects, 4(588KB) LOS objects, 49% free, 11MB/22MB, paused 57us total 103.964ms
11-18 14:04:18.201 2069 2069 I InputTransport: Destroy ARC handle: 0xb4000076a2c65760
11-18 14:04:18.203 841 1311 D DispPerfService: get hint proc=Surface(name=9e67e93 InputMethod), idx=0 none
11-18 14:04:18.187 1470 3038 D ColorInputMethodManagerServiceEx: onHandleImeWindowVisibleStatus handledVis: 0, switcher visible: 0, switcher active: 0, needsToShowImeSwitcher: false
11-18 14:04:18.206 1470 2978 D ColorInputMethodManagerServiceEx: onHandleImeWindowVisibleStatus handledVis: 0, switcher visible: 0, switcher active: 0, needsToShowImeSwitcher: false
11-18 14:04:18.208 809 820 I mtkpower@impl: [setMode] type:5, enabled:0
11-18 14:04:18.209 1470 4262 I ActivityTaskManager: perfNotifyAppState STOP ActivityRecord{e39e91 u0 com.oppo.launcher/.Launcher t2}
11-18 14:04:18.210 809 875 I libPowerHal: [perfLockRel] hdl:40336, idx:2
11-18 14:04:18.210 809 875 I libPowerHal: [PD] scn:2 hdl:40336 hint:11 comm:mtkpower@1.0-se pid:809
11-18 14:04:18.210 809 875 I libPowerHal: [PD] LAUNCH update cmd:300c000 param:0
11-18 14:04:18.210 809 819 I mtkpower@impl: [mtkPowerHint] hint:22, hold:0, ext:30, ext_hold:2000
11-18 14:04:18.210 841 841 D OppoExLayer: ~Layer() sequence=61718, name=Surface(name=9e67e93 InputMethod)/@0xa906ec9 - animation-leash#0@0xb400007334b86000
11-18 14:04:18.210 809 875 I libPowerHal: [perfLockRel] hdl:40337, idx:3
11-18 14:04:18.210 809 875 I libPowerHal: [PD] scn:3 hdl:40337 hint:22 comm:mtkpower@1.0-se pid:809
11-18 14:04:18.210 809 875 I libPowerHal: [PD] MTKPOWER_HINT_PACK_SWITCH update cmd:1000000, param:-1
11-18 14:04:18.211 809 875 I libPowerHal: [PD] MTKPOWER_HINT_PACK_SWITCH update cmd:1408300 param:0
11-18 14:04:18.211 1470 2978 I InputDispatcher: Window went away: Window{f79017b u0 Toast}
11-18 14:04:18.211 809 875 I libPowerHal: [PD] MTKPOWER_HINT_PACK_SWITCH update cmd:1000000 param:-1
11-18 14:04:18.212 809 875 I libPowerHal: [perfLockAcq] idx:1 hdl:40341 hint:30 pid:809 duration:2000 => ret_hdl:40341
11-18 14:04:18.212 809 875 I libPowerHal: [PE] scn:1 hdl:40341 hint:30 comm:mtkpower@1.0-se pid:809
11-18 14:04:18.212 809 875 I libPowerHal: [PE] MTKPOWER_HINT_EXT_LAUNCH update cmd:1000000, param:1
11-18 14:04:18.212 809 875 I libPowerHal: [PE] MTKPOWER_HINT_EXT_LAUNCH update cmd:2020000, param:15
11-18 14:04:18.212 809 875 I libPowerHal: [PE] MTKPOWER_HINT_EXT_LAUNCH update cmd:1408300, param:40
11-18 14:04:18.212 809 875 I libPowerHal: [PE] MTKPOWER_HINT_EXT_LAUNCH update cmd:1000000 param:1
11-18 14:04:18.213 2515 2515 V PhoneWindow: DecorView setVisiblity: visibility = 4, Parent = android.view.ViewRootImpl@4720906, this = DecorView@3f1dbc7[Launcher]
11-18 14:04:18.216 1470 4554 W NotificationService: Toast already killed. pkg=com.jlpay.merch token=android.os.BinderProxy@1f49bf8
11-18 14:04:18.217 31557 31557 V PhoneWindow: DecorView setVisiblity: visibility = 8, Parent = android.view.ViewRootImpl@bb459d, this = DecorView@a937e7c[InputMethod]
11-18 14:04:18.221 1470 4257 D OppoDisplayPolicy: com.android.systemui, change system app cutoutMode: color always
11-18 14:04:18.224 1470 1592 D OplusAppBwCore: onUidImportance: 10062, 100
11-18 14:04:18.224 20726 18198 I RemoteGuardClient.DWB.ActivityMonitor: onForegroundActivitiesChanged 2515,10062,foreground false pkg= oppo.uid.launcher:10062
11-18 14:04:18.226 20726 20763 I RemoteGuardClient.DWB.ActivityMonitor: topActivities = [com.android.settings]
11-18 14:04:18.227 841 841 I BufferQueueConsumer: [com.oppo.launcher/com.oppo.launcher.Launcher#0](id:349000020b9,api:0,p:-1,c:841) disconnect()
11-18 14:04:18.227 841 841 I BufferQueue: [com.oppo.launcher/com.oppo.launcher.Launcher#0](this:0xb400007334b69258,id:8377,api:1,p:-1,c:-1) onDestructor()
11-18 14:04:18.227 841 841 D OppoExLayer: ~Layer() sequence=61715, name=com.oppo.launcher/com.oppo.launcher.Launcher#0@0xb40000733618b000
11-18 14:04:18.227 841 841 I BufferQueueConsumer: [#0](id:349000020b8,api:0,p:-1,c:841) disconnect()
11-18 14:04:18.227 841 841 I BufferQueue: [#0](this:0xb4000073c9cf1458,id:8376,api:1,p:-1,c:-1) onDestructor()
11-18 14:04:18.227 841 841 D OppoExLayer: ~Layer() sequence=61714, name=#0@0xb400007329900000
11-18 14:04:18.227 1470 4257 I InputDispatcher: Window went away: #0
11-18 14:04:18.227 1470 4257 I InputDispatcher: Window went away: com.oppo.launcher/com.oppo.launcher.Launcher#0
11-18 14:04:18.360 841 841 D OppoExLayer: ~Layer() sequence=61731, name=Surface(name=fa2581b Splash Screen com.android.settings)/@0x7b7dbb0 - animation-leash#0@0xb40000733617d000
11-18 14:04:18.360 841 841 D OppoExLayer: ~Layer() sequence=61721, name=fa2581b Splash Screen com.android.settings#0@0xb4000073294ef000
11-18 14:04:18.360 1470 4554 I InputDispatcher: Window went away: Splash Screen com.android.settings#0
11-18 14:04:18.361 841 841 I BufferQueueConsumer: [Splash Screen com.android.settings#0](id:349000020ba,api:0,p:-1,c:841) disconnect()
11-18 14:04:18.361 841 841 I BufferQueue: [Splash Screen com.android.settings#0](this:0xb4000073c9cf3058,id:8378,api:2,p:-1,c:-1) onDestructor()
11-18 14:04:18.361 841 841 D OppoExLayer: ~Layer() sequence=61722, name=Splash Screen com.android.settings#0@0xb400007329516000
11-18 14:04:18.452 13683 13683 D AppInfoDashboard: Package change irrelevant, skipping
11-18 14:04:18.464 13683 13683 D AppInfoDashboard: Package change irrelevant, skipping
11-18 14:04:18.469 1470 1829 I mtkpower_client: perf_lock_rel, hdl:40340, tid:1829
11-18 14:04:18.469 1470 1829 I mtkpower_client: perf_lock_acq, hdl:40340, dur:0, num:12, tid:1829
11-18 14:04:18.470 809 819 I mtkpower@impl: [check_work_req] i:0, msg:1 hdl:40340, wait
11-18 14:04:18.470 809 875 I libPowerHal: [perfLockRel] hdl:40340, idx:0
11-18 14:04:18.470 809 875 I libPowerHal: [PD] scn:0 hdl:40340 lock_user:system_server pid:1470 tid:1829 dur:0
11-18 14:04:18.470 809 875 I libPowerHal: system_server: cpu_ctrl set cpu freq: -1 -1 -1 -1
11-18 14:04:18.470 809 875 I libPowerHal: [PD] system_server update cmd:1c3c000, param:1
11-18 14:04:18.471 809 875 I libPowerHal: [PD] system_server update cmd:10000100 param:2
11-18 14:04:18.472 1470 1829 I mtkpower_client: ret_hdl:40342
11-18 14:04:18.472 809 875 I libPowerHal: [perfLockAcq] idx:0 hdl:40342 hint:-1 pid:1470 duration:0 => ret_hdl:40342
11-18 14:04:18.472 809 875 I libPowerHal: [PE] scn:0 hdl:40342 lock_user:system_server pid:1470 tid:1829 dur:0
11-18 14:04:18.473 809 875 I libPowerHal: system_server: cpu_ctrl set cpu freq: 2000000 -1 2000000 -1
11-18 14:04:18.473 809 875 I libPowerHal: [PE] system_server update cmd:1410000, param:1
11-18 14:04:18.473 809 875 I libPowerHal: [PE] system_server update cmd:1c3c000, param:0
11-18 14:04:18.473 809 875 I libPowerHal: [PE] system_server update cmd:10000100, param:2
11-18 14:04:18.474 1470 1829 I mtkpower_client: perf_lock_rel, hdl:40342, tid:1829
11-18 14:04:18.474 1470 1829 I mtkpower_client: perf_lock_acq, hdl:40342, dur:0, num:4, tid:1829
11-18 14:04:18.475 809 875 I libPowerHal: [perfLockRel] hdl:40342, idx:0
11-18 14:04:18.475 809 875 I libPowerHal: [PD] scn:0 hdl:40342 lock_user:system_server pid:1470 tid:1829 dur:0
11-18 14:04:18.475 809 875 I libPowerHal: system_server: cpu_ctrl set cpu freq: -1 -1 -1 -1
11-18 14:04:18.475 809 875 I libPowerHal: [PD] system_server update cmd:1410000 param:0
11-18 14:04:18.475 809 875 I libPowerHal: [PD] system_server update cmd:1c3c000, param:1
11-18 14:04:18.475 809 875 I libPowerHal: [PD] system_server update cmd:10000100 param:2
11-18 14:04:18.475 1470 1829 I mtkpower_client: ret_hdl:40343
11-18 14:04:18.475 809 875 I libPowerHal: [perfLockAcq] idx:0 hdl:40343 hint:-1 pid:1470 duration:0 => ret_hdl:40343
11-18 14:04:18.475 809 875 I libPowerHal: [PE] scn:0 hdl:40343 lock_user:system_server pid:1470 tid:1829 dur:0
11-18 14:04:18.475 809 875 I libPowerHal: [PE] system_server update cmd:10000100, param:2
11-18 14:04:18.577 13683 13683 D AppInfoDashboard: Package change irrelevant, skipping
11-18 14:04:18.678 13683 13683 D ViewRootImpl: enqueueInputEventMotionEvent { action=ACTION_DOWN, actionButton=0, id[0]=0, x[0]=542.0, y[0]=1133.0, toolType[0]=TOOL_TYPE_FINGER, buttonState=0, classification=NONE, metaState=0, flags=0x2, edgeFlags=0x0, pointerCount=1, historySize=0, eventTime=425637195, downTime=425637195, deviceId=3, source=0x1002, displayId=0 }
11-18 14:04:18.665 13683 13683 I chatty : uid=1000(system) com.android.settings identical 9 lines
11-18 14:04:18.673 13683 13683 D AppInfoDashboard: Package change irrelevant, skipping
11-18 14:04:18.678 13683 13683 D ViewRootImpl[InstalledAppDetails]: processMotionEvent MotionEvent { action=ACTION_DOWN, actionButton=0, id[0]=0, x[0]=542.0, y[0]=1133.0, toolType[0]=TOOL_TYPE_FINGER, buttonState=0, classification=NONE, metaState=0, flags=0x2, edgeFlags=0x0, pointerCount=1, historySize=0, eventTime=425637195, downTime=425637195, deviceId=3, source=0x1002, displayId=0 }
11-18 14:04:18.678 13683 13683 D ViewRootImpl[InstalledAppDetails]: dispatchPointerEvent handled=true, event=MotionEvent { action=ACTION_DOWN, actionButton=0, id[0]=0, x[0]=542.0, y[0]=1133.0, toolType[0]=TOOL_TYPE_FINGER, buttonState=0, classification=NONE, metaState=0, flags=0x2, edgeFlags=0x0, pointerCount=1, historySize=0, eventTime=425637195, downTime=425637195, deviceId=3, source=0x1002, displayId=0 }
11-18 14:04:18.680 809 875 I libPowerHal: [perfLockAcq] idx:2 hdl:40344 hint:25 pid:809 duration:10000 => ret_hdl:40344
11-18 14:04:18.680 809 875 I libPowerHal: [PE] scn:2 hdl:40344 hint:25 comm:mtkpower@1.0-se pid:809
11-18 14:04:18.681 809 875 I libPowerHal: [PE] MTKPOWER_HINT_APP_TOUCH update cmd:3408600 param:1
11-18 14:04:18.683 13683 13683 D AppInfoDashboard: Package change irrelevant, skipping
11-18 14:04:18.718 13683 13683 I chatty : uid=1000(system) com.android.settings identical 17 lines
11-18 14:04:18.724 13683 13683 D AppInfoDashboard: Package change irrelevant, skipping
11-18 14:04:18.726 841 841 D OppoExLayer: ~Layer() sequence=61677, name=WindowToken{edade5f android.os.Binder@79996fe}#0@0xb40000733681b000
11-18 14:04:18.726 841 841 D OppoExLayer: ~Layer() sequence=61732, name=Surface(name=f79017b Toast)/@0x6b3f5b0 - animation-leash#0@0xb400007329896000
11-18 14:04:18.726 841 841 D OppoExLayer: ~Layer() sequence=61678, name=f79017b Toast#0@0xb400007336129000
11-18 14:04:18.726 841 841 I BufferQueueConsumer: [Toast#0](id:349000020b4,api:0,p:-1,c:841) disconnect()
11-18 14:04:18.726 841 841 I BufferQueue: [Toast#0](this:0xb400007334a1b458,id:8372,api:1,p:-1,c:-1) onDestructor()
11-18 14:04:18.726 841 841 D OppoExLayer: ~Layer() sequence=61679, name=Toast#0@0xb400007336825000
11-18 14:04:18.727 1470 4554 I InputDispatcher: Window went away: Toast#0
11-18 14:04:18.731 13683 13683 D AppInfoDashboard: Package change irrelevant, skipping
11-18 14:04:18.747 13683 13683 I chatty : uid=1000(system) com.android.settings identical 11 lines
11-18 14:04:18.749 13683 13683 D AppInfoDashboard: Package change irrelevant, skipping
11-18 14:04:18.751 809 875 I libPowerHal: [perfLockRel] hdl:40344, idx:2
11-18 14:04:18.751 809 875 I libPowerHal: [PD] scn:2 hdl:40344 hint:25 comm:mtkpower@1.0-se pid:809
11-18 14:04:18.751 809 875 I libPowerHal: [PD] MTKPOWER_HINT_APP_TOUCH update cmd:3408600 param:0
11-18 14:04:18.751 13683 13683 D ViewRootImpl[InstalledAppDetails]: processMotionEvent MotionEvent { action=ACTION_UP, actionButton=0, id[0]=0, x[0]=542.0, y[0]=1133.0, toolType[0]=TOOL_TYPE_FINGER, buttonState=0, classification=NONE, metaState=0, flags=0x2, edgeFlags=0x0, pointerCount=1, historySize=0, eventTime=425637269, downTime=425637195, deviceId=3, source=0x1002, displayId=0 }
11-18 14:04:18.752 13683 13683 D ViewRootImpl[InstalledAppDetails]: dispatchPointerEvent handled=true, event=MotionEvent { action=ACTION_UP, actionButton=0, id[0]=0, x[0]=542.0, y[0]=1133.0, toolType[0]=TOOL_TYPE_FINGER, buttonState=0, classification=NONE, metaState=0, flags=0x2, edgeFlags=0x0, pointerCount=1, historySize=0, eventTime=425637269, downTime=425637195, deviceId=3, source=0x1002, displayId=0 }
11-18 14:04:18.754 13683 13766 W ContextImpl: Calling a method in the system process without a qualified user: android.app.ContextImpl.startService:1701 android.content.ContextWrapper.startService:730 android.content.ContextWrapper.startService:730 com.oppo.c.c.a.a:210 com.oppo.c.c.a.a:137
11-18 14:04:18.755 1470 3038 I ActivityTaskManager: START u0 {act=android.intent.action.MAIN cmp=com.android.settings/.SubSettings (has extras) mCallingUid=1000} from uid 1000 and from pid 13683
11-18 14:04:18.755 1470 1829 I mtkpower_client: perf_lock_rel, hdl:40343, tid:1829
11-18 14:04:18.755 1470 3038 D ColorZoomWindowRUSConfigManager: isSupportZoomModeWithPolicyLocked: target = com.android.settings/.SubSettings
11-18 14:04:18.755 1470 3038 D ColorZoomWindowRUSConfigManager: targetPkg = com.android.settings
11-18 14:04:18.755 1470 3038 I ColorZoomWindowRUSConfigManager: target pkg is unsupport zoom window mode
11-18 14:04:18.755 1470 1829 I mtkpower_client: perf_lock_acq, hdl:40343, dur:0, num:12, tid:1829
11-18 14:04:18.755 1470 3038 V ColorZoomWindowManagerService: unSupportZoom: true ,callingPid: 13683 ,sourceStack: Task{37d4596 #18210 visible=true type=standard mode=fullscreen translucent=true A=1000:.applications.InstalledAppDetailsTop U=0 StackId=18210 sz=1}
11-18 14:04:18.755 1470 3038 I ColorZoomWindowDebugConfig: disableDebugLifeCycle before: DEBUG_LIFE_CYCLE = false
11-18 14:04:18.755 1470 3038 I ColorZoomWindowDebugConfig: disableDebugLifeCycle after: DEBUG_LIFE_CYCLE = false
11-18 14:04:18.755 1470 3038 D ColorZoomWindowManagerService: setWindowType, type = 0
11-18 14:04:18.756 809 875 I libPowerHal: [perfLockRel] hdl:40343, idx:0
11-18 14:04:18.756 809 875 I libPowerHal: [PD] scn:0 hdl:40343 lock_user:system_server pid:1470 tid:1829 dur:0
11-18 14:04:18.756 809 875 I libPowerHal: [PD] system_server update cmd:10000100 param:2
11-18 14:04:18.757 1470 3038 W ColorAccessControlManagerService: notifyZoomWindowExit: stack=Task{37d4596 #18210 visible=true type=standard mode=fullscreen translucent=true A=1000:.applications.InstalledAppDetailsTop U=0 StackId=18210 sz=1} windowMode=1 topActivity=ActivityRecord{92accb1 u0 com.android.settings/.applications.InstalledAppDetails t18210} toFullScreen = true
11-18 14:04:18.757 1470 1829 I mtkpower_client: ret_hdl:40345
11-18 14:04:18.757 1470 3038 V ColorZoomWindowManagerService: notifyZoomWindowHide:
11-18 14:04:18.757 809 875 I libPowerHal: [perfLockAcq] idx:0 hdl:40345 hint:-1 pid:1470 duration:0 => ret_hdl:40345
11-18 14:04:18.757 809 875 I libPowerHal: [PE] scn:0 hdl:40345 lock_user:system_server pid:1470 tid:1829 dur:0
11-18 14:04:18.757 809 875 I libPowerHal: system_server: cpu_ctrl set cpu freq: 2000000 -1 2000000 -1
11-18 14:04:18.757 20608 20628 D ZoomAppController: onZoomWindowHide = OplusZoomWindowInfo = { windowType = 0 cvActionFlag = 0 pName = null rotation = 0 shown = false lockPkg = null zoomRect = Rect(0, 0 - 0, 0) lockUserId = 0 zoomUserId = 0 inputShow = false cpnName = null lastExitMethod = 4 inputMethodType = 0 extension = Bundle[EMPTY_PARCEL]}
11-18 14:04:18.757 809 875 I libPowerHal: [PE] system_server update cmd:1410000, param:1
11-18 14:04:18.757 20608 20628 D ZoomAppController: updateZoomWindowInfo before = OplusZoomWindowInfo = { windowType = 0 cvActionFlag = 0 pName = null rotation = 0 shown = false lockPkg = null zoomRect = Rect(0, 0 - 0, 0) lockUserId = 0 zoomUserId = 0 inputShow = false cpnName = null lastExitMethod = 4 inputMethodType = 0 extension = Bundle[EMPTY_PARCEL]}
11-18 14:04:18.757 809 875 I libPowerHal: [PE] system_server update cmd:1c3c000, param:0
11-18 14:04:18.758 20608 20628 D ZoomAppController: updateZoomWindowInfo after = OplusZoomWindowInfo = { windowType = 0 cvActionFlag = 0 pName = null rotation = 0 shown = false lockPkg = null zoomRect = Rect(0, 0 - 0, 0) lockUserId = 0 zoomUserId = 0 inputShow = false cpnName = null lastExitMethod = 4 inputMethodType = 0 extension = Bundle[EMPTY_PARCEL]}
11-18 14:04:18.758 20608 20628 D ZoomAppController: isZoomWindowHasBeenStarted() = false
11-18 14:04:18.758 809 875 I libPowerHal: [PE] system_server update cmd:10000100, param:2
11-18 14:04:18.758 20608 20628 W ZoomAppController: zoom window is not starting
11-18 14:04:18.758 20608 20628 D ZoomAppController: hideTips abort, uiProcessNotReady
11-18 14:04:18.758 841 1311 D DispPerfService: get hint proc=ActivityRecord{5c03672 u0 com.android.settings, idx=0 none
11-18 14:04:18.759 809 820 I mtkpower@impl: [setMode] type:5, enabled:1
11-18 14:04:18.757 1470 3038 I chatty : uid=1000(system) Binder:1470_E identical 1 line
11-18 14:04:18.757 1470 3038 V ColorZoomWindowManagerService: notifyZoomWindowHide:
11-18 14:04:18.759 1470 3038 D ColorZoomWindowRUSConfigManager: isSupportZoomModeWithPolicyLocked: target = com.android.settings/.SubSettings
11-18 14:04:18.759 1470 3038 D ColorZoomWindowRUSConfigManager: targetPkg = com.android.settings
11-18 14:04:18.759 1470 3038 I ColorZoomWindowRUSConfigManager: target pkg is unsupport zoom window mode
11-18 14:04:18.759 1470 3038 V ColorZoomWindowManagerService: unSupportZoom: true ,callingPid: 13683 ,sourceStack: Task{37d4596 #18210 visible=true type=standard mode=fullscreen translucent=true A=1000:.applications.InstalledAppDetailsTop U=0 StackId=18210 sz=2}
11-18 14:04:18.759 1470 3038 I ColorZoomWindowDebugConfig: disableDebugLifeCycle before: DEBUG_LIFE_CYCLE = false
11-18 14:04:18.759 1470 3038 I ColorZoomWindowDebugConfig: disableDebugLifeCycle after: DEBUG_LIFE_CYCLE = false
11-18 14:04:18.759 1470 3038 D ColorZoomWindowManagerService: setWindowType, type = 0
11-18 14:04:18.759 809 875 I libPowerHal: [perfLockAcq] idx:2 hdl:40346 hint:11 pid:809 duration:30000 => ret_hdl:40346
11-18 14:04:18.759 809 875 I libPowerHal: [PE] scn:2 hdl:40346 hint:11 comm:mtkpower@1.0-se pid:809
11-18 14:04:18.759 809 875 I libPowerHal: [PE] LAUNCH update cmd:1000000, param:0
11-18 14:04:18.759 809 875 I libPowerHal: [PE] LAUNCH update cmd:1408300, param:100
11-18 14:04:18.760 809 875 I libPowerHal: [PE] LAUNCH update cmd:300c000, param:15
11-18 14:04:18.760 809 875 I libPowerHal: [PE] LAUNCH update cmd:1000000 param:0
11-18 14:04:18.760 1470 3038 W ColorAccessControlManagerService: notifyZoomWindowExit: stack=Task{37d4596 #18210 visible=true type=standard mode=fullscreen translucent=true A=1000:.applications.InstalledAppDetailsTop U=0 StackId=18210 sz=2} windowMode=1 topActivity=ActivityRecord{5c03672 u0 com.android.settings/.SubSettings t18210} toFullScreen = true
11-18 14:04:18.760 1470 3038 V ColorZoomWindowManagerService: notifyZoomWindowHide:
11-18 14:04:18.760 20608 20628 D ZoomAppController: onZoomWindowHide = OplusZoomWindowInfo = { windowType = 0 cvActionFlag = 0 pName = null rotation = 0 shown = false lockPkg = null zoomRect = Rect(0, 0 - 0, 0) lockUserId = 0 zoomUserId = 0 inputShow = false cpnName = null lastExitMethod = 4 inputMethodType = 0 extension = Bundle[EMPTY_PARCEL]}
11-18 14:04:18.760 20608 20628 D ZoomAppController: updateZoomWindowInfo before = OplusZoomWindowInfo = { windowType = 0 cvActionFlag = 0 pName = null rotation = 0 shown = false lockPkg = null zoomRect = Rect(0, 0 - 0, 0) lockUserId = 0 zoomUserId = 0 inputShow = false cpnName = null lastExitMethod = 4 inputMethodType = 0 extension = Bundle[EMPTY_PARCEL]}
11-18 14:04:18.761 20608 20628 D ZoomAppController: updateZoomWindowInfo after = OplusZoomWindowInfo = { windowType = 0 cvActionFlag = 0 pName = null rotation = 0 shown = false lockPkg = null zoomRect = Rect(0, 0 - 0, 0) lockUserId = 0 zoomUserId = 0 inputShow = false cpnName = null lastExitMethod = 4 inputMethodType = 0 extension = Bundle[EMPTY_PARCEL]}
11-18 14:04:18.761 20608 20628 D ZoomAppController: isZoomWindowHasBeenStarted() = false
11-18 14:04:18.761 20608 20628 W ZoomAppController: zoom window is not starting
11-18 14:04:18.761 20608 20628 D ZoomAppController: hideTips abort, uiProcessNotReady
11-18 14:04:18.761 809 875 I libPowerHal: [perfLockRel] hdl:40341, idx:1
11-18 14:04:18.761 809 875 I libPowerHal: [PD] scn:1 hdl:40341 hint:30 comm:mtkpower@1.0-se pid:809
