11-18 14:04:53.223 15549 15549 E ContextImpl: at android.os.Looper.loop(Looper.java:264)
11-18 14:04:53.223 15549 15549 E ContextImpl: at android.app.ActivityThread.main(ActivityThread.java:8262)
11-18 14:04:53.223 15549 15549 E ContextImpl: at java.lang.reflect.Method.invoke(Native Method)
11-18 14:04:53.223 15549 15549 E ContextImpl: at com.android.internal.os.RuntimeInit$MethodAndArgsCaller.run(RuntimeInit.java:632)
11-18 14:04:53.223 15549 15549 E ContextImpl: at com.android.internal.os.ZygoteInit.main(ZygoteInit.java:1049)
11-18 14:04:53.315 1142 1142 I thermal_repeater: [recvMdThermalInfo] ret=32, strLen=127, 0, 32767, -127, 0, 32767, 10838
11-18 14:04:53.400 841 899 D DispPerfService: get hint proc=Surface(name=9e67e93 InputMethod), idx=0 none
11-18 14:04:53.407 1470 2436 I InputDispatcher: Window went away: com.jlpay.merch/com.jlpay.merch.ui.start.SplashActivity#1
11-18 14:04:53.409 31557 31557 V PhoneWindow: DecorView setVisiblity: visibility = 8, Parent = android.view.ViewRootImpl@bb459d, this = DecorView@a937e7c[InputMethod]
11-18 14:04:53.416 841 841 I BufferQueueConsumer: [com.jlpay.merch/com.jlpay.merch.ui.start.SplashActivity#1](id:349000020c4,api:0,p:-1,c:841) disconnect()
11-18 14:04:53.416 841 841 I BufferQueue: [com.jlpay.merch/com.jlpay.merch.ui.start.SplashActivity#1](this:0xb400007334b6a058,id:8388,api:1,p:-1,c:-1) onDestructor()
11-18 14:04:53.416 841 841 D OppoExLayer: ~Layer() sequence=61791, name=com.jlpay.merch/com.jlpay.merch.ui.start.SplashActivity#1@0xb400007336825000
11-18 14:04:53.416 841 841 D OppoExLayer: ~Layer() sequence=61797, name=Surface(name=d361f83 com.jlpay.merch/com.jlpay.merch.ui.start.SplashActivity)/@0xffd39c4 - animation-leash#0@0xb400007336118000
11-18 14:04:53.416 841 841 D OppoExLayer: ~Layer() sequence=61787, name=d361f83 com.jlpay.merch/com.jlpay.merch.ui.start.SplashActivity#0@0xb400007329900000
11-18 14:04:53.416 841 841 D OppoExLayer: ~Layer() sequence=61800, name=Surface(name=Dim Layer for - Task=18211)/@0xe7de82e - animation-leash#0@0xb4000073361fa000
11-18 14:04:53.418 841 841 D OppoExLayer: ~Layer() sequence=61793, name=Dim Layer for - Task=18211#0@0xb400007336055000
11-18 14:04:53.449 841 2967 I BufferQueueProducer: [NavigationBar0#0](this:0xb400007348959658,id:6,api:1,p:2069,c:841) queueBuffer: fps=3.57 dur=8956.15 max=8709.31 min=1.84
11-18 14:04:53.567 15549 15549 I Choreographer: Skipped 48 frames! The application may be doing too much work on its main thread.
11-18 14:04:53.576 15549 15549 I PRETTY_LOGGER: โ”Œโ”€โ”€โ”€โ”€โ”€โ”€โ”€โ”€โ”€โ”€โ”€โ”€โ”€โ”€โ”€โ”€โ”€โ”€โ”€โ”€โ”€โ”€โ”€โ”€โ”€โ”€โ”€โ”€โ”€โ”€โ”€โ”€โ”€โ”€โ”€โ”€โ”€โ”€โ”€โ”€โ”€โ”€โ”€โ”€โ”€โ”€โ”€โ”€โ”€โ”€โ”€โ”€โ”€โ”€โ”€โ”€โ”€โ”€โ”€โ”€โ”€โ”€โ”€โ”€โ”€โ”€โ”€โ”€โ”€โ”€โ”€โ”€โ”€โ”€โ”€โ”€โ”€โ”€โ”€โ”€โ”€โ”€โ”€โ”€โ”€โ”€โ”€โ”€โ”€โ”€โ”€โ”€โ”€โ”€โ”€โ”€โ”€โ”€โ”€โ”€โ”€โ”€โ”€โ”€โ”€โ”€โ”€โ”€โ”€โ”€โ”€โ”€
11-18 14:04:53.577 15549 15549 I PRETTY_LOGGER: โ”‚ LogUtils.i (LogUtils.java:27)
11-18 14:04:53.577 15549 15549 I PRETTY_LOGGER: โ”‚ LogUtils.i (LogUtils.java:21)
11-18 14:04:53.577 15549 15549 I PRETTY_LOGGER: โ”œโ”„โ”„โ”„โ”„โ”„โ”„โ”„โ”„โ”„โ”„โ”„โ”„โ”„โ”„โ”„โ”„โ”„โ”„โ”„โ”„โ”„โ”„โ”„โ”„โ”„โ”„โ”„โ”„โ”„โ”„โ”„โ”„โ”„โ”„โ”„โ”„โ”„โ”„โ”„โ”„โ”„โ”„โ”„โ”„โ”„โ”„โ”„โ”„โ”„โ”„โ”„โ”„โ”„โ”„โ”„โ”„โ”„โ”„โ”„โ”„โ”„โ”„โ”„โ”„โ”„โ”„โ”„โ”„โ”„โ”„โ”„โ”„โ”„โ”„โ”„โ”„โ”„โ”„โ”„โ”„โ”„โ”„โ”„โ”„โ”„โ”„โ”„โ”„โ”„โ”„โ”„โ”„โ”„โ”„โ”„โ”„โ”„โ”„โ”„โ”„โ”„โ”„โ”„โ”„โ”„โ”„โ”„โ”„โ”„โ”„โ”„โ”„
11-18 14:04:53.577 15549 15549 I PRETTY_LOGGER: โ”‚ cookie:null
11-18 14:04:53.577 15549 15549 I PRETTY_LOGGER: โ””โ”€โ”€โ”€โ”€โ”€โ”€โ”€โ”€โ”€โ”€โ”€โ”€โ”€โ”€โ”€โ”€โ”€โ”€โ”€โ”€โ”€โ”€โ”€โ”€โ”€โ”€โ”€โ”€โ”€โ”€โ”€โ”€โ”€โ”€โ”€โ”€โ”€โ”€โ”€โ”€โ”€โ”€โ”€โ”€โ”€โ”€โ”€โ”€โ”€โ”€โ”€โ”€โ”€โ”€โ”€โ”€โ”€โ”€โ”€โ”€โ”€โ”€โ”€โ”€โ”€โ”€โ”€โ”€โ”€โ”€โ”€โ”€โ”€โ”€โ”€โ”€โ”€โ”€โ”€โ”€โ”€โ”€โ”€โ”€โ”€โ”€โ”€โ”€โ”€โ”€โ”€โ”€โ”€โ”€โ”€โ”€โ”€โ”€โ”€โ”€โ”€โ”€โ”€โ”€โ”€โ”€โ”€โ”€โ”€โ”€โ”€โ”€
11-18 14:04:53.580 15549 15549 D OkHttpDns: {}
11-18 14:04:53.580 15549 15549 D OkHttpDns: {}
11-18 14:04:53.596 1470 2436 D InputMethodManagerService: isSecurity: attribute.packageName=com.jlpay.merch
11-18 14:04:53.596 1470 2436 D InputMethodManagerService: isSecurity= false ( enable=false needShow=false inBlackList=false isExist=true )
11-18 14:04:53.596 1470 2436 D ColorInputMethodManagerServiceEx: onHandleImeWindowVisibleStatus handledVis: 0, switcher visible: 0, switcher active: 0, needsToShowImeSwitcher: false
11-18 14:04:53.596 1470 2436 D OplusVerificationCodeController: notifyImeAttributeChanged: 64false
11-18 14:04:53.598 15549 15847 I PRETTY_LOGGER: โ”Œโ”€โ”€โ”€โ”€โ”€โ”€โ”€โ”€โ”€โ”€โ”€โ”€โ”€โ”€โ”€โ”€โ”€โ”€โ”€โ”€โ”€โ”€โ”€โ”€โ”€โ”€โ”€โ”€โ”€โ”€โ”€โ”€โ”€โ”€โ”€โ”€โ”€โ”€โ”€โ”€โ”€โ”€โ”€โ”€โ”€โ”€โ”€โ”€โ”€โ”€โ”€โ”€โ”€โ”€โ”€โ”€โ”€โ”€โ”€โ”€โ”€โ”€โ”€โ”€โ”€โ”€โ”€โ”€โ”€โ”€โ”€โ”€โ”€โ”€โ”€โ”€โ”€โ”€โ”€โ”€โ”€โ”€โ”€โ”€โ”€โ”€โ”€โ”€โ”€โ”€โ”€โ”€โ”€โ”€โ”€โ”€โ”€โ”€โ”€โ”€โ”€โ”€โ”€โ”€โ”€โ”€โ”€โ”€โ”€โ”€โ”€โ”€
11-18 14:04:53.598 15549 15847 I PRETTY_LOGGER: โ”‚ LogUtils.i (LogUtils.java:27)
11-18 14:04:53.598 15549 15847 I PRETTY_LOGGER: โ”‚ LogUtils.i (LogUtils.java:21)
11-18 14:04:53.598 841 899 D DispPerfService: get hint proc=Surface(name=9e67e93 InputMethod), idx=0 none
11-18 14:04:53.599 15549 15847 I PRETTY_LOGGER: โ”œโ”„โ”„โ”„โ”„โ”„โ”„โ”„โ”„โ”„โ”„โ”„โ”„โ”„โ”„โ”„โ”„โ”„โ”„โ”„โ”„โ”„โ”„โ”„โ”„โ”„โ”„โ”„โ”„โ”„โ”„โ”„โ”„โ”„โ”„โ”„โ”„โ”„โ”„โ”„โ”„โ”„โ”„โ”„โ”„โ”„โ”„โ”„โ”„โ”„โ”„โ”„โ”„โ”„โ”„โ”„โ”„โ”„โ”„โ”„โ”„โ”„โ”„โ”„โ”„โ”„โ”„โ”„โ”„โ”„โ”„โ”„โ”„โ”„โ”„โ”„โ”„โ”„โ”„โ”„โ”„โ”„โ”„โ”„โ”„โ”„โ”„โ”„โ”„โ”„โ”„โ”„โ”„โ”„โ”„โ”„โ”„โ”„โ”„โ”„โ”„โ”„โ”„โ”„โ”„โ”„โ”„โ”„โ”„โ”„โ”„โ”„โ”„
11-18 14:04:53.599 15549 15847 I PRETTY_LOGGER: โ”‚ ่ฏทๆฑ‚๏ผšhttps://login-api-dev.jlpay.com/boss_login/downCypher
11-18 14:04:53.599 15549 15847 I PRETTY_LOGGER: โ”‚
11-18 14:04:53.599 15549 15847 I PRETTY_LOGGER: โ”‚ {"app_id":"162575608951564","rid":"1121323","format":"json","timestamp":1637215493585,"version":"1822","sign_type":"RSA2","sign":"1822","nonce_str":"dc6b3463c2ff4ba8b5cbcc982d1b2c5d","biz_content":{"os_type":"ANDROID","os_version":"11","device_no":"f5e46edc-1b64-4281-9d5d-aae3897002b1","device_type":"PDKM00","app_version":"2.8.4"}}
11-18 14:04:53.599 15549 15847 I PRETTY_LOGGER: โ””โ”€โ”€โ”€โ”€โ”€โ”€โ”€โ”€โ”€โ”€โ”€โ”€โ”€โ”€โ”€โ”€โ”€โ”€โ”€โ”€โ”€โ”€โ”€โ”€โ”€โ”€โ”€โ”€โ”€โ”€โ”€โ”€โ”€โ”€โ”€โ”€โ”€โ”€โ”€โ”€โ”€โ”€โ”€โ”€โ”€โ”€โ”€โ”€โ”€โ”€โ”€โ”€โ”€โ”€โ”€โ”€โ”€โ”€โ”€โ”€โ”€โ”€โ”€โ”€โ”€โ”€โ”€โ”€โ”€โ”€โ”€โ”€โ”€โ”€โ”€โ”€โ”€โ”€โ”€โ”€โ”€โ”€โ”€โ”€โ”€โ”€โ”€โ”€โ”€โ”€โ”€โ”€โ”€โ”€โ”€โ”€โ”€โ”€โ”€โ”€โ”€โ”€โ”€โ”€โ”€โ”€โ”€โ”€โ”€โ”€โ”€โ”€
11-18 14:04:53.603 1470 4256 D OppoDisplayPolicy: com.android.systemui, change system app cutoutMode: color always
11-18 14:04:53.622 15549 15859 I RestApi : RestAPI start send log!
11-18 14:04:53.622 15549 15857 W System.err: java.io.IOException: Cleartext HTTP traffic to httpdns-sc.aliyuncs.com not permitted
11-18 14:04:53.623 15549 15857 W System.err: at com.android.okhttp.HttpHandler$CleartextURLFilter.checkURLPermitted(HttpHandler.java:127)
11-18 14:04:53.623 15549 15857 W System.err: at com.android.okhttp.internal.huc.HttpURLConnectionImpl.execute(HttpURLConnectionImpl.java:462)
11-18 14:04:53.623 15549 15857 W System.err: at com.android.okhttp.internal.huc.HttpURLConnectionImpl.getResponse(HttpURLConnectionImpl.java:411)
11-18 14:04:53.623 15549 15857 W System.err: at com.android.okhttp.internal.huc.HttpURLConnectionImpl.getResponseCode(HttpURLConnectionImpl.java:542)
11-18 14:04:53.623 15549 15857 W System.err: at com.alibaba.sdk.android.httpdns.h.c.a(Unknown Source:76)
11-18 14:04:53.623 15549 15857 W System.err: at com.alibaba.sdk.android.httpdns.h.h.a(Unknown Source:2)
11-18 14:04:53.623 15549 15857 W System.err: at com.alibaba.sdk.android.httpdns.h.g.a(Unknown Source:18)
11-18 14:04:53.623 15549 15857 W System.err: at com.alibaba.sdk.android.httpdns.h.h.a(Unknown Source:2)
11-18 14:04:53.623 15549 15549 I System.out: ------> log control true account 178519
11-18 14:04:53.623 15549 15857 W System.err: at com.alibaba.sdk.android.httpdns.h.g.a(Unknown Source:18)
11-18 14:04:53.623 15549 15857 W System.err: at com.alibaba.sdk.android.httpdns.h.h.a(Unknown Source:2)
11-18 14:04:53.623 15549 15857 W System.err: at com.alibaba.sdk.android.httpdns.h.k.a(Unknown Source:0)
11-18 14:04:53.623 15549 15857 W System.err: at com.alibaba.sdk.android.httpdns.h.f.a(Unknown Source:2)
11-18 14:04:53.623 15549 15857 W System.err: at com.alibaba.sdk.android.httpdns.h.a.run(Unknown Source:0)
11-18 14:04:53.623 15549 15857 W System.err: at java.util.concurrent.ThreadPoolExecutor.runWorker(ThreadPoolExecutor.java:1167)
11-18 14:04:53.623 15549 15857 W System.err: at java.util.concurrent.ThreadPoolExecutor$Worker.run(ThreadPoolExecutor.java:641)
11-18 14:04:53.623 15549 15857 W System.err: at java.lang.Thread.run(Thread.java:923)
11-18 14:04:53.623 15549 15549 D httpdns : resolve host [login-api.jlpay.com, merchant.jlpay.com, openapi.jlpay.com, lishua-ad.jlpay.com, app.jlpay.com, iot-api.jlpay.com, qrcode.jlpay.com] v4
11-18 14:04:53.623 15549 15857 E httpdns : update server ips fail
11-18 14:04:53.623 15549 15857 E httpdns : java.io.IOException: Cleartext HTTP traffic to httpdns-sc.aliyuncs.com not permitted
11-18 14:04:53.623 15549 15857 E httpdns : at com.android.okhttp.HttpHandler$CleartextURLFilter.checkURLPermitted(HttpHandler.java:127)
11-18 14:04:53.623 15549 15857 E httpdns : at com.android.okhttp.internal.huc.HttpURLConnectionImpl.execute(HttpURLConnectionImpl.java:462)
11-18 14:04:53.623 15549 15857 E httpdns : at com.android.okhttp.internal.huc.HttpURLConnectionImpl.getResponse(HttpURLConnectionImpl.java:411)
11-18 14:04:53.623 15549 15857 E httpdns : at com.android.okhttp.internal.huc.HttpURLConnectionImpl.getResponseCode(HttpURLConnectionImpl.java:542)
11-18 14:04:53.623 15549 15857 E httpdns : at com.alibaba.sdk.android.httpdns.h.c.a(Unknown Source:76)
11-18 14:04:53.623 15549 15857 E httpdns : at com.alibaba.sdk.android.httpdns.h.h.a(Unknown Source:2)
11-18 14:04:53.623 15549 15857 E httpdns : at com.alibaba.sdk.android.httpdns.h.g.a(Unknown Source:18)
11-18 14:04:53.623 15549 15857 E httpdns : at com.alibaba.sdk.android.httpdns.h.h.a(Unknown Source:2)
11-18 14:04:53.623 15549 15857 E httpdns : at com.alibaba.sdk.android.httpdns.h.g.a(Unknown Source:18)
11-18 14:04:53.623 15549 15857 E httpdns : at com.alibaba.sdk.android.httpdns.h.h.a(Unknown Source:2)
11-18 14:04:53.623 15549 15857 E httpdns : at com.alibaba.sdk.android.httpdns.h.k.a(Unknown Source:0)
11-18 14:04:53.623 15549 15857 E httpdns : at com.alibaba.sdk.android.httpdns.h.f.a(Unknown Source:2)
11-18 14:04:53.623 15549 15857 E httpdns : at com.alibaba.sdk.android.httpdns.h.a.run(Unknown Source:0)
11-18 14:04:53.623 15549 15857 E httpdns : at java.util.concurrent.ThreadPoolExecutor.runWorker(ThreadPoolExecutor.java:1167)
11-18 14:04:53.623 15549 15857 E httpdns : at java.util.concurrent.ThreadPoolExecutor$Worker.run(ThreadPoolExecutor.java:641)
11-18 14:04:53.623 15549 15857 E httpdns : at java.lang.Thread.run(Thread.java:923)
11-18 14:04:53.624 15549 15861 D httpdns : request url https://203.107.1.1:443/178519/ss?platform=android&sdk_version=2.0.2
11-18 14:04:53.624 15549 15549 I httpdns : resolve host [login-api.jlpay.com, merchant.jlpay.com, openapi.jlpay.com, lishua-ad.jlpay.com, app.jlpay.com] v4
11-18 14:04:53.625 15549 15549 D httpdns : start resolve hosts async for [login-api.jlpay.com, merchant.jlpay.com, openapi.jlpay.com, lishua-ad.jlpay.com, app.jlpay.com] v4
11-18 14:04:53.625 15549 15857 D httpdns : request url https://203.107.1.1:443/178519/sign_resolve?host=login-api.jlpay.com,merchant.jlpay.com,openapi.jlpay.com,lishua-ad.jlpay.com,app.jlpay.com&sdk=android_2.0.2&sid=7hGvO5jgOPJJ&net=wifi&s=499a9bd9853ee7ed67df2a3a54104071&t=1637216093
11-18 14:04:53.625 15549 15549 I httpdns : resolve host [iot-api.jlpay.com, qrcode.jlpay.com] v4
11-18 14:04:53.626 15549 15549 D httpdns : start resolve hosts async for [iot-api.jlpay.com, qrcode.jlpay.com] v4
11-18 14:04:53.626 15549 15861 W System : ClassLoader referenced unknown path: system/framework/mediatek-cta.jar
11-18 14:04:53.626 15549 15861 I System.out: [okhttp] e:java.lang.ClassNotFoundException: com.mediatek.cta.CtaUtils
11-18 14:04:53.627 15549 15862 D httpdns : request url https://203.107.1.1:443/178519/sign_resolve?host=iot-api.jlpay.com,qrcode.jlpay.com&sdk=android_2.0.2&sid=7hGvO5jgOPJJ&net=wifi&s=14db0b1dc6084e0b64de53abbc11efa5&t=1637216093
11-18 14:04:53.628 31557 31557 V PhoneWindow: DecorView setVisiblity: visibility = 8, Parent = android.view.ViewRootImpl@bb459d, this = DecorView@a937e7c[InputMethod]
11-18 14:04:53.628 15549 15861 D StrictMode: StrictMode policy violation: android.os.strictmode.UntaggedSocketViolation: Untagged socket detected; use TrafficStats.setThreadSocketTag() to track all network usage
11-18 14:04:53.628 15549 15861 D StrictMode: at android.os.StrictMode.onUntaggedSocket(StrictMode.java:2182)
11-18 14:04:53.628 15549 15861 D StrictMode: at com.android.server.NetworkManagementSocketTagger.tag(NetworkManagementSocketTagger.java:82)
11-18 14:04:53.628 15549 15861 D StrictMode: at libcore.io.BlockGuardOs.tagSocket(BlockGuardOs.java:54)
11-18 14:04:53.628 15549 15861 D StrictMode: at libcore.io.BlockGuardOs.socket(BlockGuardOs.java:374)
11-18 14:04:53.628 15549 15861 D StrictMode: at libcore.io.ForwardingOs.socket(ForwardingOs.java:216)
11-18 14:04:53.628 15549 15861 D StrictMode: at libcore.io.IoBridge.socket(IoBridge.java:654)
11-18 14:04:53.628 15549 15861 D StrictMode: at java.net.PlainSocketImpl.socketCreate(PlainSocketImpl.java:128)
11-18 14:04:53.628 15549 15861 D StrictMode: at java.net.AbstractPlainSocketImpl.create(AbstractPlainSocketImpl.java:128)
11-18 14:04:53.628 15549 15861 D StrictMode: at java.net.Socket.createImpl(Socket.java:490)
11-18 14:04:53.628 15549 15861 D StrictMode: at java.net.Socket.getImpl(Socket.java:553)
11-18 14:04:53.628 15549 15861 D StrictMode: at java.net.Socket.setSoTimeout(Socket.java:1190)
11-18 14:04:53.628 15549 15861 D StrictMode: at com.android.okhttp.internal.io.RealConnection.connectSocket(RealConnection.java:143)
11-18 14:04:53.628 15549 15861 D StrictMode: at com.android.okhttp.internal.io.RealConnection.connect(RealConnection.java:116)
11-18 14:04:53.628 15549 15861 D StrictMode: at com.android.okhttp.internal.http.StreamAllocation.findConnection(StreamAllocation.java:186)
11-18 14:04:53.628 15549 15861 D StrictMode: at com.android.okhttp.internal.http.StreamAllocation.findHealthyConnection(StreamAllocation.java:128)
11-18 14:04:53.628 15549 15861 D StrictMode: at com.android.okhttp.internal.http.StreamAllocation.newStream(StreamAllocation.java:97)
11-18 14:04:53.628 15549 15861 D StrictMode: at com.android.okhttp.internal.http.HttpEngine.connect(HttpEngine.java:302)
11-18 14:04:53.628 15549 15861 D StrictMode: at com.android.okhttp.internal.http.HttpEngine.sendRequest(HttpEngine.java:245)
11-18 14:04:53.628 15549 15861 D StrictMode: at com.android.okhttp.internal.huc.HttpURLConnectionImpl.execute(HttpURLConnectionImpl.java:465)
11-18 14:04:53.628 15549 15861 D StrictMode: at com.android.okhttp.internal.huc.HttpURLConnectionImpl.getResponse(HttpURLConnectionImpl.java:411)
11-18 14:04:53.628 15549 15861 D StrictMode: at com.android.okhttp.internal.huc.HttpURLConnectionImpl.getResponseCode(HttpURLConnectionImpl.java:542)
11-18 14:04:53.628 15549 15861 D StrictMode: at com.android.okhttp.internal.huc.DelegatingHttpsURLConnection.getResponseCode(DelegatingHttpsURLConnection.java:106)
11-18 14:04:53.628 15549 15861 D StrictMode: at com.android.okhttp.internal.huc.HttpsURLConnectionImpl.getResponseCode(HttpsURLConnectionImpl.java:30)
11-18 14:04:53.628 15549 15861 D StrictMode: at com.alibaba.sdk.android.httpdns.h.c.a(Unknown Source:76)
11-18 14:04:53.628 15549 15861 D StrictMode: at com.alibaba.sdk.android.httpdns.h.h.a(Unknown Source:2)
11-18 14:04:53.628 15549 15861 D StrictMode: at com.alibaba.sdk.android.httpdns.h.g.a(Unknown Source:18)
11-18 14:04:53.628 15549 15861 D StrictMode: at com.alibaba.sdk.android.httpdns.h.h.a(Unknown Source:2)
11-18 14:04:53.628 15549 15861 D StrictMode: at com.alibaba.sdk.android.httpdns.h.g.a(Unknown Source:18)
11-18 14:04:53.628 15549 15861 D StrictMode: at com.alibaba.sdk.android.httpdns.h.h.a(Unknown Source:2)
11-18 14:04:53.628 15549 15861 D StrictMode: at com.alibaba.sdk.android.httpdns.h.k.a(Unknown Source:0)
11-18 14:04:53.628 15549 15861 D StrictMode: at com.alibaba.sdk.android.httpdns.h.f.a(Unknown Source:2)
11-18 14:04:53.628 15549 15861 D StrictMode: at com.alibaba.sdk.android.httpdns.h.a.run(Unknown Source:0)
11-18 14:04:53.628 15549 15861 D StrictMode: at java.util.concurrent.ThreadPoolExecutor.runWorker(ThreadPoolExecutor.java:1167)
11-18 14:04:53.628 15549 15861 D StrictMode: at java.util.concurrent.ThreadPoolExecutor$Worker.run(ThreadPoolExecutor.java:641)
11-18 14:04:53.628 15549 15861 D StrictMode: at java.lang.Thread.run(Thread.java:923)
11-18 14:04:53.628 15549 15861 I System.out: [socket]:check permission begin!
11-18 14:04:53.629 15549 15862 I System.out: [socket]:check permission begin!
11-18 14:04:53.629 15549 15857 I System.out: [socket]:check permission begin!
11-18 14:04:53.633 1470 2436 D OppoDisplayPolicy: com.android.systemui, change system app cutoutMode: color always
11-18 14:04:53.636 3651 29170 E MediaProvider: Permission to access file: /storage/emulated/0/.UTSystemConfig/Global/Alvin2.xml is denied
11-18 14:04:53.641 3651 8680 W MediaProvider: Forgot to handle a top level directory in getContentUriForFile?
11-18 14:04:53.643 3651 8680 W MediaProvider: Forgot to handle a top level directory in getContentUriForFile?
11-18 14:04:53.644 3651 8680 E MediaProvider: Calling package doesn't have write permission to rename file.
11-18 14:04:53.650 3651 29205 W MediaProvider: Forgot to handle a top level directory in getContentUriForFile?
11-18 14:04:53.650 15549 15847 D StrictMode: StrictMode policy violation: android.os.strictmode.UntaggedSocketViolation: Untagged socket detected; use TrafficStats.setThreadSocketTag() to track all network usage
11-18 14:04:53.650 15549 15847 D StrictMode: at android.os.StrictMode.onUntaggedSocket(StrictMode.java:2182)
11-18 14:04:53.650 15549 15847 D StrictMode: at com.android.server.NetworkManagementSocketTagger.tag(NetworkManagementSocketTagger.java:82)
11-18 14:04:53.650 15549 15847 D StrictMode: at libcore.io.BlockGuardOs.tagSocket(BlockGuardOs.java:54)
11-18 14:04:53.650 15549 15847 D StrictMode: at libcore.io.BlockGuardOs.socket(BlockGuardOs.java:374)
11-18 14:04:53.650 15549 15847 D StrictMode: at libcore.io.ForwardingOs.socket(ForwardingOs.java:216)
11-18 14:04:53.650 15549 15847 D StrictMode: at libcore.io.IoBridge.socket(IoBridge.java:654)
11-18 14:04:53.650 15549 15847 D StrictMode: at java.net.PlainSocketImpl.socketCreate(PlainSocketImpl.java:128)
11-18 14:04:53.650 15549 15847 D StrictMode: at java.net.AbstractPlainSocketImpl.create(AbstractPlainSocketImpl.java:128)
11-18 14:04:53.650 15549 15847 D StrictMode: at java.net.Socket.createImpl(Socket.java:490)
11-18 14:04:53.650 15549 15847 D StrictMode: at java.net.Socket.getImpl(Socket.java:553)
11-18 14:04:53.650 15549 15847 D StrictMode: at java.net.Socket.setSoTimeout(Socket.java:1190)
11-18 14:04:53.650 15549 15847 D StrictMode: at okhttp3.internal.connection.RealConnection.connectSocket(RealConnection.java:244)
11-18 14:04:53.650 15549 15847 D StrictMode: at okhttp3.internal.connection.RealConnection.connect(RealConnection.java:166)
11-18 14:04:53.650 15549 15847 D StrictMode: at okhttp3.internal.connection.StreamAllocation.findConnection(StreamAllocation.java:257)
11-18 14:04:53.650 15549 15847 D StrictMode: at okhttp3.internal.connection.StreamAllocation.findHealthyConnection(StreamAllocation.java:135)
11-18 14:04:53.650 15549 15847 D StrictMode: at okhttp3.internal.connection.StreamAllocation.newStream(StreamAllocation.java:114)
11-18 14:04:53.650 15549 15847 D StrictMode: at okhttp3.internal.connection.ConnectInterceptor.intercept(ConnectInterceptor.java:42)
11-18 14:04:53.650 15549 15847 D StrictMode: at okhttp3.internal.http.RealInterceptorChain.proceed(RealInterceptorChain.java:147)
11-18 14:04:53.650 15549 15847 D StrictMode: at okhttp3.internal.http.RealInterceptorChain.proceed(RealInterceptorChain.java:121)
11-18 14:04:53.650 15549 15847 D StrictMode: at okhttp3.internal.cache.CacheInterceptor.intercept(CacheInterceptor.java:93)
11-18 14:04:53.650 15549 15847 D StrictMode: at okhttp3.internal.http.RealInterceptorChain.proceed(RealInterceptorChain.java:147)
11-18 14:04:53.650 15549 15847 D StrictMode: at okhttp3.internal.http.RealInterceptorChain.proceed(RealInterceptorChain.java:121)
11-18 14:04:53.650 15549 15847 D StrictMode: at okhttp3.internal.http.BridgeInterceptor.intercept(BridgeInterceptor.java:93)
11-18 14:04:53.650 15549 15847 D StrictMode: at okhttp3.internal.http.RealInterceptorChain.proceed(RealInterceptorChain.java:147)
11-18 14:04:53.650 15549 15847 D StrictMode: at okhttp3.internal.http.RetryAndFollowUpInterceptor.intercept(RetryAndFollowUpInterceptor.java:126)
11-18 14:04:53.650 15549 15847 D StrictMode: at okhttp3.internal.http.RealInterceptorChain.proceed(RealInterceptorChain.java:147)
11-18 14:04:53.650 15549 15847 D StrictMode: at okhttp3.internal.http.RealInterceptorChain.proceed(RealInterceptorChain.java:121)
11-18 14:04:53.650 15549 15847 D StrictMode: at com.jlpay.merch.net.HeaderInterceptor.intercept(HeaderInterceptor.java:45)
11-18 14:04:53.650 15549 15847 D StrictMode: at okhttp3.internal.http.RealInterceptorChain.proceed(RealInterceptorChain.java:147)
11-18 14:04:53.650 15549 15847 D StrictMode: at okhttp3.internal.http.RealInterceptorChain.proceed(RealInterceptorChain.java:121)
11-18 14:04:53.650 15549 15847 D StrictMode: at com.jlpay.http.httpdns.OkhttpDnsInterceptor.intercept(OkhttpDnsInterceptor.kt:14)
11-18 14:04:53.650 15549 15847 D StrictMode: at okhttp3.internal.http.RealInterceptorChain.proceed(RealInterceptorChain.java:147)
11-18 14:04:53.650 15549 15847 D StrictMode: at okhttp3.internal.http.RealInterceptorChain.proceed(RealInterceptorChain.java:121)
11-18 14:04:53.650 15549 15847 D StrictMode: at com.jlpay.merch.net.DataEncryptInterceptor.intercept(DataEncryptInterceptor.java:100)
11-18 14:04:53.650 15549 15847 D StrictMode: at okhttp3.internal.http.RealInterceptorChain.proceed(RealInterceptorChain.java:147)
11-18 14:04:53.650 15549 15847 D StrictMode: at okhttp3.internal.http.RealInterceptorChain.proceed(RealInterceptorChain.java:121)
11-18 14:04:53.650 15549 15847 D StrictMode: at okhttp3.RealCall.getResponseWithInterceptorChain(RealCall.java:254)
11-18 14:04:53.650 15549 15847 D StrictMode: at okhttp3.RealCall.execute(RealCall.java:92)
11-18 14:04:53.650 15549 15847 D StrictMode: at retrofit2.OkHttpCall.execute(OkHttpCall.java:188)
11-18 14:04:53.650 15549 15847 D StrictMode: at retrofit2.adapter.rxjava.CallExecuteOnSubscribe.call(CallExecuteOnSubscribe.java:40)
11-18 14:04:53.650 15549 15847 D StrictMode: at retrofit2.adapter.rxjava.CallExecuteOnSubscribe.call(CallExecuteOnSubscribe.java:24)
11-18 14:04:53.650 15549 15847 D StrictMode: at retrofit2.adapter.rxjava.BodyOnSubscribe.call(BodyOnSubscribe.java:36)
11-18 14:04:53.650 15549 15847 D StrictMode: at retrofit2.adapter.rxjava.BodyOnSubscribe.call(BodyOnSubscribe.java:28)
11-18 14:04:53.650 15549 15847 D StrictMode: at rx.Observable.unsafeSubscribe(Observable.java:10256)
11-18 14:04:53.650 15549 15847 D StrictMode: at rx.internal.operators.OperatorSubscribeOn$SubscribeOnSubscriber.call(OperatorSubscribeOn.java:100)
11-18 14:04:53.650 15549 15847 D StrictMode: at rx.internal.schedulers.CachedThreadScheduler$EventLoopWorker$1.call(CachedThreadScheduler.java:230)
11-18 14:04:53.650 15549 15847 D StrictMode: at rx.internal.schedulers.ScheduledAction.run(ScheduledAction.java:55)
11-18 14:04:53.650 15549 15847 D StrictMode: at java.util.concurrent.Executors$RunnableAdapter.call(Executors.java:462)
11-18 14:04:53.650 15549 15847 D StrictMode: at java.util.concurrent.FutureTask.run(FutureTask.java:266)
11-18 14:04:53.650 15549 15847 D StrictMode: at java.util.concurrent.ScheduledThreadPoolExecutor$ScheduledFutureTask.run(ScheduledThreadPoolExecutor.java:301)
11-18 14:04:53.650 15549 15847 D StrictMode: at java.util.concurrent.ThreadPoolExecutor.runWorker(ThreadPoolExecutor.java:1167)
11-18 14:04:53.650 15549 15847 D StrictMode: at java.util.concurrent.ThreadPoolExecutor$Worker.run(ThreadPoolExecutor.java:641)
11-18 14:04:53.650 15549 15847 D StrictMode: at java.lang.Thread.run(Thread.java:923)
11-18 14:04:53.650 15549 15847 I System.out: [socket]:check permission begin!
11-18 14:04:53.652 3651 29205 W MediaProvider: Forgot to handle a top level directory in getContentUriForFile?
11-18 14:04:53.654 3651 29205 E MediaProvider: Calling package doesn't have write permission to rename file.
11-18 14:04:53.660 15549 15825 W com.jlpay.merc: Accessing hidden method Landroid/app/ActivityManagerNative;->getDefault()Landroid/app/IActivityManager; (greylist, reflection, allowed)
11-18 14:04:53.662 3651 8680 E MediaProvider: Permission to access file: /storage/emulated/0/.DataStorage/ContextData.xml is denied
11-18 14:04:53.666 3651 29205 W MediaProvider: Forgot to handle a top level directory in getContentUriForFile?
11-18 14:04:53.667 3651 29205 W MediaProvider: Forgot to handle a top level directory in getContentUriForFile?
11-18 14:04:53.668 3651 29205 E MediaProvider: Calling package doesn't have write permission to rename file.
11-18 14:04:53.675 3651 29256 W MediaProvider: Forgot to handle a top level directory in getContentUriForFile?
11-18 14:04:53.678 3651 29256 W MediaProvider: Forgot to handle a top level directory in getContentUriForFile?
11-18 14:04:53.679 15549 15876 D StrictMode: StrictMode policy violation: android.os.strictmode.UntaggedSocketViolation: Untagged socket detected; use TrafficStats.setThreadSocketTag() to track all network usage
11-18 14:04:53.679 15549 15876 D StrictMode: at android.os.StrictMode.onUntaggedSocket(StrictMode.java:2182)
11-18 14:04:53.679 15549 15876 D StrictMode: at com.android.server.NetworkManagementSocketTagger.tag(NetworkManagementSocketTagger.java:82)
11-18 14:04:53.679 15549 15876 D StrictMode: at libcore.io.BlockGuardOs.tagSocket(BlockGuardOs.java:54)
11-18 14:04:53.679 15549 15876 D StrictMode: at libcore.io.BlockGuardOs.socket(BlockGuardOs.java:374)
11-18 14:04:53.679 15549 15876 D StrictMode: at libcore.io.ForwardingOs.socket(ForwardingOs.java:216)
11-18 14:04:53.679 15549 15876 D StrictMode: at libcore.io.IoBridge.socket(IoBridge.java:654)
11-18 14:04:53.679 15549 15876 D StrictMode: at java.net.PlainSocketImpl.socketCreate(PlainSocketImpl.java:128)
11-18 14:04:53.679 15549 15876 D StrictMode: at java.net.AbstractPlainSocketImpl.create(AbstractPlainSocketImpl.java:128)
11-18 14:04:53.679 15549 15876 D StrictMode: at java.net.Socket.createImpl(Socket.java:490)
11-18 14:04:53.679 15549 15876 D StrictMode: at java.net.Socket.getImpl(Socket.java:553)
11-18 14:04:53.679 15549 15876 D StrictMode: at java.net.Socket.setSoTimeout(Socket.java:1190)
11-18 14:04:53.679 15549 15876 D StrictMode: at com.android.okhttp.internal.io.RealConnection.connectSocket(RealConnection.java:143)
11-18 14:04:53.679 15549 15876 D StrictMode: at com.android.okhttp.internal.io.RealConnection.connect(RealConnection.java:116)
11-18 14:04:53.679 15549 15876 D StrictMode: at com.android.okhttp.internal.http.StreamAllocation.findConnection(StreamAllocation.java:186)
11-18 14:04:53.679 15549 15876 D StrictMode: at com.android.okhttp.internal.http.StreamAllocation.findHealthyConnection(StreamAllocation.java:128)
11-18 14:04:53.679 15549 15876 D StrictMode: at com.android.okhttp.internal.http.StreamAllocation.newStream(StreamAllocation.java:97)
11-18 14:04:53.679 15549 15876 D StrictMode: at com.android.okhttp.internal.http.HttpEngine.connect(HttpEngine.java:302)
11-18 14:04:53.679 15549 15876 D StrictMode: at com.android.okhttp.internal.http.HttpEngine.sendRequest(HttpEngine.java:245)
11-18 14:04:53.679 15549 15876 D StrictMode: at com.android.okhttp.internal.huc.HttpURLConnectionImpl.execute(HttpURLConnectionImpl.java:465)
11-18 14:04:53.679 15549 15876 D StrictMode: at com.android.okhttp.internal.huc.HttpURLConnectionImpl.connect(HttpURLConnectionImpl.java:131)
11-18 14:04:53.679 15549 15876 D StrictMode: at com.android.okhttp.internal.huc.HttpURLConnectionImpl.getOutputStream(HttpURLConnectionImpl.java:262)
11-18 14:04:53.679 15549 15876 D StrictMode: at com.android.okhttp.internal.huc.DelegatingHttpsURLConnection.getOutputStream(DelegatingHttpsURLConnection.java:219)
11-18 14:04:53.679 15549 15876 D StrictMode: at com.android.okhttp.internal.huc.HttpsURLConnectionImpl.getOutputStream(HttpsURLConnectionImpl.java:30)
11-18 14:04:53.679 15549 15876 D StrictMode: at com.tencent.bugly.proguard.O.a(BUGLY:77)
11-18 14:04:53.679 15549 15876 D StrictMode: at com.tencent.bugly.proguard.O.a(BUGLY:16)
11-18 14:04:53.679 15549 15876 D StrictMode: at com.tencent.bugly.proguard.U.run(BUGLY:44)
11-18 14:04:53.679 15549 15876 D StrictMode: at com.tencent.bugly.proguard.Q.run(BUGLY:1)
11-18 14:04:53.679 15549 15876 D StrictMode: at java.lang.Thread.run(Thread.java:923)
11-18 14:04:53.679 15549 15876 I System.out: [socket]:check permission begin!
11-18 14:04:53.680 3651 29256 E MediaProvider: Calling package doesn't have write permission to rename file.
11-18 14:04:53.686 15718 15750 I appium : channel read: GET /wd/hub/session/48f6a8a8-93b4-40c2-8c7a-a35989fcd518/source
11-18 14:04:53.687 15718 15750 I appium : Source command
11-18 14:04:53.688 15718 15750 I appium : Waiting up to 10000ms for the device to idle
11-18 14:04:53.689 2467 2497 W TelephonyPermissions: reportAccessDeniedToReadIdentifiers:com.jlpay.merch:getSubscriberId:-1
11-18 14:04:53.691 15549 15860 I beacon : url=https://beacon-api.aliyuncs.com/beacon/fetch/config/byappkey
11-18 14:04:53.696 15549 15859 I RestApi : RestAPI build data succ!
11-18 14:04:53.697 15549 15859 I RestApi : send url :ak=24527540&av=2.8.4&avsys=2.8.4&c=&d=XgtwoZSz4p8DALQWBLfYHKP0&sv=6.5.1.3
11-18 14:04:53.697 15549 15859 I RestApi : packRequest success!
11-18 14:04:53.698 15549 15859 D RestApi : sendRequest use adashx, bytes length : 334
11-18 14:04:53.699 15549 15859 D RestApi : signValue:175fdd8baf2b62dd8a28a902ae98d7444c4ea0e2
11-18 14:04:53.705 15718 15750 I appium : AppiumResponse: {"sessionId":"48f6a8a8-93b4-40c2-8c7a-a35989fcd518","value":"\r\n\r\n
> 11-18 14:04:53.758 15549 15857 I System.out: [OkHttp] sendRequest<<
11-18 14:04:53.759 15549 15861 I System.out: [OkHttp] sendRequest>>
11-18 14:04:53.759 15549 15861 I System.out: [OkHttp] sendRequest<<
11-18 14:04:53.766 15549 15862 I System.out: [OkHttp] sendRequest>>
11-18 14:04:53.766 15549 15862 I System.out: [OkHttp] sendRequest<<
11-18 14:04:53.772 15549 15859 D RestApi : hostadash-emas.cn-hangzhou.aliyuncs.comport443autoClosetrue
11-18 14:04:53.774 15549 15859 D StrictMode: StrictMode policy violation: android.os.strictmode.UntaggedSocketViolation: Untagged socket detected; use TrafficStats.setThreadSocketTag() to track all network usage
11-18 14:04:53.774 15549 15859 D StrictMode: at android.os.StrictMode.onUntaggedSocket(StrictMode.java:2182)
11-18 14:04:53.774 15549 15859 D StrictMode: at com.android.server.NetworkManagementSocketTagger.tag(NetworkManagementSocketTagger.java:82)
11-18 14:04:53.774 15549 15859 D StrictMode: at libcore.io.BlockGuardOs.tagSocket(BlockGuardOs.java:54)
11-18 14:04:53.774 15549 15859 D StrictMode: at libcore.io.BlockGuardOs.socket(BlockGuardOs.java:374)
11-18 14:04:53.774 15549 15859 D StrictMode: at libcore.io.ForwardingOs.socket(ForwardingOs.java:216)
11-18 14:04:53.774 15549 15859 D StrictMode: at libcore.io.IoBridge.socket(IoBridge.java:654)
11-18 14:04:53.774 15549 15859 D StrictMode: at java.net.PlainSocketImpl.socketCreate(PlainSocketImpl.java:128)
11-18 14:04:53.774 15549 15859 D StrictMode: at java.net.AbstractPlainSocketImpl.create(AbstractPlainSocketImpl.java:128)
11-18 14:04:53.774 15549 15859 D StrictMode: at java.net.Socket.createImpl(Socket.java:490)
11-18 14:04:53.774 15549 15859 D StrictMode: at java.net.Socket.(Socket.java:447)
11-18 14:04:53.774 15549 15859 D StrictMode: at java.net.Socket.(Socket.java:251)
11-18 14:04:53.774 15549 15859 D StrictMode: at javax.net.ssl.SSLSocket.(SSLSocket.java:956)
11-18 14:04:53.774 15549 15859 D StrictMode: at com.android.org.conscrypt.AbstractConscryptSocket.(AbstractConscryptSocket.java:105)
11-18 14:04:53.774 15549 15859 D StrictMode: at com.android.org.conscrypt.OpenSSLSocketImpl.(OpenSSLSocketImpl.java:45)
11-18 14:04:53.774 15549 15859 D StrictMode: at com.android.org.conscrypt.ConscryptEngineSocket.(ConscryptEngineSocket.java:85)
11-18 14:04:53.774 15549 15859 D StrictMode: at com.android.org.conscrypt.Java8EngineSocket.(Java8EngineSocket.java:47)
11-18 14:04:53.774 15549 15859 D StrictMode: at com.android.org.conscrypt.Platform.createEngineSocket(Platform.java:311)
11-18 14:04:53.774 15549 15859 D StrictMode: at com.android.org.conscrypt.OpenSSLSocketFactoryImpl.createSocket(OpenSSLSocketFactoryImpl.java:131)
11-18 14:04:53.774 15549 15859 D StrictMode: at android.net.SSLCertificateSocketFactory.createSocket(SSLCertificateSocketFactory.java:555)
11-18 14:04:53.774 15549 15859 D StrictMode: at com.alibaba.sdk.android.tbrest.request.a.createSocket(RestSslSocketFactory.java:83)
11-18 14:04:53.774 15549 15859 D StrictMode: at com.android.okhttp.internal.io.RealConnection.connectTls(RealConnection.java:185)
11-18 14:04:53.774 15549 15859 D StrictMode: at com.android.okhttp.internal.io.RealConnection.connectSocket(RealConnection.java:153)
11-18 14:04:53.774 15549 15859 D StrictMode: at com.android.okhttp.internal.io.RealConnection.connect(RealConnection.java:116)
11-18 14:04:53.774 15549 15859 D StrictMode: at com.android.okhttp.internal.http.StreamAllocation.findConnection(StreamAllocation.java:186)
11-18 14:04:53.774 15549 15859 D StrictMode: at com.android.okhttp.internal.http.StreamAllocation.findHealthyConnection(StreamAllocation.java:128)
11-18 14:04:53.774 15549 15859 D StrictMode: at com.android.okhttp.internal.http.StreamAllocation.newStream(StreamAllocation.java:97)
11-18 14:04:53.774 15549 15859 D StrictMode: at com.android.okhttp.internal.http.HttpEngine.connect(HttpEngine.java:302)
11-18 14:04:53.774 15549 15859 D StrictMode: at com.android.okhttp.internal.http.HttpEngine.sendRequest(HttpEngine.java:245)
11-18 14:04:53.774 15549 15859 D StrictMode: at com.android.okhttp.internal.huc.HttpURLConnectionImpl.execute(HttpURLConnectionImpl.java:465)
11-18 14:04:53.774 15549 15859 D StrictMode: at com.android.okhttp.internal.huc.HttpURLConnectionImpl.connect(HttpURLConnectionImpl.java:131)
11-18 14:04:53.774 15549 15859 D StrictMode: at com.android.okhttp.internal.huc.DelegatingHttpsURLConnection.connect(DelegatingHttpsURLConnection.java:90)
11-18 14:04:53.774 15549 15859 D StrictMode: at com.android.okhttp.internal.huc.HttpsURLConnectionImpl.connect(HttpsURLConnectionImpl.java:30)
11-18 14:04:53.774 15549 15859 D StrictMode: at com.alibaba.sdk.android.tbrest.request.UrlWrapper.sendRequest(UrlWrapper.java:123)
11-18 14:04:53.774 15549 15859 D StrictMode: at com.alibaba.sdk.android.tbrest.request.UrlWrapper.sendRequest(UrlWrapper.java:189)
11-18 14:04:53.774 15549 15859 D StrictMode: at com.alibaba.sdk.android.tbrest.rest.f.a(RestReqSend.java:65)
11-18 14:04:53.774 15549 15859 D StrictMode: at com.alibaba.sdk.android.tbrest.SendService.sendRequest(SendService.java:167)
11-18 14:04:53.774 15549 15859 D StrictMode: at com.alibaba.sdk.android.sender.AlicloudSender.d(Unknown Source:266)
11-18 14:04:53.774 15549 15859 D StrictMode: at com.alibaba.sdk.android.sender.AlicloudSender.b(Unknown Source:0)
11-18 14:04:53.774 15549 15859 D StrictMode: at com.alibaba.sdk.android.sender.AlicloudSender$2.run(Unknown Source:4)
11-18 14:04:53.774 15549 15859 D StrictMode: at java.util.concurrent.ThreadPoolExecutor.runWorker(ThreadPoolExecutor.java:1167)
11-18 14:04:53.774 15549 15859 D StrictMode: at java.util.concurrent.ThreadPoolExecutor$Worker.run(ThreadPoolExecutor.java:641)
11-18 14:04:53.774 15549 15859 D StrictMode: at java.lang.Thread.run(Thread.java:923)
11-18 14:04:53.775 15549 15859 I System.out: [socket]:check permission begin!
11-18 14:04:53.798 15549 15861 D httpdns : request success {"service_ip":["203.107.1.65","203.107.1.34","203.107.1.66","203.107.1.33","203.107.1.1"],"service_ipv6":["2401:b180:2000:20::10"]}
11-18 14:04:53.803 15549 15876 I System.out: [OkHttp] sendRequest>>
11-18 14:04:53.804 15549 15847 W System.err: java.lang.IllegalArgumentException: bad base-64
11-18 14:04:53.804 15549 15847 W System.err: at android.util.Base64.decode(Base64.java:163)
11-18 14:04:53.804 15549 15847 W System.err: at android.util.Base64.decode(Base64.java:138)
11-18 14:04:53.804 15549 15847 W System.err: at android.util.Base64.decode(Base64.java:120)
11-18 14:04:53.804 15549 15847 W System.err: at com.jlpay.merch.net.DataEncryptInterceptor.getDecryptBizContext(DataEncryptInterceptor.java:225)
11-18 14:04:53.804 15549 15847 W System.err: at com.jlpay.merch.net.DataEncryptInterceptor.intercept(DataEncryptInterceptor.java:111)
11-18 14:04:53.804 15549 15847 W System.err: at okhttp3.internal.http.RealInterceptorChain.proceed(RealInterceptorChain.java:147)
11-18 14:04:53.804 15549 15847 W System.err: at okhttp3.internal.http.RealInterceptorChain.proceed(RealInterceptorChain.java:121)
11-18 14:04:53.804 15549 15847 W System.err: at okhttp3.RealCall.getResponseWithInterceptorChain(RealCall.java:254)
11-18 14:04:53.804 15549 15847 W System.err: at okhttp3.RealCall.execute(RealCall.java:92)
11-18 14:04:53.804 15549 15847 W System.err: at retrofit2.OkHttpCall.execute(OkHttpCall.java:188)
11-18 14:04:53.805 15549 15847 W System.err: at retrofit2.adapter.rxjava.CallExecuteOnSubscribe.call(CallExecuteOnSubscribe.java:40)
11-18 14:04:53.805 15549 15847 W System.err: at retrofit2.adapter.rxjava.CallExecuteOnSubscribe.call(CallExecuteOnSubscribe.java:24)
11-18 14:04:53.805 15549 15847 W System.err: at retrofit2.adapter.rxjava.BodyOnSubscribe.call(BodyOnSubscribe.java:36)
11-18 14:04:53.805 15549 15847 W System.err: at retrofit2.adapter.rxjava.BodyOnSubscribe.call(BodyOnSubscribe.java:28)
11-18 14:04:53.805 15549 15847 W System.err: at rx.Observable.unsafeSubscribe(Observable.java:10256)
11-18 14:04:53.805 15549 15876 I System.out: [OkHttp] sendRequest<<
11-18 14:04:53.805 15549 15847 W System.err: at rx.internal.operators.OperatorSubscribeOn$SubscribeOnSubscriber.call(OperatorSubscribeOn.java:100)
11-18 14:04:53.805 15549 15847 W System.err: at rx.internal.schedulers.CachedThreadScheduler$EventLoopWorker$1.call(CachedThreadScheduler.java:230)
11-18 14:04:53.805 15549 15847 W System.err: at rx.internal.schedulers.ScheduledAction.run(ScheduledAction.java:55)
11-18 14:04:53.805 15549 15847 W System.err: at java.util.concurrent.Executors$RunnableAdapter.call(Executors.java:462)
11-18 14:04:53.805 15549 15847 W System.err: at java.util.concurrent.FutureTask.run(FutureTask.java:266)
11-18 14:04:53.805 15549 15847 W System.err: at java.util.concurrent.ScheduledThreadPoolExecutor$ScheduledFutureTask.run(ScheduledThreadPoolExecutor.java:301)
11-18 14:04:53.805 15549 15847 W System.err: at java.util.concurrent.ThreadPoolExecutor.runWorker(ThreadPoolExecutor.java:1167)
11-18 14:04:53.805 15549 15847 W System.err: at java.util.concurrent.ThreadPoolExecutor$Worker.run(ThreadPoolExecutor.java:641)
11-18 14:04:53.805 15549 15847 W System.err: at java.lang.Thread.run(Thread.java:923)
11-18 14:04:53.806 15549 15847 I PRETTY_LOGGER: โ”Œโ”€โ”€โ”€โ”€โ”€โ”€โ”€โ”€โ”€โ”€โ”€โ”€โ”€โ”€โ”€โ”€โ”€โ”€โ”€โ”€โ”€โ”€โ”€โ”€โ”€โ”€โ”€โ”€โ”€โ”€โ”€โ”€โ”€โ”€โ”€โ”€โ”€โ”€โ”€โ”€โ”€โ”€โ”€โ”€โ”€โ”€โ”€โ”€โ”€โ”€โ”€โ”€โ”€โ”€โ”€โ”€โ”€โ”€โ”€โ”€โ”€โ”€โ”€โ”€โ”€โ”€โ”€โ”€โ”€โ”€โ”€โ”€โ”€โ”€โ”€โ”€โ”€โ”€โ”€โ”€โ”€โ”€โ”€โ”€โ”€โ”€โ”€โ”€โ”€โ”€โ”€โ”€โ”€โ”€โ”€โ”€โ”€โ”€โ”€โ”€โ”€โ”€โ”€โ”€โ”€โ”€โ”€โ”€โ”€โ”€โ”€โ”€
11-18 14:04:53.806 15549 15847 I PRETTY_LOGGER: โ”‚ LogUtils.i (LogUtils.java:27)
11-18 14:04:53.806 15549 15847 I PRETTY_LOGGER: โ”‚ LogUtils.i (LogUtils.java:21)
11-18 14:04:53.806 15549 15847 I PRETTY_LOGGER: โ”œโ”„โ”„โ”„โ”„โ”„โ”„โ”„โ”„โ”„โ”„โ”„โ”„โ”„โ”„โ”„โ”„โ”„โ”„โ”„โ”„โ”„โ”„โ”„โ”„โ”„โ”„โ”„โ”„โ”„โ”„โ”„โ”„โ”„โ”„โ”„โ”„โ”„โ”„โ”„โ”„โ”„โ”„โ”„โ”„โ”„โ”„โ”„โ”„โ”„โ”„โ”„โ”„โ”„โ”„โ”„โ”„โ”„โ”„โ”„โ”„โ”„โ”„โ”„โ”„โ”„โ”„โ”„โ”„โ”„โ”„โ”„โ”„โ”„โ”„โ”„โ”„โ”„โ”„โ”„โ”„โ”„โ”„โ”„โ”„โ”„โ”„โ”„โ”„โ”„โ”„โ”„โ”„โ”„โ”„โ”„โ”„โ”„โ”„โ”„โ”„โ”„โ”„โ”„โ”„โ”„โ”„โ”„โ”„โ”„โ”„โ”„โ”„
11-18 14:04:53.806 15549 15847 I PRETTY_LOGGER: โ”‚ ๅ“ๅบ”๏ผšhttps://login-api-dev.jlpay.com/boss_login/downCypher
11-18 14:04:53.806 15549 15847 I PRETTY_LOGGER: โ”‚
11-18 14:04:53.806 15549 15847 I PRETTY_LOGGER: โ”‚ {"biz_context":"{\"error_code\":\"security.success\",\"ret_msg\":\"ๅค„็†ๆˆๅŠŸ\",\"ret_code\":\"00\",\"key\":\"Qqi0Zo3VizZQV5dD3noi7jVHB2AN8bSlCEdG2S7lFucgm0nkKNVDwcfH/xZeTPZzWGvesjEOL0FOnuMojVuVFcbu5afjC2noxAQvg+m43yqLiFuv5UVK+XtJp2RS0GFm8VRrQx5lwn8Hb2ZUHnyAW6GC9JlF2U+eVNwUFdCNbkGqTQRZKW6dMvEQAAh8vvMxxQ70N//Cr01lYjskQpM9Zvu1dlhKov1h108j2PdCk+9hyiy9fQ64X5V6rcYD86qCRKxQ+G7GyASg2DeqoDS9ZP0Gonir3Y1OQY8kWHZ35CjRQdgYqcoB09e+QWbtsrXbSzsxOuafV/Tr+Sxi+v8EEw==\"}","ret_code":"00","ret_msg":"่ฏทๆฑ‚ๆˆๅŠŸ"}
11-18 14:04:53.806 15549 15847 I PRETTY_LOGGER: โ””โ”€โ”€โ”€โ”€โ”€โ”€โ”€โ”€โ”€โ”€โ”€โ”€โ”€โ”€โ”€โ”€โ”€โ”€โ”€โ”€โ”€โ”€โ”€โ”€โ”€โ”€โ”€โ”€โ”€โ”€โ”€โ”€โ”€โ”€โ”€โ”€โ”€โ”€โ”€โ”€โ”€โ”€โ”€โ”€โ”€โ”€โ”€โ”€โ”€โ”€โ”€โ”€โ”€โ”€โ”€โ”€โ”€โ”€โ”€โ”€โ”€โ”€โ”€โ”€โ”€โ”€โ”€โ”€โ”€โ”€โ”€โ”€โ”€โ”€โ”€โ”€โ”€โ”€โ”€โ”€โ”€โ”€โ”€โ”€โ”€โ”€โ”€โ”€โ”€โ”€โ”€โ”€โ”€โ”€โ”€โ”€โ”€โ”€โ”€โ”€โ”€โ”€โ”€โ”€โ”€โ”€โ”€โ”€โ”€โ”€โ”€โ”€
11-18 14:04:53.811 15549 15862 D httpdns : request success {"dns":[{"host":"iot-api.jlpay.com","client_ip":"119.139.198.22","ips":[],"type":1,"ttl":300},{"host":"qrcode.jlpay.com","client_ip":"119.139.198.22","ips":[],"type":1,"ttl":300}]}
11-18 14:04:53.812 15549 15862 D httpdns : resolve hosts for [iot-api.jlpay.com, qrcode.jlpay.com] v4 return com.alibaba.sdk.android.httpdns.e.k@2fe1083
11-18 14:04:53.818 15549 15857 D httpdns : request success {"dns":[{"host":"merchant.jlpay.com","client_ip":"119.139.198.22","ips":[],"type":1,"ttl":300},{"host":"lishua-ad.jlpay.com","client_ip":"119.139.198.22","ips":[],"type":1,"ttl":300},{"host":"openapi.jlpay.com","client_ip":"119.139.198.22","ips":["123.58.33.176"],"type":1,"ttl":28,"origin_ttl":60},{"host":"app.jlpay.com","client_ip":"119.139.198.22","ips":["123.58.33.176","123.58.32.239"],"type":1,"ttl":28,"origin_ttl":60},{"host":"login-api.jlpay.com","client_ip":"119.139.198.22","ips":["123.58.34.150","183.240.208.159","43.255.228.232"],"type":1,"ttl":15,"origin_ttl":15}]}
11-18 14:04:53.818 15549 15857 D httpdns : resolve hosts for [login-api.jlpay.com, merchant.jlpay.com, openapi.jlpay.com, lishua-ad.jlpay.com, app.jlpay.com] v4 return com.alibaba.sdk.android.httpdns.e.k@6273118
11-18 14:04:53.823 15549 15549 I PRETTY_LOGGER: โ”Œโ”€โ”€โ”€โ”€โ”€โ”€โ”€โ”€โ”€โ”€โ”€โ”€โ”€โ”€โ”€โ”€โ”€โ”€โ”€โ”€โ”€โ”€โ”€โ”€โ”€โ”€โ”€โ”€โ”€โ”€โ”€โ”€โ”€โ”€โ”€โ”€โ”€โ”€โ”€โ”€โ”€โ”€โ”€โ”€โ”€โ”€โ”€โ”€โ”€โ”€โ”€โ”€โ”€โ”€โ”€โ”€โ”€โ”€โ”€โ”€โ”€โ”€โ”€โ”€โ”€โ”€โ”€โ”€โ”€โ”€โ”€โ”€โ”€โ”€โ”€โ”€โ”€โ”€โ”€โ”€โ”€โ”€โ”€โ”€โ”€โ”€โ”€โ”€โ”€โ”€โ”€โ”€โ”€โ”€โ”€โ”€โ”€โ”€โ”€โ”€โ”€โ”€โ”€โ”€โ”€โ”€โ”€โ”€โ”€โ”€โ”€โ”€
11-18 14:04:53.823 15549 15549 I PRETTY_LOGGER: โ”‚ LogUtils.i (LogUtils.java:27)
11-18 14:04:53.824 15549 15549 I PRETTY_LOGGER: โ”‚ LogUtils.i (LogUtils.java:21)
11-18 14:04:53.824 15549 15549 I PRETTY_LOGGER: โ”œโ”„โ”„โ”„โ”„โ”„โ”„โ”„โ”„โ”„โ”„โ”„โ”„โ”„โ”„โ”„โ”„โ”„โ”„โ”„โ”„โ”„โ”„โ”„โ”„โ”„โ”„โ”„โ”„โ”„โ”„โ”„โ”„โ”„โ”„โ”„โ”„โ”„โ”„โ”„โ”„โ”„โ”„โ”„โ”„โ”„โ”„โ”„โ”„โ”„โ”„โ”„โ”„โ”„โ”„โ”„โ”„โ”„โ”„โ”„โ”„โ”„โ”„โ”„โ”„โ”„โ”„โ”„โ”„โ”„โ”„โ”„โ”„โ”„โ”„โ”„โ”„โ”„โ”„โ”„โ”„โ”„โ”„โ”„โ”„โ”„โ”„โ”„โ”„โ”„โ”„โ”„โ”„โ”„โ”„โ”„โ”„โ”„โ”„โ”„โ”„โ”„โ”„โ”„โ”„โ”„โ”„โ”„โ”„โ”„โ”„โ”„โ”„
11-18 14:04:53.824 15549 15549 I PRETTY_LOGGER: โ”‚ aeskey decryptKey=SfmJX3wpzvydqPW1
11-18 14:04:53.824 15549 15549 I PRETTY_LOGGER: โ””โ”€โ”€โ”€โ”€โ”€โ”€โ”€โ”€โ”€โ”€โ”€โ”€โ”€โ”€โ”€โ”€โ”€โ”€โ”€โ”€โ”€โ”€โ”€โ”€โ”€โ”€โ”€โ”€โ”€โ”€โ”€โ”€โ”€โ”€โ”€โ”€โ”€โ”€โ”€โ”€โ”€โ”€โ”€โ”€โ”€โ”€โ”€โ”€โ”€โ”€โ”€โ”€โ”€โ”€โ”€โ”€โ”€โ”€โ”€โ”€โ”€โ”€โ”€โ”€โ”€โ”€โ”€โ”€โ”€โ”€โ”€โ”€โ”€โ”€โ”€โ”€โ”€โ”€โ”€โ”€โ”€โ”€โ”€โ”€โ”€โ”€โ”€โ”€โ”€โ”€โ”€โ”€โ”€โ”€โ”€โ”€โ”€โ”€โ”€โ”€โ”€โ”€โ”€โ”€โ”€โ”€โ”€โ”€โ”€โ”€โ”€โ”€
11-18 14:04:53.627 1470 2436 D ColorInputMethodManagerServiceEx: onHandleImeWindowVisibleStatus handledVis: 0, switcher visible: 0, switcher active: 0, needsToShowImeSwitcher: false
11-18 14:04:53.827 1470 4256 I ActivityTaskManager: START u0 {cmp=com.jlpay.merch/.ui.login.LoginActivity mCallingUid=11378} from uid 11378 and from pid 15549
11-18 14:04:53.828 1470 4256 D ColorZoomWindowRUSConfigManager: isSupportZoomModeWithPolicyLocked: target = com.jlpay.merch/.ui.login.LoginActivity
11-18 14:04:53.828 1470 4256 D ColorZoomWindowRUSConfigManager: targetPkg = com.jlpay.merch
11-18 14:04:53.828 1470 4256 V ColorZoomWindowManagerService: unSupportZoom: false ,callingPid: 15549 ,sourceStack: Task{3e1dd20 #18211 visible=true type=standard mode=fullscreen translucent=false A=11378:com.jlpay.merch U=0 StackId=18211 sz=1}
11-18 14:04:53.828 1470 1829 I mtkpower_client: perf_lock_rel, hdl:40372, tid:1829
11-18 14:04:53.828 841 2967 D DispPerfService: get hint proc=ActivityRecord{aeb1bd u0 com.jlpay.merch, idx=0 none
11-18 14:04:53.829 1470 1829 I mtkpower_client: perf_lock_acq, hdl:40372, dur:0, num:12, tid:1829
11-18 14:04:53.829 809 875 I libPowerHal: [perfLockRel] hdl:40372, idx:0
11-18 14:04:53.829 809 875 I libPowerHal: [PD] scn:0 hdl:40372 lock_user:system_server pid:1470 tid:1829 dur:0
11-18 14:04:53.829 809 875 I libPowerHal: [PD] system_server update cmd:10000100 param:2
11-18 14:04:53.830 1470 4256 D ColorZoomWindowRUSConfigManager: isSupportZoomModeWithPolicyLocked: target = com.jlpay.merch/.ui.login.LoginActivity
11-18 14:04:53.830 1470 4256 D ColorZoomWindowRUSConfigManager: targetPkg = com.jlpay.merch
11-18 14:04:53.830 1470 4256 V ColorZoomWindowManagerService: unSupportZoom: false ,callingPid: 15549 ,sourceStack: Task{3e1dd20 #18211 visible=true type=standard mode=fullscreen translucent=false A=11378:com.jlpay.merch U=0 StackId=18211 sz=2}
11-18 14:04:53.831 1470 1829 I mtkpower_client: ret_hdl:40374
11-18 14:04:53.831 809 875 I libPowerHal: [perfLockAcq] idx:0 hdl:40374 hint:-1 pid:1470 duration:0 => ret_hdl:40374
11-18 14:04:53.831 809 875 I libPowerHal: [PE] scn:0 hdl:40374 lock_user:system_server pid:1470 tid:1829 dur:0
11-18 14:04:53.831 809 875 I libPowerHal: system_server: cpu_ctrl set cpu freq: 2000000 -1 2000000 -1
11-18 14:04:53.831 809 875 I libPowerHal: [PE] system_server update cmd:1410000, param:1
11-18 14:04:53.831 809 875 I libPowerHal: [PE] system_server update cmd:1c3c000, param:0
11-18 14:04:53.832 809 875 I libPowerHal: [PE] system_server update cmd:10000100, param:2
11-18 14:04:53.832 809 820 I mtkpower@impl: [setMode] type:5, enabled:1
11-18 14:04:53.832 809 875 I libPowerHal: [perfLockRel] hdl:40370, idx:-1
11-18 14:04:53.832 809 875 I libPowerHal: [perfLockAcq] idx:1 hdl:40375 hint:11 pid:809 duration:30000 => ret_hdl:40375
11-18 14:04:53.832 809 875 I libPowerHal: [PE] scn:1 hdl:40375 hint:11 comm:mtkpower@1.0-se pid:809
11-18 14:04:53.832 809 875 I libPowerHal: [PE] LAUNCH update cmd:1000000, param:0
11-18 14:04:53.832 809 875 I libPowerHal: [PE] LAUNCH update cmd:1408300, param:100
11-18 14:04:53.832 809 875 I libPowerHal: [PE] LAUNCH update cmd:300c000, param:15
11-18 14:04:53.832 809 875 I libPowerHal: [PE] LAUNCH update cmd:1000000 param:0
11-18 14:04:53.834 809 875 I libPowerHal: [perfLockAcq] idx:2 hdl:40376 hint:23 pid:809 duration:10000 => ret_hdl:40376
11-18 14:04:53.834 809 875 I libPowerHal: [PE] scn:2 hdl:40376 hint:23 comm:mtkpower@1.0-se pid:809
11-18 14:04:53.838 1470 4256 I OppoBaseActivityStack: notifyAppSwitch the same packageName!
11-18 14:04:53.838 1470 4256 W ActivityTaskManager: Tried to set launchTime (0) < mLastActivityLaunchTime (425661870)
11-18 14:04:53.840 1470 4256 I ActivityTaskManager: perfNotifyAppState TopResumedActivityChanged ActivityRecord{aeb1bd u0 com.jlpay.merch/.ui.login.LoginActivity t18211}
11-18 14:04:53.840 1470 4256 I InputDispatcher: setFocusedApplication displayId=0
11-18 14:04:53.840 809 875 I libPowerHal: [perfNotifyAppState] [activity updated] pack:com.jlpay.merch, act:com.jlpay.merch.ui.login.LoginActivity
11-18 14:04:53.840 809 875 I libPowerHal: Act_Match:0, Common_index:-1
11-18 14:04:53.840 1470 4256 W WindowManager: Changing focus fromWindow{c1b85a6 u0 com.jlpay.merch/com.jlpay.merch.ui.start.SplashActivity} to null displayId=0 Callers=com.android.server.wm.RootWindowContainer.updateFocusedWindowLocked:509 com.android.server.wm.WindowManagerService.updateFocusedWindowLocked:6073 com.android.server.wm.DisplayContent.setFocusedApp:5895 com.android.server.wm.ActivityTaskManagerService.setResumedActivityUncheckLocked:5860
11-18 14:04:53.841 809 819 I mtkpower@impl: [notifyAppState] act com.android.settings.applications.InstalledAppDetails => com.jlpay.merch.ui.login.LoginActivity
11-18 14:04:53.841 1470 4256 D Theia.NoFocusWindow: FocusWindowErrorScene CheckFreezeScreen
11-18 14:04:53.843 1470 4256 I ActivityTaskManager: perfNotifyAppState PAUSED ActivityRecord{a6974a1 u0 com.jlpay.merch/.ui.start.SplashActivity t18211 f}}
11-18 14:04:53.845 1470 1829 I mtkpower_client: perf_lock_rel, hdl:40374, tid:1829
11-18 14:04:53.845 15549 15771 W SQLiteLog: (28) double-quoted string literal: "CoRiVtHO8PPeJXI+AJ2Nqe0XI+jPQMBlVc//AcFbzkpoO49syo5JWhOB8l8Kzyg0frsUI+xtxor1
11-18 14:04:53.845 15549 15771 W SQLiteLog: KSytbEIUl/rPA/ilsjJCfa3ctPaJtePo1VTUAtQnjaBgXL9IrYx8YOZYYpv71FumwEH9bhZyPg==
11-18 14:04:53.845 15549 15771 W SQLiteLog: "
11-18 14:04:53.845 15549 15771 W SQLiteLog: (28) double-quoted string literal: "9B78C915D769800156BDA4A0D7CAD150"
11-18 14:04:53.845 1470 1829 I mtkpower_client: perf_lock_acq, hdl:40374, dur:0, num:12, tid:1829
11-18 14:04:53.846 809 875 I libPowerHal: [perfLockRel] hdl:40374, idx:0
