11-18 14:02:51.685 841 841 I BufferQueueProducer: [FramebufferSurface](this:0xb400007348832ed0,id:-1,api:1,p:841,c:841) queueBuffer: fps=0.29 dur=6903.77 max=6710.62 min=193.15
11-18 14:02:51.729 14900 14932 I appium : AppiumResponse: {"sessionId":"9ba62e7b-8703-4eba-a850-4b2105d05fc4","value":"\r\n\r\n
> 11-18 14:02:51.822 14697 15127 I System.out: [OkHttp] sendRequest<<
11-18 14:02:51.876 14697 15127 D RestApi : errCode:0
11-18 14:02:51.938 863 878 D ccci_mdinit: (1):monitor_time_update_thread round:14173 ########
11-18 14:02:52.011 14900 14932 I appium : channel read: GET /wd/hub/session/9ba62e7b-8703-4eba-a850-4b2105d05fc4/screenshot
11-18 14:02:52.012 14900 14932 I appium : CaptureScreenshot command
11-18 14:02:52.187 15330 15330 D AVStageFactory: Opened liboplusavenhancements.so
11-18 14:02:52.188 15330 15330 D AVStageFactory: createInstance(64bit): createVendorAVFactory success!
11-18 14:02:52.188 15330 15330 D AVStageUtils: Opened liboplusavenhancements.so
11-18 14:02:52.188 15330 15330 D AVStageUtils: createInstance(64bit): createVendorAVUtils success!
11-18 14:02:52.188 15330 15330 D OplusUtils: OplusUtils [83]:
11-18 14:02:52.189 15330 15330 D AVMediaServiceFactory: Opened liboplusavenhancements.so
11-18 14:02:52.189 15330 15330 D AVMediaServiceFactory: createInstance(64bit): createExtendedMediaServiceFactory success!
11-18 14:02:52.190 15330 15330 D AVNuFactory: Opened liboplusavenhancements.so
11-18 14:02:52.190 15330 15330 D AVNuFactory: createInstance(64bit): createExtendedNuFactory success!
11-18 14:02:52.190 15330 15330 D AVStageFactory: createInstance(64bit): createVendorAVFactory success!
11-18 14:02:52.190 15330 15330 D AVStageUtils: createInstance(64bit): createVendorAVUtils success!
11-18 14:02:52.190 15330 15330 D OplusUtils: OplusUtils [83]:
11-18 14:02:52.190 15330 15330 D AVMediaServiceFactory: createInstance(64bit): createExtendedMediaServiceFactory success!
11-18 14:02:52.190 15330 15330 D AVNuFactory: createInstance(64bit): createExtendedNuFactory success!
11-18 14:02:52.190 15330 15330 D AVStageFactory: Opened liboplusavenhancements.so
11-18 14:02:52.190 15330 15330 D AVStageFactory: createInstance(64bit): createVendorAVFactory success!
11-18 14:02:52.190 15330 15330 D AVStageUtils: createInstance(64bit): createVendorAVUtils success!
11-18 14:02:52.190 15330 15330 D OplusUtils: OplusUtils [83]:
11-18 14:02:52.223 15330 15330 E ion : ioctl c0044901 failed with code -1: Invalid argument
11-18 14:02:52.565 20949 21001 D HoraeHelper: getAllShellTemps tSize : 4
11-18 14:02:52.565 20949 21001 D HoraeHelper: getAllShellTemps tSize : 4
11-18 14:02:52.622 809 875 I mtkpower@impl: [powerd_req] TIMER_MSG_PERF_LOCK_TIMEOUT hdl:40276
11-18 14:02:52.622 809 875 I libPowerHal: [perfLockRel] hdl:40276, idx:2
11-18 14:02:52.622 809 875 I libPowerHal: [PD] scn:2 hdl:40276 hint:30 comm:mtkpower@1.0-se pid:809
11-18 14:02:52.622 809 875 I libPowerHal: [PD] MTKPOWER_HINT_EXT_LAUNCH update cmd:1000000, param:-1
11-18 14:02:52.623 809 875 I libPowerHal: [PD] MTKPOWER_HINT_EXT_LAUNCH update cmd:2020000 param:1
11-18 14:02:52.623 809 875 I libPowerHal: [PD] MTKPOWER_HINT_EXT_LAUNCH update cmd:1408300 param:0
11-18 14:02:52.624 809 875 I libPowerHal: [PD] MTKPOWER_HINT_EXT_LAUNCH update cmd:1000000 param:-1
11-18 14:02:52.688 15330 15330 D RefBase : RefBase: Explicit destruction, weak count = 0 (in 0x759b3bf240)
11-18 14:02:52.693 15330 15330 D RefBase : #00 pc 00000000000de7c4 /apex/com.android.runtime/lib64/bionic/libc.so (__cxa_finalize+148)
11-18 14:02:52.693 15330 15330 D RefBase : #01 pc 00000000000d9438 /apex/com.android.runtime/lib64/bionic/libc.so (exit+24)
11-18 14:02:52.693 15330 15330 D RefBase : #02 pc 0000000000073e28 /apex/com.android.runtime/lib64/bionic/libc.so (__libc_init+112)
11-18 14:02:52.809 14900 14914 I tomator2.serve: Background young concurrent copying GC freed 24449(1140KB) AllocSpace objects, 25(1844KB) LOS objects, 0% free, 11MB/11MB, paused 9.925ms total 88.333ms
11-18 14:02:52.826 14900 14932 I appium : AppiumResponse: {"sessionId":"9ba62e7b-8703-4eba-a850-4b2105d05fc4","value":"iVBORw0KGgoAAAANSUhEUgAABDgAAAlgCAYAAABtGofVAAAAAXNSR0IArs4c6QAAAARzQklUCAgI\nCHwIZIgAACAASURBVHic7N13fBTV3gbwZ2ZnN70HQk2kh17lAtKRYkOvXbyiqEix+yoKIhaaIKJ0\nFBUVxY5dQXpVFJBOEmpCSy+k7+7MvH/M7mZr6iaw+nzvZy+7s2daFszOM+f8jtD96mtUEBERERER\nERH5Mโ€ฆ
11-18 14:02:52.915 14900 14914 I tomator2.serve: Background concurrent copying GC freed 33228(1709KB) AllocSpace objects, 13(7656KB) LOS objects, 49% free, 7508KB/14MB, paused 189us total 104.633ms
11-18 14:02:53.151 1142 1142 I thermal_repeater: [recvMdThermalInfo] ret=37, strLen=127, 0, 32767, -127, -28265, 32767, 10838
11-18 14:02:53.193 14900 14932 I appium : channel read: POST /wd/hub/session/9ba62e7b-8703-4eba-a850-4b2105d05fc4/element
11-18 14:02:53.195 14900 14932 I appium : FindElement command
11-18 14:02:53.198 14900 14932 I appium : method: 'xpath', selector: '//android.widget.ImageView[@resource-id='com.jlpay.merch:id/head_iv' and @class='android.widget.ImageView']'
11-18 14:02:53.199 14900 14932 I appium : Waiting up to 10000ms for the device to idle
11-18 14:02:53.202 14900 14932 I appium : The following attributes will be included to the page source: [resource-id, class]
11-18 14:02:53.252 5545 5545 D IHansComunication: HansComunication::configCheckedUid-- 10907, type = 0
11-18 14:02:53.252 5545 5545 D IHansComunication: HANS sendMessageToKernel: threadId = 516016815296, netLinkSetup = 1, type = FROZEN_TRANS, targetUid = 10907, pkgCmd = PKG_CMD_MAX
11-18 14:02:53.489 14900 14932 I appium : Took 12ms to retrieve 1 matches for '//android.widget.ImageView[@resource-id='com.jlpay.merch:id/head_iv' and @class='android.widget.ImageView']' XPath query
11-18 14:02:53.496 14900 14932 I appium : AppiumResponse: {"sessionId":"9ba62e7b-8703-4eba-a850-4b2105d05fc4","value":{"ELEMENT":"00000000-0000-1519-ffff-ffff000000eb","element-6066-11e4-a52e-4f735466cecf":"00000000-0000-1519-ffff-ffff000000eb"}}
11-18 14:02:53.520 14900 14932 I appium : channel read: POST /wd/hub/session/9ba62e7b-8703-4eba-a850-4b2105d05fc4/element/00000000-0000-1519-ffff-ffff000000eb/click
11-18 14:02:53.522 14900 14932 I appium : Click command
11-18 14:02:53.541 841 899 D OppoExSurfaceFlinger: applyTransactionState timed out try= 1, 0, 1
11-18 14:02:53.549 14697 14697 D ViewRootImpl: enqueueInputEventMotionEvent { action=ACTION_DOWN, actionButton=0, id[0]=0, x[0]=540.0, y[0]=1402.0, toolType[0]=TOOL_TYPE_FINGER, buttonState=0, classification=NONE, metaState=0, flags=0x0, edgeFlags=0x0, pointerCount=1, historySize=0, eventTime=425552054, downTime=425552053, deviceId=-1, source=0x1002, displayId=0 }
11-18 14:02:53.550 14697 14697 D ViewRootImpl[MainActivity]: processMotionEvent MotionEvent { action=ACTION_DOWN, actionButton=0, id[0]=0, x[0]=540.0, y[0]=1402.0, toolType[0]=TOOL_TYPE_FINGER, buttonState=0, classification=NONE, metaState=0, flags=0x0, edgeFlags=0x0, pointerCount=1, historySize=0, eventTime=425552054, downTime=425552053, deviceId=-1, source=0x1002, displayId=0 }
11-18 14:02:53.550 809 875 I libPowerHal: [perfLockAcq] idx:1 hdl:40277 hint:25 pid:809 duration:10000 => ret_hdl:40277
11-18 14:02:53.550 809 875 I libPowerHal: [PE] scn:1 hdl:40277 hint:25 comm:mtkpower@1.0-se pid:809
11-18 14:02:53.551 809 875 I libPowerHal: [PE] MTKPOWER_HINT_APP_TOUCH update cmd:3408600 param:1
11-18 14:02:53.554 14697 14697 D ViewRootImpl[MainActivity]: dispatchPointerEvent handled=true, event=MotionEvent { action=ACTION_DOWN, actionButton=0, id[0]=0, x[0]=540.0, y[0]=1402.0, toolType[0]=TOOL_TYPE_FINGER, buttonState=0, classification=NONE, metaState=0, flags=0x0, edgeFlags=0x0, pointerCount=1, historySize=0, eventTime=425552054, downTime=425552053, deviceId=-1, source=0x1002, displayId=0 }
11-18 14:02:53.556 809 875 I libPowerHal: [perfLockRel] hdl:40277, idx:1
11-18 14:02:53.556 809 875 I libPowerHal: [PD] scn:1 hdl:40277 hint:25 comm:mtkpower@1.0-se pid:809
11-18 14:02:53.556 809 875 I libPowerHal: [PD] MTKPOWER_HINT_APP_TOUCH update cmd:3408600 param:0
11-18 14:02:53.556 14697 14697 D ViewRootImpl[MainActivity]: processMotionEvent MotionEvent { action=ACTION_UP, actionButton=0, id[0]=0, x[0]=540.0, y[0]=1402.0, toolType[0]=TOOL_TYPE_FINGER, buttonState=0, classification=NONE, metaState=0, flags=0x0, edgeFlags=0x0, pointerCount=1, historySize=0, eventTime=425552054, downTime=425552053, deviceId=-1, source=0x1002, displayId=0 }
11-18 14:02:53.558 14697 14697 D ViewRootImpl[MainActivity]: dispatchPointerEvent handled=true, event=MotionEvent { action=ACTION_UP, actionButton=0, id[0]=0, x[0]=540.0, y[0]=1402.0, toolType[0]=TOOL_TYPE_FINGER, buttonState=0, classification=NONE, metaState=0, flags=0x0, edgeFlags=0x0, pointerCount=1, historySize=0, eventTime=425552054, downTime=425552053, deviceId=-1, source=0x1002, displayId=0 }
11-18 14:02:53.561 1470 4257 I ActivityTaskManager: START u0 {cmp=com.jlpay.merch/.ui.webview.WebviewActivity (has extras) mCallingUid=11378} from uid 11378 and from pid 14697
11-18 14:02:53.561 1470 1829 I mtkpower_client: perf_lock_rel, hdl:40274, tid:1829
11-18 14:02:53.561 1470 4257 D ColorZoomWindowRUSConfigManager: isSupportZoomModeWithPolicyLocked: target = com.jlpay.merch/.ui.webview.WebviewActivity
11-18 14:02:53.561 1470 4257 D ColorZoomWindowRUSConfigManager: targetPkg = com.jlpay.merch
11-18 14:02:53.561 1470 4257 V ColorZoomWindowManagerService: unSupportZoom: false ,callingPid: 14697 ,sourceStack: Task{c29555e #18209 visible=true type=standard mode=fullscreen translucent=false A=11378:com.jlpay.merch U=0 StackId=18209 sz=1}
11-18 14:02:53.561 1470 1829 I mtkpower_client: perf_lock_acq, hdl:40274, dur:0, num:12, tid:1829
11-18 14:02:53.562 841 3662 D DispPerfService: get hint proc=ActivityRecord{cb52b53 u0 com.jlpay.merch, idx=0 none
11-18 14:02:53.562 809 875 I libPowerHal: [perfLockRel] hdl:40274, idx:0
11-18 14:02:53.562 809 875 I libPowerHal: [PD] scn:0 hdl:40274 lock_user:system_server pid:1470 tid:1829 dur:0
11-18 14:02:53.562 809 875 I libPowerHal: [PD] system_server update cmd:10000100 param:2
11-18 14:02:53.562 809 820 I mtkpower@impl: [setMode] type:5, enabled:1
11-18 14:02:53.562 1470 4257 D ColorZoomWindowRUSConfigManager: isSupportZoomModeWithPolicyLocked: target = com.jlpay.merch/.ui.webview.WebviewActivity
11-18 14:02:53.562 1470 4257 D ColorZoomWindowRUSConfigManager: targetPkg = com.jlpay.merch
11-18 14:02:53.563 1470 4257 V ColorZoomWindowManagerService: unSupportZoom: false ,callingPid: 14697 ,sourceStack: Task{c29555e #18209 visible=true type=standard mode=fullscreen translucent=false A=11378:com.jlpay.merch U=0 StackId=18209 sz=2}
11-18 14:02:53.563 1470 1829 I mtkpower_client: ret_hdl:40278
11-18 14:02:53.563 809 875 I libPowerHal: [perfLockAcq] idx:0 hdl:40278 hint:-1 pid:1470 duration:0 => ret_hdl:40278
11-18 14:02:53.563 809 875 I libPowerHal: [PE] scn:0 hdl:40278 lock_user:system_server pid:1470 tid:1829 dur:0
11-18 14:02:53.563 809 875 I libPowerHal: system_server: cpu_ctrl set cpu freq: 2000000 -1 2000000 -1
11-18 14:02:53.563 809 875 I libPowerHal: [PE] system_server update cmd:1410000, param:1
11-18 14:02:53.563 809 875 I libPowerHal: [PE] system_server update cmd:1c3c000, param:0
11-18 14:02:53.563 809 875 I libPowerHal: [PE] system_server update cmd:10000100, param:2
11-18 14:02:53.564 809 875 I libPowerHal: [perfLockAcq] idx:1 hdl:40279 hint:11 pid:809 duration:30000 => ret_hdl:40279
11-18 14:02:53.564 809 875 I libPowerHal: [PE] scn:1 hdl:40279 hint:11 comm:mtkpower@1.0-se pid:809
11-18 14:02:53.564 809 875 I libPowerHal: [PE] LAUNCH update cmd:1000000, param:0
11-18 14:02:53.564 809 875 I libPowerHal: [PE] LAUNCH update cmd:1408300, param:100
11-18 14:02:53.564 809 875 I libPowerHal: [PE] LAUNCH update cmd:300c000, param:15
11-18 14:02:53.564 809 875 I libPowerHal: [PE] LAUNCH update cmd:1000000 param:0
11-18 14:02:53.564 809 875 I libPowerHal: [perfLockRel] hdl:40276, idx:-1
11-18 14:02:53.564 809 875 I libPowerHal: [perfLockAcq] idx:2 hdl:40280 hint:23 pid:809 duration:10000 => ret_hdl:40280
11-18 14:02:53.564 809 875 I libPowerHal: [PE] scn:2 hdl:40280 hint:23 comm:mtkpower@1.0-se pid:809
11-18 14:02:53.566 14697 14949 D UMLog : ๅฝ“ๅ‰ๅ‘้€็ญ–็•ฅไธบ: ้—ด้š”ๅ‘้€ใ€‚้—ด้š”ๆ—ถ้—ดไธบ๏ผš90็ง’ใ€‚่ฏฆ่ง้“พๆŽฅ https://developer.umeng.com/docs/66632/detail/66976?um_channel=sdk
11-18 14:02:53.567 841 899 D OppoExSurfaceFlinger: applyTransactionState timed out try= 1, 0, 1
11-18 14:02:53.568 14697 14697 D MotuCrashSDK: onActivityPaused๏ผšcom.jlpay.merch.ui.main.MainActivity
11-18 14:02:53.568 14900 14932 I appium : Waiting up to 10000ms for the device to idle
11-18 14:02:53.569 14900 14932 I appium : AppiumResponse: {"sessionId":"9ba62e7b-8703-4eba-a850-4b2105d05fc4","value":null}
11-18 14:02:53.570 1470 4262 I OppoBaseActivityStack: notifyAppSwitch the same packageName!
11-18 14:02:53.570 1470 4262 W ActivityTaskManager: Tried to set launchTime (0) < mLastActivityLaunchTime (425542311)
11-18 14:02:53.573 1470 4262 I ActivityTaskManager: perfNotifyAppState TopResumedActivityChanged ActivityRecord{cb52b53 u0 com.jlpay.merch/.ui.webview.WebviewActivity t18209}
11-18 14:02:53.573 1470 4262 I InputDispatcher: setFocusedApplication displayId=0
11-18 14:02:53.573 809 875 I libPowerHal: [perfNotifyAppState] [activity updated] pack:com.jlpay.merch, act:com.jlpay.merch.ui.webview.WebviewActivity
11-18 14:02:53.573 809 875 I libPowerHal: Act_Match:0, Common_index:-1
11-18 14:02:53.573 809 819 I mtkpower@impl: [notifyAppState] act com.jlpay.merch.ui.main.MainActivity => com.jlpay.merch.ui.webview.WebviewActivity
11-18 14:02:53.573 1470 4262 W WindowManager: Changing focus fromWindow{6504fb u0 com.jlpay.merch/com.jlpay.merch.ui.main.MainActivity} to null displayId=0 Callers=com.android.server.wm.RootWindowContainer.updateFocusedWindowLocked:509 com.android.server.wm.WindowManagerService.updateFocusedWindowLocked:6073 com.android.server.wm.DisplayContent.setFocusedApp:5895 com.android.server.wm.ActivityTaskManagerService.setResumedActivityUncheckLocked:5860
11-18 14:02:53.574 1470 4262 D Theia.NoFocusWindow: FocusWindowErrorScene CheckFreezeScreen
11-18 14:02:53.576 1470 4262 I ActivityTaskManager: perfNotifyAppState PAUSED ActivityRecord{13726ef u0 com.jlpay.merch/.ui.main.MainActivity t18209}
11-18 14:02:53.578 1470 1829 I mtkpower_client: perf_lock_rel, hdl:40278, tid:1829
11-18 14:02:53.578 1470 1829 I mtkpower_client: perf_lock_acq, hdl:40278, dur:0, num:12, tid:1829
11-18 14:02:53.578 14697 15334 E libEGL : Invalid file path for libcolorx-loader.so
11-18 14:02:53.578 14697 15334 D libMEOW : applied 0 plugin for [com.jlpay.merch].
11-18 14:02:53.578 809 875 I libPowerHal: [perfLockRel] hdl:40278, idx:0
11-18 14:02:53.578 809 875 I libPowerHal: [PD] scn:0 hdl:40278 lock_user:system_server pid:1470 tid:1829 dur:0
11-18 14:02:53.579 809 875 I libPowerHal: [PD] system_server update cmd:1410000 param:0
11-18 14:02:53.579 809 875 I libPowerHal: [PD] system_server update cmd:1c3c000, param:1
11-18 14:02:53.579 809 875 I libPowerHal: [PD] system_server update cmd:10000100 param:2
11-18 14:02:53.579 1470 1829 I mtkpower_client: ret_hdl:40281
11-18 14:02:53.579 809 875 I libPowerHal: [perfLockAcq] idx:0 hdl:40281 hint:-1 pid:1470 duration:0 => ret_hdl:40281
11-18 14:02:53.579 809 875 I libPowerHal: [PE] scn:0 hdl:40281 lock_user:system_server pid:1470 tid:1829 dur:0
11-18 14:02:53.579 809 875 I libPowerHal: [PE] system_server update cmd:1410000, param:1
11-18 14:02:53.580 809 875 I libPowerHal: [PE] system_server update cmd:1c3c000, param:0
11-18 14:02:53.580 809 875 I libPowerHal: [PE] system_server update cmd:10000100, param:2
11-18 14:02:53.584 14697 14949 W SQLiteLog: (28) double-quoted string literal: "
11-18 14:02:53.584 14697 14949 W SQLiteLog: (28) double-quoted string literal: "90636363EFF3B783FF0C44D127FE17FE"
11-18 14:02:53.584 1470 4262 I InputDispatcher: Focus left window: Window{6504fb u0 com.jlpay.merch/com.jlpay.merch.ui.main.MainActivity} in display 0
11-18 14:02:53.584 1470 4262 I InputDispatcher: Window went away: Window{6504fb u0 com.jlpay.merch/com.jlpay.merch.ui.main.MainActivity}
11-18 14:02:53.588 14697 14697 I PRETTY_LOGGER: โ”Œโ”€โ”€โ”€โ”€โ”€โ”€โ”€โ”€โ”€โ”€โ”€โ”€โ”€โ”€โ”€โ”€โ”€โ”€โ”€โ”€โ”€โ”€โ”€โ”€โ”€โ”€โ”€โ”€โ”€โ”€โ”€โ”€โ”€โ”€โ”€โ”€โ”€โ”€โ”€โ”€โ”€โ”€โ”€โ”€โ”€โ”€โ”€โ”€โ”€โ”€โ”€โ”€โ”€โ”€โ”€โ”€โ”€โ”€โ”€โ”€โ”€โ”€โ”€โ”€โ”€โ”€โ”€โ”€โ”€โ”€โ”€โ”€โ”€โ”€โ”€โ”€โ”€โ”€โ”€โ”€โ”€โ”€โ”€โ”€โ”€โ”€โ”€โ”€โ”€โ”€โ”€โ”€โ”€โ”€โ”€โ”€โ”€โ”€โ”€โ”€โ”€โ”€โ”€โ”€โ”€โ”€โ”€โ”€โ”€โ”€โ”€โ”€
11-18 14:02:53.589 14697 14697 I PRETTY_LOGGER: โ”‚ LogUtils.i (LogUtils.java:27)
11-18 14:02:53.589 14697 14697 I PRETTY_LOGGER: โ”‚ LogUtils.i (LogUtils.java:21)
11-18 14:02:53.589 14697 14697 I PRETTY_LOGGER: โ”œโ”„โ”„โ”„โ”„โ”„โ”„โ”„โ”„โ”„โ”„โ”„โ”„โ”„โ”„โ”„โ”„โ”„โ”„โ”„โ”„โ”„โ”„โ”„โ”„โ”„โ”„โ”„โ”„โ”„โ”„โ”„โ”„โ”„โ”„โ”„โ”„โ”„โ”„โ”„โ”„โ”„โ”„โ”„โ”„โ”„โ”„โ”„โ”„โ”„โ”„โ”„โ”„โ”„โ”„โ”„โ”„โ”„โ”„โ”„โ”„โ”„โ”„โ”„โ”„โ”„โ”„โ”„โ”„โ”„โ”„โ”„โ”„โ”„โ”„โ”„โ”„โ”„โ”„โ”„โ”„โ”„โ”„โ”„โ”„โ”„โ”„โ”„โ”„โ”„โ”„โ”„โ”„โ”„โ”„โ”„โ”„โ”„โ”„โ”„โ”„โ”„โ”„โ”„โ”„โ”„โ”„โ”„โ”„โ”„โ”„โ”„โ”„
11-18 14:02:53.589 14697 14697 I PRETTY_LOGGER: โ”‚ activity ==> ======================================================WebviewActivity
11-18 14:02:53.589 14697 14697 I PRETTY_LOGGER: โ””โ”€โ”€โ”€โ”€โ”€โ”€โ”€โ”€โ”€โ”€โ”€โ”€โ”€โ”€โ”€โ”€โ”€โ”€โ”€โ”€โ”€โ”€โ”€โ”€โ”€โ”€โ”€โ”€โ”€โ”€โ”€โ”€โ”€โ”€โ”€โ”€โ”€โ”€โ”€โ”€โ”€โ”€โ”€โ”€โ”€โ”€โ”€โ”€โ”€โ”€โ”€โ”€โ”€โ”€โ”€โ”€โ”€โ”€โ”€โ”€โ”€โ”€โ”€โ”€โ”€โ”€โ”€โ”€โ”€โ”€โ”€โ”€โ”€โ”€โ”€โ”€โ”€โ”€โ”€โ”€โ”€โ”€โ”€โ”€โ”€โ”€โ”€โ”€โ”€โ”€โ”€โ”€โ”€โ”€โ”€โ”€โ”€โ”€โ”€โ”€โ”€โ”€โ”€โ”€โ”€โ”€โ”€โ”€โ”€โ”€โ”€โ”€
11-18 14:02:53.632 14697 14697 I PRETTY_LOGGER: โ”Œโ”€โ”€โ”€โ”€โ”€โ”€โ”€โ”€โ”€โ”€โ”€โ”€โ”€โ”€โ”€โ”€โ”€โ”€โ”€โ”€โ”€โ”€โ”€โ”€โ”€โ”€โ”€โ”€โ”€โ”€โ”€โ”€โ”€โ”€โ”€โ”€โ”€โ”€โ”€โ”€โ”€โ”€โ”€โ”€โ”€โ”€โ”€โ”€โ”€โ”€โ”€โ”€โ”€โ”€โ”€โ”€โ”€โ”€โ”€โ”€โ”€โ”€โ”€โ”€โ”€โ”€โ”€โ”€โ”€โ”€โ”€โ”€โ”€โ”€โ”€โ”€โ”€โ”€โ”€โ”€โ”€โ”€โ”€โ”€โ”€โ”€โ”€โ”€โ”€โ”€โ”€โ”€โ”€โ”€โ”€โ”€โ”€โ”€โ”€โ”€โ”€โ”€โ”€โ”€โ”€โ”€โ”€โ”€โ”€โ”€โ”€โ”€
11-18 14:02:53.633 14697 14697 I PRETTY_LOGGER: โ”‚ LogUtils.i (LogUtils.java:27)
11-18 14:02:53.633 14697 14697 I PRETTY_LOGGER: โ”‚ LogUtils.i (LogUtils.java:21)
11-18 14:02:53.633 14697 14697 I PRETTY_LOGGER: โ”œโ”„โ”„โ”„โ”„โ”„โ”„โ”„โ”„โ”„โ”„โ”„โ”„โ”„โ”„โ”„โ”„โ”„โ”„โ”„โ”„โ”„โ”„โ”„โ”„โ”„โ”„โ”„โ”„โ”„โ”„โ”„โ”„โ”„โ”„โ”„โ”„โ”„โ”„โ”„โ”„โ”„โ”„โ”„โ”„โ”„โ”„โ”„โ”„โ”„โ”„โ”„โ”„โ”„โ”„โ”„โ”„โ”„โ”„โ”„โ”„โ”„โ”„โ”„โ”„โ”„โ”„โ”„โ”„โ”„โ”„โ”„โ”„โ”„โ”„โ”„โ”„โ”„โ”„โ”„โ”„โ”„โ”„โ”„โ”„โ”„โ”„โ”„โ”„โ”„โ”„โ”„โ”„โ”„โ”„โ”„โ”„โ”„โ”„โ”„โ”„โ”„โ”„โ”„โ”„โ”„โ”„โ”„โ”„โ”„โ”„โ”„โ”„
11-18 14:02:53.633 14697 14697 I PRETTY_LOGGER: โ”‚ webview url=jlmerchant://wxMiniProgram?userName=gh_e17f26a17946
11-18 14:02:53.633 14697 14697 I PRETTY_LOGGER: โ””โ”€โ”€โ”€โ”€โ”€โ”€โ”€โ”€โ”€โ”€โ”€โ”€โ”€โ”€โ”€โ”€โ”€โ”€โ”€โ”€โ”€โ”€โ”€โ”€โ”€โ”€โ”€โ”€โ”€โ”€โ”€โ”€โ”€โ”€โ”€โ”€โ”€โ”€โ”€โ”€โ”€โ”€โ”€โ”€โ”€โ”€โ”€โ”€โ”€โ”€โ”€โ”€โ”€โ”€โ”€โ”€โ”€โ”€โ”€โ”€โ”€โ”€โ”€โ”€โ”€โ”€โ”€โ”€โ”€โ”€โ”€โ”€โ”€โ”€โ”€โ”€โ”€โ”€โ”€โ”€โ”€โ”€โ”€โ”€โ”€โ”€โ”€โ”€โ”€โ”€โ”€โ”€โ”€โ”€โ”€โ”€โ”€โ”€โ”€โ”€โ”€โ”€โ”€โ”€โ”€โ”€โ”€โ”€โ”€โ”€โ”€โ”€
11-18 14:02:53.637 14697 14697 D MotuCrashSDK: onActivityStarted๏ผšcom.jlpay.merch.ui.webview.WebviewActivity
11-18 14:02:53.637 14697 14697 D MotuCrashSDK: nativeSetForeground foreground
11-18 14:02:53.637 14697 15121 W TLOG_MONITOR: MSG_PULL:TLOG.FileUploadHandler:ๆถˆๆฏๆ‹‰ๅ–๏ผšไธปๅŠจๅ‘้€ๆถˆๆฏ๏ผŒๆ‹‰ๅ–ไปปๅŠก
11-18 14:02:53.640 14697 14697 D MotuCrashSDK: onActivityResumed๏ผšcom.jlpay.merch.ui.webview.WebviewActivity
11-18 14:02:53.641 14697 14697 V PhoneWindow: DecorView setVisiblity: visibility = 4, Parent = null, this = DecorView@aaf8e31[]
11-18 14:02:53.642 841 899 I SurfaceFlinger: [SF client] NEW(0xb400007329d68500) for (14697:com.jlpay.merch)
11-18 14:02:53.643 14697 14697 D ColorViewRootUtil: initSwipState, isDisplayCompatApp false
11-18 14:02:53.643 14697 14697 D ColorViewRootUtil: mScreenHeight 2400, mScreenWidth 1080
11-18 14:02:53.645 14697 14697 D ViewRootImpl[WebviewActivity]: hardware acceleration = true , fakeHwAccelerated = false, sRendererDisabled = false, forceHwAccelerated = false, sSystemRendererDisabled = false
11-18 14:02:53.646 1470 4257 D OppoDisplayPolicy: com.jlpay.merch, setting cutoutMode: color always
11-18 14:02:53.647 14697 14949 D MobclickAgent: ๅปถ็ปญไธŠไธ€ไธชไผš่ฏ: 90636363EFF3B783FF0C44D127FE17FE
11-18 14:02:53.647 841 2967 D DispPerfService: get hint proc=1ed0c54 com.jlpay.merch, idx=0 none
11-18 14:02:53.649 14697 14697 E libEGL : Invalid file path for libcolorx-loader.so
11-18 14:02:53.649 14697 14697 I chatty : uid=11378(com.jlpay.merch) identical 4 lines
11-18 14:02:53.649 14697 14697 E libEGL : Invalid file path for libcolorx-loader.so
11-18 14:02:53.649 14697 14697 I InputTransport: Create ARC handle: 0xb4000076e3144ea0
11-18 14:02:53.649 14697 14949 W SQLiteLog: (28) double-quoted string literal: "90636363EFF3B783FF0C44D127FE17FE"
11-18 14:02:53.649 14697 14949 W SQLiteLog: (28) double-quoted string literal: ""
11-18 14:02:53.649 14697 14949 W SQLiteLog: (28) double-quoted string literal: "90636363EFF3B783FF0C44D127FE17FE"
11-18 14:02:53.649 14697 14949 W SQLiteLog: (28) double-quoted string literal: "-1"
11-18 14:02:53.650 14697 14949 D UMLog : ๅฝ“ๅ‰ๅ‘้€็ญ–็•ฅไธบ: ้—ด้š”ๅ‘้€ใ€‚้—ด้š”ๆ—ถ้—ดไธบ๏ผš90็ง’ใ€‚่ฏฆ่ง้“พๆŽฅ https://developer.umeng.com/docs/66632/detail/66976?um_channel=sdk
11-18 14:02:53.651 14697 14697 V PhoneWindow: DecorView setVisiblity: visibility = 0, Parent = android.view.ViewRootImpl@9e8d269, this = DecorView@aaf8e31[WebviewActivity]
11-18 14:02:53.653 841 841 I BufferQueueProducer: [FramebufferSurface](this:0xb400007348832ed0,id:-1,api:1,p:841,c:841) queueBuffer: fps=0.51 dur=1968.34 max=1968.34 min=1968.34
11-18 14:02:53.671 1470 4257 D OppoDisplayPolicy: com.jlpay.merch, setting cutoutMode: color always
11-18 14:02:53.671 1470 4257 I WindowManager: Relayout Window{1ed0c54 u0 com.jlpay.merch/com.jlpay.merch.ui.webview.WebviewActivity}: oldVis=4 newVis=0 focusMayChange = true
11-18 14:02:53.672 841 2967 D DispPerfService: get hint proc=com.jlpay.merch, idx=0 none
11-18 14:02:53.672 841 2967 I BufferQueueConsumer: [](id:349000020a6,api:0,p:-1,c:841) connect(): controlledByApp=false
11-18 14:02:53.673 841 2967 I BufferQueue: [unnamed-841-8358](this:0xb40000734895ce58,id:8358,api:0,p:-1,c:-1) BufferQueue core=(841:/system/bin/surfaceflinger)
11-18 14:02:53.674 1470 4257 W WindowManager: Changing focus fromnull to Window{1ed0c54 u0 com.jlpay.merch/com.jlpay.merch.ui.webview.WebviewActivity} displayId=0 Callers=com.android.server.wm.RootWindowContainer.updateFocusedWindowLocked:509 com.android.server.wm.WindowManagerService.updateFocusedWindowLocked:6073 com.android.server.wm.WindowManagerService.relayoutWindow:2717 com.android.server.wm.Session.relayout:229
11-18 14:02:53.674 841 2967 D DispPerfService: get hint proc=Surface(name=8eb967f StatusBar), idx=0 none
11-18 14:02:53.675 841 2967 D DispPerfService: get hint proc=Surface(name=c91655d NavigationBar0), idx=0 none
11-18 14:02:53.676 1470 4257 D Theia.NoFocusWindow: FocusWindowErrorScene cancelCheckFreezeScreen
11-18 14:02:53.678 14697 15121 I System.out: [OkHttp] sendRequest>>
11-18 14:02:53.678 14697 14697 V OplusZoomWindowDecorViewHelper: setLastReportedMergedConfiguration mZoomDisplayHeight: 2400 getDecorView.DecorView@aaf8e31[WebviewActivity]
11-18 14:02:53.678 14697 15121 I System.out: [OkHttp] sendRequest<<
11-18 14:02:53.679 841 2967 I BufferQueueProducer: [com.jlpay.merch/com.jlpay.merch.ui.webview.WebviewActivity#0](id:349000020a6,api:1,p:14697,c:841) connect(): api=1 producerControlledByApp=false
11-18 14:02:53.689 14697 14941 E libEGL : Invalid file path for libcolorx-loader.so
11-18 14:02:53.690 14697 14941 E libEGL : Invalid file path for libcolorx-loader.so
11-18 14:02:53.690 1470 3544 I InputDispatcher: Window went away: com.jlpay.merch/com.jlpay.merch.ui.webview.WebviewActivity#0
11-18 14:02:53.690 14697 14941 E libEGL : Invalid file path for libcolorx-loader.so
11-18 14:02:53.690 14697 14941 I chatty : uid=11378(com.jlpay.merch) RenderThread identical 1 line
11-18 14:02:53.690 14697 14941 E libEGL : Invalid file path for libcolorx-loader.so
11-18 14:02:53.700 841 899 D DispPerfService: onframeavailable pid=14697, slot=1, seq=61561, name=com.jlpay.merch:com.jlpay.merch/com.jlpay.merch.ui.webview.WebviewActivity#0
11-18 14:02:53.705 841 899 D DispPerfService: get hint proc=Surface(name=ActivityRecord{cb52b53 u0 com.jlpay.merch, idx=0 none
11-18 14:02:53.707 1470 1595 D ColorZoomWindowManagerService: adjustWindowCropForLeash start: appToken = ActivityRecord{cb52b53 u0 com.jlpay.merch/.ui.webview.WebviewActivity t18209}
11-18 14:02:53.706 841 899 D DispPerfService: get hint proc=Surface(name=ActivityRecord{cb52b53 u0 com.jlpay.merch, idx=0 none
11-18 14:02:53.708 841 899 D DispPerfService: get hint proc=Surface(name=ActivityRecord{13726ef u0 com.jlpay.merch, idx=0 none
11-18 14:02:53.709 1470 1595 D ColorZoomWindowManagerService: adjustWindowCropForLeash start: appToken = ActivityRecord{13726ef u0 com.jlpay.merch/.ui.main.MainActivity t18209}
11-18 14:02:53.709 841 899 D DispPerfService: get hint proc=Surface(name=ActivityRecord{13726ef u0 com.jlpay.merch, idx=0 none
11-18 14:02:53.710 1470 1604 I ActivityTaskManager: Displayed com.jlpay.merch/.ui.webview.WebviewActivity: +149ms
11-18 14:02:53.714 31557 31557 V PhoneWindow: DecorView setVisiblity: visibility = 8, Parent = android.view.ViewRootImpl@bb459d, this = DecorView@a937e7c[InputMethod]
11-18 14:02:53.714 841 841 D OppoExLayer: ~Layer() sequence=61553, name=Surface(name=c91655d NavigationBar0)/@0xae9cfad - animation-leash#0@0xb400007334bc2000
11-18 14:02:53.714 841 841 D OppoExLayer: ~Layer() sequence=61552, name=Surface(name=8eb967f StatusBar)/@0x65f64c4 - animation-leash#1@0xb400007336010000
11-18 14:02:53.715 1470 3544 I InputDispatcher: Focus entered window: Window{1ed0c54 u0 com.jlpay.merch/com.jlpay.merch.ui.webview.WebviewActivity} in display 0
11-18 14:02:53.722 14697 14941 E GPUAUX : [AUX]GuiExtAuxCheckAuxPath:593: Null anb
11-18 14:02:53.725 14697 15121 D SendMessage: pull request message:
11-18 14:02:53.726 1470 3544 D InputMethodManagerService: isSecurity: attribute.packageName=com.jlpay.merch
11-18 14:02:53.726 1470 3544 D InputMethodManagerService: isSecurity= false ( enable=false needShow=false inBlackList=false isExist=true )
11-18 14:02:53.726 1470 3544 D ColorInputMethodManagerServiceEx: onHandleImeWindowVisibleStatus handledVis: 0, switcher visible: 0, switcher active: 0, needsToShowImeSwitcher: false
11-18 14:02:53.726 1470 3544 D OplusVerificationCodeController: notifyImeAttributeChanged: 64false
11-18 14:02:53.728 841 2967 D DispPerfService: get hint proc=Surface(name=9e67e93 InputMethod), idx=0 none
11-18 14:02:53.729 809 820 I mtkpower@impl: [setMode] type:5, enabled:0
11-18 14:02:53.729 809 875 I libPowerHal: [perfLockRel] hdl:40279, idx:1
11-18 14:02:53.729 809 875 I libPowerHal: [PD] scn:1 hdl:40279 hint:11 comm:mtkpower@1.0-se pid:809
11-18 14:02:53.729 809 875 I libPowerHal: [PD] LAUNCH update cmd:300c000 param:0
11-18 14:02:53.730 809 819 I mtkpower@impl: [mtkPowerHint] hint:23, hold:0, ext:30, ext_hold:2000
11-18 14:02:53.730 809 875 I libPowerHal: [perfLockRel] hdl:40280, idx:2
11-18 14:02:53.730 809 875 I libPowerHal: [PD] scn:2 hdl:40280 hint:23 comm:mtkpower@1.0-se pid:809
11-18 14:02:53.730 809 875 I libPowerHal: [PD] MTKPOWER_HINT_ACT_SWITCH update cmd:1000000, param:-1
11-18 14:02:53.730 809 875 I libPowerHal: [PD] MTKPOWER_HINT_ACT_SWITCH update cmd:1408300 param:0
11-18 14:02:53.731 809 875 I libPowerHal: [PD] MTKPOWER_HINT_ACT_SWITCH update cmd:1000000 param:-1
11-18 14:02:53.731 809 875 I libPowerHal: [perfLockAcq] idx:1 hdl:40282 hint:30 pid:809 duration:2000 => ret_hdl:40282
11-18 14:02:53.731 809 875 I libPowerHal: [PE] scn:1 hdl:40282 hint:30 comm:mtkpower@1.0-se pid:809
11-18 14:02:53.731 809 875 I libPowerHal: [PE] MTKPOWER_HINT_EXT_LAUNCH update cmd:1000000, param:1
11-18 14:02:53.731 809 875 I libPowerHal: [PE] MTKPOWER_HINT_EXT_LAUNCH update cmd:2020000, param:15
11-18 14:02:53.731 809 875 I libPowerHal: [PE] MTKPOWER_HINT_EXT_LAUNCH update cmd:1408300, param:40
11-18 14:02:53.732 809 875 I libPowerHal: [PE] MTKPOWER_HINT_EXT_LAUNCH update cmd:1000000 param:1
11-18 14:02:53.733 1470 4257 D OppoDisplayPolicy: com.android.systemui, change system app cutoutMode: color always
11-18 14:02:53.734 31557 31557 V PhoneWindow: DecorView setVisiblity: visibility = 8, Parent = android.view.ViewRootImpl@bb459d, this = DecorView@a937e7c[InputMethod]
11-18 14:02:53.739 841 841 D OppoExLayer: ~Layer() sequence=61558, name=Surface(name=9e67e93 InputMethod)/@0xa906ec9 - animation-leash#0@0xb4000073361e7000
11-18 14:02:53.741 1470 4257 D OppoDisplayPolicy: com.android.systemui, change system app cutoutMode: color always
11-18 14:02:53.844 841 3662 I BufferQueueProducer: [StatusBar#0](this:0xb400007334a18a58,id:7,api:1,p:2069,c:841) queueBuffer: fps=4.70 dur=3189.07 max=3072.69 min=2.37
11-18 14:02:53.734 1470 3544 D ColorInputMethodManagerServiceEx: onHandleImeWindowVisibleStatus handledVis: 0, switcher visible: 0, switcher active: 0, needsToShowImeSwitcher: false
11-18 14:02:53.981 1470 1595 V ColorZoomWindowManagerService: onAnimationFinished: r = ActivityRecord{13726ef u0 com.jlpay.merch/.ui.main.MainActivity t18209}
11-18 14:02:53.981 1470 1595 I OplusMirageDisplayManagerService: onAnimationFinished:
11-18 14:02:53.981 1470 1595 V ColorZoomWindowManagerService: onAnimationFinished: r = ActivityRecord{cb52b53 u0 com.jlpay.merch/.ui.webview.WebviewActivity t18209}
11-18 14:02:53.981 1470 1595 I ColorAppSwitchManagerService: handleAppVisible , r = ActivityRecord{cb52b53 u0 com.jlpay.merch/.ui.webview.WebviewActivity t18209}
11-18 14:02:53.981 1470 1595 I OplusMirageDisplayManagerService: onAnimationFinished:
11-18 14:02:53.984 1470 1594 I ActivityTaskManager: perfNotifyAppState STOP ActivityRecord{13726ef u0 com.jlpay.merch/.ui.main.MainActivity t18209}
11-18 14:02:53.989 841 841 D OppoExLayer: ~Layer() sequence=61567, name=Surface(name=ActivityRecord{13726ef u0 com.jlpay.merch/.ui.main.MainActivity)/@0x71e2a51 - animation-bounds#0@0xb4000073361a5000
11-18 14:02:53.989 841 841 D OppoExLayer: ~Layer() sequence=61566, name=Surface(name=ActivityRecord{13726ef u0 com.jlpay.merch/.ui.main.MainActivity)/@0x71e2a51 - animation-leash#0@0xb40000733603b000
11-18 14:02:53.989 841 841 D OppoExLayer: ~Layer() sequence=61565, name=Surface(name=ActivityRecord{cb52b53 u0 com.jlpay.merch/.ui.webview.WebviewActivity)/@0xe85f2f0 - animation-bounds#0@0xb40000733611b000
11-18 14:02:53.989 841 841 D OppoExLayer: ~Layer() sequence=61564, name=Surface(name=ActivityRecord{cb52b53 u0 com.jlpay.merch/.ui.webview.WebviewActivity)/@0xe85f2f0 - animation-leash#0@0xb4000073361fa000
11-18 14:02:53.994 841 1311 I BufferQueueProducer: [com.jlpay.merch/com.jlpay.merch.ui.main.MainActivity#0](id:349000020a5,api:1,p:14697,c:841) disconnect(): api=1
11-18 14:02:54.001 14697 14697 D MotuCrashSDK: onActivityStopped๏ผšcom.jlpay.merch.ui.main.MainActivity
11-18 14:02:54.001 14697 14697 D MotuCrashSDK: nativeSetForeground background
11-18 14:02:54.002 14697 15121 W TLOG_MONITOR: MSG_PULL:TLOG.FileUploadHandler:ๆถˆๆฏๆ‹‰ๅ–๏ผšไธปๅŠจๅ‘้€ๆถˆๆฏ๏ผŒๆ‹‰ๅ–ไปปๅŠก
11-18 14:02:54.004 14697 14697 D MotuCrashSDK: onActivitySaveInstanceState๏ผšcom.jlpay.merch.ui.main.MainActivity
11-18 14:02:54.006 14697 14697 V PhoneWindow: DecorView setVisiblity: visibility = 4, Parent = android.view.ViewRootImpl@71d73de, this = DecorView@fc0e8c7[MainActivity]
11-18 14:02:54.009 14697 15117 I RestApi : RestAPI start send log!
11-18 14:02:54.010 14697 15117 I RestApi : RestAPI build data succ!
11-18 14:02:54.010 14697 15117 I RestApi : send url :ak=333341675&av=2.8.4&avsys=2.8.4&c=jlpay_apm&d=XgtwoZSz4p8DALQWBLfYHKP0&sv=6.5.1.3
11-18 14:02:54.010 14697 15285 I RestApi : RestAPI start send log!
11-18 14:02:54.011 14697 15117 I RestApi : packRequest success!
11-18 14:02:54.011 14697 15117 D RestApi : sendRequest use adashx, bytes length : 1046
11-18 14:02:54.011 14697 15285 I RestApi : RestAPI build data succ!
11-18 14:02:54.011 14697 15117 D RestApi : signValue:c8bfa38964d652ba296896e7775db05365110973
11-18 14:02:54.011 14697 15285 I RestApi : send url :ak=333341675&av=2.8.4&avsys=2.8.4&c=jlpay_apm&d=XgtwoZSz4p8DALQWBLfYHKP0&sv=6.5.1.3
11-18 14:02:54.012 14697 15285 I RestApi : packRequest success!
11-18 14:02:54.012 14697 15285 D RestApi : sendRequest use adashx, bytes length : 1076
11-18 14:02:54.012 14697 15285 D RestApi : signValue:9603e36bbae3cfe74df47bc2ce8903112cee88fc
11-18 14:02:54.013 14697 15117 I System.out: [OkHttp] sendRequest>>
11-18 14:02:54.013 14697 15117 I System.out: [OkHttp] sendRequest<<
11-18 14:02:54.014 841 841 I BufferQueueConsumer: [com.jlpay.merch/com.jlpay.merch.ui.main.MainActivity#0](id:349000020a5,api:0,p:-1,c:841) disconnect()
11-18 14:02:54.014 841 841 I BufferQueue: [com.jlpay.merch/com.jlpay.merch.ui.main.MainActivity#0](this:0xb400007334b69258,id:8357,api:1,p:-1,c:-1) onDestructor()
11-18 14:02:54.014 841 841 D OppoExLayer: ~Layer() sequence=61551, name=com.jlpay.merch/com.jlpay.merch.ui.main.MainActivity#0@0xb400007334b9e000
11-18 14:02:54.014 14697 15285 I System.out: [OkHttp] sendRequest>>
11-18 14:02:54.014 14697 15285 I System.out: [OkHttp] sendRequest<<
11-18 14:02:54.014 1470 4257 I InputDispatcher: Window went away: com.jlpay.merch/com.jlpay.merch.ui.main.MainActivity#0
11-18 14:02:54.042 14697 15121 I System.out: [OkHttp] sendRequest>>
11-18 14:02:54.042 14697 15121 I System.out: [OkHttp] sendRequest<<
11-18 14:02:54.058 1470 2461 I ColorHansManager : stateRToFFreeze--imporant case: pkgName: io.appium.uiautomator2.server, reason: lastResumeProtect
11-18 14:02:54.062 14697 15117 D RestApi : errCode:0
11-18 14:02:54.063 14697 15285 D RestApi : errCode:0
11-18 14:02:54.075 14900 14932 I appium : channel read: GET /wd/hub/session/9ba62e7b-8703-4eba-a850-4b2105d05fc4/source
11-18 14:02:54.075 14900 14932 I appium : Source command
11-18 14:02:54.076 14900 14932 I appium : Waiting up to 10000ms for the device to idle
11-18 14:02:54.082 14697 15121 D SendMessage: pull request message:
11-18 14:02:54.100 1139 1251 D ULogGuard: Monitoring: 7 threads, 0 requests, 0 time-bombs; 1 guards. ResetFlags = 0x7
11-18 14:02:54.180 1470 1829 I mtkpower_client: perf_lock_rel, hdl:40281, tid:1829
11-18 14:02:54.180 1470 1829 I mtkpower_client: perf_lock_acq, hdl:40281, dur:0, num:4, tid:1829
11-18 14:02:54.180 809 875 I libPowerHal: [perfLockRel] hdl:40281, idx:0
11-18 14:02:54.180 809 875 I libPowerHal: [PD] scn:0 hdl:40281 lock_user:system_server pid:1470 tid:1829 dur:0
11-18 14:02:54.180 809 875 I libPowerHal: system_server: cpu_ctrl set cpu freq: -1 -1 -1 -1
11-18 14:02:54.180 809 875 I libPowerHal: [PD] system_server update cmd:1410000 param:0
11-18 14:02:54.180 809 875 I libPowerHal: [PD] system_server update cmd:1c3c000, param:1
11-18 14:02:54.180 809 875 I libPowerHal: [PD] system_server update cmd:10000100 param:2
11-18 14:02:54.181 1470 1829 I mtkpower_client: ret_hdl:40283
11-18 14:02:54.181 809 875 I libPowerHal: [perfLockAcq] idx:0 hdl:40283 hint:-1 pid:1470 duration:0 => ret_hdl:40283
11-18 14:02:54.181 809 875 I libPowerHal: [PE] scn:0 hdl:40283 lock_user:system_server pid:1470 tid:1829 dur:0
11-18 14:02:54.181 809 875 I libPowerHal: [PE] system_server update cmd:10000100, param:2
11-18 14:02:54.385 14900 14932 I appium : AppiumResponse: {"sessionId":"9ba62e7b-8703-4eba-a850-4b2105d05fc4","value":"\r\n\r\n gyro_temp.json
11-18 14:02:54.802 1135 1163 W AString : ctor got NULL, using empty string instead
11-18 14:02:54.802 1135 1163 I SensorSavedChannel: [-1586,408,1274]==>gyro_bias.json
11-18 14:02:54.823 15340 15340 D AVStageFactory: Opened liboplusavenhancements.so
11-18 14:02:54.823 15340 15340 D AVStageFactory: createInstance(64bit): createVendorAVFactory success!
11-18 14:02:54.823 15340 15340 D AVStageUtils: Opened liboplusavenhancements.so
11-18 14:02:54.823 15340 15340 D AVStageUtils: createInstance(64bit): createVendorAVUtils success!
11-18 14:02:54.823 15340 15340 D OplusUtils: OplusUtils [83]:
11-18 14:02:54.824 15340 15340 D AVMediaServiceFactory: Opened liboplusavenhancements.so
11-18 14:02:54.825 15340 15340 D AVMediaServiceFactory: createInstance(64bit): createExtendedMediaServiceFactory success!
11-18 14:02:54.825 15340 15340 D AVNuFactory: Opened liboplusavenhancements.so
11-18 14:02:54.825 15340 15340 D AVNuFactory: createInstance(64bit): createExtendedNuFactory success!
11-18 14:02:54.825 15340 15340 D AVStageFactory: createInstance(64bit): createVendorAVFactory success!
11-18 14:02:54.825 15340 15340 D AVStageUtils: createInstance(64bit): createVendorAVUtils success!
11-18 14:02:54.825 15340 15340 D OplusUtils: OplusUtils [83]:
11-18 14:02:54.825 15340 15340 D AVMediaServiceFactory: createInstance(64bit): createExtendedMediaServiceFactory success!
11-18 14:02:54.825 15340 15340 D AVNuFactory: createInstance(64bit): createExtendedNuFactory success!
11-18 14:02:54.825 15340 15340 D AVStageFactory: Opened liboplusavenhancements.so
11-18 14:02:54.825 15340 15340 D AVStageFactory: createInstance(64bit): createVendorAVFactory success!
11-18 14:02:54.825 15340 15340 D AVStageUtils: createInstance(64bit): createVendorAVUtils success!
11-18 14:02:54.825 15340 15340 D OplusUtils: OplusUtils [83]:
11-18 14:02:54.864 15340 15340 E ion : ioctl c0044901 failed with code -1: Invalid argument
11-18 14:02:54.866 1470 1823 D JobScheduler.Temperature: get temperature=31.002
11-18 14:02:55.003 14697 15301 I RestApi : RestAPI start send log!
11-18 14:02:55.004 14697 15301 I RestApi : RestAPI build data succ!
11-18 14:02:55.004 14697 15301 I RestApi : send url :ak=333341675&av=2.8.4&avsys=2.8.4&c=jlpay_apm&d=XgtwoZSz4p8DALQWBLfYHKP0&sv=6.5.1.3
11-18 14:02:55.005 14697 15301 I RestApi : packRequest success!
11-18 14:02:55.005 14697 15301 D RestApi : sendRequest use adashx, bytes length : 310
11-18 14:02:55.005 14697 15301 D RestApi : signValue:43c2915e40b5f2d5c68cb08f558829295d1e1cde
11-18 14:02:55.008 14697 15301 I System.out: [OkHttp] sendRequest>>
11-18 14:02:55.008 14697 15301 I System.out: [OkHttp] sendRequest<<
11-18 14:02:55.060 14697 15301 D RestApi : errCode:0
11-18 14:02:55.163 15340 15340 D RefBase : RefBase: Explicit destruction, weak count = 0 (in 0x72b817a240)
11-18 14:02:55.167 15340 15340 D RefBase : #00 pc 00000000000de7c4 /apex/com.android.runtime/lib64/bionic/libc.so (__cxa_finalize+148)
11-18 14:02:55.167 15340 15340 D RefBase : #01 pc 00000000000d9438 /apex/com.android.runtime/lib64/bionic/libc.so (exit+24)
11-18 14:02:55.167 15340 15340 D RefBase : #02 pc 0000000000073e28 /apex/com.android.runtime/lib64/bionic/libc.so (__libc_init+112)
11-18 14:02:55.205 14900 14932 I appium : AppiumResponse: {"sessionId":"9ba62e7b-8703-4eba-a850-4b2105d05fc4","value":"iVBORw0KGgoAAAANSUhEUgAABDgAAAlgCAYAAABtGofVAAAAAXNSR0IArs4c6QAAAARzQklUCAgI\nCHwIZIgAACAASURBVHic7N13fBTV3gbwZ2Z300MKRAglQAJBkSIEFERKVLABBhFBBdQriHJ5VUAu\n6uWiYgOiXhQrinopKkoJVVCaNAFpgoCEjkBIQiCQtsnuzHn/mN3JbrKbuimLz9fPmszslDNZILvP\nnPM7Uโ€ฆ
11-18 14:02:55.735 809 875 I mtkpower@impl: [powerd_req] TIMER_MSG_PERF_LOCK_TIMEOUT hdl:40282
11-18 14:02:55.735 809 875 I libPowerHal: [perfLockRel] hdl:40282, idx:1
11-18 14:02:55.735 809 875 I libPowerHal: [PD] scn:1 hdl:40282 hint:30 comm:mtkpower@1.0-se pid:809
11-18 14:02:55.735 809 875 I libPowerHal: [PD] MTKPOWER_HINT_EXT_LAUNCH update cmd:1000000, param:-1
11-18 14:02:55.736 809 875 I libPowerHal: [PD] MTKPOWER_HINT_EXT_LAUNCH update cmd:2020000 param:1
11-18 14:02:55.736 809 875 I libPowerHal: [PD] MTKPOWER_HINT_EXT_LAUNCH update cmd:1408300 param:0
11-18 14:02:55.737 809 875 I libPowerHal: [PD] MTKPOWER_HINT_EXT_LAUNCH update cmd:1000000 param:-1
11-18 14:02:55.796 1470 2461 I ColorHansManager : stateRToFFreeze--imporant case: pkgName: com.jlpay.merch, reason: top
11-18 14:02:56.029 14697 14726 I com.jlpay.merc: Explicit concurrent copying GC freed 47912(2847KB) AllocSpace objects, 36(1232KB) LOS objects, 49% free, 9602KB/18MB, paused 432us total 208.743ms
11-18 14:02:56.092 1470 2461 I ColorHansManager : stateRToFFreeze--imporant case: pkgName: io.appium.uiautomator2.server, reason: lastResumeProtect
11-18 14:02:56.152 14697 15137 D MotuCrashAdapter: start send error log. appkey: 333341675, error type: HA_RESOURCE_LEAK
11-18 14:02:56.153 14697 15137 I RestApi : RestAPI start send log!
11-18 14:02:56.159 14697 15137 I RestApi : RestAPI build data succ!
11-18 14:02:56.160 14697 15137 I RestApi : send url :ak=333341675&av=2.8.4&avsys=2.8.4&c=jlpay_apm&d=XgtwoZSz4p8DALQWBLfYHKP0&sv=6.5.1.3
11-18 14:02:56.163 14697 15137 I RestApi : packRequest success!
11-18 14:02:56.163 14697 15137 D RestApi : sendRequest use adashx, bytes length : 6975
11-18 14:02:56.166 14697 15137 D RestApi : signValue:86b8d216a04e2a4271ead038edf2765387c921e3
11-18 14:02:56.214 14697 15137 I System.out: [OkHttp] sendRequest>>
11-18 14:02:56.215 14697 15137 I System.out: [OkHttp] sendRequest<<
11-18 14:02:56.277 14697 15137 D RestApi : errCode:0
11-18 14:02:56.278 14697 15137 D MotuCrashAdapter: send error log success. appkey: 333341675, error type: HA_RESOURCE_LEAK
11-18 14:02:56.488 2467 2467 E OplusNecManagerHelper: com.oplus.nec.OplusNecManager.notifyOrigSignalStrengthChanged [class android.telephony.SignalStrength, int]
11-18 14:02:56.574 1470 1629 D BatteryLed: getLightInColorState, oppoLightMgr empty!
11-18 14:02:57.001 841 841 D OppoExSurfaceFlinger: hecate traverse disp:61561,com.jlpay.merch/com.jlpay.merch.ui.webview.WebviewActivity#0,4
11-18 14:02:57.002 841 841 D OppoExSurfaceFlinger: hecate traverse disp:61561,com.jlpay.merch/com.jlpay.merch.ui.webview.WebviewActivity#0,4
11-18 14:02:57.021 841 1224 D OppoExSurfaceFlinger: hecate pixels[0,0]=0xfffafafa
11-18 14:02:57.102 1139 1251 D ULogGuard: Monitoring: 7 threads, 0 requests, 0 time-bombs; 1 guards. ResetFlags = 0x7
11-18 14:02:57.439 14900 14932 I appium : channel read: POST /wd/hub/session/9ba62e7b-8703-4eba-a850-4b2105d05fc4/back
11-18 14:02:57.442 14900 14932 I appium : PressBack command
11-18 14:02:57.450 841 1311 D OppoExSurfaceFlinger: applyTransactionState timed out try= 1, 0, 1
11-18 14:02:57.454 1470 4257 E OplusCustomizeRestrictionManagerService: isBackButtonDisabled start
11-18 14:02:57.454 1470 4257 D OppoPhoneWindowManager: interceptKeyBeforeQueueing:KeyEvent { action=ACTION_DOWN, keyCode=KEYCODE_BACK, scanCode=0, metaState=0, flags=0x0, repeatCount=0, eventTime=425555961, downTime=425555961, deviceId=-1, source=0x101, displayId=-1 }mSosPowerKeyEnabled = falsemWalletPowerKeyEnabled = falsemWalletQuickLaunch = true
11-18 14:02:57.454 1470 4257 W ColorGameSpaceManager: mInterceptGamepadKey is false
11-18 14:02:57.454 1470 4257 D TheiaBackMonitor: Entering onBackPressedOnTheiaMonitor, time: 1637215377454
11-18 14:02:57.466 14697 14697 D ViewRootImpl[WebviewActivity]: processKeyEvent KeyEvent { action=ACTION_DOWN, keyCode=KEYCODE_BACK, scanCode=0, metaState=0, flags=0x0, repeatCount=0, eventTime=425555961, downTime=425555961, deviceId=-1, source=0x101, displayId=-1 }
11-18 14:02:57.472 1470 4244 V ColorZoomWindowManagerService: prepareZoomTransition: curStack=Task{c29555e #18209 visible=true type=standard mode=fullscreen translucent=false A=11378:com.jlpay.merch U=0 StackId=18209 sz=2} nextStackTask{c29555e #18209 visible=true type=standard mode=fullscreen translucent=false A=11378:com.jlpay.merch U=0 StackId=18209 sz=2}
11-18 14:02:57.473 20949 20997 D HoraeHelper: getAllShellTemps tSize : 4
11-18 14:02:57.475 20949 20997 D HoraeHelper: getAllShellTemps tSize : 4
11-18 14:02:57.476 809 875 I libPowerHal: [perfLockRel] hdl:40282, idx:-1
11-18 14:02:57.477 809 875 I libPowerHal: [perfLockAcq] idx:1 hdl:40284 hint:23 pid:809 duration:10000 => ret_hdl:40284
11-18 14:02:57.477 809 875 I libPowerHal: [PE] scn:1 hdl:40284 hint:23 comm:mtkpower@1.0-se pid:809
11-18 14:02:57.478 809 875 I libPowerHal: MTKPOWER_HINT_ACT_SWITCH: cpu_ctrl set cpu freq: 2000000 -1 2000000 -1
11-18 14:02:57.478 809 875 I libPowerHal: [PE] MTKPOWER_HINT_ACT_SWITCH update cmd:1000000, param:0
11-18 14:02:57.478 809 875 I libPowerHal: [PE] MTKPOWER_HINT_ACT_SWITCH update cmd:1408300, param:100
11-18 14:02:57.479 809 875 I libPowerHal: [PE] MTKPOWER_HINT_ACT_SWITCH update cmd:1000000 param:0
11-18 14:02:57.479 20949 20997 D HoraeHelper: Thermal length:1
11-18 14:02:57.480 14697 14697 D DecorView: dispatchKeyEvent handled=false, KeyEvent { action=ACTION_DOWN, keyCode=KEYCODE_BACK, scanCode=0, metaState=0, flags=0x0, repeatCount=0, eventTime=425555961, downTime=425555961, deviceId=-1, source=0x101, displayId=-1 }, activity=androidx.appcompat.app.AppCompatDelegateImpl$AppCompatWindowCallback@af3eafe, mFeatureId=-1
11-18 14:02:57.481 1470 4262 D OppoPhoneWindowManager: interceptKeyBeforeQueueing:KeyEvent { action=ACTION_UP, keyCode=KEYCODE_BACK, scanCode=0, metaState=0, flags=0x0, repeatCount=0, eventTime=425555961, downTime=425555961, deviceId=-1, source=0x101, displayId=-1 }mSosPowerKeyEnabled = falsemWalletPowerKeyEnabled = falsemWalletQuickLaunch = true
11-18 14:02:57.481 1470 4262 W ColorGameSpaceManager: mInterceptGamepadKey is false
11-18 14:02:57.482 20949 20997 D HoraeHelper: Thermal length:1
11-18 14:02:57.482 14697 14697 D MotuCrashSDK: onActivityPaused๏ผšcom.jlpay.merch.ui.webview.WebviewActivity
11-18 14:02:57.484 1470 4257 I OppoBaseActivityStack: notifyAppSwitch the same packageName!
11-18 14:02:57.485 1470 4257 I ActivityTaskManager: perfNotifyAppState TopResumedActivityChanged ActivityRecord{13726ef u0 com.jlpay.merch/.ui.main.MainActivity t18209}
11-18 14:02:57.485 1470 4257 I InputDispatcher: setFocusedApplication displayId=0 ActivityRecord{13726ef u0 com.jlpay.merch/.ui.main.MainActivity t18209}
11-18 14:02:57.485 809 875 I libPowerHal: [perfNotifyAppState] [activity updated] pack:com.jlpay.merch, act:com.jlpay.merch.ui.main.MainActivity
11-18 14:02:57.485 809 875 I libPowerHal: Act_Match:0, Common_index:-1
11-18 14:02:57.485 809 819 I mtkpower@impl: [notifyAppState] act com.jlpay.merch.ui.webview.WebviewActivity => com.jlpay.merch.ui.main.MainActivity
11-18 14:02:57.486 1470 4257 W WindowManager: Changing focus fromWindow{1ed0c54 u0 com.jlpay.merch/com.jlpay.merch.ui.webview.WebviewActivity} to null displayId=0 Callers=com.android.server.wm.RootWindowContainer.updateFocusedWindowLocked:509 com.android.server.wm.WindowManagerService.updateFocusedWindowLocked:6073 com.android.server.wm.DisplayContent.setFocusedApp:5895 com.android.server.wm.ActivityTaskManagerService.setResumedActivityUncheckLocked:5860
11-18 14:02:57.486 1470 4257 D Theia.NoFocusWindow: FocusWindowErrorScene CheckFreezeScreen
11-18 14:02:57.489 14697 14949 W SQLiteLog: (28) double-quoted string literal: "
11-18 14:02:57.489 14697 14949 W SQLiteLog: (28) double-quoted string literal: "90636363EFF3B783FF0C44D127FE17FE"
11-18 14:02:57.491 1470 4257 I ActivityTaskManager: perfNotifyAppState PAUSED ActivityRecord{cb52b53 u0 com.jlpay.merch/.ui.webview.WebviewActivity t18209 f}}
11-18 14:02:57.493 1470 3544 I InputDispatcher: Focus left window: Window{1ed0c54 u0 com.jlpay.merch/com.jlpay.merch.ui.webview.WebviewActivity} in display 0
11-18 14:02:57.493 1470 3544 I InputDispatcher: Window went away: Window{1ed0c54 u0 com.jlpay.merch/com.jlpay.merch.ui.webview.WebviewActivity}
11-18 14:02:57.493 14697 14697 D ViewRootImpl[WebviewActivity]: processKeyEvent KeyEvent { action=ACTION_UP, keyCode=KEYCODE_BACK, scanCode=0, metaState=0, flags=0x0, repeatCount=0, eventTime=425555961, downTime=425555961, deviceId=-1, source=0x101, displayId=-1 }
11-18 14:02:57.494 14697 14697 D DecorView: dispatchKeyEvent handled=false, KeyEvent { action=ACTION_UP, keyCode=KEYCODE_BACK, scanCode=0, metaState=0, flags=0x0, repeatCount=0, eventTime=425555961, downTime=425555961, deviceId=-1, source=0x101, displayId=-1 }, activity=androidx.appcompat.app.AppCompatDelegateImpl$AppCompatWindowCallback@af3eafe, mFeatureId=-1
11-18 14:02:57.495 14697 14697 D MotuCrashSDK: onActivityStarted๏ผšcom.jlpay.merch.ui.main.MainActivity
11-18 14:02:57.495 14697 14697 D MotuCrashSDK: nativeSetForeground foreground
11-18 14:02:57.496 14697 15121 W TLOG_MONITOR: MSG_PULL:TLOG.FileUploadHandler:ๆถˆๆฏๆ‹‰ๅ–๏ผšไธปๅŠจๅ‘้€ๆถˆๆฏ๏ผŒๆ‹‰ๅ–ไปปๅŠก
11-18 14:02:57.499 14697 14697 V PhoneWindow: DecorView setVisiblity: visibility = 0, Parent = android.view.ViewRootImpl@71d73de, this = DecorView@fc0e8c7[MainActivity]
11-18 14:02:57.500 14697 14697 D MotuCrashSDK: onActivityResumed๏ผšcom.jlpay.merch.ui.main.MainActivity
11-18 14:02:57.501 14697 14697 I PRETTY_LOGGER: โ”Œโ”€โ”€โ”€โ”€โ”€โ”€โ”€โ”€โ”€โ”€โ”€โ”€โ”€โ”€โ”€โ”€โ”€โ”€โ”€โ”€โ”€โ”€โ”€โ”€โ”€โ”€โ”€โ”€โ”€โ”€โ”€โ”€โ”€โ”€โ”€โ”€โ”€โ”€โ”€โ”€โ”€โ”€โ”€โ”€โ”€โ”€โ”€โ”€โ”€โ”€โ”€โ”€โ”€โ”€โ”€โ”€โ”€โ”€โ”€โ”€โ”€โ”€โ”€โ”€โ”€โ”€โ”€โ”€โ”€โ”€โ”€โ”€โ”€โ”€โ”€โ”€โ”€โ”€โ”€โ”€โ”€โ”€โ”€โ”€โ”€โ”€โ”€โ”€โ”€โ”€โ”€โ”€โ”€โ”€โ”€โ”€โ”€โ”€โ”€โ”€โ”€โ”€โ”€โ”€โ”€โ”€โ”€โ”€โ”€โ”€โ”€โ”€
11-18 14:02:57.501 14697 14697 I PRETTY_LOGGER: โ”‚ LogUtils.i (LogUtils.java:27)
11-18 14:02:57.501 14697 14697 I PRETTY_LOGGER: โ”‚ LogUtils.i (LogUtils.java:21)
11-18 14:02:57.501 14697 14697 I PRETTY_LOGGER: โ”œโ”„โ”„โ”„โ”„โ”„โ”„โ”„โ”„โ”„โ”„โ”„โ”„โ”„โ”„โ”„โ”„โ”„โ”„โ”„โ”„โ”„โ”„โ”„โ”„โ”„โ”„โ”„โ”„โ”„โ”„โ”„โ”„โ”„โ”„โ”„โ”„โ”„โ”„โ”„โ”„โ”„โ”„โ”„โ”„โ”„โ”„โ”„โ”„โ”„โ”„โ”„โ”„โ”„โ”„โ”„โ”„โ”„โ”„โ”„โ”„โ”„โ”„โ”„โ”„โ”„โ”„โ”„โ”„โ”„โ”„โ”„โ”„โ”„โ”„โ”„โ”„โ”„โ”„โ”„โ”„โ”„โ”„โ”„โ”„โ”„โ”„โ”„โ”„โ”„โ”„โ”„โ”„โ”„โ”„โ”„โ”„โ”„โ”„โ”„โ”„โ”„โ”„โ”„โ”„โ”„โ”„โ”„โ”„โ”„โ”„โ”„โ”„
11-18 14:02:57.501 14697 14697 I PRETTY_LOGGER: โ”‚ MainActivity Resume:2019052210007581
11-18 14:02:57.501 14697 14697 I PRETTY_LOGGER: โ””โ”€โ”€โ”€โ”€โ”€โ”€โ”€โ”€โ”€โ”€โ”€โ”€โ”€โ”€โ”€โ”€โ”€โ”€โ”€โ”€โ”€โ”€โ”€โ”€โ”€โ”€โ”€โ”€โ”€โ”€โ”€โ”€โ”€โ”€โ”€โ”€โ”€โ”€โ”€โ”€โ”€โ”€โ”€โ”€โ”€โ”€โ”€โ”€โ”€โ”€โ”€โ”€โ”€โ”€โ”€โ”€โ”€โ”€โ”€โ”€โ”€โ”€โ”€โ”€โ”€โ”€โ”€โ”€โ”€โ”€โ”€โ”€โ”€โ”€โ”€โ”€โ”€โ”€โ”€โ”€โ”€โ”€โ”€โ”€โ”€โ”€โ”€โ”€โ”€โ”€โ”€โ”€โ”€โ”€โ”€โ”€โ”€โ”€โ”€โ”€โ”€โ”€โ”€โ”€โ”€โ”€โ”€โ”€โ”€โ”€โ”€โ”€
