11-18 14:04:20.015 1470 2978 D ColorAppListInterceptManager: shouldFilterTask::packageName = com.coloros.gallery3d
11-18 14:04:20.017 1470 3038 I InputDispatcher: Focus entered window: Window{55c03df u0 com.android.settings/com.android.settings.SubSettings} in display 0
11-18 14:04:20.020 20726 20763 I RemoteGuardClient.DWB.ActivityMonitor: topActivities = [com.android.settings]
11-18 14:04:20.022 1470 3038 D InputMethodManagerService: isSecurity: attribute.packageName=com.android.settings
11-18 14:04:20.022 1470 3038 D InputMethodManagerService: isSecurity= false ( enable=false needShow=false inBlackList=false isExist=true )
11-18 14:04:20.022 1470 3038 D OplusVerificationCodeController: notifyImeAttributeChanged: 64false
11-18 14:04:20.027 1470 1470 I OppoPhoneWindowManager: KeyLockModeReceiver KeyLockMode: 0 ProcessName: com.jlpay.merch
11-18 14:04:20.039 2467 2467 E PhoneInterfaceManager: [PhoneIntfMgr] getCarrierPackageNamesForIntentAndPhone: No UICC
11-18 14:04:20.039 2467 2467 D CarrierSvcBindHelper: No carrier app for: 0
11-18 14:04:20.040 13683 13683 I AppStorageSettings: Cleared user data for package : com.jlpay.merch
11-18 14:04:20.040 2467 2467 E PhoneInterfaceManager: [PhoneIntfMgr] getCarrierPackageNamesForIntentAndPhone: No UICC
11-18 14:04:20.040 2467 2467 D CarrierSvcBindHelper: No carrier app for: 1
11-18 14:04:20.042 1470 1470 D OpenID : action=android.intent.action.PACKAGE_DATA_CLEARED
11-18 14:04:20.042 1470 1470 D OpenID : pkgName:com.jlpay.merch,isreplace=false
11-18 14:04:20.054 1470 2473 I ColorResourcePreloadManager: onPackageStatusChange ACTION_PACKAGE_DATA_CLEARED pkgName: com.jlpay.merch uid: 11378
11-18 14:04:20.054 2047 2047 V AvrcpMediaPlayerList: mPackageChangedBroadcastReceiver: action: android.intent.action.PACKAGE_DATA_CLEARED
11-18 14:04:20.054 3788 4029 D PackageReceiver: onReceive()
11-18 14:04:20.054 13683 13683 D AppFeatureProviderUtils: getStringListForFeature: []
11-18 14:04:20.056 13683 13683 D AppFeatureProviderUtils: getStringListForFeature: []
11-18 14:04:20.064 2319 2319 D CallLogReceiver: mAppDataClearReceiver: pkgName: com.jlpay.merch
11-18 14:04:20.065 2785 2785 I DataReceiver: onReceive intent= Intent { act=android.intent.action.PACKAGE_DATA_CLEARED dat=package:com.jlpay.merch flg=0x1000010 cmp=com.coloros.notificationmanager/.receiver.DataReceiver (has extras) }
11-18 14:04:20.068 1470 3038 I SecurityPermissionService: updateCachedPermission pkgName:com.jlpay.merch, userId:0, delete:false
11-18 14:04:20.079 2625 15531 V NFC : this device does not have NFC support
11-18 14:04:20.081 1470 1800 D OpenID : isSystemPkg--pkg:com.coloros.personalassistant,nfe:android.content.pm.PackageManager$NameNotFoundException: com.coloros.personalassistant
11-18 14:04:20.081 1470 1800 W System.err: android.content.pm.PackageManager$NameNotFoundException: com.coloros.personalassistant
11-18 14:04:20.081 1470 1800 W System.err: at android.app.ApplicationPackageManager.getPackageInfoAsUser(ApplicationPackageManager.java:238)
11-18 14:04:20.081 1470 1800 W System.err: at android.app.ApplicationPackageManager.getPackageInfo(ApplicationPackageManager.java:207)
11-18 14:04:20.081 1470 1800 W System.err: at com.android.server.notification.OpenID.getSignatures(OpenID.java:1054)
11-18 14:04:20.081 1470 1800 W System.err: at com.android.server.notification.OpenID.getSingInfo(OpenID.java:997)
11-18 14:04:20.081 1470 1800 W System.err: at com.android.server.notification.OpenID.hasSameSignApp(OpenID.java:531)
11-18 14:04:20.081 1470 1800 W System.err: at com.android.server.notification.OpenID.clearUUID(OpenID.java:506)
11-18 14:04:20.081 1470 1800 W System.err: at com.android.server.notification.OpenID.access$000(OpenID.java:73)
11-18 14:04:20.081 1470 1800 W System.err: at com.android.server.notification.OpenID$1$1.run(OpenID.java:200)
11-18 14:04:20.081 1470 1800 W System.err: at android.os.Handler.handleCallback(Handler.java:938)
11-18 14:04:20.081 1470 1800 W System.err: at android.os.Handler.dispatchMessage(Handler.java:99)
11-18 14:04:20.081 1470 1800 W System.err: at android.os.Looper.loop(Looper.java:264)
11-18 14:04:20.081 1470 1800 W System.err: at android.os.HandlerThread.run(HandlerThread.java:67)
11-18 14:04:20.106 1470 4262 I LoadedApk: connected :com.android.providers.media.MediaService
11-18 14:04:20.106 1470 1470 I LoadedApk: onServiceConnected :com.android.providers.media.MediaService
11-18 14:04:20.108 841 841 D OppoExLayer: ~Layer() sequence=61756, name=Surface(name=d70cc8c com.android.settings/com.android.settings.SubSettings)/@0x6a9a4b6 - animation-leash#0@0xb40000733614d000
11-18 14:04:20.108 841 841 D OppoExLayer: ~Layer() sequence=61749, name=d70cc8c com.android.settings/com.android.settings.SubSettings#0@0xb4000073360b8000
11-18 14:04:20.109 1470 3546 I InputDispatcher: Window went away: com.android.settings/com.android.settings.SubSettings#1
11-18 14:04:20.110 841 841 I BufferQueueConsumer: [com.android.settings/com.android.settings.SubSettings#1](id:349000020be,api:0,p:-1,c:841) disconnect()
11-18 14:04:20.110 841 841 I BufferQueue: [com.android.settings/com.android.settings.SubSettings#1](this:0xb4000073360bda58,id:8382,api:1,p:-1,c:-1) onDestructor()
11-18 14:04:20.110 841 841 D OppoExLayer: ~Layer() sequence=61752, name=com.android.settings/com.android.settings.SubSettings#1@0xb40000733681b000
11-18 14:04:20.112 3651 6527 I MediaProvider: Begin Intent { act=android.intent.action.PACKAGE_DATA_CLEARED dat=package:com.jlpay.merch flg=0x1000010 cmp=com.google.android.providers.media.module/com.android.providers.media.MediaService (has extras) }
11-18 14:04:20.116 841 841 D OppoExLayer: ~Layer() sequence=61759, name=Surface(name=Dim Layer for - Task=18210)/@0xec9448d - animation-leash#0@0xb4000073360af000
11-18 14:04:20.116 841 841 D OppoExLayer: ~Layer() sequence=61754, name=Dim Layer for - Task=18210#0@0xb400007336196000
11-18 14:04:20.118 5409 6822 I Icing : doRemovePackageData com.jlpay.merch
11-18 14:04:20.124 3761 15542 I Fitness : FitCleanupIntentOperation received Intent android.intent.action.PACKAGE_DATA_CLEARED [CONTEXT service_id=17 ]
11-18 14:04:20.132 1470 4262 W WindowManager: Cannot find window which accessibility connection is added to
11-18 14:04:20.132 1470 4237 D DisplayManagerService: Display listener for pid 14697 died.
11-18 14:04:20.132 1470 1594 W ActivityManager: setHasOverlayUi called on unknown pid: 14697
11-18 14:04:20.133 31557 31557 I InputTransport: Destroy ARC handle: 0x775cb81460
11-18 14:04:20.137 745 745 I Zygote : Process 14697 exited due to signal 9 (Killed)
11-18 14:04:20.140 2785 2962 I Util : repeat pkg: com.android.contacts
11-18 14:04:20.140 2785 2962 I Util : repeat pkg: com.android.stk
11-18 14:04:20.140 2785 2962 I Util : repeat pkg: com.example.kongdexi.wanandroidclient
11-18 14:04:20.140 2785 2962 I Util : repeat pkg: com.jlpay.feishua
11-18 14:04:20.140 2785 2962 I Util : repeat pkg: com.jlpay.merch
11-18 14:04:20.140 2785 2962 I Util : repeat pkg: com.jlpay.navigation_lession
11-18 14:04:20.140 2785 2962 I Util : repeat pkg: com.jlpay.refactor.partner
11-18 14:04:20.140 2785 2962 I Util : repeat pkg: com.shuabei.mpos
11-18 14:04:20.140 2785 2962 I Util : repeat pkg: io.objectbox.example
11-18 14:04:20.141 2785 2962 W ContextImpl: Calling a method in the system process without a qualified user: android.app.ContextImpl.sendBroadcast:1158 android.content.ContextWrapper.sendBroadcast:483 android.content.ContextWrapper.sendBroadcast:483 com.coloros.notificationmanager.AppModificationReceiver.notifyAppDataCleared:45 com.coloros.notificationmanager.receiver.DataReceiver.processBroadcast:67
11-18 14:04:20.145 1470 1610 I libprocessgroup: Successfully killed process cgroup uid 11378 pid 14697 in 176ms
11-18 14:04:20.150 3651 6527 D MediaProvider: Deleted 0 Android/media items belonging to com.jlpay.merch on /data/user/0/com.google.android.providers.media.module/databases/external.db
11-18 14:04:20.172 3651 6527 I MediaProvider: End Intent { act=android.intent.action.PACKAGE_DATA_CLEARED dat=package:com.jlpay.merch flg=0x1000010 cmp=com.google.android.providers.media.module/com.android.providers.media.MediaService (has extras) }
11-18 14:04:20.180 1470 1483 W System : A resource failed to call release.
11-18 14:04:20.181 1470 1816 W ActivityManager: Unable to start service Intent { cmp=com.android.mms/com.oppo.push.UpdateServiceNumberJobService (has extras) } U=0: not found
11-18 14:04:20.181 1470 1816 D JobScheduler: Error executing JobStatus{190f3b3 #u0a61/110 com.android.mms/com.oppo.push.UpdateServiceNumberJobService u=0 s=10061 TIME=-4d22h13m46s28ms:-4d22h13m46s28ms PERIODIC PERSISTED READY}
11-18 14:04:20.181 1470 1816 W ActivityManager: Unable to start service Intent { cmp=com.coloros.deepthinker/com.coloros.proton.learn.schedule.TrainJobService (has extras) } U=0: not found
11-18 14:04:20.181 1470 1816 D JobScheduler: Error executing JobStatus{57c9c21 #1000/648162385 com.coloros.deepthinker/com.coloros.proton.learn.schedule.TrainJobService u=0 s=1000 TIME=-4d22h13m46s28ms:-4d22h13m46s28ms PERSISTED READY}
11-18 14:04:20.181 1470 1483 W System : A resource failed to call release.
11-18 14:04:20.183 841 841 D OppoExLayer: ~Layer() sequence=61750, name=Surface(name=8eb967f StatusBar)/@0x65f64c4 - animation-leash#0@0xb400007336129000
11-18 14:04:20.183 841 841 D OppoExLayer: ~Layer() sequence=61751, name=Surface(name=c91655d NavigationBar0)/@0xae9cfad - animation-leash#1@0xb400007336825000
11-18 14:04:20.183 1470 1483 W System : A resource failed to call close.
11-18 14:04:20.184 1470 1483 W System : A resource failed to call release.
11-18 14:04:20.184 1470 1483 I chatty : uid=1000(system) FinalizerDaemon identical 4 lines
11-18 14:04:20.184 1470 1483 W System : A resource failed to call release.
11-18 14:04:20.191 841 841 D OppoExLayer: ~Layer() sequence=61684, name=Surface(name=c91655d NavigationBar0)/@0xae9cfad - animation-leash#1@0xb40000733604f000
11-18 14:04:20.191 841 841 D OppoExLayer: ~Layer() sequence=61683, name=Surface(name=8eb967f StatusBar)/@0x65f64c4 - animation-leash#0@0xb400007336084000
11-18 14:04:20.191 841 841 D OppoExLayer: ~Layer() sequence=61692, name=Surface(name=8eb967f StatusBar)/@0x65f64c4 - animation-leash#0@0xb4000073360c3000
11-18 14:04:20.191 841 841 D OppoExLayer: ~Layer() sequence=61693, name=Surface(name=c91655d NavigationBar0)/@0xae9cfad - animation-leash#1@0xb4000073360fe000
11-18 14:04:20.191 841 841 D OppoExLayer: ~Layer() sequence=61664, name=Surface(name=8eb967f StatusBar)/@0x65f64c4 - animation-leash#0@0xb4000073361d0000
11-18 14:04:20.191 841 841 D OppoExLayer: ~Layer() sequence=61665, name=Surface(name=c91655d NavigationBar0)/@0xae9cfad - animation-leash#1@0xb4000073361d3000
11-18 14:04:20.210 1470 1597 D AES : AEEIOCTL_GET/SET_SF_STATE IOCTL,cmd= 1074294797, lParam=0.
11-18 14:04:20.210 1470 1597 D AES : AEEIOCTL_RT_MON_Kick IOCTL,cmd= 2147774474, lParam=300.
11-18 14:04:20.211 1470 1597 V OppoBaseWatchdog: @WatchDog_ error e: java.io.FileNotFoundException: /d/wakeup_sources: open failed: ENOENT (No such file or directory)
11-18 14:04:20.386 809 875 I libPowerHal: [perfLockAcq] idx:2 hdl:40354 hint:25 pid:809 duration:10000 => ret_hdl:40354
11-18 14:04:20.386 809 875 I libPowerHal: [PE] scn:2 hdl:40354 hint:25 comm:mtkpower@1.0-se pid:809
11-18 14:04:20.386 809 875 I libPowerHal: [PE] MTKPOWER_HINT_APP_TOUCH update cmd:3408600 param:1
11-18 14:04:20.388 13683 13683 D ViewRootImpl: enqueueInputEventMotionEvent { action=ACTION_DOWN, actionButton=0, id[0]=0, x[0]=156.0, y[0]=182.0, toolType[0]=TOOL_TYPE_FINGER, buttonState=0, classification=NONE, metaState=0, flags=0x0, edgeFlags=0x0, pointerCount=1, historySize=0, eventTime=425638901, downTime=425638901, deviceId=3, source=0x1002, displayId=0 }
11-18 14:04:20.388 13683 13683 D ViewRootImpl[SubSettings]: processMotionEvent MotionEvent { action=ACTION_DOWN, actionButton=0, id[0]=0, x[0]=156.0, y[0]=182.0, toolType[0]=TOOL_TYPE_FINGER, buttonState=0, classification=NONE, metaState=0, flags=0x0, edgeFlags=0x0, pointerCount=1, historySize=0, eventTime=425638901, downTime=425638901, deviceId=3, source=0x1002, displayId=0 }
11-18 14:04:20.388 13683 13683 D ViewRootImpl[SubSettings]: dispatchPointerEvent handled=true, event=MotionEvent { action=ACTION_DOWN, actionButton=0, id[0]=0, x[0]=156.0, y[0]=182.0, toolType[0]=TOOL_TYPE_FINGER, buttonState=0, classification=NONE, metaState=0, flags=0x0, edgeFlags=0x0, pointerCount=1, historySize=0, eventTime=425638901, downTime=425638901, deviceId=3, source=0x1002, displayId=0 }
11-18 14:04:20.467 13683 13683 D ViewRootImpl[SubSettings]: processMotionEvent MotionEvent { action=ACTION_UP, actionButton=0, id[0]=0, x[0]=156.0, y[0]=182.0, toolType[0]=TOOL_TYPE_FINGER, buttonState=0, classification=NONE, metaState=0, flags=0x0, edgeFlags=0x0, pointerCount=1, historySize=0, eventTime=425638984, downTime=425638901, deviceId=3, source=0x1002, displayId=0 }
11-18 14:04:20.468 13683 13683 D ViewRootImpl[SubSettings]: dispatchPointerEvent handled=true, event=MotionEvent { action=ACTION_UP, actionButton=0, id[0]=0, x[0]=156.0, y[0]=182.0, toolType[0]=TOOL_TYPE_FINGER, buttonState=0, classification=NONE, metaState=0, flags=0x0, edgeFlags=0x0, pointerCount=1, historySize=0, eventTime=425638984, downTime=425638901, deviceId=3, source=0x1002, displayId=0 }
11-18 14:04:20.468 809 875 I libPowerHal: [perfLockRel] hdl:40354, idx:2
11-18 14:04:20.468 809 875 I libPowerHal: [PD] scn:2 hdl:40354 hint:25 comm:mtkpower@1.0-se pid:809
11-18 14:04:20.470 1470 3036 V ColorZoomWindowManagerService: prepareZoomTransition: curStack=Task{37d4596 #18210 visible=true type=standard mode=fullscreen translucent=true A=1000:.applications.InstalledAppDetailsTop U=0 StackId=18210 sz=2} nextStackTask{37d4596 #18210 visible=true type=standard mode=fullscreen translucent=true A=1000:.applications.InstalledAppDetailsTop U=0 StackId=18210 sz=2}
11-18 14:04:20.471 809 875 I libPowerHal: [PD] MTKPOWER_HINT_APP_TOUCH update cmd:3408600 param:0
11-18 14:04:20.476 809 875 I libPowerHal: [perfLockRel] hdl:40349, idx:1
11-18 14:04:20.476 809 875 I libPowerHal: [PD] scn:1 hdl:40349 hint:30 comm:mtkpower@1.0-se pid:809
11-18 14:04:20.478 809 875 I libPowerHal: [PD] MTKPOWER_HINT_EXT_LAUNCH update cmd:1000000, param:-1
11-18 14:04:20.479 809 875 I libPowerHal: [PD] MTKPOWER_HINT_EXT_LAUNCH update cmd:2020000 param:1
11-18 14:04:20.480 809 875 I libPowerHal: [PD] MTKPOWER_HINT_EXT_LAUNCH update cmd:1408300 param:0
11-18 14:04:20.480 1470 3546 I OppoBaseActivityStack: notifyAppSwitch the same packageName!
11-18 14:04:20.481 809 875 I libPowerHal: [PD] MTKPOWER_HINT_EXT_LAUNCH update cmd:1000000 param:-1
11-18 14:04:20.482 1470 3546 I ActivityTaskManager: perfNotifyAppState TopResumedActivityChanged ActivityRecord{92accb1 u0 com.android.settings/.applications.InstalledAppDetails t18210}
11-18 14:04:20.482 1470 3546 I InputDispatcher: setFocusedApplication displayId=0 ActivityRecord{92accb1 u0 com.android.settings/.applications.InstalledAppDetails t18210}
11-18 14:04:20.482 809 875 I libPowerHal: [perfNotifyAppState] [activity updated] pack:com.android.settings, act:com.android.settings.applications.InstalledAppDetails
11-18 14:04:20.482 809 875 I libPowerHal: Act_Match:0, Common_index:-1
11-18 14:04:20.483 809 875 I libPowerHal: [perfLockAcq] idx:2 hdl:40355 hint:23 pid:809 duration:10000 => ret_hdl:40355
11-18 14:04:20.483 1470 3546 W WindowManager: Changing focus fromWindow{55c03df u0 com.android.settings/com.android.settings.SubSettings} to null displayId=0 Callers=com.android.server.wm.RootWindowContainer.updateFocusedWindowLocked:509 com.android.server.wm.WindowManagerService.updateFocusedWindowLocked:6073 com.android.server.wm.DisplayContent.setFocusedApp:5895 com.android.server.wm.ActivityTaskManagerService.setResumedActivityUncheckLocked:5860
11-18 14:04:20.483 809 819 I mtkpower@impl: [notifyAppState] act com.android.settings.SubSettings => com.android.settings.applications.InstalledAppDetails
11-18 14:04:20.483 809 875 I libPowerHal: [PE] scn:2 hdl:40355 hint:23 comm:mtkpower@1.0-se pid:809
11-18 14:04:20.483 809 875 I libPowerHal: MTKPOWER_HINT_ACT_SWITCH: cpu_ctrl set cpu freq: 2000000 -1 2000000 -1
11-18 14:04:20.483 809 875 I libPowerHal: [PE] MTKPOWER_HINT_ACT_SWITCH update cmd:1000000, param:0
11-18 14:04:20.483 1470 4256 I InputDispatcher: Focus left window: Window{55c03df u0 com.android.settings/com.android.settings.SubSettings} in display 0
11-18 14:04:20.483 1470 4256 I InputDispatcher: Window went away: Window{55c03df u0 com.android.settings/com.android.settings.SubSettings}
11-18 14:04:20.484 809 875 I libPowerHal: [PE] MTKPOWER_HINT_ACT_SWITCH update cmd:1408300, param:100
11-18 14:04:20.484 809 875 I libPowerHal: [PE] MTKPOWER_HINT_ACT_SWITCH update cmd:1000000 param:0
11-18 14:04:20.484 1470 3546 D Theia.NoFocusWindow: FocusWindowErrorScene CheckFreezeScreen
11-18 14:04:20.487 1470 3546 I ActivityTaskManager: perfNotifyAppState PAUSED ActivityRecord{5c03672 u0 com.android.settings/.SubSettings t18210 f}}
11-18 14:04:20.490 13683 13683 D AppCompatDelegate: updateForNightMode [allowRecreation:true, currentNightMode:16, newNightMode:16, activityHandlingUiMode:false, baseContextAttached:true, created:true, canReturnDifferentContext:true, host:com.android.settings.applications.InstalledAppDetailsTop@8f0d191]
11-18 14:04:20.490 13683 13683 D AppCompatDelegate: updateForNightMode not recreating Activity: com.android.settings.applications.InstalledAppDetailsTop@8f0d191
11-18 14:04:20.490 13683 13683 D AppCompatDelegate: updateForNightMode. Skipping. Night mode: -1 for host:com.android.settings.applications.InstalledAppDetailsTop@8f0d191
11-18 14:04:20.490 13683 13683 V PhoneWindow: DecorView setVisiblity: visibility = 0, Parent = android.view.ViewRootImpl@b83e19b, this = DecorView@fc1fc7f[InstalledAppDetails]
11-18 14:04:20.496 13683 13683 I AppInfoFeature: displayPreference owner.isInstantApp: false owner.isSystemModule: false packageName: com.jlpay.merch
11-18 14:04:20.498 2069 24778 D OplusDynamicProvider: Provider call, method = getSwitchData, uriStr = content://com.coloros.AodDynamicProvider/getSwitchData, bundle = null
11-18 14:04:20.499 2069 16347 D OplusDynamicProvider: Provider call, method = getSwitchData, uriStr = content://com.coloros.systemui.qs.personality.PersonalityCoverImageProvider/getSwitchData, bundle = null
11-18 14:04:20.499 13683 13683 W AppButtonsPrefCtl: App is not explicitly stopped
11-18 14:04:20.501 13683 13683 D AppFeatureProviderUtils: getStringListForFeature: []
11-18 14:04:20.514 13683 14588 D LauncherUtils: isLaunchersImpleMode: curLauncherMode = 0
11-18 14:04:20.514 13683 14588 D FingerprintItemController: getItemTitle, resId = 2131888898
11-18 14:04:20.514 13683 14588 D FontDisplayItemController: getItemTitle, resId = 2131888927
11-18 14:04:20.519 13683 15525 D SettingsActivity: No enabled state changed, skipping updateCategory call
11-18 14:04:20.527 1470 1629 D BatteryLed: getLightInColorState, oppoLightMgr empty!
11-18 14:04:20.529 13683 13683 D d : doResumeIfNeededLocked
11-18 14:04:20.559 13683 13683 D d : doResumeIfNeededLocked
11-18 14:04:20.560 617 617 W Binder:617_2: type=1400 audit(0.0:564166): avc: denied { read } for name="wakeup24" dev="sysfs" ino=46626 scontext=u:r:system_suspend:s0 tcontext=u:object_r:sysfs_battery_supply:s0 tclass=dir permissive=0
11-18 14:04:20.563 617 623 E android.system.suspend@1.0-service: Error opening kernel wakelock stats for: wakeup24: Permission denied
11-18 14:04:20.565 617 623 E android.system.suspend@1.0-service: Error opening kernel wakelock stats for: wakeup25: Permission denied
11-18 14:04:20.560 617 617 W Binder:617_2: type=1400 audit(0.0:564167): avc: denied { read } for name="wakeup25" dev="sysfs" ino=46707 scontext=u:r:system_suspend:s0 tcontext=u:object_r:sysfs_battery_supply:s0 tclass=dir permissive=0
11-18 14:04:20.565 617 623 E android.system.suspend@1.0-service: Error opening kernel wakelock stats for: wakeup23: Permission denied
11-18 14:04:20.566 565 565 I hwservicemanager: getTransport: Cannot find entry android.hardware.power.stats@1.0::IPowerStats/default in either framework or device manifest.
11-18 14:04:20.566 565 565 I hwservicemanager: getTransport: Cannot find entry android.hardware.power@1.0::IPower/default in either framework or device manifest.
11-18 14:04:20.566 1470 1618 E BatteryStatsService: Unable to load Power Hal or power.stats HAL
11-18 14:04:20.572 13683 13683 D AppUtils: Have 0 number of activities in preferred list
11-18 14:04:20.576 13683 13683 I AppInfoFeature: displayPreference owner.isInstantApp: false owner.isSystemModule: false packageName: com.jlpay.merch
11-18 14:04:20.586 13683 13683 W AppButtonsPrefCtl: App is not explicitly stopped
11-18 14:04:20.588 13683 13683 D AppFeatureProviderUtils: getStringListForFeature: []
11-18 14:04:20.589 13683 13683 V PhoneWindow: DecorView setVisiblity: visibility = 0, Parent = android.view.ViewRootImpl@b83e19b, this = DecorView@fc1fc7f[InstalledAppDetails]
11-18 14:04:20.590 2785 30272 E DatabaseUtils: Writing exception to parcel
11-18 14:04:20.590 2785 30272 E DatabaseUtils: java.lang.SecurityException: The authority com.android.settings does not match the one of the contentProvider: com.color.provider.SafeProvider
11-18 14:04:20.590 2785 30272 E DatabaseUtils: at android.content.ContentProvider.validateIncomingAuthority(ContentProvider.java:2505)
11-18 14:04:20.590 2785 30272 E DatabaseUtils: at android.content.ContentProvider.access$200(ContentProvider.java:115)
11-18 14:04:20.590 2785 30272 E DatabaseUtils: at android.content.ContentProvider$Transport.call(ContentProvider.java:511)
11-18 14:04:20.590 2785 30272 E DatabaseUtils: at android.content.ContentProviderNative.onTransact(ContentProviderNative.java:296)
11-18 14:04:20.590 2785 30272 E DatabaseUtils: at android.os.Binder.execTransactInternal(Binder.java:1161)
11-18 14:04:20.590 2785 30272 E DatabaseUtils: at android.os.Binder.execTransact(Binder.java:1130)
11-18 14:04:20.591 13683 15525 E OppoSettingsUtils: getPermissionOptimizableCount e=java.lang.SecurityException: The authority com.android.settings does not match the one of the contentProvider: com.color.provider.SafeProvider
11-18 14:04:20.591 1470 3546 D OppoDisplayPolicy: com.android.settings, change system app cutoutMode: color always
11-18 14:04:20.591 1470 3546 I WindowManager: Relayout Window{f0ad280 u0 com.android.settings/com.android.settings.applications.InstalledAppDetails}: oldVis=8 newVis=0 focusMayChange = true
11-18 14:04:20.593 841 3662 D DispPerfService: get hint proc=com.android.settings, idx=0 none
11-18 14:04:20.593 841 3662 I BufferQueueConsumer: [](id:349000020bf,api:0,p:-1,c:841) connect(): controlledByApp=false
11-18 14:04:20.593 841 3662 I BufferQueue: [unnamed-841-8383](this:0xb40000734895ce58,id:8383,api:0,p:-1,c:-1) BufferQueue core=(841:/system/bin/surfaceflinger)
11-18 14:04:20.594 1470 3546 W WindowManager: Changing focus fromnull to Window{f0ad280 u0 com.android.settings/com.android.settings.applications.InstalledAppDetails} displayId=0 Callers=com.android.server.wm.RootWindowContainer.updateFocusedWindowLocked:509 com.android.server.wm.WindowManagerService.updateFocusedWindowLocked:6073 com.android.server.wm.WindowManagerService.relayoutWindow:2717 com.android.server.wm.Session.relayout:229
11-18 14:04:20.594 841 899 D DispPerfService: get hint proc=Surface(name=8eb967f StatusBar), idx=0 none
11-18 14:04:20.595 841 899 D DispPerfService: get hint proc=Surface(name=c91655d NavigationBar0), idx=0 none
11-18 14:04:20.596 1470 3546 D Theia.NoFocusWindow: FocusWindowErrorScene cancelCheckFreezeScreen
11-18 14:04:20.598 841 3662 I BufferQueueProducer: [com.android.settings/com.android.settings.applications.InstalledAppDetails#0](id:349000020bf,api:1,p:13683,c:841) connect(): api=1 producerControlledByApp=false
11-18 14:04:20.608 1470 4256 I InputDispatcher: Window went away: com.android.settings/com.android.settings.applications.InstalledAppDetails#0
11-18 14:04:20.609 841 1311 D DispPerfService: onframeavailable pid=13683, slot=0, seq=61760, name=com.android.settings:com.android.settings/com.android.settings.applications.InstalledAppDetails#0
11-18 14:04:20.612 13683 13683 D AppUtils: Have 0 number of activities in preferred list
11-18 14:04:20.613 841 1311 D DispPerfService: get hint proc=Surface(name=ActivityRecord{92accb1 u0 com.android.settings, idx=0 none
11-18 14:04:20.615 1470 1595 D ColorZoomWindowManagerService: adjustWindowCropForLeash start: appToken = ActivityRecord{92accb1 u0 com.android.settings/.applications.InstalledAppDetails t18210}
11-18 14:04:20.614 841 1311 D DispPerfService: get hint proc=Surface(name=ActivityRecord{92accb1 u0 com.android.settings, idx=0 none
11-18 14:04:20.616 841 1311 D DispPerfService: get hint proc=Surface(name=ActivityRecord{5c03672 u0 com.android.settings, idx=0 none
11-18 14:04:20.617 841 3662 D DispPerfService: get hint proc=Surface(name=ActivityRecord{5c03672 u0 com.android.settings, idx=0 none
11-18 14:04:20.618 1470 1595 D ColorZoomWindowManagerService: adjustWindowCropForLeash start: appToken = ActivityRecord{5c03672 u0 com.android.settings/.SubSettings t18210 f}}
11-18 14:04:20.619 31557 31557 V PhoneWindow: DecorView setVisiblity: visibility = 8, Parent = android.view.ViewRootImpl@bb459d, this = DecorView@a937e7c[InputMethod]
11-18 14:04:20.624 841 841 D OppoExLayer: ~Layer() sequence=61757, name=Surface(name=8eb967f StatusBar)/@0x65f64c4 - animation-leash#1@0xb4000073361dd000
11-18 14:04:20.624 841 841 D OppoExLayer: ~Layer() sequence=61758, name=Surface(name=c91655d NavigationBar0)/@0xae9cfad - animation-leash#0@0xb4000073361e0000
11-18 14:04:20.624 1470 3036 I InputDispatcher: Focus entered window: Window{f0ad280 u0 com.android.settings/com.android.settings.applications.InstalledAppDetails} in display 0
11-18 14:04:20.630 13683 13683 D AppUtils: Have 0 number of activities in preferred list
11-18 14:04:20.634 13683 13683 I AppInfoFeature: displayPreference owner.isInstantApp: false owner.isSystemModule: false packageName: com.jlpay.merch
11-18 14:04:20.638 13683 13683 W AppButtonsPrefCtl: App is not explicitly stopped
11-18 14:04:20.640 13683 13683 D AppFeatureProviderUtils: getStringListForFeature: []
11-18 14:04:20.645 1470 3036 D InputMethodManagerService: isSecurity: attribute.packageName=com.android.settings
11-18 14:04:20.645 1470 3036 D InputMethodManagerService: isSecurity= false ( enable=false needShow=false inBlackList=false isExist=true )
11-18 14:04:20.646 1470 3036 D ColorInputMethodManagerServiceEx: onHandleImeWindowVisibleStatus handledVis: 0, switcher visible: 0, switcher active: 0, needsToShowImeSwitcher: false
11-18 14:04:20.646 1470 3036 D OplusVerificationCodeController: notifyImeAttributeChanged: 64false
11-18 14:04:20.647 841 899 D DispPerfService: get hint proc=Surface(name=9e67e93 InputMethod), idx=0 none
11-18 14:04:20.650 1470 3036 D OppoDisplayPolicy: com.android.systemui, change system app cutoutMode: color always
11-18 14:04:20.655 1470 2005 D ColorInputMethodManagerServiceEx: onHandleImeWindowVisibleStatus handledVis: 0, switcher visible: 0, switcher active: 0, needsToShowImeSwitcher: false
11-18 14:04:20.656 31557 31557 V PhoneWindow: DecorView setVisiblity: visibility = 8, Parent = android.view.ViewRootImpl@bb459d, this = DecorView@a937e7c[InputMethod]
11-18 14:04:20.657 841 841 D OppoExLayer: ~Layer() sequence=61748, name=Surface(name=9e67e93 InputMethod)/@0xa906ec9 - animation-leash#0@0xb4000073360a1000
11-18 14:04:20.659 1470 4266 D OppoDisplayPolicy: com.android.systemui, change system app cutoutMode: color always
11-18 14:04:20.710 809 819 I mtkpower@impl: [mtkPowerHint] hint:23, hold:0, ext:30, ext_hold:2000
11-18 14:04:20.710 809 875 I libPowerHal: [perfLockRel] hdl:40355, idx:2
11-18 14:04:20.710 809 875 I libPowerHal: [PD] scn:2 hdl:40355 hint:23 comm:mtkpower@1.0-se pid:809
11-18 14:04:20.710 809 875 I libPowerHal: MTKPOWER_HINT_ACT_SWITCH: cpu_ctrl set cpu freq: -1 -1 -1 -1
11-18 14:04:20.710 809 875 I libPowerHal: [PD] MTKPOWER_HINT_ACT_SWITCH update cmd:1000000, param:-1
11-18 14:04:20.711 809 875 I libPowerHal: [PD] MTKPOWER_HINT_ACT_SWITCH update cmd:1408300 param:0
11-18 14:04:20.711 809 875 I libPowerHal: [PD] MTKPOWER_HINT_ACT_SWITCH update cmd:1000000 param:-1
11-18 14:04:20.712 809 875 I libPowerHal: [perfLockAcq] idx:1 hdl:40356 hint:30 pid:809 duration:2000 => ret_hdl:40356
11-18 14:04:20.713 809 875 I libPowerHal: [PE] scn:1 hdl:40356 hint:30 comm:mtkpower@1.0-se pid:809
11-18 14:04:20.713 809 875 I libPowerHal: [PE] MTKPOWER_HINT_EXT_LAUNCH update cmd:1000000, param:1
11-18 14:04:20.713 809 875 I libPowerHal: [PE] MTKPOWER_HINT_EXT_LAUNCH update cmd:2020000, param:15
11-18 14:04:20.713 809 875 I libPowerHal: [PE] MTKPOWER_HINT_EXT_LAUNCH update cmd:1408300, param:40
11-18 14:04:20.713 809 875 I libPowerHal: [PE] MTKPOWER_HINT_EXT_LAUNCH update cmd:1000000 param:1
11-18 14:04:20.783 13683 13683 D ViewRootImpl: enqueueInputEventMotionEvent { action=ACTION_DOWN, actionButton=0, id[0]=0, x[0]=115.0, y[0]=230.0, toolType[0]=TOOL_TYPE_FINGER, buttonState=0, classification=NONE, metaState=0, flags=0x2, edgeFlags=0x0, pointerCount=1, historySize=0, eventTime=425639300, downTime=425639300, deviceId=3, source=0x1002, displayId=0 }
11-18 14:04:20.783 13683 13683 D ViewRootImpl[InstalledAppDetails]: processMotionEvent MotionEvent { action=ACTION_DOWN, actionButton=0, id[0]=0, x[0]=115.0, y[0]=230.0, toolType[0]=TOOL_TYPE_FINGER, buttonState=0, classification=NONE, metaState=0, flags=0x2, edgeFlags=0x0, pointerCount=1, historySize=0, eventTime=425639300, downTime=425639300, deviceId=3, source=0x1002, displayId=0 }
11-18 14:04:20.783 13683 13683 D ViewRootImpl[InstalledAppDetails]: dispatchPointerEvent handled=true, event=MotionEvent { action=ACTION_DOWN, actionButton=0, id[0]=0, x[0]=115.0, y[0]=230.0, toolType[0]=TOOL_TYPE_FINGER, buttonState=0, classification=NONE, metaState=0, flags=0x2, edgeFlags=0x0, pointerCount=1, historySize=0, eventTime=425639300, downTime=425639300, deviceId=3, source=0x1002, displayId=0 }
11-18 14:04:20.784 809 875 I libPowerHal: [perfLockAcq] idx:2 hdl:40357 hint:25 pid:809 duration:10000 => ret_hdl:40357
11-18 14:04:20.784 809 875 I libPowerHal: [PE] scn:2 hdl:40357 hint:25 comm:mtkpower@1.0-se pid:809
11-18 14:04:20.784 809 875 I libPowerHal: [PE] MTKPOWER_HINT_APP_TOUCH update cmd:3408600 param:1
11-18 14:04:20.799 1470 1595 V ColorZoomWindowManagerService: onAnimationFinished: r = ActivityRecord{92accb1 u0 com.android.settings/.applications.InstalledAppDetails t18210}
11-18 14:04:20.800 1470 1595 I ColorAppSwitchManagerService: handleAppVisible , r = ActivityRecord{92accb1 u0 com.android.settings/.applications.InstalledAppDetails t18210}
11-18 14:04:20.800 1470 1595 I OplusMirageDisplayManagerService: onAnimationFinished:
11-18 14:04:20.800 1470 1595 V ColorZoomWindowManagerService: onAnimationFinished: r = ActivityRecord{5c03672 u0 com.android.settings/.SubSettings t18210 f}}
11-18 14:04:20.800 1470 1595 I OplusMirageDisplayManagerService: onAnimationFinished:
11-18 14:04:20.807 841 841 D OppoExLayer: ~Layer() sequence=61764, name=Surface(name=ActivityRecord{92accb1 u0 com.android.settings/.applications.InstalledAppDetails)/@0xb8999ff - animation-bounds#0@0xb400007328d57000
11-18 14:04:20.807 841 841 D OppoExLayer: ~Layer() sequence=61763, name=Surface(name=ActivityRecord{92accb1 u0 com.android.settings/.applications.InstalledAppDetails)/@0xb8999ff - animation-leash#0@0xb4000073295f4000
11-18 14:04:20.807 841 841 D OppoExLayer: ~Layer() sequence=61766, name=Surface(name=ActivityRecord{5c03672 u0 com.android.settings/.SubSettings)/@0xbc4c85d - animation-bounds#0@0xb4000073360b5000
11-18 14:04:20.807 841 841 D OppoExLayer: ~Layer() sequence=61765, name=Surface(name=ActivityRecord{5c03672 u0 com.android.settings/.SubSettings)/@0xbc4c85d - animation-leash#0@0xb400007329831000
11-18 14:04:20.814 841 3662 I BufferQueueProducer: [com.android.settings/com.android.settings.SubSettings#0](id:349000020bd,api:1,p:13683,c:841) disconnect(): api=1
11-18 14:04:20.814 13683 13710 D OpenGLRenderer: endAllActiveAnimators on 0xb4000076b7c5a400 (RippleDrawable) with handle 0xb400007746a2d6c0
11-18 14:04:20.825 13683 13683 V PhoneWindow: DecorView setVisiblity: visibility = 4, Parent = android.view.ViewRootImpl@c4dfecf, this = DecorView@1eac130[SubSettings]
11-18 14:04:20.829 13683 13683 D View : [Warning] assignParent to null: this = DecorView@1eac130[SubSettings]
11-18 14:04:20.832 841 841 I BufferQueueConsumer: [com.android.settings/com.android.settings.SubSettings#0](id:349000020bd,api:0,p:-1,c:841) disconnect()
11-18 14:04:20.832 841 841 I BufferQueue: [com.android.settings/com.android.settings.SubSettings#0](this:0xb400007334b66858,id:8381,api:1,p:-1,c:-1) onDestructor()
11-18 14:04:20.833 841 841 D OppoExLayer: ~Layer() sequence=61744, name=com.android.settings/com.android.settings.SubSettings#0@0xb4000073361e7000
11-18 14:04:20.834 1470 3037 I InputDispatcher: Window went away: com.android.settings/com.android.settings.SubSettings#0
11-18 14:04:20.834 13683 13683 I InputTransport: Destroy ARC handle: 0xb40000775cbfc860
11-18 14:04:20.840 841 841 D OppoExLayer: ~Layer() sequence=61743, name=55c03df com.android.settings/com.android.settings.SubSettings#0@0xb40000733618e000
11-18 14:04:20.849 841 841 D OppoExLayer: ~Layer() sequence=61734, name=ActivityRecord{5c03672 u0 com.android.settings/.SubSettings#0@0xb4000073294a1000
11-18 14:04:20.857 809 875 I libPowerHal: [perfLockRel] hdl:40357, idx:2
11-18 14:04:20.857 809 875 I libPowerHal: [PD] scn:2 hdl:40357 hint:25 comm:mtkpower@1.0-se pid:809
11-18 14:04:20.857 809 875 I libPowerHal: [PD] MTKPOWER_HINT_APP_TOUCH update cmd:3408600 param:0
11-18 14:04:20.858 13683 13683 D ViewRootImpl[InstalledAppDetails]: processMotionEvent MotionEvent { action=ACTION_UP, actionButton=0, id[0]=0, x[0]=115.0, y[0]=230.0, toolType[0]=TOOL_TYPE_FINGER, buttonState=0, classification=NONE, metaState=0, flags=0x2, edgeFlags=0x0, pointerCount=1, historySize=0, eventTime=425639375, downTime=425639300, deviceId=3, source=0x1002, displayId=0 }
11-18 14:04:20.858 13683 13683 D ViewRootImpl[InstalledAppDetails]: dispatchPointerEvent handled=true, event=MotionEvent { action=ACTION_UP, actionButton=0, id[0]=0, x[0]=115.0, y[0]=230.0, toolType[0]=TOOL_TYPE_FINGER, buttonState=0, classification=NONE, metaState=0, flags=0x2, edgeFlags=0x0, pointerCount=1, historySize=0, eventTime=425639375, downTime=425639300, deviceId=3, source=0x1002, displayId=0 }
11-18 14:04:20.861 1470 3037 I InputDispatcher: setFocusedApplication displayId=0 ActivityRecord{e39e91 u0 com.oppo.launcher/.Launcher t2}
11-18 14:04:20.862 1470 1829 I mtkpower_client: perf_lock_rel, hdl:40351, tid:1829
11-18 14:04:20.862 1470 3037 W WindowManager: Changing focus fromWindow{f0ad280 u0 com.android.settings/com.android.settings.applications.InstalledAppDetails} to null displayId=0 Callers=com.android.server.wm.RootWindowContainer.updateFocusedWindowLocked:509 com.android.server.wm.WindowManagerService.updateFocusedWindowLocked:6073 com.android.server.wm.DisplayContent.setFocusedApp:5895 com.android.server.wm.ActivityTaskManagerService.setResumedActivityUncheckLocked:5860
11-18 14:04:20.862 1470 1829 I mtkpower_client: perf_lock_acq, hdl:40351, dur:0, num:10, tid:1829
11-18 14:04:20.863 809 875 I libPowerHal: [perfLockRel] hdl:40351, idx:0
11-18 14:04:20.863 1470 3037 D Theia.NoFocusWindow: FocusWindowErrorScene CheckFreezeScreen
11-18 14:04:20.863 809 875 I libPowerHal: [PD] scn:0 hdl:40351 lock_user:system_server pid:1470 tid:1829 dur:0
11-18 14:04:20.863 809 875 I libPowerHal: [PD] system_server update cmd:10000100 param:2
11-18 14:04:20.863 1470 3037 V ColorZoomWindowManagerService: prepareZoomTransition: curStack=Task{37d4596 #18210 visible=true type=standard mode=fullscreen translucent=true A=1000:.applications.InstalledAppDetailsTop U=0 StackId=18210 sz=1} nextStackTask{61e70a #1 visible=true type=home mode=fullscreen translucent=true I=com.oppo.launcher/.Launcher U=0 StackId=1 sz=1}
11-18 14:04:20.864 1470 1829 I mtkpower_client: ret_hdl:40358
11-18 14:04:20.865 809 875 I libPowerHal: [perfLockAcq] idx:0 hdl:40358 hint:-1 pid:1470 duration:0 => ret_hdl:40358
11-18 14:04:20.865 809 875 I libPowerHal: [PE] scn:0 hdl:40358 lock_user:system_server pid:1470 tid:1829 dur:0
11-18 14:04:20.866 809 875 I libPowerHal: system_server: cpu_ctrl set cpu freq: 2000000 -1 2000000 -1
11-18 14:04:20.866 809 875 I libPowerHal: [PE] system_server update cmd:1c3c000, param:0
11-18 14:04:20.866 809 875 I libPowerHal: [PE] system_server update cmd:10000100, param:2
11-18 14:04:20.867 809 875 I libPowerHal: [perfLockRel] hdl:40356, idx:1
11-18 14:04:20.867 809 875 I libPowerHal: [PD] scn:1 hdl:40356 hint:30 comm:mtkpower@1.0-se pid:809
11-18 14:04:20.867 809 875 I libPowerHal: [PD] MTKPOWER_HINT_EXT_LAUNCH update cmd:1000000, param:-1
11-18 14:04:20.868 809 875 I libPowerHal: [PD] MTKPOWER_HINT_EXT_LAUNCH update cmd:2020000 param:1
11-18 14:04:20.868 809 875 I libPowerHal: [PD] MTKPOWER_HINT_EXT_LAUNCH update cmd:1408300 param:0
11-18 14:04:20.868 809 875 I libPowerHal: [PD] MTKPOWER_HINT_EXT_LAUNCH update cmd:1000000 param:-1
11-18 14:04:20.868 809 875 I libPowerHal: [perfLockAcq] idx:2 hdl:40359 hint:22 pid:809 duration:10000 => ret_hdl:40359
11-18 14:04:20.868 809 875 I libPowerHal: [PE] scn:2 hdl:40359 hint:22 comm:mtkpower@1.0-se pid:809
11-18 14:04:20.868 809 875 I libPowerHal: [PE] MTKPOWER_HINT_PACK_SWITCH update cmd:1000000, param:0
11-18 14:04:20.868 809 875 I libPowerHal: [PE] MTKPOWER_HINT_PACK_SWITCH update cmd:1408300, param:100
11-18 14:04:20.869 809 875 I libPowerHal: [PE] MTKPOWER_HINT_PACK_SWITCH update cmd:1000000 param:0
11-18 14:04:20.870 1470 3037 V SensorManager: setScreenShotDisableImpl
11-18 14:04:20.870 1470 3037 D SensorService: debug_oplusGeminiProximity setScreenShotDisable in SensorService
11-18 14:04:20.871 1470 3037 I ColorHansManager : ColorHansManager : resume pkg: com.oppo.launcher, uid:10062, prev pkg: com.android.settings, prev uid: 1000
11-18 14:04:20.871 1470 1829 I mtkpower_client: perf_lock_rel, hdl:40358, tid:1829
11-18 14:04:20.871 1470 2457 I ColorHansManager : enter fastfreezer
11-18 14:04:20.871 1470 1829 I mtkpower_client: perf_lock_acq, hdl:40358, dur:0, num:10, tid:1829
11-18 14:04:20.871 809 819 I mtkpower@impl: [check_work_req] i:0, msg:1 hdl:40358, wait
11-18 14:04:20.872 1470 2457 I ColorHansManager : freeze uid: 10177 package: com.heytap.health reason: fastfreezer|10062 scene: FastFreezerScene
11-18 14:04:20.872 1470 3037 I ActivityTaskManager: perfNotifyAppState TopResumedActivityChanged ActivityRecord{e39e91 u0 com.oppo.launcher/.Launcher t2}
11-18 14:04:20.873 1470 2457 I ColorHansManager : freeze uid: 10071 package: com.redteamobile.roaming reason: fastfreezer|10062 scene: FastFreezerScene
11-18 14:04:20.873 1470 2457 I ColorHansManager : freeze uid: 11365 package: io.appium.uiautomator2.server reason: fastfreezer|10062 scene: FastFreezerScene
11-18 14:04:20.873 809 819 I mtkpower@impl: [check_work_req] i:0, msg:1 hdl:40358, wait
11-18 14:04:20.874 1470 2457 I ColorHansManager : freeze uid: 10095 package: com.nearme.gamecenter reason: fastfreezer|10062 scene: FastFreezerScene
11-18 14:04:20.875 1470 2457 I ColorHansManager : freeze uid: 10494 package: com.alibaba.android.rimet reason: fastfreezer|10062 scene: FastFreezerScene
11-18 14:04:20.875 20488 20508 I [0]DCS-StrategyManager: isNeedUpload: true, type: 1, appID: 0, logTag: , eventID:
11-18 14:04:20.875 809 875 I libPowerHal: [perfLockRel] hdl:40358, idx:0
11-18 14:04:20.875 809 875 I libPowerHal: [PD] scn:0 hdl:40358 lock_user:system_server pid:1470 tid:1829 dur:0
11-18 14:04:20.875 809 875 I libPowerHal: [PD] system_server update cmd:1c3c000, param:1
11-18 14:04:20.875 809 875 I libPowerHal: [PD] system_server update cmd:10000100 param:2
11-18 14:04:20.875 1470 3037 I ActivityTaskManager: perfNotifyAppState PAUSED ActivityRecord{92accb1 u0 com.android.settings/.applications.InstalledAppDetails t18210 f}}
11-18 14:04:20.876 1470 1829 I mtkpower_client: ret_hdl:40360
11-18 14:04:20.876 809 875 I libPowerHal: [perfLockAcq] idx:0 hdl:40360 hint:-1 pid:1470 duration:0 => ret_hdl:40360
11-18 14:04:20.876 809 875 I libPowerHal: [PE] scn:0 hdl:40360 lock_user:system_server pid:1470 tid:1829 dur:0
11-18 14:04:20.876 809 875 I libPowerHal: [PE] system_server update cmd:1c3c000, param:0
11-18 14:04:20.876 809 875 I libPowerHal: [PE] system_server update cmd:10000100, param:2
11-18 14:04:20.876 809 875 I libPowerHal: [perfNotifyAppState] foreground:com.oppo.launcher, pid:2515, uid:10062
11-18 14:04:20.877 20488 20508 I [0]DCS-BackgroundAppData: sendAppBgEvent: has no pkgName=com.oppo.launcher
11-18 14:04:20.877 1470 1594 E OppoThermalStats: Error getting package info: com.oppo.launcher
11-18 14:04:20.877 1470 2005 I WindowManager: Relayout Window{c6aacdb u0 com.coloros.assistantscreen}: oldVis=8 newVis=0 focusMayChange = true
11-18 14:04:20.877 809 875 E UxUtility: notifyAppState error = NULL
11-18 14:04:20.877 809 875 I TouchUtility: notifyAppState error = NULL
11-18 14:04:20.877 809 875 I libPowerHal: [perfNotifyAppState] [activity updated] pack:com.oppo.launcher, act:com.oppo.launcher.Launcher
11-18 14:04:20.877 809 875 I libPowerHal: Act_Match:0, Common_index:-1
11-18 14:04:20.878 809 819 I mtkpower@impl: [notifyAppState] pc:0, com.android.settings => com.oppo.launcher
11-18 14:04:20.878 2785 28242 W OppoGuardElf: ThermalControlUtils: mForegroundPkg=com.oppo.launcher
11-18 14:04:20.879 841 899 D SurfaceFlinger: cid 1470 createSurface name is null
11-18 14:04:20.879 841 899 D DispPerfService: get hint proc=, idx=0 none
11-18 14:04:20.879 841 899 I BufferQueueConsumer: [](id:349000020c0,api:0,p:-1,c:841) connect(): controlledByApp=false
11-18 14:04:20.879 841 899 I BufferQueue: [unnamed-841-8384](this:0xb400007334b67658,id:8384,api:0,p:-1,c:-1) BufferQueue core=(841:/system/bin/surfaceflinger)
11-18 14:04:20.879 1470 2657 I ColorResourcePreloadManager: resume pkg: com.oppo.launcher, uid:10062, prev pkg: com.android.settings, prev uid: 1000
11-18 14:04:20.880 20608 13701 D ZoomAppController: ignore onAppEnter: Invalid cvActionFlag = 0
11-18 14:04:20.881 1470 1594 D OomAdjuster: TOP_APP is ProcessRecord{133788a 2515:com.oppo.launcher/u0a62} uid is 10062
11-18 14:04:20.883 1470 2005 I InputDispatcher: Focus left window: Window{f0ad280 u0 com.android.settings/com.android.settings.applications.InstalledAppDetails} in display 0
11-18 14:04:20.883 1470 2005 I InputDispatcher: Window went away: Window{f0ad280 u0 com.android.settings/com.android.settings.applications.InstalledAppDetails}
11-18 14:04:20.885 1470 1592 D OplusAppBwCore: onUidImportance: 10062, 100
11-18 14:04:20.887 5545 5548 E IHansComunication: HANS printMessageBody: RCVed message body: type = 0, port = 86870, caller_pid = 1470, caller_uid = 1000, target_pid = 14900, target_uid = 11365, pkg_cmd = -1
11-18 14:04:20.887 841 899 I BufferQueueProducer: [#0](id:349000020c0,api:1,p:20261,c:841) connect(): api=1 producerControlledByApp=false
11-18 14:04:20.888 2515 2515 V PhoneWindow: DecorView setVisiblity: visibility = 0, Parent = android.view.ViewRootImpl@4720906, this = DecorView@3f1dbc7[Launcher]
11-18 14:04:20.888 20726 18198 I RemoteGuardClient.DWB.ActivityMonitor: onForegroundActivitiesChanged 2515,10062,foreground true pkg= oppo.uid.launcher:10062
11-18 14:04:20.888 2515 2515 V PhoneWindow: DecorView setVisiblity: visibility = 0, Parent = android.view.ViewRootImpl@4720906, this = DecorView@3f1dbc7[Launcher]
11-18 14:04:20.892 1470 3546 I WindowManager: Relayout Window{f1ec59d u0 com.oppo.launcher/com.oppo.launcher.Launcher}: oldVis=4 newVis=0 focusMayChange = true
11-18 14:04:20.893 841 3662 D DispPerfService: get hint proc=com.oppo.launcher, idx=0 none
11-18 14:04:20.893 841 3662 I BufferQueueConsumer: [](id:349000020c1,api:0,p:-1,c:841) connect(): controlledByApp=false
11-18 14:04:20.894 841 3662 I BufferQueue: [unnamed-841-8385](this:0xb400007334a1a658,id:8385,api:0,p:-1,c:-1) BufferQueue core=(841:/system/bin/surfaceflinger)
11-18 14:04:20.894 20726 20763 I RemoteGuardClient.DWB.ActivityMonitor: topActivities = []
11-18 14:04:20.895 1470 3546 W WindowManager: Changing focus fromnull to Window{f1ec59d u0 com.oppo.launcher/com.oppo.launcher.Launcher} displayId=0 Callers=com.android.server.wm.RootWindowContainer.updateFocusedWindowLocked:509 com.android.server.wm.WindowManagerService.updateFocusedWindowLocked:6073 com.android.server.wm.WindowManagerService.relayoutWindow:2717 com.android.server.wm.Session.relayout:229
11-18 14:04:20.895 841 2967 D DispPerfService: get hint proc=Surface(name=8eb967f StatusBar), idx=0 none
11-18 14:04:20.896 841 2967 D DispPerfService: get hint proc=Surface(name=c91655d NavigationBar0), idx=0 none
11-18 14:04:20.896 1470 1829 I mtkpower_client: perf_lock_rel, hdl:40360, tid:1829
11-18 14:04:20.896 1470 1829 I mtkpower_client: perf_lock_acq, hdl:40360, dur:0, num:10, tid:1829
11-18 14:04:20.898 1470 3546 D Theia.NoFocusWindow: FocusWindowErrorScene cancelCheckFreezeScreen
11-18 14:04:20.899 809 875 I libPowerHal: [perfLockRel] hdl:40360, idx:0
11-18 14:04:20.899 809 875 I libPowerHal: [PD] scn:0 hdl:40360 lock_user:system_server pid:1470 tid:1829 dur:0
11-18 14:04:20.900 809 875 I libPowerHal: [PD] system_server update cmd:1c3c000, param:1
11-18 14:04:20.901 841 900 I BufferQueueProducer: [com.oppo.launcher/com.oppo.launcher.Launcher#0](id:349000020c1,api:1,p:2515,c:841) connect(): api=1 producerControlledByApp=false
11-18 14:04:20.901 841 3662 D DispPerfService: onframeavailable pid=20261, slot=0, seq=61768, name=com.coloros.assistantscreen:#0
11-18 14:04:20.903 2515 2515 E Launcher.ColorBubbleTextView: mForceHideDot is false
11-18 14:04:20.903 2515 2515 I chatty : uid=10062(com.oppo.launcher) identical 2 lines
11-18 14:04:20.903 2515 2515 E Launcher.ColorBubbleTextView: mForceHideDot is false
11-18 14:04:20.903 5545 5548 E IHansComunication: HANS printMessageBody: RCVed message body: type = 0, port = 86870, caller_pid = 1470, caller_uid = 1000, target_pid = 14900, target_uid = 11365, pkg_cmd = -1
11-18 14:04:20.903 2515 2515 E Launcher.ColorBubbleTextView: mForceHideDot is false
11-18 14:04:20.903 2515 2515 I chatty : uid=10062(com.oppo.launcher) identical 1 line
11-18 14:04:20.903 2515 2515 E Launcher.ColorBubbleTextView: mForceHideDot is false
11-18 14:04:20.904 5545 5548 E IHansComunication: HANS printMessageBody: RCVed message body: type = 0, port = 86870, caller_pid = 1470, caller_uid = 1000, target_pid = 14900, target_uid = 11365, pkg_cmd = -1
11-18 14:04:20.905 809 875 I libPowerHal: [PD] system_server update cmd:10000100 param:2
11-18 14:04:20.906 1470 1829 I mtkpower_client: ret_hdl:40361
11-18 14:04:20.906 31557 31557 V PhoneWindow: DecorView setVisiblity: visibility = 8, Parent = android.view.ViewRootImpl@bb459d, this = DecorView@a937e7c[InputMethod]
11-18 14:04:20.907 5545 5548 E IHansComunication: HANS printMessageBody: RCVed message body: type = 0, port = 86870, caller_pid = 1470, caller_uid = 1000, target_pid = 14900, target_uid = 11365, pkg_cmd = -1
11-18 14:04:20.907 841 841 D OppoExLayer: ~Layer() sequence=61761, name=Surface(name=8eb967f StatusBar)/@0x65f64c4 - animation-leash#0@0xb400007336165000
11-18 14:04:20.907 841 841 D OppoExLayer: ~Layer() sequence=61762, name=Surface(name=c91655d NavigationBar0)/@0xae9cfad - animation-leash#1@0xb40000733617d000
11-18 14:04:20.907 1470 4256 I InputDispatcher: Window went away: com.oppo.launcher/com.oppo.launcher.Launcher#0
11-18 14:04:20.908 809 875 I libPowerHal: [perfLockAcq] idx:0 hdl:40361 hint:-1 pid:1470 duration:0 => ret_hdl:40361
11-18 14:04:20.908 809 875 I libPowerHal: [PE] scn:0 hdl:40361 lock_user:system_server pid:1470 tid:1829 dur:0
11-18 14:04:20.908 809 875 I libPowerHal: [PE] system_server update cmd:1c3c000, param:0
11-18 14:04:20.908 5545 5548 E IHansComunication: HANS printMessageBody: RCVed message body: type = 0, port = 86870, caller_pid = 1470, caller_uid = 1000, target_pid = 14900, target_uid = 11365, pkg_cmd = -1
11-18 14:04:20.909 809 875 I libPowerHal: [PE] system_server update cmd:10000100, param:2
11-18 14:04:20.911 1470 4264 D AS.AudioService: getParameters() keyValuePairs:OPLUS_AUDIO_GET_FOCUS_STACK
11-18 14:04:20.911 5545 5548 E IHansComunication: HANS printMessageBody: RCVed message body: type = 0, port = 86870, caller_pid = 1470, caller_uid = 1000, target_pid = 14900, target_uid = 11365, pkg_cmd = -1
11-18 14:04:20.912 2785 28242 W OppoGuardElf: ThermalControllHandler: tempLevel=3,userMode=2,gameUserMode=-1,appType=-1,envTempType=0,appStates=[]
11-18 14:04:20.912 5545 5548 E IHansComunication: HANS printMessageBody: RCVed message body: type = 0, port = 86870, caller_pid = 1470, caller_uid = 1000, target_pid = 14900, target_uid = 11365, pkg_cmd = -1
11-18 14:04:20.913 2785 28242 W OppoGuardElf: ThermalControllerCenter: mSafetyState=10000
11-18 14:04:20.914 2785 28242 W OppoGuardElf: ThermalControllHandler: tempGear=3,configItemName=common_config
11-18 14:04:20.914 2785 4816 W OppoGuardElf: ThermalControllHandler: MSG_THERMAL_CONTROL_CATEGORY_CHANGED
11-18 14:04:20.921 841 3662 D DispPerfService: onframeavailable pid=2515, slot=0, seq=61769, name=com.oppo.launcher:com.oppo.launcher/com.oppo.launcher.Launcher#0
11-18 14:04:20.923 2069 2069 D OplusWallpaperServiceHelper: isNightMode is false
11-18 14:04:20.923 2069 2069 I OplusWallpaperServiceHelper: getDarkModeWallpaperWindowAlpha. nightMode = false
11-18 14:04:20.924 1470 1595 V WindowManager: mIsWallpaper: setAlpha ok mShownAlpha = 0.98
11-18 14:04:20.926 841 899 D DispPerfService: get hint proc=Surface(name=Task=2), idx=0 none
11-18 14:04:20.926 2515 2515 E Launcher.ColorBubbleTextView: mForceHideDot is false
11-18 14:04:20.926 841 899 D DispPerfService: get hint proc=Surface(name=Task=18210), idx=0 none
11-18 14:04:20.928 2515 2515 E Launcher.ColorBubbleTextView: mForceHideDot is false
