11-18 13:59:44.970 1470 3038 D ColorInputMethodManagerServiceEx: onHandleImeWindowVisibleStatus handledVis: 0, switcher visible: 0, switcher active: 0, needsToShowImeSwitcher: false
11-18 13:59:45.993 1470 3038 W ActivityManager: Unable to start service Intent { act=com.tencent.tpns.mqttchannel.FEEDBACK pkg=com.sohu.inputmethod.sogou } U=0: not found
11-18 13:59:50.183 1470 1597 V OppoBaseWatchdog: @WatchDog_ error e: java.io.FileNotFoundException: /d/wakeup_sources: open failed: ENOENT (No such file or directory)
11-18 13:59:54.449 13896 13896 D ViewRootImpl: enqueueInputEventMotionEvent { action=ACTION_DOWN, actionButton=0, id[0]=0, x[0]=780.0, y[0]=1010.0, toolType[0]=TOOL_TYPE_FINGER, buttonState=0, classification=NONE, metaState=0, flags=0x0, edgeFlags=0x0, pointerCount=1, historySize=0, eventTime=425372955, downTime=425372954, deviceId=-1, source=0x1002, displayId=0 }
11-18 13:59:54.465 1470 3546 W WindowManager: Changing focus fromWindow{5214307 u0 com.jlpay.merch/com.jlpay.merch.ui.start.SplashActivity EXITING} to Window{ad3cba5 u0 com.jlpay.merch/com.jlpay.merch.ui.start.SplashActivity} displayId=0 Callers=com.android.server.wm.RootWindowContainer.updateFocusedWindowLocked:509 com.android.server.wm.WindowManagerService.updateFocusedWindowLocked:6073 com.android.server.wm.WindowState.setupWindowForRemoveOnExit:2542 com.android.server.wm.WindowState.removeIfPossible:2507
11-18 13:59:54.686 1470 1823 D JobScheduler.Temperature: get temperature=30.476
11-18 13:59:54.901 1470 1835 D ColorInputMethodManagerServiceEx: onHandleImeWindowVisibleStatus handledVis: 0, switcher visible: 0, switcher active: 0, needsToShowImeSwitcher: false
11-18 13:59:54.931 1470 1835 D ColorInputMethodManagerServiceEx: onHandleImeWindowVisibleStatus handledVis: 0, switcher visible: 0, switcher active: 0, needsToShowImeSwitcher: false
11-18 13:59:55.114 1470 1835 I ActivityTaskManager: START u0 {cmp=com.jlpay.merch/.ui.login.LoginActivity mCallingUid=11378} from uid 11378 and from pid 13896
11-18 13:59:55.114 1470 1835 D ColorZoomWindowRUSConfigManager: isSupportZoomModeWithPolicyLocked: target = com.jlpay.merch/.ui.login.LoginActivity
11-18 13:59:55.114 1470 1835 D ColorZoomWindowRUSConfigManager: targetPkg = com.jlpay.merch
11-18 13:59:55.114 1470 1835 V ColorZoomWindowManagerService: unSupportZoom: false ,callingPid: 13896 ,sourceStack: Task{bb21b98 #18206 visible=true type=standard mode=fullscreen translucent=false A=11378:com.jlpay.merch U=0 StackId=18206 sz=1}
11-18 13:59:55.117 1470 1835 D ColorZoomWindowRUSConfigManager: isSupportZoomModeWithPolicyLocked: target = com.jlpay.merch/.ui.login.LoginActivity
11-18 13:59:55.117 1470 1835 D ColorZoomWindowRUSConfigManager: targetPkg = com.jlpay.merch
11-18 13:59:55.117 1470 1835 V ColorZoomWindowManagerService: unSupportZoom: false ,callingPid: 13896 ,sourceStack: Task{bb21b98 #18206 visible=true type=standard mode=fullscreen translucent=false A=11378:com.jlpay.merch U=0 StackId=18206 sz=2}
11-18 13:59:55.127 1470 1835 I OppoBaseActivityStack: notifyAppSwitch the same packageName!
11-18 13:59:55.128 1470 1835 W ActivityTaskManager: Tried to set launchTime (0) < mLastActivityLaunchTime (425362975)
11-18 13:59:55.129 1470 1835 I ActivityTaskManager: perfNotifyAppState TopResumedActivityChanged ActivityRecord{bdd3eb5 u0 com.jlpay.merch/.ui.login.LoginActivity t18206}
11-18 13:59:55.130 1470 1835 W WindowManager: Changing focus fromWindow{ad3cba5 u0 com.jlpay.merch/com.jlpay.merch.ui.start.SplashActivity} to null displayId=0 Callers=com.android.server.wm.RootWindowContainer.updateFocusedWindowLocked:509 com.android.server.wm.WindowManagerService.updateFocusedWindowLocked:6073 com.android.server.wm.DisplayContent.setFocusedApp:5895 com.android.server.wm.ActivityTaskManagerService.setResumedActivityUncheckLocked:5860
11-18 13:59:55.132 1470 1835 I ActivityTaskManager: perfNotifyAppState PAUSED ActivityRecord{bbae6fe u0 com.jlpay.merch/.ui.start.SplashActivity t18206 f}}
11-18 13:59:55.273 13896 13896 D ColorViewRootUtil: initSwipState, isDisplayCompatApp false
11-18 13:59:55.273 13896 13896 D ColorViewRootUtil: mScreenHeight 2400, mScreenWidth 1080
11-18 13:59:55.298 1470 2648 I WindowManager: Relayout Window{ee76bee u0 com.jlpay.merch/com.jlpay.merch.ui.login.LoginActivity}: oldVis=4 newVis=0 focusMayChange = true
11-18 13:59:55.300 1470 2648 W WindowManager: Changing focus fromnull to Window{ee76bee u0 com.jlpay.merch/com.jlpay.merch.ui.login.LoginActivity} displayId=0 Callers=com.android.server.wm.RootWindowContainer.updateFocusedWindowLocked:509 com.android.server.wm.WindowManagerService.updateFocusedWindowLocked:6073 com.android.server.wm.WindowManagerService.relayoutWindow:2717 com.android.server.wm.Session.relayout:229
11-18 13:59:55.305 13896 13896 V OplusZoomWindowDecorViewHelper: setLastReportedMergedConfiguration mZoomDisplayHeight: 2400 getDecorView.DecorView@655db25[LoginActivity]
11-18 13:59:55.348 1470 1595 D ColorZoomWindowManagerService: adjustWindowCropForLeash start: appToken = ActivityRecord{bdd3eb5 u0 com.jlpay.merch/.ui.login.LoginActivity t18206}
11-18 13:59:55.350 1470 1595 D ColorZoomWindowManagerService: adjustWindowCropForLeash start: appToken = ActivityRecord{bbae6fe u0 com.jlpay.merch/.ui.start.SplashActivity t18206 f}}
11-18 13:59:55.363 1470 4262 D ColorInputMethodManagerServiceEx: onHandleImeWindowVisibleStatus handledVis: 0, switcher visible: 0, switcher active: 0, needsToShowImeSwitcher: false
11-18 13:59:55.370 1470 4262 D ColorInputMethodManagerServiceEx: onHandleImeWindowVisibleStatus handledVis: 0, switcher visible: 0, switcher active: 0, needsToShowImeSwitcher: false
11-18 13:59:55.626 1470 1595 V ColorZoomWindowManagerService: onAnimationFinished: r = ActivityRecord{bbae6fe u0 com.jlpay.merch/.ui.start.SplashActivity t18206 f}}
11-18 13:59:55.626 1470 1595 I OplusMirageDisplayManagerService: onAnimationFinished:
11-18 13:59:55.626 1470 1595 V ColorZoomWindowManagerService: onAnimationFinished: r = ActivityRecord{bdd3eb5 u0 com.jlpay.merch/.ui.login.LoginActivity t18206}
11-18 13:59:55.626 1470 1595 I ColorAppSwitchManagerService: handleAppVisible , r = ActivityRecord{bdd3eb5 u0 com.jlpay.merch/.ui.login.LoginActivity t18206}
11-18 13:59:55.626 1470 1595 I OplusMirageDisplayManagerService: onAnimationFinished:
11-18 13:59:56.603 1470 1629 D BatteryLed: getLightInColorState, oppoLightMgr empty!
11-18 13:59:57.240 1470 4262 E AppOps : noteOperation
11-18 13:59:57.240 1470 4262 E AppOps : java.lang.SecurityException: Specified package com.android.phone under uid 10159 but it is really 1001
11-18 13:59:57.240 1470 4262 E AppOps : at com.android.server.appop.AppOpsService.verifyAndGetBypass(AppOpsService.java:3966)
11-18 13:59:57.240 1470 4262 E AppOps : at com.android.server.appop.AppOpsService.noteOperationUnchecked(AppOpsService.java:3106)
11-18 13:59:57.240 1470 4262 E AppOps : at com.android.server.appop.AppOpsService.noteOperationImpl(AppOpsService.java:3094)
11-18 13:59:57.240 1470 4262 E AppOps : at com.android.server.appop.AppOpsService.noteOperation(AppOpsService.java:3077)
11-18 13:59:57.240 1470 4262 E AppOps : at com.android.internal.app.IAppOpsService$Stub.onTransact(IAppOpsService.java:447)
11-18 13:59:57.240 1470 4262 E AppOps : at android.os.Binder.execTransactInternal(Binder.java:1166)
11-18 13:59:57.240 1470 4262 E AppOps : at android.os.Binder.execTransact(Binder.java:1130)
11-18 14:00:00.066 1470 1835 E OplusCustomizeRestrictionManagerService: isBiometricDisabled start
11-18 14:00:00.067 1470 4262 E OplusCustomizeRestrictionManagerService: isBiometricDisabled start
11-18 14:00:02.484 1470 1629 D BatteryLed: getLightInColorState, oppoLightMgr empty!
11-18 14:00:04.694 1470 1823 D JobScheduler.Temperature: get temperature=30.476
11-18 14:00:06.757 13896 13896 D ViewRootImpl: enqueueInputEventMotionEvent { action=ACTION_DOWN, actionButton=0, id[0]=0, x[0]=540.0, y[0]=1515.0, toolType[0]=TOOL_TYPE_FINGER, buttonState=0, classification=NONE, metaState=0, flags=0x0, edgeFlags=0x0, pointerCount=1, historySize=0, eventTime=425385267, downTime=425385266, deviceId=-1, source=0x1002, displayId=0 }
11-18 14:00:06.785 13896 13896 D ColorViewRootUtil: initSwipState, isDisplayCompatApp false
11-18 14:00:06.785 13896 13896 D ColorViewRootUtil: mScreenHeight 2400, mScreenWidth 1080
11-18 14:00:06.791 1470 4262 W WindowManager: Changing focus fromWindow{ee76bee u0 com.jlpay.merch/com.jlpay.merch.ui.login.LoginActivity} to Window{6c0b8b0 u0 com.jlpay.merch/com.jlpay.merch.ui.login.LoginActivity} displayId=0 Callers=com.android.server.wm.RootWindowContainer.updateFocusedWindowLocked:509 com.android.server.wm.WindowManagerService.updateFocusedWindowLocked:6073 com.android.server.wm.WindowManagerService.addWindow:1941 com.android.server.wm.Session.addToDisplayAsUser:184
11-18 14:00:06.819 13896 13896 V OplusZoomWindowDecorViewHelper: setLastReportedMergedConfiguration mZoomDisplayHeight: 2400 getDecorView.DecorView@e42dd1f[LoginActivity]
11-18 14:00:06.852 1470 1835 D ColorInputMethodManagerServiceEx: onHandleImeWindowVisibleStatus handledVis: 0, switcher visible: 0, switcher active: 0, needsToShowImeSwitcher: false
11-18 14:00:06.859 1470 1835 D ColorInputMethodManagerServiceEx: onHandleImeWindowVisibleStatus handledVis: 0, switcher visible: 0, switcher active: 0, needsToShowImeSwitcher: false
11-18 14:00:07.488 20949 24002 W ContextImpl: Calling a method in the system process without a qualified user: android.app.ContextImpl.startService:1701 android.content.ContextWrapper.startService:730 com.coloros.statistics.dcs.c.b.a:216 com.coloros.statistics.dcs.c.b.a:143 com.coloros.statistics.dcs.a.c.a:14
11-18 14:00:07.583 20949 24002 I chatty : uid=1000(system) pool-5-thread-1 identical 6 lines
11-18 14:00:07.587 20949 24002 W ContextImpl: Calling a method in the system process without a qualified user: android.app.ContextImpl.startService:1701 android.content.ContextWrapper.startService:730 com.coloros.statistics.dcs.c.b.a:216 com.coloros.statistics.dcs.c.b.a:143 com.coloros.statistics.dcs.a.c.a:14
11-18 14:00:08.280 13896 13896 D ViewRootImpl: enqueueInputEventMotionEvent { action=ACTION_DOWN, actionButton=0, id[0]=0, x[0]=712.0, y[0]=499.0, toolType[0]=TOOL_TYPE_FINGER, buttonState=0, classification=NONE, metaState=0, flags=0x0, edgeFlags=0x0, pointerCount=1, historySize=0, eventTime=425386784, downTime=425386783, deviceId=-1, source=0x1002, displayId=0 }
11-18 14:00:08.293 1470 1835 W WindowManager: Changing focus fromWindow{6c0b8b0 u0 com.jlpay.merch/com.jlpay.merch.ui.login.LoginActivity EXITING} to Window{ee76bee u0 com.jlpay.merch/com.jlpay.merch.ui.login.LoginActivity} displayId=0 Callers=com.android.server.wm.RootWindowContainer.updateFocusedWindowLocked:509 com.android.server.wm.WindowManagerService.updateFocusedWindowLocked:6073 com.android.server.wm.WindowState.setupWindowForRemoveOnExit:2542 com.android.server.wm.WindowState.removeIfPossible:2507
11-18 14:00:08.317 13896 13896 D ColorViewRootUtil: initSwipState, isDisplayCompatApp false
11-18 14:00:08.317 13896 13896 D ColorViewRootUtil: mScreenHeight 2400, mScreenWidth 1080
11-18 14:00:08.323 1470 1835 W WindowManager: Changing focus fromWindow{ee76bee u0 com.jlpay.merch/com.jlpay.merch.ui.login.LoginActivity} to Window{9564f10 u0 com.jlpay.merch/com.jlpay.merch.ui.login.LoginActivity} displayId=0 Callers=com.android.server.wm.RootWindowContainer.updateFocusedWindowLocked:509 com.android.server.wm.WindowManagerService.updateFocusedWindowLocked:6073 com.android.server.wm.WindowManagerService.addWindow:1941 com.android.server.wm.Session.addToDisplayAsUser:184
11-18 14:00:08.349 13896 13896 V OplusZoomWindowDecorViewHelper: setLastReportedMergedConfiguration mZoomDisplayHeight: 2400 getDecorView.DecorView@ea0ee2a[LoginActivity]
11-18 14:00:08.379 1470 1835 D ColorInputMethodManagerServiceEx: onHandleImeWindowVisibleStatus handledVis: 0, switcher visible: 0, switcher active: 0, needsToShowImeSwitcher: false
11-18 14:00:08.388 1470 1835 D ColorInputMethodManagerServiceEx: onHandleImeWindowVisibleStatus handledVis: 0, switcher visible: 0, switcher active: 0, needsToShowImeSwitcher: false
11-18 14:00:08.717 1470 1629 D BatteryLed: getLightInColorState, oppoLightMgr empty!
11-18 14:00:09.153 1470 1835 W WindowManager: Changing focus fromWindow{9564f10 u0 com.jlpay.merch/com.jlpay.merch.ui.login.LoginActivity EXITING} to Window{ee76bee u0 com.jlpay.merch/com.jlpay.merch.ui.login.LoginActivity} displayId=0 Callers=com.android.server.wm.RootWindowContainer.updateFocusedWindowLocked:509 com.android.server.wm.WindowManagerService.updateFocusedWindowLocked:6073 com.android.server.wm.WindowState.setupWindowForRemoveOnExit:2542 com.android.server.wm.WindowState.removeIfPossible:2507
11-18 14:00:09.200 13896 13896 D ColorViewRootUtil: initSwipState, isDisplayCompatApp false
11-18 14:00:09.200 13896 13896 D ColorViewRootUtil: mScreenHeight 2400, mScreenWidth 1080
11-18 14:00:09.213 1470 3546 W WindowManager: Changing focus fromWindow{ee76bee u0 com.jlpay.merch/com.jlpay.merch.ui.login.LoginActivity} to Window{eae12ed u0 com.jlpay.merch/com.jlpay.merch.ui.login.LoginActivity} displayId=0 Callers=com.android.server.wm.RootWindowContainer.updateFocusedWindowLocked:509 com.android.server.wm.WindowManagerService.updateFocusedWindowLocked:6073 com.android.server.wm.WindowManagerService.addWindow:1941 com.android.server.wm.Session.addToDisplayAsUser:184
11-18 14:00:09.263 13896 13896 V OplusZoomWindowDecorViewHelper: setLastReportedMergedConfiguration mZoomDisplayHeight: 2400 getDecorView.DecorView@e2a40df[LoginActivity]
11-18 14:00:09.297 1470 4262 D ColorInputMethodManagerServiceEx: onHandleImeWindowVisibleStatus handledVis: 0, switcher visible: 0, switcher active: 0, needsToShowImeSwitcher: false
11-18 14:00:09.303 1470 4262 D ColorInputMethodManagerServiceEx: onHandleImeWindowVisibleStatus handledVis: 0, switcher visible: 0, switcher active: 0, needsToShowImeSwitcher: false
11-18 14:00:09.478 1470 1835 W WindowManager: Changing focus fromWindow{eae12ed u0 com.jlpay.merch/com.jlpay.merch.ui.login.LoginActivity EXITING} to Window{ee76bee u0 com.jlpay.merch/com.jlpay.merch.ui.login.LoginActivity} displayId=0 Callers=com.android.server.wm.RootWindowContainer.updateFocusedWindowLocked:509 com.android.server.wm.WindowManagerService.updateFocusedWindowLocked:6073 com.android.server.wm.WindowState.setupWindowForRemoveOnExit:2542 com.android.server.wm.WindowState.removeIfPossible:2507
11-18 14:00:09.515 1470 4262 I ActivityTaskManager: START u0 {cmp=com.jlpay.merch/.ui.main.MainActivity mCallingUid=11378} from uid 11378 and from pid 13896
11-18 14:00:09.516 1470 4262 D ColorZoomWindowRUSConfigManager: isSupportZoomModeWithPolicyLocked: target = com.jlpay.merch/.ui.main.MainActivity
11-18 14:00:09.516 1470 4262 D ColorZoomWindowRUSConfigManager: targetPkg = com.jlpay.merch
11-18 14:00:09.516 1470 4262 V ColorZoomWindowManagerService: unSupportZoom: false ,callingPid: 13896 ,sourceStack: Task{bb21b98 #18206 visible=true type=standard mode=fullscreen translucent=false A=11378:com.jlpay.merch U=0 StackId=18206 sz=1}
11-18 14:00:09.522 1470 4262 D ColorZoomWindowRUSConfigManager: isSupportZoomModeWithPolicyLocked: target = com.jlpay.merch/.ui.main.MainActivity
11-18 14:00:09.522 1470 4262 D ColorZoomWindowRUSConfigManager: targetPkg = com.jlpay.merch
11-18 14:00:09.522 1470 4262 V ColorZoomWindowManagerService: unSupportZoom: false ,callingPid: 13896 ,sourceStack: Task{bb21b98 #18206 visible=true type=standard mode=fullscreen translucent=false A=11378:com.jlpay.merch U=0 StackId=18206 sz=2}
11-18 14:00:09.532 1470 4262 I OppoBaseActivityStack: notifyAppSwitch the same packageName!
11-18 14:00:09.532 1470 4262 W ActivityTaskManager: Tried to set launchTime (0) < mLastActivityLaunchTime (425373647)
11-18 14:00:09.533 1470 4262 I ActivityTaskManager: perfNotifyAppState TopResumedActivityChanged ActivityRecord{aa296f6 u0 com.jlpay.merch/.ui.main.MainActivity t18206}
11-18 14:00:09.534 1470 4262 W WindowManager: Changing focus fromWindow{ee76bee u0 com.jlpay.merch/com.jlpay.merch.ui.login.LoginActivity} to null displayId=0 Callers=com.android.server.wm.RootWindowContainer.updateFocusedWindowLocked:509 com.android.server.wm.WindowManagerService.updateFocusedWindowLocked:6073 com.android.server.wm.DisplayContent.setFocusedApp:5895 com.android.server.wm.ActivityTaskManagerService.setResumedActivityUncheckLocked:5860
11-18 14:00:09.537 1470 4262 I ActivityTaskManager: perfNotifyAppState PAUSED ActivityRecord{bdd3eb5 u0 com.jlpay.merch/.ui.login.LoginActivity t18206 f}}
11-18 14:00:09.850 13896 13896 D ColorViewRootUtil: initSwipState, isDisplayCompatApp false
11-18 14:00:09.850 13896 13896 D ColorViewRootUtil: mScreenHeight 2400, mScreenWidth 1080
11-18 14:00:09.882 1470 2648 D CompatibilityChangeReporter: Compat change id reported: 136274596; UID 11378; state: ENABLED
11-18 14:00:09.891 1470 1608 V ActivityManager: Attempted to start a foreground service (com.jlpay.merch/.service.PushService) with a broken notification (no icon: Notification(channel=com.jlpay.merch.channelid shortcut=null contentView=null vibrate=null sound=null defaults=0x0 flags=0x40 color=0x00000000 vis=PRIVATE))
11-18 14:00:09.892 1470 1608 E SystemServiceRegistry: Manager wrapper not available: linearmotor
11-18 14:00:09.895 1470 1608 I DropBoxManagerService: add tag=system_server_wtf isTagEnabled=true flags=0x2
11-18 14:00:09.899 1470 1608 D DropBoxManagerService: file :: /data/system/dropbox/system_server_wtf@1637215209896.txt
11-18 14:00:09.924 1470 3546 I WindowManager: Relayout Window{eb9ba32 u0 com.jlpay.merch/com.jlpay.merch.ui.main.MainActivity}: oldVis=4 newVis=0 focusMayChange = true
11-18 14:00:09.928 1470 3546 W WindowManager: Changing focus fromnull to Window{eb9ba32 u0 com.jlpay.merch/com.jlpay.merch.ui.main.MainActivity} displayId=0 Callers=com.android.server.wm.RootWindowContainer.updateFocusedWindowLocked:509 com.android.server.wm.WindowManagerService.updateFocusedWindowLocked:6073 com.android.server.wm.WindowManagerService.relayoutWindow:2717 com.android.server.wm.Session.relayout:229
11-18 14:00:09.935 13896 13896 V OplusZoomWindowDecorViewHelper: setLastReportedMergedConfiguration mZoomDisplayHeight: 2400 getDecorView.DecorView@afc908e[MainActivity]
11-18 14:00:09.996 1470 1595 D ColorZoomWindowManagerService: adjustWindowCropForLeash start: appToken = ActivityRecord{aa296f6 u0 com.jlpay.merch/.ui.main.MainActivity t18206}
11-18 14:00:09.999 1470 1595 D ColorZoomWindowManagerService: adjustWindowCropForLeash start: appToken = ActivityRecord{bdd3eb5 u0 com.jlpay.merch/.ui.login.LoginActivity t18206 f}}
11-18 14:00:10.147 1470 4262 D ColorInputMethodManagerServiceEx: onHandleImeWindowVisibleStatus handledVis: 0, switcher visible: 0, switcher active: 0, needsToShowImeSwitcher: false
11-18 14:00:10.178 1470 3546 I ActivityManager: Killing 10405:com.daemon.shelper/1000 (adj 999): empty #17
11-18 14:00:10.200 1470 2648 V ActivityManager: Death received in com.android.server.am.ActivityManagerService$AppDeathRecipient@d39ec49 for thread android.os.BinderProxy@11e094e
11-18 14:00:10.201 1470 1835 D DisplayManagerService: Display listener for pid 10405 died.
11-18 14:00:10.272 1470 1595 V ColorZoomWindowManagerService: onAnimationFinished: r = ActivityRecord{bdd3eb5 u0 com.jlpay.merch/.ui.login.LoginActivity t18206 f}}
11-18 14:00:10.272 1470 1595 I OplusMirageDisplayManagerService: onAnimationFinished:
11-18 14:00:10.272 1470 1595 V ColorZoomWindowManagerService: onAnimationFinished: r = ActivityRecord{aa296f6 u0 com.jlpay.merch/.ui.main.MainActivity t18206}
11-18 14:00:10.272 1470 1595 I ColorAppSwitchManagerService: handleAppVisible , r = ActivityRecord{aa296f6 u0 com.jlpay.merch/.ui.main.MainActivity t18206}
11-18 14:00:10.272 1470 1595 I OplusMirageDisplayManagerService: onAnimationFinished:
11-18 14:00:10.370 1470 3038 D ColorInputMethodManagerServiceEx: onHandleImeWindowVisibleStatus handledVis: 0, switcher visible: 0, switcher active: 0, needsToShowImeSwitcher: false
11-18 14:00:11.901 1470 1615 W BroadcastQueue: Background execution not allowed: receiving Intent { act=android.intent.action.DROPBOX_ENTRY_ADDED flg=0x10 (has extras) } to com.google.android.gms/.stats.service.DropBoxEntryAddedReceiver
11-18 14:00:11.901 1470 1615 W BroadcastQueue: Background execution not allowed: receiving Intent { act=android.intent.action.DROPBOX_ENTRY_ADDED flg=0x10 (has extras) } to com.google.android.gms/.chimera.GmsIntentOperationService$PersistentTrustedReceiver
11-18 14:00:12.490 13896 13896 D ViewRootImpl: enqueueInputEventMotionEvent { action=ACTION_DOWN, actionButton=0, id[0]=0, x[0]=894.0, y[0]=1918.0, toolType[0]=TOOL_TYPE_FINGER, buttonState=0, classification=NONE, metaState=0, flags=0x0, edgeFlags=0x0, pointerCount=1, historySize=0, eventTime=425390999, downTime=425390998, deviceId=-1, source=0x1002, displayId=0 }
11-18 14:00:12.500 1470 2648 I ActivityTaskManager: START u0 {cmp=com.jlpay.merch/.ui.webview.WebviewActivity (has extras) mCallingUid=11378} from uid 11378 and from pid 13896
11-18 14:00:12.500 1470 2648 D ColorZoomWindowRUSConfigManager: isSupportZoomModeWithPolicyLocked: target = com.jlpay.merch/.ui.webview.WebviewActivity
11-18 14:00:12.500 1470 2648 D ColorZoomWindowRUSConfigManager: targetPkg = com.jlpay.merch
11-18 14:00:12.500 1470 2648 V ColorZoomWindowManagerService: unSupportZoom: false ,callingPid: 13896 ,sourceStack: Task{bb21b98 #18206 visible=true type=standard mode=fullscreen translucent=false A=11378:com.jlpay.merch U=0 StackId=18206 sz=1}
11-18 14:00:12.502 1470 2648 D ColorZoomWindowRUSConfigManager: isSupportZoomModeWithPolicyLocked: target = com.jlpay.merch/.ui.webview.WebviewActivity
11-18 14:00:12.502 1470 2648 D ColorZoomWindowRUSConfigManager: targetPkg = com.jlpay.merch
11-18 14:00:12.503 1470 2648 V ColorZoomWindowManagerService: unSupportZoom: false ,callingPid: 13896 ,sourceStack: Task{bb21b98 #18206 visible=true type=standard mode=fullscreen translucent=false A=11378:com.jlpay.merch U=0 StackId=18206 sz=2}
11-18 14:00:12.515 1470 3546 I OppoBaseActivityStack: notifyAppSwitch the same packageName!
11-18 14:00:12.515 1470 3546 W ActivityTaskManager: Tried to set launchTime (0) < mLastActivityLaunchTime (425388051)
11-18 14:00:12.516 1470 3546 I ActivityTaskManager: perfNotifyAppState TopResumedActivityChanged ActivityRecord{ce92277 u0 com.jlpay.merch/.ui.webview.WebviewActivity t18206}
11-18 14:00:12.517 1470 3546 W WindowManager: Changing focus fromWindow{eb9ba32 u0 com.jlpay.merch/com.jlpay.merch.ui.main.MainActivity} to null displayId=0 Callers=com.android.server.wm.RootWindowContainer.updateFocusedWindowLocked:509 com.android.server.wm.WindowManagerService.updateFocusedWindowLocked:6073 com.android.server.wm.DisplayContent.setFocusedApp:5895 com.android.server.wm.ActivityTaskManagerService.setResumedActivityUncheckLocked:5860
11-18 14:00:12.520 1470 3546 I ActivityTaskManager: perfNotifyAppState PAUSED ActivityRecord{aa296f6 u0 com.jlpay.merch/.ui.main.MainActivity t18206}
11-18 14:00:12.620 1470 4262 D CompatibilityChangeReporter: Compat change id reported: 135634846; UID 10154; state: DISABLED
11-18 14:00:12.621 1470 1609 D CompatibilityChangeReporter: Compat change id reported: 143937733; UID 10154; state: ENABLED
11-18 14:00:12.628 1470 1609 I ActivityManager: Start proc 14352:com.google.android.webview:webview_service/u0a154 for service {com.google.android.webview/org.chromium.android_webview.services.VariationsSeedServer}
11-18 14:00:12.642 1470 4262 V ActivityManager: New death recipient com.android.server.am.ActivityManagerService$AppDeathRecipient@98ebcfe for thread android.os.BinderProxy@9d00c5f
11-18 14:00:12.648 1470 2648 D CompatibilityChangeReporter: Compat change id reported: 135634846; UID 11378; state: DISABLED
11-18 14:00:12.648 1470 1609 D CompatibilityChangeReporter: Compat change id reported: 143937733; UID 11378; state: ENABLED
11-18 14:00:12.659 1470 1609 I ActivityManager: Start proc 14378:com.google.android.webview:sandboxed_process0:org.chromium.content.app.SandboxedProcessService0:0/u0i212 for {com.jlpay.merch/org.chromium.content.app.SandboxedProcessService0:0}
11-18 14:00:12.671 1470 4262 V ActivityManager: New death recipient com.android.server.am.ActivityManagerService$AppDeathRecipient@84ab561 for thread android.os.BinderProxy@518f886
11-18 14:00:12.676 1470 4262 D CompatibilityChangeReporter: Compat change id reported: 136274596; UID 11378; state: ENABLED
11-18 14:00:12.678 1470 4262 W OppoPackageManagerService: uid 10154 pid 14352 call setComponentEnabledSetting(ComponentInfo{com.google.android.webview/org.chromium.android_webview.services.DeveloperModeContentProvider}, 0, 0x1, 0)
11-18 14:00:12.743 13896 13896 D ColorViewRootUtil: initSwipState, isDisplayCompatApp false
11-18 14:00:12.743 13896 13896 D ColorViewRootUtil: mScreenHeight 2400, mScreenWidth 1080
11-18 14:00:12.808 1470 4262 I WindowManager: Relayout Window{17468c2 u0 com.jlpay.merch/com.jlpay.merch.ui.webview.WebviewActivity}: oldVis=4 newVis=0 focusMayChange = true
11-18 14:00:12.813 1470 4262 W WindowManager: Changing focus fromnull to Window{17468c2 u0 com.jlpay.merch/com.jlpay.merch.ui.webview.WebviewActivity} displayId=0 Callers=com.android.server.wm.RootWindowContainer.updateFocusedWindowLocked:509 com.android.server.wm.WindowManagerService.updateFocusedWindowLocked:6073 com.android.server.wm.WindowManagerService.relayoutWindow:2717 com.android.server.wm.Session.relayout:229
11-18 14:00:12.819 13896 13896 V OplusZoomWindowDecorViewHelper: setLastReportedMergedConfiguration mZoomDisplayHeight: 2400 getDecorView.DecorView@f9b6d85[WebviewActivity]
11-18 14:00:12.860 1470 1595 D ColorZoomWindowManagerService: adjustWindowCropForLeash start: appToken = ActivityRecord{ce92277 u0 com.jlpay.merch/.ui.webview.WebviewActivity t18206}
11-18 14:00:12.862 1470 1595 D ColorZoomWindowManagerService: adjustWindowCropForLeash start: appToken = ActivityRecord{aa296f6 u0 com.jlpay.merch/.ui.main.MainActivity t18206}
11-18 14:00:12.885 1470 4262 D ColorInputMethodManagerServiceEx: onHandleImeWindowVisibleStatus handledVis: 0, switcher visible: 0, switcher active: 0, needsToShowImeSwitcher: false
11-18 14:00:12.892 1470 4262 D ColorInputMethodManagerServiceEx: onHandleImeWindowVisibleStatus handledVis: 0, switcher visible: 0, switcher active: 0, needsToShowImeSwitcher: false
11-18 14:00:13.137 1470 1595 V ColorZoomWindowManagerService: onAnimationFinished: r = ActivityRecord{aa296f6 u0 com.jlpay.merch/.ui.main.MainActivity t18206}
11-18 14:00:13.137 1470 1595 I OplusMirageDisplayManagerService: onAnimationFinished:
11-18 14:00:13.137 1470 1595 V ColorZoomWindowManagerService: onAnimationFinished: r = ActivityRecord{ce92277 u0 com.jlpay.merch/.ui.webview.WebviewActivity t18206}
11-18 14:00:13.137 1470 1595 I ColorAppSwitchManagerService: handleAppVisible , r = ActivityRecord{ce92277 u0 com.jlpay.merch/.ui.webview.WebviewActivity t18206}
11-18 14:00:13.137 1470 1595 I OplusMirageDisplayManagerService: onAnimationFinished:
11-18 14:00:13.137 1470 1594 I ActivityTaskManager: perfNotifyAppState STOP ActivityRecord{aa296f6 u0 com.jlpay.merch/.ui.main.MainActivity t18206}
11-18 14:00:14.586 1470 1629 D BatteryLed: getLightInColorState, oppoLightMgr empty!
11-18 14:00:14.702 1470 1823 D JobScheduler.Temperature: get temperature=30.476
11-18 14:00:19.358 1470 4262 E OplusCustomizeRestrictionManagerService: isBackButtonDisabled start
11-18 14:00:19.359 1470 4262 W ColorGameSpaceManager: mInterceptGamepadKey is false
11-18 14:00:19.382 1470 3546 V ColorZoomWindowManagerService: prepareZoomTransition: curStack=Task{bb21b98 #18206 visible=true type=standard mode=fullscreen translucent=false A=11378:com.jlpay.merch U=0 StackId=18206 sz=2} nextStackTask{bb21b98 #18206 visible=true type=standard mode=fullscreen translucent=false A=11378:com.jlpay.merch U=0 StackId=18206 sz=2}
11-18 14:00:19.391 1470 3546 W ColorGameSpaceManager: mInterceptGamepadKey is false
11-18 14:00:19.394 1470 3038 I OppoBaseActivityStack: notifyAppSwitch the same packageName!
11-18 14:00:19.395 1470 3038 I ActivityTaskManager: perfNotifyAppState TopResumedActivityChanged ActivityRecord{aa296f6 u0 com.jlpay.merch/.ui.main.MainActivity t18206}
11-18 14:00:19.396 1470 3038 W WindowManager: Changing focus fromWindow{17468c2 u0 com.jlpay.merch/com.jlpay.merch.ui.webview.WebviewActivity} to null displayId=0 Callers=com.android.server.wm.RootWindowContainer.updateFocusedWindowLocked:509 com.android.server.wm.WindowManagerService.updateFocusedWindowLocked:6073 com.android.server.wm.DisplayContent.setFocusedApp:5895 com.android.server.wm.ActivityTaskManagerService.setResumedActivityUncheckLocked:5860
11-18 14:00:19.402 1470 3038 I ActivityTaskManager: perfNotifyAppState PAUSED ActivityRecord{ce92277 u0 com.jlpay.merch/.ui.webview.WebviewActivity t18206 f}}
11-18 14:00:19.419 1470 3038 I WindowManager: Relayout Window{eb9ba32 u0 com.jlpay.merch/com.jlpay.merch.ui.main.MainActivity}: oldVis=8 newVis=0 focusMayChange = true
11-18 14:00:19.422 1470 3038 W WindowManager: Changing focus fromnull to Window{eb9ba32 u0 com.jlpay.merch/com.jlpay.merch.ui.main.MainActivity} displayId=0 Callers=com.android.server.wm.RootWindowContainer.updateFocusedWindowLocked:509 com.android.server.wm.WindowManagerService.updateFocusedWindowLocked:6073 com.android.server.wm.WindowManagerService.relayoutWindow:2717 com.android.server.wm.Session.relayout:229
11-18 14:00:19.457 1470 1595 D ColorZoomWindowManagerService: adjustWindowCropForLeash start: appToken = ActivityRecord{aa296f6 u0 com.jlpay.merch/.ui.main.MainActivity t18206}
11-18 14:00:19.460 1470 1595 D ColorZoomWindowManagerService: adjustWindowCropForLeash start: appToken = ActivityRecord{ce92277 u0 com.jlpay.merch/.ui.webview.WebviewActivity t18206 f}}
11-18 14:00:19.476 1470 3038 D ColorInputMethodManagerServiceEx: onHandleImeWindowVisibleStatus handledVis: 0, switcher visible: 0, switcher active: 0, needsToShowImeSwitcher: false
11-18 14:00:19.632 1470 1595 V ColorZoomWindowManagerService: onAnimationFinished: r = ActivityRecord{aa296f6 u0 com.jlpay.merch/.ui.main.MainActivity t18206}
11-18 14:00:19.632 1470 1595 I ColorAppSwitchManagerService: handleAppVisible , r = ActivityRecord{aa296f6 u0 com.jlpay.merch/.ui.main.MainActivity t18206}
11-18 14:00:19.632 1470 1595 I OplusMirageDisplayManagerService: onAnimationFinished:
11-18 14:00:19.632 1470 1595 V ColorZoomWindowManagerService: onAnimationFinished: r = ActivityRecord{ce92277 u0 com.jlpay.merch/.ui.webview.WebviewActivity t18206 f}}
11-18 14:00:19.632 1470 1595 I OplusMirageDisplayManagerService: onAnimationFinished:
11-18 14:00:20.185 1470 1597 V OppoBaseWatchdog: @WatchDog_ error e: java.io.FileNotFoundException: /d/wakeup_sources: open failed: ENOENT (No such file or directory)
11-18 14:00:22.436 13896 13896 D ViewRootImpl: enqueueInputEventMotionEvent { action=ACTION_DOWN, actionButton=0, id[0]=0, x[0]=540.0, y[0]=1402.0, toolType[0]=TOOL_TYPE_FINGER, buttonState=0, classification=NONE, metaState=0, flags=0x0, edgeFlags=0x0, pointerCount=1, historySize=0, eventTime=425400943, downTime=425400942, deviceId=-1, source=0x1002, displayId=0 }
11-18 14:00:22.445 1470 2648 I ActivityTaskManager: START u0 {cmp=com.jlpay.merch/.ui.webview.WebviewActivity (has extras) mCallingUid=11378} from uid 11378 and from pid 13896
11-18 14:00:22.445 1470 2648 D ColorZoomWindowRUSConfigManager: isSupportZoomModeWithPolicyLocked: target = com.jlpay.merch/.ui.webview.WebviewActivity
11-18 14:00:22.445 1470 2648 D ColorZoomWindowRUSConfigManager: targetPkg = com.jlpay.merch
11-18 14:00:22.445 1470 2648 V ColorZoomWindowManagerService: unSupportZoom: false ,callingPid: 13896 ,sourceStack: Task{bb21b98 #18206 visible=true type=standard mode=fullscreen translucent=false A=11378:com.jlpay.merch U=0 StackId=18206 sz=1}
11-18 14:00:22.447 1470 2648 D ColorZoomWindowRUSConfigManager: isSupportZoomModeWithPolicyLocked: target = com.jlpay.merch/.ui.webview.WebviewActivity
11-18 14:00:22.447 1470 2648 D ColorZoomWindowRUSConfigManager: targetPkg = com.jlpay.merch
11-18 14:00:22.447 1470 2648 V ColorZoomWindowManagerService: unSupportZoom: false ,callingPid: 13896 ,sourceStack: Task{bb21b98 #18206 visible=true type=standard mode=fullscreen translucent=false A=11378:com.jlpay.merch U=0 StackId=18206 sz=2}
11-18 14:00:22.454 1470 3546 I OppoBaseActivityStack: notifyAppSwitch the same packageName!
11-18 14:00:22.454 1470 3546 W ActivityTaskManager: Tried to set launchTime (0) < mLastActivityLaunchTime (425391034)
11-18 14:00:22.455 1470 3546 I ActivityTaskManager: perfNotifyAppState TopResumedActivityChanged ActivityRecord{b1e48e u0 com.jlpay.merch/.ui.webview.WebviewActivity t18206}
11-18 14:00:22.456 1470 3546 W WindowManager: Changing focus fromWindow{eb9ba32 u0 com.jlpay.merch/com.jlpay.merch.ui.main.MainActivity} to null displayId=0 Callers=com.android.server.wm.RootWindowContainer.updateFocusedWindowLocked:509 com.android.server.wm.WindowManagerService.updateFocusedWindowLocked:6073 com.android.server.wm.DisplayContent.setFocusedApp:5895 com.android.server.wm.ActivityTaskManagerService.setResumedActivityUncheckLocked:5860
11-18 14:00:22.459 1470 3546 I ActivityTaskManager: perfNotifyAppState PAUSED ActivityRecord{aa296f6 u0 com.jlpay.merch/.ui.main.MainActivity t18206}
11-18 14:00:22.531 13896 13896 D ColorViewRootUtil: initSwipState, isDisplayCompatApp false
11-18 14:00:22.531 13896 13896 D ColorViewRootUtil: mScreenHeight 2400, mScreenWidth 1080
11-18 14:00:22.558 1470 3038 I WindowManager: Relayout Window{2b53a43 u0 com.jlpay.merch/com.jlpay.merch.ui.webview.WebviewActivity}: oldVis=4 newVis=0 focusMayChange = true
11-18 14:00:22.561 1470 3038 W WindowManager: Changing focus fromnull to Window{2b53a43 u0 com.jlpay.merch/com.jlpay.merch.ui.webview.WebviewActivity} displayId=0 Callers=com.android.server.wm.RootWindowContainer.updateFocusedWindowLocked:509 com.android.server.wm.WindowManagerService.updateFocusedWindowLocked:6073 com.android.server.wm.WindowManagerService.relayoutWindow:2717 com.android.server.wm.Session.relayout:229
11-18 14:00:22.565 13896 13896 V OplusZoomWindowDecorViewHelper: setLastReportedMergedConfiguration mZoomDisplayHeight: 2400 getDecorView.DecorView@45a0156[WebviewActivity]
11-18 14:00:22.596 1470 1595 D ColorZoomWindowManagerService: adjustWindowCropForLeash start: appToken = ActivityRecord{b1e48e u0 com.jlpay.merch/.ui.webview.WebviewActivity t18206}
11-18 14:00:22.599 1470 1595 D ColorZoomWindowManagerService: adjustWindowCropForLeash start: appToken = ActivityRecord{aa296f6 u0 com.jlpay.merch/.ui.main.MainActivity t18206}
11-18 14:00:22.615 1470 3546 D ColorInputMethodManagerServiceEx: onHandleImeWindowVisibleStatus handledVis: 0, switcher visible: 0, switcher active: 0, needsToShowImeSwitcher: false
11-18 14:00:22.622 1470 3038 D ColorInputMethodManagerServiceEx: onHandleImeWindowVisibleStatus handledVis: 0, switcher visible: 0, switcher active: 0, needsToShowImeSwitcher: false
11-18 14:00:22.876 1470 1595 V ColorZoomWindowManagerService: onAnimationFinished: r = ActivityRecord{aa296f6 u0 com.jlpay.merch/.ui.main.MainActivity t18206}
11-18 14:00:22.877 1470 1595 I OplusMirageDisplayManagerService: onAnimationFinished:
11-18 14:00:22.877 1470 1595 V ColorZoomWindowManagerService: onAnimationFinished: r = ActivityRecord{b1e48e u0 com.jlpay.merch/.ui.webview.WebviewActivity t18206}
11-18 14:00:22.877 1470 1595 I ColorAppSwitchManagerService: handleAppVisible , r = ActivityRecord{b1e48e u0 com.jlpay.merch/.ui.webview.WebviewActivity t18206}
11-18 14:00:22.877 1470 1595 I OplusMirageDisplayManagerService: onAnimationFinished:
11-18 14:00:22.879 1470 1594 I ActivityTaskManager: perfNotifyAppState STOP ActivityRecord{aa296f6 u0 com.jlpay.merch/.ui.main.MainActivity t18206}
11-18 14:00:24.318 1470 1816 W ActivityManager: Unable to start service Intent { cmp=com.android.mms/com.oppo.push.UpdateServiceNumberJobService (has extras) } U=0: not found
11-18 14:00:24.319 1470 1816 D JobScheduler: Error executing JobStatus{190f3b3 #u0a61/110 com.android.mms/com.oppo.push.UpdateServiceNumberJobService u=0 s=10061 TIME=-4d22h9m50s166ms:-4d22h9m50s166ms PERIODIC PERSISTED READY}
11-18 14:00:24.321 1470 1816 W ActivityManager: Unable to start service Intent { cmp=com.coloros.deepthinker/com.coloros.proton.learn.schedule.TrainJobService (has extras) } U=0: not found
11-18 14:00:24.321 1470 1816 D JobScheduler: Error executing JobStatus{57c9c21 #1000/648162385 com.coloros.deepthinker/com.coloros.proton.learn.schedule.TrainJobService u=0 s=1000 TIME=-4d22h9m50s168ms:-4d22h9m50s168ms PERSISTED READY}
11-18 14:00:24.710 1470 1823 D JobScheduler.Temperature: get temperature=30.747
11-18 14:00:26.368 1470 2978 E OplusCustomizeRestrictionManagerService: isBackButtonDisabled start
11-18 14:00:26.368 1470 2978 W ColorGameSpaceManager: mInterceptGamepadKey is false
11-18 14:00:26.386 1470 4262 V ColorZoomWindowManagerService: prepareZoomTransition: curStack=Task{bb21b98 #18206 visible=true type=standard mode=fullscreen translucent=false A=11378:com.jlpay.merch U=0 StackId=18206 sz=2} nextStackTask{bb21b98 #18206 visible=true type=standard mode=fullscreen translucent=false A=11378:com.jlpay.merch U=0 StackId=18206 sz=2}
11-18 14:00:26.396 1470 4554 W ColorGameSpaceManager: mInterceptGamepadKey is false
11-18 14:00:26.398 1470 2978 I OppoBaseActivityStack: notifyAppSwitch the same packageName!
11-18 14:00:26.399 1470 2978 I ActivityTaskManager: perfNotifyAppState TopResumedActivityChanged ActivityRecord{aa296f6 u0 com.jlpay.merch/.ui.main.MainActivity t18206}
11-18 14:00:26.399 1470 2978 W WindowManager: Changing focus fromWindow{2b53a43 u0 com.jlpay.merch/com.jlpay.merch.ui.webview.WebviewActivity} to null displayId=0 Callers=com.android.server.wm.RootWindowContainer.updateFocusedWindowLocked:509 com.android.server.wm.WindowManagerService.updateFocusedWindowLocked:6073 com.android.server.wm.DisplayContent.setFocusedApp:5895 com.android.server.wm.ActivityTaskManagerService.setResumedActivityUncheckLocked:5860
11-18 14:00:26.405 1470 2978 I ActivityTaskManager: perfNotifyAppState PAUSED ActivityRecord{b1e48e u0 com.jlpay.merch/.ui.webview.WebviewActivity t18206 f}}
11-18 14:00:26.420 1470 2648 I WindowManager: Relayout Window{eb9ba32 u0 com.jlpay.merch/com.jlpay.merch.ui.main.MainActivity}: oldVis=8 newVis=0 focusMayChange = true
11-18 14:00:26.423 1470 2648 W WindowManager: Changing focus fromnull to Window{eb9ba32 u0 com.jlpay.merch/com.jlpay.merch.ui.main.MainActivity} displayId=0 Callers=com.android.server.wm.RootWindowContainer.updateFocusedWindowLocked:509 com.android.server.wm.WindowManagerService.updateFocusedWindowLocked:6073 com.android.server.wm.WindowManagerService.relayoutWindow:2717 com.android.server.wm.Session.relayout:229
11-18 14:00:26.453 1470 1595 D ColorZoomWindowManagerService: adjustWindowCropForLeash start: appToken = ActivityRecord{aa296f6 u0 com.jlpay.merch/.ui.main.MainActivity t18206}
11-18 14:00:26.455 1470 1595 D ColorZoomWindowManagerService: adjustWindowCropForLeash start: appToken = ActivityRecord{b1e48e u0 com.jlpay.merch/.ui.webview.WebviewActivity t18206 f}}
11-18 14:00:26.468 1470 4262 D ColorInputMethodManagerServiceEx: onHandleImeWindowVisibleStatus handledVis: 0, switcher visible: 0, switcher active: 0, needsToShowImeSwitcher: false
11-18 14:00:26.562 1470 1629 D BatteryLed: getLightInColorState, oppoLightMgr empty!
11-18 14:00:26.632 1470 1595 V ColorZoomWindowManagerService: onAnimationFinished: r = ActivityRecord{aa296f6 u0 com.jlpay.merch/.ui.main.MainActivity t18206}
11-18 14:00:26.633 1470 1595 I ColorAppSwitchManagerService: handleAppVisible , r = ActivityRecord{aa296f6 u0 com.jlpay.merch/.ui.main.MainActivity t18206}
11-18 14:00:26.633 1470 1595 I OplusMirageDisplayManagerService: onAnimationFinished:
11-18 14:00:26.633 1470 1595 V ColorZoomWindowManagerService: onAnimationFinished: r = ActivityRecord{b1e48e u0 com.jlpay.merch/.ui.webview.WebviewActivity t18206 f}}
11-18 14:00:26.633 1470 1595 I OplusMirageDisplayManagerService: onAnimationFinished:
11-18 14:00:26.724 1470 1618 D OppoThermalStats: REPORT_UPDATE_CPU -> phoneTemp:300 preHeatThreshold:400
11-18 14:00:27.800 1470 2978 I ActivityManager: Killing 12118:com.heytap.quicksearchbox/u0a53 (adj 999): empty #17
11-18 14:00:27.866 1470 2978 V ActivityManager: Death received in com.android.server.am.ActivityManagerService$AppDeathRecipient@3ea9098 for thread android.os.BinderProxy@7e10f1
11-18 14:00:27.868 1470 4554 D DisplayManagerService: Display listener for pid 12118 died.
11-18 14:00:27.913 1470 2978 D DisplayManagerService: Display listener for pid 12257 died.
11-18 14:00:27.913 1470 2648 V ActivityManager: Death received in com.android.server.am.ActivityManagerService$AppDeathRecipient@947ac6b for thread android.os.BinderProxy@fcf33c8
11-18 14:00:27.913 1470 2648 I ActivityManager: Process com.heytap.quicksearchbox:privileged_process0 (pid 12257) has died: fg SVC
11-18 14:00:27.913 1470 2648 W ContextImpl: Calling a method in the system process without a qualified user: android.app.ContextImpl.sendBroadcast:1143 com.android.server.am.OppoExtraActivityManagerService.setKeyLockModeNormal:51 com.android.server.am.ActivityManagerService.appDiedLocked:4305 com.android.server.am.ActivityManagerService$AppDeathRecipient.binderDied:1765 android.os.IBinder$DeathRecipient.binderDied:305
11-18 14:00:29.297 13896 13896 D ViewRootImpl: enqueueInputEventMotionEvent { action=ACTION_DOWN, actionButton=0, id[0]=0, x[0]=269.0, y[0]=671.0, toolType[0]=TOOL_TYPE_FINGER, buttonState=0, classification=NONE, metaState=0, flags=0x0, edgeFlags=0x0, pointerCount=1, historySize=0, eventTime=425407802, downTime=425407801, deviceId=-1, source=0x1002, displayId=0 }
11-18 14:00:29.307 1470 4554 I ActivityTaskManager: START u0 {cmp=com.jlpay.merch/.ui.home.bill.BillActivity mCallingUid=11378} from uid 11378 and from pid 13896
11-18 14:00:29.307 1470 4554 D ColorZoomWindowRUSConfigManager: isSupportZoomModeWithPolicyLocked: target = com.jlpay.merch/.ui.home.bill.BillActivity
11-18 14:00:29.307 1470 4554 D ColorZoomWindowRUSConfigManager: targetPkg = com.jlpay.merch
11-18 14:00:29.307 1470 4554 V ColorZoomWindowManagerService: unSupportZoom: false ,callingPid: 13896 ,sourceStack: Task{bb21b98 #18206 visible=true type=standard mode=fullscreen translucent=false A=11378:com.jlpay.merch U=0 StackId=18206 sz=1}
11-18 14:00:29.310 1470 4554 D ColorZoomWindowRUSConfigManager: isSupportZoomModeWithPolicyLocked: target = com.jlpay.merch/.ui.home.bill.BillActivity
11-18 14:00:29.310 1470 4554 D ColorZoomWindowRUSConfigManager: targetPkg = com.jlpay.merch
11-18 14:00:29.310 1470 4554 V ColorZoomWindowManagerService: unSupportZoom: false ,callingPid: 13896 ,sourceStack: Task{bb21b98 #18206 visible=true type=standard mode=fullscreen translucent=false A=11378:com.jlpay.merch U=0 StackId=18206 sz=2}
11-18 14:00:29.319 1470 2648 I OppoBaseActivityStack: notifyAppSwitch the same packageName!
11-18 14:00:29.319 1470 2648 W ActivityTaskManager: Tried to set launchTime (0) < mLastActivityLaunchTime (425400973)
11-18 14:00:29.320 1470 2648 I ActivityTaskManager: perfNotifyAppState TopResumedActivityChanged ActivityRecord{350291a u0 com.jlpay.merch/.ui.home.bill.BillActivity t18206}
11-18 14:00:29.320 1470 2648 W WindowManager: Changing focus fromWindow{eb9ba32 u0 com.jlpay.merch/com.jlpay.merch.ui.main.MainActivity} to null displayId=0 Callers=com.android.server.wm.RootWindowContainer.updateFocusedWindowLocked:509 com.android.server.wm.WindowManagerService.updateFocusedWindowLocked:6073 com.android.server.wm.DisplayContent.setFocusedApp:5895 com.android.server.wm.ActivityTaskManagerService.setResumedActivityUncheckLocked:5860
11-18 14:00:29.323 1470 2648 I ActivityTaskManager: perfNotifyAppState PAUSED ActivityRecord{aa296f6 u0 com.jlpay.merch/.ui.main.MainActivity t18206}
11-18 14:00:29.394 13896 13896 D ColorViewRootUtil: initSwipState, isDisplayCompatApp false
11-18 14:00:29.394 13896 13896 D ColorViewRootUtil: mScreenHeight 2400, mScreenWidth 1080
11-18 14:00:29.399 1470 4554 W WindowManager: Changing focus fromnull to Window{3e782be u0 com.jlpay.merch/com.jlpay.merch.ui.home.bill.BillActivity} displayId=0 Callers=com.android.server.wm.RootWindowContainer.updateFocusedWindowLocked:509 com.android.server.wm.WindowManagerService.updateFocusedWindowLocked:6073 com.android.server.wm.WindowManagerService.addWindow:1941 com.android.server.wm.Session.addToDisplayAsUser:184
11-18 14:00:29.424 13896 13896 D ColorViewRootUtil: initSwipState, isDisplayCompatApp false
11-18 14:00:29.424 13896 13896 D ColorViewRootUtil: mScreenHeight 2400, mScreenWidth 1080
11-18 14:00:29.441 13896 13896 V OplusZoomWindowDecorViewHelper: setLastReportedMergedConfiguration mZoomDisplayHeight: 2400 getDecorView.DecorView@8bf8827[BillActivity]
11-18 14:00:29.464 1470 4554 I WindowManager: Relayout Window{47d2035 u0 com.jlpay.merch/com.jlpay.merch.ui.home.bill.BillActivity}: oldVis=4 newVis=0 focusMayChange = true
11-18 14:00:29.468 13896 13896 V OplusZoomWindowDecorViewHelper: setLastReportedMergedConfiguration mZoomDisplayHeight: 2400 getDecorView.DecorView@121996[BillActivity]
11-18 14:00:29.489 1470 1595 D ColorZoomWindowManagerService: adjustWindowCropForLeash start: appToken = ActivityRecord{350291a u0 com.jlpay.merch/.ui.home.bill.BillActivity t18206}
11-18 14:00:29.491 1470 1595 D ColorZoomWindowManagerService: adjustWindowCropForLeash start: appToken = ActivityRecord{aa296f6 u0 com.jlpay.merch/.ui.main.MainActivity t18206}
11-18 14:00:29.505 1470 4554 D ColorInputMethodManagerServiceEx: onHandleImeWindowVisibleStatus handledVis: 0, switcher visible: 0, switcher active: 0, needsToShowImeSwitcher: false
11-18 14:00:29.513 1470 4554 D ColorInputMethodManagerServiceEx: onHandleImeWindowVisibleStatus handledVis: 0, switcher visible: 0, switcher active: 0, needsToShowImeSwitcher: false
11-18 14:00:29.769 1470 1595 V ColorZoomWindowManagerService: onAnimationFinished: r = ActivityRecord{aa296f6 u0 com.jlpay.merch/.ui.main.MainActivity t18206}
11-18 14:00:29.770 1470 1595 I OplusMirageDisplayManagerService: onAnimationFinished:
11-18 14:00:29.770 1470 1595 V ColorZoomWindowManagerService: onAnimationFinished: r = ActivityRecord{350291a u0 com.jlpay.merch/.ui.home.bill.BillActivity t18206}
11-18 14:00:29.770 1470 1595 I ColorAppSwitchManagerService: handleAppVisible , r = ActivityRecord{350291a u0 com.jlpay.merch/.ui.home.bill.BillActivity t18206}
11-18 14:00:29.770 1470 1595 I OplusMirageDisplayManagerService: onAnimationFinished:
11-18 14:00:29.770 1470 1594 I ActivityTaskManager: perfNotifyAppState STOP ActivityRecord{aa296f6 u0 com.jlpay.merch/.ui.main.MainActivity t18206}
11-18 14:00:30.603 1470 4554 W WindowManager: Changing focus fromWindow{3e782be u0 com.jlpay.merch/com.jlpay.merch.ui.home.bill.BillActivity EXITING} to Window{47d2035 u0 com.jlpay.merch/com.jlpay.merch.ui.home.bill.BillActivity} displayId=0 Callers=com.android.server.wm.RootWindowContainer.updateFocusedWindowLocked:509 com.android.server.wm.WindowManagerService.updateFocusedWindowLocked:6073 com.android.server.wm.WindowState.setupWindowForRemoveOnExit:2542 com.android.server.wm.WindowState.removeIfPossible:2507
11-18 14:00:30.640 1470 4554 D ColorInputMethodManagerServiceEx: onHandleImeWindowVisibleStatus handledVis: 0, switcher visible: 0, switcher active: 0, needsToShowImeSwitcher: false
11-18 14:00:30.646 1470 2978 D ColorInputMethodManagerServiceEx: onHandleImeWindowVisibleStatus handledVis: 0, switcher visible: 0, switcher active: 0, needsToShowImeSwitcher: false
11-18 14:00:31.235 1470 2648 E OplusCustomizeRestrictionManagerService: isBackButtonDisabled start
11-18 14:00:31.235 1470 2648 W ColorGameSpaceManager: mInterceptGamepadKey is false
11-18 14:00:31.245 1470 2648 W ColorGameSpaceManager: mInterceptGamepadKey is false
11-18 14:00:31.250 1470 2978 V ColorZoomWindowManagerService: prepareZoomTransition: curStack=Task{bb21b98 #18206 visible=true type=standard mode=fullscreen translucent=false A=11378:com.jlpay.merch U=0 StackId=18206 sz=2} nextStackTask{bb21b98 #18206 visible=true type=standard mode=fullscreen translucent=false A=11378:com.jlpay.merch U=0 StackId=18206 sz=2}
11-18 14:00:31.263 1470 2978 I OppoBaseActivityStack: notifyAppSwitch the same packageName!
11-18 14:00:31.264 1470 2978 I ActivityTaskManager: perfNotifyAppState TopResumedActivityChanged ActivityRecord{aa296f6 u0 com.jlpay.merch/.ui.main.MainActivity t18206}
11-18 14:00:31.265 1470 2978 W WindowManager: Changing focus fromWindow{47d2035 u0 com.jlpay.merch/com.jlpay.merch.ui.home.bill.BillActivity} to null displayId=0 Callers=com.android.server.wm.RootWindowContainer.updateFocusedWindowLocked:509 com.android.server.wm.WindowManagerService.updateFocusedWindowLocked:6073 com.android.server.wm.DisplayContent.setFocusedApp:5895 com.android.server.wm.ActivityTaskManagerService.setResumedActivityUncheckLocked:5860
11-18 14:00:31.271 1470 2978 I ActivityTaskManager: perfNotifyAppState PAUSED ActivityRecord{350291a u0 com.jlpay.merch/.ui.home.bill.BillActivity t18206 f}}
11-18 14:00:31.286 1470 2978 I WindowManager: Relayout Window{eb9ba32 u0 com.jlpay.merch/com.jlpay.merch.ui.main.MainActivity}: oldVis=8 newVis=0 focusMayChange = true
11-18 14:00:31.291 1470 2978 W WindowManager: Changing focus fromnull to Window{eb9ba32 u0 com.jlpay.merch/com.jlpay.merch.ui.main.MainActivity} displayId=0 Callers=com.android.server.wm.RootWindowContainer.updateFocusedWindowLocked:509 com.android.server.wm.WindowManagerService.updateFocusedWindowLocked:6073 com.android.server.wm.WindowManagerService.relayoutWindow:2717 com.android.server.wm.Session.relayout:229
11-18 14:00:31.319 1470 1595 D ColorZoomWindowManagerService: adjustWindowCropForLeash start: appToken = ActivityRecord{aa296f6 u0 com.jlpay.merch/.ui.main.MainActivity t18206}
