11-18 14:05:29.486 1470 1572 D InputMethodManagerService: isSecurity= false ( enable=false needShow=false inBlackList=false isExist=true )
11-18 14:05:29.486 1470 1572 D ColorInputMethodManagerServiceEx: onHandleImeWindowVisibleStatus handledVis: 0, switcher visible: 0, switcher active: 0, needsToShowImeSwitcher: false
11-18 14:05:29.486 1470 1572 D OplusVerificationCodeController: notifyImeAttributeChanged: 64false
11-18 14:05:29.487 841 899 D DispPerfService: get hint proc=Surface(name=9e67e93 InputMethod), idx=0 none
11-18 14:05:29.492 1470 4252 D OppoDisplayPolicy: com.android.systemui, change system app cutoutMode: color always
11-18 14:05:29.494 31557 31557 V PhoneWindow: DecorView setVisiblity: visibility = 8, Parent = android.view.ViewRootImpl@bb459d, this = DecorView@a937e7c[InputMethod]
11-18 14:05:29.499 841 841 D OppoExLayer: ~Layer() sequence=61906, name=Surface(name=9e67e93 InputMethod)/@0xa906ec9 - animation-leash#1@0xb400007329831000
11-18 14:05:29.501 1470 4252 D OppoDisplayPolicy: com.android.systemui, change system app cutoutMode: color always
11-18 14:05:29.522 15549 15578 I com.jlpay.merc: Explicit concurrent copying GC freed 88048(5008KB) AllocSpace objects, 57(2188KB) LOS objects, 49% free, 9722KB/18MB, paused 47us total 42.109ms
11-18 14:05:29.530 15549 15549 E chromium: [ERROR:aw_browser_terminator.cc(125)] Renderer process (16108) crash detected (code -1).
11-18 14:05:29.493 1470 1572 D ColorInputMethodManagerServiceEx: onHandleImeWindowVisibleStatus handledVis: 0, switcher visible: 0, switcher active: 0, needsToShowImeSwitcher: false
11-18 14:05:29.537 1470 2436 I ActivityManager: Killing 16108:com.google.android.webview:sandboxed_process0:org.chromium.content.app.SandboxedProcessService0:0/u0a1378i214 (adj 0): isolated not needed
11-18 14:05:29.538 1470 1610 I libprocessgroup: Successfully killed process cgroup uid 99214 pid 16108 in 0ms
11-18 14:05:29.552 1470 1572 D DisplayManagerService: Display listener for pid 16108 died.
11-18 14:05:29.552 1470 2436 V ActivityManager: Death received in com.android.server.am.ActivityManagerService$AppDeathRecipient@d29debe for thread android.os.BinderProxy@1a5eb1f
11-18 14:05:29.552 2250 2250 I Zygote : Process 16108 exited cleanly (0)
11-18 14:05:29.554 20726 18198 E RemoteGuardClient.DWB.ActivityMonitor: onProcessDied com.jlpay.merch pid = 16108 uid = 11378
11-18 14:05:29.554 809 875 I libPowerHal: [perfNotifyAppState] pack:com.jlpay.merch, pid:16108, STATE_DEAD
11-18 14:05:29.554 809 875 D RilUtility: notify_rild_crash_pid_set certPid:-1, crash:16108, scn:0x0
11-18 14:05:29.555 1470 1592 D OplusAppBwCore: onUidImportance: 99214, 1000
11-18 14:05:29.556 20726 20763 I RemoteGuardClient.DWB.ActivityMonitor: topActivities = [com.jlpay.merch]
11-18 14:05:29.574 617 623 E android.system.suspend@1.0-service: Error opening kernel wakelock stats for: wakeup24: Permission denied
11-18 14:05:29.572 617 617 W Binder:617_2: type=1400 audit(0.0:564419): avc: denied { read } for name="wakeup24" dev="sysfs" ino=46626 scontext=u:r:system_suspend:s0 tcontext=u:object_r:sysfs_battery_supply:s0 tclass=dir permissive=0
11-18 14:05:29.595 15549 16055 D MotuCrashAdapter: start send error log. appkey: 333341675, error type: HA_RESOURCE_LEAK
11-18 14:05:29.595 15549 16055 I RestApi : RestAPI start send log!
11-18 14:05:29.598 15549 16055 I RestApi : RestAPI build data succ!
11-18 14:05:29.599 15549 16055 I RestApi : send url :ak=333341675&av=2.8.4&avsys=2.8.4&c=jlpay_apm&d=XgtwoZSz4p8DALQWBLfYHKP0&sv=6.5.1.3
11-18 14:05:29.600 15549 16055 I RestApi : packRequest success!
11-18 14:05:29.600 15549 16055 D RestApi : sendRequest use adashx, bytes length : 7702
11-18 14:05:29.602 15549 16055 D RestApi : signValue:d13c5b218875fe520d3392d661d8a3f918e9c1fa
11-18 14:05:29.615 15549 15847 I PRETTY_LOGGER: โ”Œโ”€โ”€โ”€โ”€โ”€โ”€โ”€โ”€โ”€โ”€โ”€โ”€โ”€โ”€โ”€โ”€โ”€โ”€โ”€โ”€โ”€โ”€โ”€โ”€โ”€โ”€โ”€โ”€โ”€โ”€โ”€โ”€โ”€โ”€โ”€โ”€โ”€โ”€โ”€โ”€โ”€โ”€โ”€โ”€โ”€โ”€โ”€โ”€โ”€โ”€โ”€โ”€โ”€โ”€โ”€โ”€โ”€โ”€โ”€โ”€โ”€โ”€โ”€โ”€โ”€โ”€โ”€โ”€โ”€โ”€โ”€โ”€โ”€โ”€โ”€โ”€โ”€โ”€โ”€โ”€โ”€โ”€โ”€โ”€โ”€โ”€โ”€โ”€โ”€โ”€โ”€โ”€โ”€โ”€โ”€โ”€โ”€โ”€โ”€โ”€โ”€โ”€โ”€โ”€โ”€โ”€โ”€โ”€โ”€โ”€โ”€โ”€
11-18 14:05:29.616 15549 15847 I PRETTY_LOGGER: โ”‚ LogUtils.i (LogUtils.java:27)
11-18 14:05:29.616 15549 15847 I PRETTY_LOGGER: โ”‚ LogUtils.i (LogUtils.java:21)
11-18 14:05:29.616 15549 15847 I PRETTY_LOGGER: โ”œโ”„โ”„โ”„โ”„โ”„โ”„โ”„โ”„โ”„โ”„โ”„โ”„โ”„โ”„โ”„โ”„โ”„โ”„โ”„โ”„โ”„โ”„โ”„โ”„โ”„โ”„โ”„โ”„โ”„โ”„โ”„โ”„โ”„โ”„โ”„โ”„โ”„โ”„โ”„โ”„โ”„โ”„โ”„โ”„โ”„โ”„โ”„โ”„โ”„โ”„โ”„โ”„โ”„โ”„โ”„โ”„โ”„โ”„โ”„โ”„โ”„โ”„โ”„โ”„โ”„โ”„โ”„โ”„โ”„โ”„โ”„โ”„โ”„โ”„โ”„โ”„โ”„โ”„โ”„โ”„โ”„โ”„โ”„โ”„โ”„โ”„โ”„โ”„โ”„โ”„โ”„โ”„โ”„โ”„โ”„โ”„โ”„โ”„โ”„โ”„โ”„โ”„โ”„โ”„โ”„โ”„โ”„โ”„โ”„โ”„โ”„โ”„
11-18 14:05:29.616 15549 15847 I PRETTY_LOGGER: โ”‚ ๅ“ๅบ”๏ผšhttps://merchant-dev.jlpay.com/boss_trans/tradeTodayDayTotalRpc
11-18 14:05:29.616 15549 15847 I PRETTY_LOGGER: โ”‚
11-18 14:05:29.616 15549 15847 I PRETTY_LOGGER: โ”‚ {"biz_context":"{\"detail\":{\"total_amt\":0,\"count\":0},\"ret_code\":\"00\",\"ret_msg\":\"่ฏทๆฑ‚ๆˆๅŠŸ\",\"success\":true}","ret_code":"00","ret_msg":"่ฏทๆฑ‚ๆˆๅŠŸ"}
11-18 14:05:29.616 15549 15847 I PRETTY_LOGGER: โ””โ”€โ”€โ”€โ”€โ”€โ”€โ”€โ”€โ”€โ”€โ”€โ”€โ”€โ”€โ”€โ”€โ”€โ”€โ”€โ”€โ”€โ”€โ”€โ”€โ”€โ”€โ”€โ”€โ”€โ”€โ”€โ”€โ”€โ”€โ”€โ”€โ”€โ”€โ”€โ”€โ”€โ”€โ”€โ”€โ”€โ”€โ”€โ”€โ”€โ”€โ”€โ”€โ”€โ”€โ”€โ”€โ”€โ”€โ”€โ”€โ”€โ”€โ”€โ”€โ”€โ”€โ”€โ”€โ”€โ”€โ”€โ”€โ”€โ”€โ”€โ”€โ”€โ”€โ”€โ”€โ”€โ”€โ”€โ”€โ”€โ”€โ”€โ”€โ”€โ”€โ”€โ”€โ”€โ”€โ”€โ”€โ”€โ”€โ”€โ”€โ”€โ”€โ”€โ”€โ”€โ”€โ”€โ”€โ”€โ”€โ”€โ”€
11-18 14:05:29.616 15549 16021 I PRETTY_LOGGER: โ”Œโ”€โ”€โ”€โ”€โ”€โ”€โ”€โ”€โ”€โ”€โ”€โ”€โ”€โ”€โ”€โ”€โ”€โ”€โ”€โ”€โ”€โ”€โ”€โ”€โ”€โ”€โ”€โ”€โ”€โ”€โ”€โ”€โ”€โ”€โ”€โ”€โ”€โ”€โ”€โ”€โ”€โ”€โ”€โ”€โ”€โ”€โ”€โ”€โ”€โ”€โ”€โ”€โ”€โ”€โ”€โ”€โ”€โ”€โ”€โ”€โ”€โ”€โ”€โ”€โ”€โ”€โ”€โ”€โ”€โ”€โ”€โ”€โ”€โ”€โ”€โ”€โ”€โ”€โ”€โ”€โ”€โ”€โ”€โ”€โ”€โ”€โ”€โ”€โ”€โ”€โ”€โ”€โ”€โ”€โ”€โ”€โ”€โ”€โ”€โ”€โ”€โ”€โ”€โ”€โ”€โ”€โ”€โ”€โ”€โ”€โ”€โ”€
11-18 14:05:29.616 15549 16021 I PRETTY_LOGGER: โ”‚ LogUtils.i (LogUtils.java:27)
11-18 14:05:29.616 15549 16021 I PRETTY_LOGGER: โ”‚ LogUtils.i (LogUtils.java:21)
11-18 14:05:29.616 15549 16021 I PRETTY_LOGGER: โ”œโ”„โ”„โ”„โ”„โ”„โ”„โ”„โ”„โ”„โ”„โ”„โ”„โ”„โ”„โ”„โ”„โ”„โ”„โ”„โ”„โ”„โ”„โ”„โ”„โ”„โ”„โ”„โ”„โ”„โ”„โ”„โ”„โ”„โ”„โ”„โ”„โ”„โ”„โ”„โ”„โ”„โ”„โ”„โ”„โ”„โ”„โ”„โ”„โ”„โ”„โ”„โ”„โ”„โ”„โ”„โ”„โ”„โ”„โ”„โ”„โ”„โ”„โ”„โ”„โ”„โ”„โ”„โ”„โ”„โ”„โ”„โ”„โ”„โ”„โ”„โ”„โ”„โ”„โ”„โ”„โ”„โ”„โ”„โ”„โ”„โ”„โ”„โ”„โ”„โ”„โ”„โ”„โ”„โ”„โ”„โ”„โ”„โ”„โ”„โ”„โ”„โ”„โ”„โ”„โ”„โ”„โ”„โ”„โ”„โ”„โ”„โ”„
11-18 14:05:29.616 15549 16021 I PRETTY_LOGGER: โ”‚ ๅ“ๅบ”๏ผšhttps://merchant-dev.jlpay.com/boss_trans/tradeTodayBillRpc
11-18 14:05:29.616 15549 16021 I PRETTY_LOGGER: โ”‚
11-18 14:05:29.616 15549 16021 I PRETTY_LOGGER: โ”‚ {"biz_context":"{\"ret_code\":\"00\",\"ret_msg\":\"่ฏทๆฑ‚ๆˆๅŠŸ\",\"rows\":[],\"success\":true,\"total\":0}","ret_code":"00","ret_msg":"่ฏทๆฑ‚ๆˆๅŠŸ"}
11-18 14:05:29.616 15549 16021 I PRETTY_LOGGER: โ””โ”€โ”€โ”€โ”€โ”€โ”€โ”€โ”€โ”€โ”€โ”€โ”€โ”€โ”€โ”€โ”€โ”€โ”€โ”€โ”€โ”€โ”€โ”€โ”€โ”€โ”€โ”€โ”€โ”€โ”€โ”€โ”€โ”€โ”€โ”€โ”€โ”€โ”€โ”€โ”€โ”€โ”€โ”€โ”€โ”€โ”€โ”€โ”€โ”€โ”€โ”€โ”€โ”€โ”€โ”€โ”€โ”€โ”€โ”€โ”€โ”€โ”€โ”€โ”€โ”€โ”€โ”€โ”€โ”€โ”€โ”€โ”€โ”€โ”€โ”€โ”€โ”€โ”€โ”€โ”€โ”€โ”€โ”€โ”€โ”€โ”€โ”€โ”€โ”€โ”€โ”€โ”€โ”€โ”€โ”€โ”€โ”€โ”€โ”€โ”€โ”€โ”€โ”€โ”€โ”€โ”€โ”€โ”€โ”€โ”€โ”€โ”€
11-18 14:05:29.623 841 1311 I BufferQueueProducer: [com.jlpay.merch/com.jlpay.merch.ui.home.bill.BillActivity#0](id:349000020d0,api:1,p:15549,c:841) disconnect(): api=1
11-18 14:05:29.624 15549 15549 D View : [Warning] assignParent to null: this = DecorView@496047b[BillActivity]
11-18 14:05:29.625 841 899 D DispPerfService: get hint proc=Surface(name=58f3e51 com.jlpay.merch, idx=0 none
11-18 14:05:29.627 1470 2436 W WindowManager: Changing focus fromWindow{58f3e51 u0 com.jlpay.merch/com.jlpay.merch.ui.home.bill.BillActivity EXITING} to Window{907e0d0 u0 com.jlpay.merch/com.jlpay.merch.ui.home.bill.BillActivity} displayId=0 Callers=com.android.server.wm.RootWindowContainer.updateFocusedWindowLocked:509 com.android.server.wm.WindowManagerService.updateFocusedWindowLocked:6073 com.android.server.wm.WindowState.setupWindowForRemoveOnExit:2542 com.android.server.wm.WindowState.removeIfPossible:2507
11-18 14:05:29.628 841 899 D DispPerfService: get hint proc=Surface(name=8eb967f StatusBar), idx=0 none
11-18 14:05:29.629 841 899 D DispPerfService: get hint proc=Surface(name=c91655d NavigationBar0), idx=0 none
11-18 14:05:29.631 1470 2436 D Theia.NoFocusWindow: FocusWindowErrorScene cancelCheckFreezeScreen
11-18 14:05:29.633 1470 4264 I InputDispatcher: Focus left window: Window{58f3e51 u0 com.jlpay.merch/com.jlpay.merch.ui.home.bill.BillActivity} in display 0
11-18 14:05:29.633 1470 4264 I InputDispatcher: Window went away: Window{58f3e51 u0 com.jlpay.merch/com.jlpay.merch.ui.home.bill.BillActivity}
11-18 14:05:29.635 15549 15549 I InputTransport: Destroy ARC handle: 0xb4000076e37aaa60
11-18 14:05:29.640 15549 15549 D BillActivity: updateTimeRange:2021-11-18
11-18 14:05:29.641 841 841 D OppoExLayer: ~Layer() sequence=61911, name=Surface(name=58f3e51 com.jlpay.merch/com.jlpay.merch.ui.home.bill.BillActivity)/@0x49bb324 - animation-leash#0@0xb40000733681b000
11-18 14:05:29.642 15549 16055 I System.out: [OkHttp] sendRequest>>
11-18 14:05:29.643 15549 16055 I System.out: [OkHttp] sendRequest<<
11-18 14:05:29.650 15549 15549 D BillActivity: updateTimeRange:2021-11-18
11-18 14:05:29.658 1470 4264 I InputDispatcher: Focus entered window: Window{907e0d0 u0 com.jlpay.merch/com.jlpay.merch.ui.home.bill.BillActivity} in display 0
11-18 14:05:29.663 1470 4264 D InputMethodManagerService: isSecurity: attribute.packageName=com.jlpay.merch
11-18 14:05:29.663 1470 4264 D InputMethodManagerService: isSecurity= false ( enable=false needShow=false inBlackList=false isExist=true )
11-18 14:05:29.664 1470 4264 D ColorInputMethodManagerServiceEx: onHandleImeWindowVisibleStatus handledVis: 0, switcher visible: 0, switcher active: 0, needsToShowImeSwitcher: false
11-18 14:05:29.664 1470 4264 D OplusVerificationCodeController: notifyImeAttributeChanged: 64false
11-18 14:05:29.667 841 899 D DispPerfService: get hint proc=Surface(name=9e67e93 InputMethod), idx=0 none
11-18 14:05:29.669 1470 1572 D OppoDisplayPolicy: com.android.systemui, change system app cutoutMode: color always
11-18 14:05:29.674 841 841 D OppoExLayer: ~Layer() sequence=61912, name=Surface(name=9e67e93 InputMethod)/@0xa906ec9 - animation-leash#0@0xb40000733617d000
11-18 14:05:29.674 1470 1572 D ColorInputMethodManagerServiceEx: onHandleImeWindowVisibleStatus handledVis: 0, switcher visible: 0, switcher active: 0, needsToShowImeSwitcher: false
11-18 14:05:29.677 31557 31557 V PhoneWindow: DecorView setVisiblity: visibility = 8, Parent = android.view.ViewRootImpl@bb459d, this = DecorView@a937e7c[InputMethod]
11-18 14:05:29.684 1470 1572 D OppoDisplayPolicy: com.android.systemui, change system app cutoutMode: color always
11-18 14:05:29.687 15549 16055 D RestApi : errCode:0
11-18 14:05:29.687 15549 16055 D MotuCrashAdapter: send error log success. appkey: 333341675, error type: HA_RESOURCE_LEAK
11-18 14:05:29.792 1470 4252 I InputDispatcher: Window went away: com.jlpay.merch/com.jlpay.merch.ui.home.bill.BillActivity#0
11-18 14:05:29.799 841 841 I BufferQueueConsumer: [com.jlpay.merch/com.jlpay.merch.ui.home.bill.BillActivity#0](id:349000020d0,api:0,p:-1,c:841) disconnect()
11-18 14:05:29.800 841 841 I BufferQueue: [com.jlpay.merch/com.jlpay.merch.ui.home.bill.BillActivity#0](this:0xb400007329d19658,id:8400,api:1,p:-1,c:-1) onDestructor()
11-18 14:05:29.800 841 841 D OppoExLayer: ~Layer() sequence=61910, name=com.jlpay.merch/com.jlpay.merch.ui.home.bill.BillActivity#0@0xb4000073299c8000
11-18 14:05:29.800 841 841 D OppoExLayer: ~Layer() sequence=61907, name=58f3e51 com.jlpay.merch/com.jlpay.merch.ui.home.bill.BillActivity#0@0xb400007336165000
11-18 14:05:29.800 841 841 D OppoExLayer: ~Layer() sequence=61913, name=Surface(name=58f3e51 com.jlpay.merch/com.jlpay.merch.ui.home.bill.BillActivity)/@0x49bb324 - animation-leash#1@0xb4000073361e7000
11-18 14:05:29.892 841 841 I BufferQueueProducer: [FramebufferSurface](this:0xb400007348832ed0,id:-1,api:1,p:841,c:841) queueBuffer: fps=0.62 dur=1617.03 max=1617.03 min=1617.03
11-18 14:05:30.086 2467 2467 E OplusNecManagerHelper: com.oplus.nec.OplusNecManager.notifyOrigSignalStrengthChanged [class android.telephony.SignalStrength, int]
11-18 14:05:30.195 1139 1251 D ULogGuard: Monitoring: 7 threads, 0 requests, 0 time-bombs; 1 guards. ResetFlags = 0x7
11-18 14:05:30.246 15718 15750 I appium : AppiumResponse: {"sessionId":"48f6a8a8-93b4-40c2-8c7a-a35989fcd518","value":null}
11-18 14:05:30.766 15718 15750 I appium : channel read: GET /wd/hub/session/48f6a8a8-93b4-40c2-8c7a-a35989fcd518/source
11-18 14:05:30.768 15718 15750 I appium : Source command
11-18 14:05:30.769 15718 15750 I appium : Waiting up to 10000ms for the device to idle
11-18 14:05:30.900 15718 15750 I appium : AppiumResponse: {"sessionId":"48f6a8a8-93b4-40c2-8c7a-a35989fcd518","value":"\r\n\r\n ret_hdl:40417
11-18 14:05:32.104 809 875 I libPowerHal: [PE] scn:1 hdl:40417 hint:25 comm:mtkpower@1.0-se pid:809
11-18 14:05:32.105 15549 15549 D ViewRootImpl: enqueueInputEventMotionEvent { action=ACTION_DOWN, actionButton=0, id[0]=0, x[0]=417.0, y[0]=343.0, toolType[0]=TOOL_TYPE_FINGER, buttonState=0, classification=NONE, metaState=0, flags=0x0, edgeFlags=0x0, pointerCount=1, historySize=0, eventTime=425710612, downTime=425710611, deviceId=-1, source=0x1002, displayId=0 }
11-18 14:05:32.106 15549 15549 D ViewRootImpl[BillActivity]: processMotionEvent MotionEvent { action=ACTION_DOWN, actionButton=0, id[0]=0, x[0]=417.0, y[0]=343.0, toolType[0]=TOOL_TYPE_FINGER, buttonState=0, classification=NONE, metaState=0, flags=0x0, edgeFlags=0x0, pointerCount=1, historySize=0, eventTime=425710612, downTime=425710611, deviceId=-1, source=0x1002, displayId=0 }
11-18 14:05:32.107 15549 15549 D ViewRootImpl[BillActivity]: dispatchPointerEvent handled=true, event=MotionEvent { action=ACTION_DOWN, actionButton=0, id[0]=0, x[0]=417.0, y[0]=343.0, toolType[0]=TOOL_TYPE_FINGER, buttonState=0, classification=NONE, metaState=0, flags=0x0, edgeFlags=0x0, pointerCount=1, historySize=0, eventTime=425710612, downTime=425710611, deviceId=-1, source=0x1002, displayId=0 }
11-18 14:05:32.107 809 875 I libPowerHal: [PE] MTKPOWER_HINT_APP_TOUCH update cmd:3408600 param:1
11-18 14:05:32.110 809 875 I libPowerHal: [perfLockRel] hdl:40417, idx:1
11-18 14:05:32.110 809 875 I libPowerHal: [PD] scn:1 hdl:40417 hint:25 comm:mtkpower@1.0-se pid:809
11-18 14:05:32.110 809 875 I libPowerHal: [PD] MTKPOWER_HINT_APP_TOUCH update cmd:3408600 param:0
11-18 14:05:32.110 15549 15549 D ViewRootImpl[BillActivity]: processMotionEvent MotionEvent { action=ACTION_UP, actionButton=0, id[0]=0, x[0]=417.0, y[0]=343.0, toolType[0]=TOOL_TYPE_FINGER, buttonState=0, classification=NONE, metaState=0, flags=0x0, edgeFlags=0x0, pointerCount=1, historySize=0, eventTime=425710612, downTime=425710611, deviceId=-1, source=0x1002, displayId=0 }
11-18 14:05:32.111 15549 15549 D ViewRootImpl[BillActivity]: dispatchPointerEvent handled=true, event=MotionEvent { action=ACTION_UP, actionButton=0, id[0]=0, x[0]=417.0, y[0]=343.0, toolType[0]=TOOL_TYPE_FINGER, buttonState=0, classification=NONE, metaState=0, flags=0x0, edgeFlags=0x0, pointerCount=1, historySize=0, eventTime=425710612, downTime=425710611, deviceId=-1, source=0x1002, displayId=0 }
11-18 14:05:32.116 841 899 D OppoExSurfaceFlinger: applyTransactionState timed out try= 1, 0, 1
11-18 14:05:32.118 15718 15750 I appium : Waiting up to 10000ms for the device to idle
11-18 14:05:32.124 841 899 I SurfaceFlinger: [SF client] NEW(0xb400007334bec480) for (15549:com.jlpay.merch)
11-18 14:05:32.125 15549 15549 D ColorViewRootUtil: initSwipState, isDisplayCompatApp false
11-18 14:05:32.125 15549 15549 D ColorViewRootUtil: mScreenHeight 2400, mScreenWidth 1080
11-18 14:05:32.127 15549 15549 D ViewRootImpl[BillActivity]: hardware acceleration = true , fakeHwAccelerated = false, sRendererDisabled = false, forceHwAccelerated = false, sSystemRendererDisabled = false
11-18 14:05:32.128 1470 4252 D OppoDisplayPolicy: com.jlpay.merch, setting cutoutMode: color always
11-18 14:05:32.129 841 3662 D DispPerfService: get hint proc=d179384 com.jlpay.merch, idx=0 none
11-18 14:05:32.130 1470 4252 W WindowManager: Changing focus fromWindow{907e0d0 u0 com.jlpay.merch/com.jlpay.merch.ui.home.bill.BillActivity} to Window{d179384 u0 com.jlpay.merch/com.jlpay.merch.ui.home.bill.BillActivity} displayId=0 Callers=com.android.server.wm.RootWindowContainer.updateFocusedWindowLocked:509 com.android.server.wm.WindowManagerService.updateFocusedWindowLocked:6073 com.android.server.wm.WindowManagerService.addWindow:1941 com.android.server.wm.Session.addToDisplayAsUser:184
11-18 14:05:32.131 841 3662 D DispPerfService: get hint proc=Surface(name=8eb967f StatusBar), idx=0 none
11-18 14:05:32.132 841 899 D DispPerfService: get hint proc=Surface(name=c91655d NavigationBar0), idx=0 none
11-18 14:05:32.133 1470 4252 D Theia.NoFocusWindow: FocusWindowErrorScene cancelCheckFreezeScreen
11-18 14:05:32.135 15549 15549 E libEGL : Invalid file path for libcolorx-loader.so
11-18 14:05:32.135 15549 15549 I chatty : uid=11378(com.jlpay.merch) identical 4 lines
11-18 14:05:32.135 15549 15549 E libEGL : Invalid file path for libcolorx-loader.so
11-18 14:05:32.136 15549 15549 I InputTransport: Create ARC handle: 0xb4000076fa8e0f60
11-18 14:05:32.142 15549 15549 V PhoneWindow: DecorView setVisiblity: visibility = 0, Parent = android.view.ViewRootImpl@ab5b5d1, this = DecorView@d6a4836[BillActivity]
11-18 14:05:32.143 15549 15851 I PRETTY_LOGGER: โ”Œโ”€โ”€โ”€โ”€โ”€โ”€โ”€โ”€โ”€โ”€โ”€โ”€โ”€โ”€โ”€โ”€โ”€โ”€โ”€โ”€โ”€โ”€โ”€โ”€โ”€โ”€โ”€โ”€โ”€โ”€โ”€โ”€โ”€โ”€โ”€โ”€โ”€โ”€โ”€โ”€โ”€โ”€โ”€โ”€โ”€โ”€โ”€โ”€โ”€โ”€โ”€โ”€โ”€โ”€โ”€โ”€โ”€โ”€โ”€โ”€โ”€โ”€โ”€โ”€โ”€โ”€โ”€โ”€โ”€โ”€โ”€โ”€โ”€โ”€โ”€โ”€โ”€โ”€โ”€โ”€โ”€โ”€โ”€โ”€โ”€โ”€โ”€โ”€โ”€โ”€โ”€โ”€โ”€โ”€โ”€โ”€โ”€โ”€โ”€โ”€โ”€โ”€โ”€โ”€โ”€โ”€โ”€โ”€โ”€โ”€โ”€โ”€
11-18 14:05:32.143 15549 15851 I PRETTY_LOGGER: โ”‚ LogUtils.i (LogUtils.java:27)
11-18 14:05:32.143 15549 15851 I PRETTY_LOGGER: โ”‚ LogUtils.i (LogUtils.java:21)
11-18 14:05:32.143 15549 15851 I PRETTY_LOGGER: โ”œโ”„โ”„โ”„โ”„โ”„โ”„โ”„โ”„โ”„โ”„โ”„โ”„โ”„โ”„โ”„โ”„โ”„โ”„โ”„โ”„โ”„โ”„โ”„โ”„โ”„โ”„โ”„โ”„โ”„โ”„โ”„โ”„โ”„โ”„โ”„โ”„โ”„โ”„โ”„โ”„โ”„โ”„โ”„โ”„โ”„โ”„โ”„โ”„โ”„โ”„โ”„โ”„โ”„โ”„โ”„โ”„โ”„โ”„โ”„โ”„โ”„โ”„โ”„โ”„โ”„โ”„โ”„โ”„โ”„โ”„โ”„โ”„โ”„โ”„โ”„โ”„โ”„โ”„โ”„โ”„โ”„โ”„โ”„โ”„โ”„โ”„โ”„โ”„โ”„โ”„โ”„โ”„โ”„โ”„โ”„โ”„โ”„โ”„โ”„โ”„โ”„โ”„โ”„โ”„โ”„โ”„โ”„โ”„โ”„โ”„โ”„โ”„
11-18 14:05:32.143 15549 15851 I PRETTY_LOGGER: โ”‚ ่ฏทๆฑ‚๏ผšhttps://merchant-dev.jlpay.com/boss_trans/tradeBillRpc
11-18 14:05:32.143 15549 15851 I PRETTY_LOGGER: โ”‚
11-18 14:05:32.143 15549 15851 I PRETTY_LOGGER: โ”‚ {"app_id":"162575608951564","rid":"1121323","format":"json","timestamp":1637215532141,"version":"1822","sign_type":"RSA2","sign":"1822","nonce_str":"e9b88645900d46b58fdae3edb569c8d7","biz_content":{"merch_no":"84944037011A00O","offset":"0","limit":"20","start_time":"20211112000000","end_time":"20211118235959","token":"eyJ2ZXIiOiIxIiwidHlwIjoiSldUIiwicGxhdCI6ImFwcF9ib3NzIiwiYWxnIjoiU00zV2l0aFNNMiJ9.eyJ1aWQiOiIyMDE5MDUyMjEwMDA3NTgxIiwibmJmIjoxNjM3MjE1NTA4LCJ1bmFtZSI6IumcsuWonCIsImlzcyI6IkpMUEFZIiwidXR5cGUiOiIxIiwibW5hbWUiOiLpnLLlqJzluqblgYfmnZE2IiwiZXhwIjoxNjM5ODA3NTA4LCJkZXZpY2VJZCI6ImY1ZTQ2ZWRjLTFiNjQtNDI4MS05ZDVkLWFhZTM4OTcwMDJiMSIsImlhdCI6MTYzNzIxNTUwOCwianRpIjoiZjVlNDZlZGMtMWI2NC00MjgxLTlkNWQtYWFlMzg5NzAwMmIxIiwiY2lkIjoiNDQwMzA1MTkwNTIyMTAwMTMwMzEiLCJtbm8iOiI4NDk0NDAzNzAxMUEwME8ifQ.MEQCIGKg8_oCYcx3f6LN7vbxs9FixBjORER-daXkBEHn3JxgAiAka-sVnhU0ELBcCiS4ZP2lA4pE4yi7D6nvgGcOYHFBrg","os_type":"ANDROID","os_version":"11","device_no":"f5e46edc-1b64-4281-9d5d-aae3897002b1","device_type":"PDKM00","app_version":"2.8.4"}}
11-18 14:05:32.143 15549 15851 I PRETTY_LOGGER: โ””โ”€โ”€โ”€โ”€โ”€โ”€โ”€โ”€โ”€โ”€โ”€โ”€โ”€โ”€โ”€โ”€โ”€โ”€โ”€โ”€โ”€โ”€โ”€โ”€โ”€โ”€โ”€โ”€โ”€โ”€โ”€โ”€โ”€โ”€โ”€โ”€โ”€โ”€โ”€โ”€โ”€โ”€โ”€โ”€โ”€โ”€โ”€โ”€โ”€โ”€โ”€โ”€โ”€โ”€โ”€โ”€โ”€โ”€โ”€โ”€โ”€โ”€โ”€โ”€โ”€โ”€โ”€โ”€โ”€โ”€โ”€โ”€โ”€โ”€โ”€โ”€โ”€โ”€โ”€โ”€โ”€โ”€โ”€โ”€โ”€โ”€โ”€โ”€โ”€โ”€โ”€โ”€โ”€โ”€โ”€โ”€โ”€โ”€โ”€โ”€โ”€โ”€โ”€โ”€โ”€โ”€โ”€โ”€โ”€โ”€โ”€โ”€
11-18 14:05:32.147 15549 16007 I PRETTY_LOGGER: โ”Œโ”€โ”€โ”€โ”€โ”€โ”€โ”€โ”€โ”€โ”€โ”€โ”€โ”€โ”€โ”€โ”€โ”€โ”€โ”€โ”€โ”€โ”€โ”€โ”€โ”€โ”€โ”€โ”€โ”€โ”€โ”€โ”€โ”€โ”€โ”€โ”€โ”€โ”€โ”€โ”€โ”€โ”€โ”€โ”€โ”€โ”€โ”€โ”€โ”€โ”€โ”€โ”€โ”€โ”€โ”€โ”€โ”€โ”€โ”€โ”€โ”€โ”€โ”€โ”€โ”€โ”€โ”€โ”€โ”€โ”€โ”€โ”€โ”€โ”€โ”€โ”€โ”€โ”€โ”€โ”€โ”€โ”€โ”€โ”€โ”€โ”€โ”€โ”€โ”€โ”€โ”€โ”€โ”€โ”€โ”€โ”€โ”€โ”€โ”€โ”€โ”€โ”€โ”€โ”€โ”€โ”€โ”€โ”€โ”€โ”€โ”€โ”€
11-18 14:05:32.147 15549 16007 I PRETTY_LOGGER: โ”‚ LogUtils.i (LogUtils.java:27)
11-18 14:05:32.147 15549 16007 I PRETTY_LOGGER: โ”‚ LogUtils.i (LogUtils.java:21)
11-18 14:05:32.147 15549 15771 D UMLog : ๅฝ“ๅ‰ๅ‘้€็ญ–็•ฅไธบ: ้—ด้š”ๅ‘้€ใ€‚้—ด้š”ๆ—ถ้—ดไธบ๏ผš90็ง’ใ€‚่ฏฆ่ง้“พๆŽฅ https://developer.umeng.com/docs/66632/detail/66976?um_channel=sdk
11-18 14:05:32.147 15549 16007 I PRETTY_LOGGER: โ”œโ”„โ”„โ”„โ”„โ”„โ”„โ”„โ”„โ”„โ”„โ”„โ”„โ”„โ”„โ”„โ”„โ”„โ”„โ”„โ”„โ”„โ”„โ”„โ”„โ”„โ”„โ”„โ”„โ”„โ”„โ”„โ”„โ”„โ”„โ”„โ”„โ”„โ”„โ”„โ”„โ”„โ”„โ”„โ”„โ”„โ”„โ”„โ”„โ”„โ”„โ”„โ”„โ”„โ”„โ”„โ”„โ”„โ”„โ”„โ”„โ”„โ”„โ”„โ”„โ”„โ”„โ”„โ”„โ”„โ”„โ”„โ”„โ”„โ”„โ”„โ”„โ”„โ”„โ”„โ”„โ”„โ”„โ”„โ”„โ”„โ”„โ”„โ”„โ”„โ”„โ”„โ”„โ”„โ”„โ”„โ”„โ”„โ”„โ”„โ”„โ”„โ”„โ”„โ”„โ”„โ”„โ”„โ”„โ”„โ”„โ”„โ”„
11-18 14:05:32.147 15549 16007 I PRETTY_LOGGER: โ”‚ ่ฏทๆฑ‚๏ผšhttps://merchant-dev.jlpay.com/boss_trans/tradeDayTotalRpc
11-18 14:05:32.147 15549 16007 I PRETTY_LOGGER: โ”‚
11-18 14:05:32.147 15549 16007 I PRETTY_LOGGER: โ”‚ {"app_id":"162575608951564","rid":"1121323","format":"json","timestamp":1637215532145,"version":"1822","sign_type":"RSA2","sign":"1822","nonce_str":"dcc28fbe707d4f609bf6bf9a99aaa3c5","biz_content":{"merch_no":"84944037011A00O","start_time":"20211112000000","end_time":"20211118235959","token":"eyJ2ZXIiOiIxIiwidHlwIjoiSldUIiwicGxhdCI6ImFwcF9ib3NzIiwiYWxnIjoiU00zV2l0aFNNMiJ9.eyJ1aWQiOiIyMDE5MDUyMjEwMDA3NTgxIiwibmJmIjoxNjM3MjE1NTA4LCJ1bmFtZSI6IumcsuWonCIsImlzcyI6IkpMUEFZIiwidXR5cGUiOiIxIiwibW5hbWUiOiLpnLLlqJzluqblgYfmnZE2IiwiZXhwIjoxNjM5ODA3NTA4LCJkZXZpY2VJZCI6ImY1ZTQ2ZWRjLTFiNjQtNDI4MS05ZDVkLWFhZTM4OTcwMDJiMSIsImlhdCI6MTYzNzIxNTUwOCwianRpIjoiZjVlNDZlZGMtMWI2NC00MjgxLTlkNWQtYWFlMzg5NzAwMmIxIiwiY2lkIjoiNDQwMzA1MTkwNTIyMTAwMTMwMzEiLCJtbm8iOiI4NDk0NDAzNzAxMUEwME8ifQ.MEQCIGKg8_oCYcx3f6LN7vbxs9FixBjORER-daXkBEHn3JxgAiAka-sVnhU0ELBcCiS4ZP2lA4pE4yi7D6nvgGcOYHFBrg","os_type":"ANDROID","os_version":"11","device_no":"f5e46edc-1b64-4281-9d5d-aae3897002b1","device_type":"PDKM00","app_version":"2.8.4"}}
11-18 14:05:32.147 15549 16007 I PRETTY_LOGGER: โ””โ”€โ”€โ”€โ”€โ”€โ”€โ”€โ”€โ”€โ”€โ”€โ”€โ”€โ”€โ”€โ”€โ”€โ”€โ”€โ”€โ”€โ”€โ”€โ”€โ”€โ”€โ”€โ”€โ”€โ”€โ”€โ”€โ”€โ”€โ”€โ”€โ”€โ”€โ”€โ”€โ”€โ”€โ”€โ”€โ”€โ”€โ”€โ”€โ”€โ”€โ”€โ”€โ”€โ”€โ”€โ”€โ”€โ”€โ”€โ”€โ”€โ”€โ”€โ”€โ”€โ”€โ”€โ”€โ”€โ”€โ”€โ”€โ”€โ”€โ”€โ”€โ”€โ”€โ”€โ”€โ”€โ”€โ”€โ”€โ”€โ”€โ”€โ”€โ”€โ”€โ”€โ”€โ”€โ”€โ”€โ”€โ”€โ”€โ”€โ”€โ”€โ”€โ”€โ”€โ”€โ”€โ”€โ”€โ”€โ”€โ”€โ”€
11-18 14:05:32.149 1470 4252 I InputDispatcher: Focus left window: Window{907e0d0 u0 com.jlpay.merch/com.jlpay.merch.ui.home.bill.BillActivity} in display 0
11-18 14:05:32.152 841 899 I BufferQueueProducer: [com.jlpay.merch/com.jlpay.merch.ui.home.bill.BillActivity#1](this:0xb4000073c9cf3058,id:8399,api:1,p:15549,c:841) queueBuffer: fps=0.74 dur=2692.59 max=2490.25 min=202.35
11-18 14:05:32.152 1470 4252 D OppoDisplayPolicy: com.jlpay.merch, setting cutoutMode: color always
11-18 14:05:32.155 841 1311 D DispPerfService: get hint proc=com.jlpay.merch, idx=0 none
11-18 14:05:32.155 841 1311 I BufferQueueConsumer: [](id:349000020d1,api:0,p:-1,c:841) connect(): controlledByApp=false
11-18 14:05:32.155 841 1311 I BufferQueue: [unnamed-841-8401](this:0xb4000073c9cf3e58,id:8401,api:0,p:-1,c:-1) BufferQueue core=(841:/system/bin/surfaceflinger)
11-18 14:05:32.159 15549 15549 V OplusZoomWindowDecorViewHelper: setLastReportedMergedConfiguration mZoomDisplayHeight: 2400 getDecorView.DecorView@d6a4836[BillActivity]
11-18 14:05:32.159 841 900 I BufferQueueProducer: [com.jlpay.merch/com.jlpay.merch.ui.home.bill.BillActivity#0](id:349000020d1,api:1,p:15549,c:841) connect(): api=1 producerControlledByApp=false
11-18 14:05:32.165 841 899 D DispPerfService: onframeavailable pid=15549, slot=0, seq=61920, name=com.jlpay.merch:com.jlpay.merch/com.jlpay.merch.ui.home.bill.BillActivity#0
11-18 14:05:32.166 1470 2436 I InputDispatcher: Window went away: com.jlpay.merch/com.jlpay.merch.ui.home.bill.BillActivity#0
11-18 14:05:32.167 31557 31557 V PhoneWindow: DecorView setVisiblity: visibility = 8, Parent = android.view.ViewRootImpl@bb459d, this = DecorView@a937e7c[InputMethod]
11-18 14:05:32.168 841 1311 D DispPerfService: get hint proc=Surface(name=d179384 com.jlpay.merch, idx=0 none
11-18 14:05:32.174 841 841 D OppoExLayer: ~Layer() sequence=61915, name=Surface(name=c91655d NavigationBar0)/@0xae9cfad - animation-leash#1@0xb40000733606c000
11-18 14:05:32.174 841 841 D OppoExLayer: ~Layer() sequence=61914, name=Surface(name=8eb967f StatusBar)/@0x65f64c4 - animation-leash#0@0xb400007336128000
11-18 14:05:32.175 1470 1572 I InputDispatcher: Focus entered window: Window{d179384 u0 com.jlpay.merch/com.jlpay.merch.ui.home.bill.BillActivity} in display 0
11-18 14:05:32.177 1470 1572 D InputMethodManagerService: isSecurity: attribute.packageName=com.jlpay.merch
11-18 14:05:32.177 1470 1572 D InputMethodManagerService: isSecurity= false ( enable=false needShow=false inBlackList=false isExist=true )
11-18 14:05:32.177 1470 1572 D ColorInputMethodManagerServiceEx: onHandleImeWindowVisibleStatus handledVis: 0, switcher visible: 0, switcher active: 0, needsToShowImeSwitcher: false
11-18 14:05:32.177 1470 1572 D OplusVerificationCodeController: notifyImeAttributeChanged: 64false
11-18 14:05:32.178 841 3662 D DispPerfService: get hint proc=Surface(name=9e67e93 InputMethod), idx=0 none
11-18 14:05:32.184 1470 2436 D OppoDisplayPolicy: com.android.systemui, change system app cutoutMode: color always
11-18 14:05:32.185 31557 31557 V PhoneWindow: DecorView setVisiblity: visibility = 8, Parent = android.view.ViewRootImpl@bb459d, this = DecorView@a937e7c[InputMethod]
11-18 14:05:32.190 841 841 D OppoExLayer: ~Layer() sequence=61916, name=Surface(name=9e67e93 InputMethod)/@0xa906ec9 - animation-leash#1@0xb400007336106000
11-18 14:05:32.192 1470 4256 D OppoDisplayPolicy: com.android.systemui, change system app cutoutMode: color always
11-18 14:05:32.202 1470 16259 I System.out: [socket]:check permission begin!
11-18 14:05:32.332 841 841 D OppoExLayer: ~Layer() sequence=61921, name=Surface(name=d179384 com.jlpay.merch/com.jlpay.merch.ui.home.bill.BillActivity)/@0x786433 - animation-leash#0@0xb40000732956e000
11-18 14:05:32.372 15549 15851 I PRETTY_LOGGER: โ”Œโ”€โ”€โ”€โ”€โ”€โ”€โ”€โ”€โ”€โ”€โ”€โ”€โ”€โ”€โ”€โ”€โ”€โ”€โ”€โ”€โ”€โ”€โ”€โ”€โ”€โ”€โ”€โ”€โ”€โ”€โ”€โ”€โ”€โ”€โ”€โ”€โ”€โ”€โ”€โ”€โ”€โ”€โ”€โ”€โ”€โ”€โ”€โ”€โ”€โ”€โ”€โ”€โ”€โ”€โ”€โ”€โ”€โ”€โ”€โ”€โ”€โ”€โ”€โ”€โ”€โ”€โ”€โ”€โ”€โ”€โ”€โ”€โ”€โ”€โ”€โ”€โ”€โ”€โ”€โ”€โ”€โ”€โ”€โ”€โ”€โ”€โ”€โ”€โ”€โ”€โ”€โ”€โ”€โ”€โ”€โ”€โ”€โ”€โ”€โ”€โ”€โ”€โ”€โ”€โ”€โ”€โ”€โ”€โ”€โ”€โ”€โ”€
11-18 14:05:32.372 15549 15851 I PRETTY_LOGGER: โ”‚ LogUtils.i (LogUtils.java:27)
11-18 14:05:32.372 15549 15851 I PRETTY_LOGGER: โ”‚ LogUtils.i (LogUtils.java:21)
11-18 14:05:32.372 15549 15851 I PRETTY_LOGGER: โ”œโ”„โ”„โ”„โ”„โ”„โ”„โ”„โ”„โ”„โ”„โ”„โ”„โ”„โ”„โ”„โ”„โ”„โ”„โ”„โ”„โ”„โ”„โ”„โ”„โ”„โ”„โ”„โ”„โ”„โ”„โ”„โ”„โ”„โ”„โ”„โ”„โ”„โ”„โ”„โ”„โ”„โ”„โ”„โ”„โ”„โ”„โ”„โ”„โ”„โ”„โ”„โ”„โ”„โ”„โ”„โ”„โ”„โ”„โ”„โ”„โ”„โ”„โ”„โ”„โ”„โ”„โ”„โ”„โ”„โ”„โ”„โ”„โ”„โ”„โ”„โ”„โ”„โ”„โ”„โ”„โ”„โ”„โ”„โ”„โ”„โ”„โ”„โ”„โ”„โ”„โ”„โ”„โ”„โ”„โ”„โ”„โ”„โ”„โ”„โ”„โ”„โ”„โ”„โ”„โ”„โ”„โ”„โ”„โ”„โ”„โ”„โ”„
11-18 14:05:32.372 15549 15851 I PRETTY_LOGGER: โ”‚ ๅ“ๅบ”๏ผšhttps://merchant-dev.jlpay.com/boss_trans/tradeBillRpc
11-18 14:05:32.372 15549 15851 I PRETTY_LOGGER: โ”‚
11-18 14:05:32.373 15549 15851 I PRETTY_LOGGER: โ”‚ {"biz_context":"{\"ret_code\":\"00\",\"ret_msg\":\"่ฏทๆฑ‚ๆˆๅŠŸ\",\"rows\":[],\"success\":true,\"total\":0}","ret_code":"00","ret_msg":"่ฏทๆฑ‚ๆˆๅŠŸ"}
11-18 14:05:32.373 15549 15851 I PRETTY_LOGGER: โ””โ”€โ”€โ”€โ”€โ”€โ”€โ”€โ”€โ”€โ”€โ”€โ”€โ”€โ”€โ”€โ”€โ”€โ”€โ”€โ”€โ”€โ”€โ”€โ”€โ”€โ”€โ”€โ”€โ”€โ”€โ”€โ”€โ”€โ”€โ”€โ”€โ”€โ”€โ”€โ”€โ”€โ”€โ”€โ”€โ”€โ”€โ”€โ”€โ”€โ”€โ”€โ”€โ”€โ”€โ”€โ”€โ”€โ”€โ”€โ”€โ”€โ”€โ”€โ”€โ”€โ”€โ”€โ”€โ”€โ”€โ”€โ”€โ”€โ”€โ”€โ”€โ”€โ”€โ”€โ”€โ”€โ”€โ”€โ”€โ”€โ”€โ”€โ”€โ”€โ”€โ”€โ”€โ”€โ”€โ”€โ”€โ”€โ”€โ”€โ”€โ”€โ”€โ”€โ”€โ”€โ”€โ”€โ”€โ”€โ”€โ”€โ”€
11-18 14:05:32.374 15549 16007 I PRETTY_LOGGER: โ”Œโ”€โ”€โ”€โ”€โ”€โ”€โ”€โ”€โ”€โ”€โ”€โ”€โ”€โ”€โ”€โ”€โ”€โ”€โ”€โ”€โ”€โ”€โ”€โ”€โ”€โ”€โ”€โ”€โ”€โ”€โ”€โ”€โ”€โ”€โ”€โ”€โ”€โ”€โ”€โ”€โ”€โ”€โ”€โ”€โ”€โ”€โ”€โ”€โ”€โ”€โ”€โ”€โ”€โ”€โ”€โ”€โ”€โ”€โ”€โ”€โ”€โ”€โ”€โ”€โ”€โ”€โ”€โ”€โ”€โ”€โ”€โ”€โ”€โ”€โ”€โ”€โ”€โ”€โ”€โ”€โ”€โ”€โ”€โ”€โ”€โ”€โ”€โ”€โ”€โ”€โ”€โ”€โ”€โ”€โ”€โ”€โ”€โ”€โ”€โ”€โ”€โ”€โ”€โ”€โ”€โ”€โ”€โ”€โ”€โ”€โ”€โ”€
11-18 14:05:32.375 15549 16007 I PRETTY_LOGGER: โ”‚ LogUtils.i (LogUtils.java:27)
11-18 14:05:32.375 15549 16007 I PRETTY_LOGGER: โ”‚ LogUtils.i (LogUtils.java:21)
11-18 14:05:32.375 15549 16007 I PRETTY_LOGGER: โ”œโ”„โ”„โ”„โ”„โ”„โ”„โ”„โ”„โ”„โ”„โ”„โ”„โ”„โ”„โ”„โ”„โ”„โ”„โ”„โ”„โ”„โ”„โ”„โ”„โ”„โ”„โ”„โ”„โ”„โ”„โ”„โ”„โ”„โ”„โ”„โ”„โ”„โ”„โ”„โ”„โ”„โ”„โ”„โ”„โ”„โ”„โ”„โ”„โ”„โ”„โ”„โ”„โ”„โ”„โ”„โ”„โ”„โ”„โ”„โ”„โ”„โ”„โ”„โ”„โ”„โ”„โ”„โ”„โ”„โ”„โ”„โ”„โ”„โ”„โ”„โ”„โ”„โ”„โ”„โ”„โ”„โ”„โ”„โ”„โ”„โ”„โ”„โ”„โ”„โ”„โ”„โ”„โ”„โ”„โ”„โ”„โ”„โ”„โ”„โ”„โ”„โ”„โ”„โ”„โ”„โ”„โ”„โ”„โ”„โ”„โ”„โ”„
11-18 14:05:32.375 15549 16007 I PRETTY_LOGGER: โ”‚ ๅ“ๅบ”๏ผšhttps://merchant-dev.jlpay.com/boss_trans/tradeDayTotalRpc
11-18 14:05:32.375 15549 16007 I PRETTY_LOGGER: โ”‚
11-18 14:05:32.376 15549 16007 I PRETTY_LOGGER: โ”‚ {"biz_context":"{\"detail\":{\"total_amt\":0,\"count\":0},\"ret_code\":\"00\",\"ret_msg\":\"่ฏทๆฑ‚ๆˆๅŠŸ\",\"success\":true}","ret_code":"00","ret_msg":"่ฏทๆฑ‚ๆˆๅŠŸ"}
11-18 14:05:32.376 15549 16007 I PRETTY_LOGGER: โ””โ”€โ”€โ”€โ”€โ”€โ”€โ”€โ”€โ”€โ”€โ”€โ”€โ”€โ”€โ”€โ”€โ”€โ”€โ”€โ”€โ”€โ”€โ”€โ”€โ”€โ”€โ”€โ”€โ”€โ”€โ”€โ”€โ”€โ”€โ”€โ”€โ”€โ”€โ”€โ”€โ”€โ”€โ”€โ”€โ”€โ”€โ”€โ”€โ”€โ”€โ”€โ”€โ”€โ”€โ”€โ”€โ”€โ”€โ”€โ”€โ”€โ”€โ”€โ”€โ”€โ”€โ”€โ”€โ”€โ”€โ”€โ”€โ”€โ”€โ”€โ”€โ”€โ”€โ”€โ”€โ”€โ”€โ”€โ”€โ”€โ”€โ”€โ”€โ”€โ”€โ”€โ”€โ”€โ”€โ”€โ”€โ”€โ”€โ”€โ”€โ”€โ”€โ”€โ”€โ”€โ”€โ”€โ”€โ”€โ”€โ”€โ”€
11-18 14:05:32.382 841 3662 I BufferQueueProducer: [com.jlpay.merch/com.jlpay.merch.ui.home.bill.BillActivity#0](id:349000020d1,api:1,p:15549,c:841) disconnect(): api=1
11-18 14:05:32.383 15549 15549 D View : [Warning] assignParent to null: this = DecorView@d6a4836[BillActivity]
11-18 14:05:32.386 841 3662 D DispPerfService: get hint proc=Surface(name=d179384 com.jlpay.merch, idx=0 none
11-18 14:05:32.184 1470 1572 D ColorInputMethodManagerServiceEx: onHandleImeWindowVisibleStatus handledVis: 0, switcher visible: 0, switcher active: 0, needsToShowImeSwitcher: false
11-18 14:05:32.390 1470 4252 W WindowManager: Changing focus fromWindow{d179384 u0 com.jlpay.merch/com.jlpay.merch.ui.home.bill.BillActivity EXITING} to Window{907e0d0 u0 com.jlpay.merch/com.jlpay.merch.ui.home.bill.BillActivity} displayId=0 Callers=com.android.server.wm.RootWindowContainer.updateFocusedWindowLocked:509 com.android.server.wm.WindowManagerService.updateFocusedWindowLocked:6073 com.android.server.wm.WindowState.setupWindowForRemoveOnExit:2542 com.android.server.wm.WindowState.removeIfPossible:2507
11-18 14:05:32.391 841 3662 D DispPerfService: get hint proc=Surface(name=8eb967f StatusBar), idx=0 none
11-18 14:05:32.391 1470 1572 I InputDispatcher: Focus left window: Window{d179384 u0 com.jlpay.merch/com.jlpay.merch.ui.home.bill.BillActivity} in display 0
11-18 14:05:32.391 1470 1572 I InputDispatcher: Window went away: Window{d179384 u0 com.jlpay.merch/com.jlpay.merch.ui.home.bill.BillActivity}
11-18 14:05:32.394 841 900 D DispPerfService: get hint proc=Surface(name=c91655d NavigationBar0), idx=0 none
11-18 14:05:32.399 1470 4252 D Theia.NoFocusWindow: FocusWindowErrorScene cancelCheckFreezeScreen
11-18 14:05:32.407 15549 15549 I InputTransport: Destroy ARC handle: 0xb4000076fa8e0f60
11-18 14:05:32.412 15549 15549 D BillActivity: updateTimeRange:2021-11-12
11-18 14:05:32.418 15549 15549 D BillActivity: updateTimeRange:2021-11-12
11-18 14:05:32.425 1470 1572 I InputDispatcher: Focus entered window: Window{907e0d0 u0 com.jlpay.merch/com.jlpay.merch.ui.home.bill.BillActivity} in display 0
11-18 14:05:32.432 1470 1572 D InputMethodManagerService: isSecurity: attribute.packageName=com.jlpay.merch
11-18 14:05:32.432 1470 1572 D InputMethodManagerService: isSecurity= false ( enable=false needShow=false inBlackList=false isExist=true )
11-18 14:05:32.432 1470 1572 D ColorInputMethodManagerServiceEx: onHandleImeWindowVisibleStatus handledVis: 0, switcher visible: 0, switcher active: 0, needsToShowImeSwitcher: false
11-18 14:05:32.432 1470 1572 D OplusVerificationCodeController: notifyImeAttributeChanged: 64false
11-18 14:05:32.435 841 900 D DispPerfService: get hint proc=Surface(name=9e67e93 InputMethod), idx=0 none
11-18 14:05:32.443 1470 2436 D OppoDisplayPolicy: com.android.systemui, change system app cutoutMode: color always
11-18 14:05:32.445 1470 4256 D ColorInputMethodManagerServiceEx: onHandleImeWindowVisibleStatus handledVis: 0, switcher visible: 0, switcher active: 0, needsToShowImeSwitcher: false
11-18 14:05:32.447 31557 31557 V PhoneWindow: DecorView setVisiblity: visibility = 8, Parent = android.view.ViewRootImpl@bb459d, this = DecorView@a937e7c[InputMethod]
11-18 14:05:32.449 841 841 D OppoExLayer: ~Layer() sequence=61922, name=Surface(name=9e67e93 InputMethod)/@0xa906ec9 - animation-leash#0@0xb40000733680d000
11-18 14:05:32.459 1470 1572 D OppoDisplayPolicy: com.android.systemui, change system app cutoutMode: color always
11-18 14:05:32.528 1470 1629 D BatteryLed: getLightInColorState, oppoLightMgr empty!
11-18 14:05:32.549 841 841 D OppoExLayer: ~Layer() sequence=61917, name=d179384 com.jlpay.merch/com.jlpay.merch.ui.home.bill.BillActivity#0@0xb400007336828000
11-18 14:05:32.550 1470 1572 I InputDispatcher: Window went away: com.jlpay.merch/com.jlpay.merch.ui.home.bill.BillActivity#0
11-18 14:05:32.551 841 841 I BufferQueueConsumer: [com.jlpay.merch/com.jlpay.merch.ui.home.bill.BillActivity#0](id:349000020d1,api:0,p:-1,c:841) disconnect()
11-18 14:05:32.551 841 841 I BufferQueue: [com.jlpay.merch/com.jlpay.merch.ui.home.bill.BillActivity#0](this:0xb4000073c9cf3e58,id:8401,api:1,p:-1,c:-1) onDestructor()
11-18 14:05:32.551 841 841 D OppoExLayer: ~Layer() sequence=61920, name=com.jlpay.merch/com.jlpay.merch.ui.home.bill.BillActivity#0@0xb40000732956b000
11-18 14:05:32.557 841 841 D OppoExLayer: ~Layer() sequence=61923, name=Surface(name=d179384 com.jlpay.merch/com.jlpay.merch.ui.home.bill.BillActivity)/@0x786433 - animation-leash#0@0xb400007336810000
11-18 14:05:32.565 20949 21011 D HoraeHelper: getAllShellTemps tSize : 4
11-18 14:05:32.565 20949 21011 D HoraeHelper: getAllShellTemps tSize : 4
11-18 14:05:32.641 841 841 I BufferQueueProducer: [FramebufferSurface](this:0xb400007348832ed0,id:-1,api:1,p:841,c:841) queueBuffer: fps=0.36 dur=2748.66 max=2748.66 min=2748.66
11-18 14:05:33.018 15718 15750 I appium : AppiumResponse: {"sessionId":"48f6a8a8-93b4-40c2-8c7a-a35989fcd518","value":null}
11-18 14:05:33.197 1139 1251 D ULogGuard: Monitoring: 7 threads, 0 requests, 0 time-bombs; 1 guards. ResetFlags = 0x7
11-18 14:05:33.372 1142 1142 I thermal_repeater: [recvMdThermalInfo] ret=32, strLen=127, 0, 32767, -127, 0, 32767, 10838
11-18 14:05:33.551 15718 15750 I appium : channel read: GET /wd/hub/session/48f6a8a8-93b4-40c2-8c7a-a35989fcd518/source
11-18 14:05:33.553 15718 15750 I appium : Source command
11-18 14:05:33.554 15718 15750 I appium : Waiting up to 10000ms for the device to idle
11-18 14:05:33.691 15718 15750 I appium : AppiumResponse: {"sessionId":"48f6a8a8-93b4-40c2-8c7a-a35989fcd518","value":"\r\n\r\n gyro_temp.json
11-18 14:05:34.647 1135 1163 W AString : ctor got NULL, using empty string instead
11-18 14:05:34.647 1135 1163 I SensorSavedChannel: [-1371,132,1299]==>gyro_bias.json
11-18 14:05:34.796 15718 15750 I appium : channel read: POST /wd/hub/session/48f6a8a8-93b4-40c2-8c7a-a35989fcd518/element
11-18 14:05:34.799 15718 15750 I appium : FindElement command
11-18 14:05:34.805 15718 15750 I appium : method: 'xpath', selector: '//android.widget.TextView[@resource-id='com.jlpay.merch:id/tv_choose_3' and @text='่ฟ‘1ๆœˆ' and @class='android.widget.TextView']'
11-18 14:05:34.807 15718 15750 I appium : Waiting up to 10000ms for the device to idle
11-18 14:05:34.810 15718 15750 I appium : The following attributes will be included to the page source: [resource-id, text, class]
11-18 14:05:34.929 15718 15750 I appium : Took 13ms to retrieve 1 matches for '//android.widget.TextView[@resource-id='com.jlpay.merch:id/tv_choose_3' and @text='่ฟ‘1ๆœˆ' and @class='android.widget.TextView']' XPath query
11-18 14:05:34.938 15718 15750 I appium : AppiumResponse: {"sessionId":"48f6a8a8-93b4-40c2-8c7a-a35989fcd518","value":{"ELEMENT":"00000000-0000-1549-ffff-ffff000001b9","element-6066-11e4-a52e-4f735466cecf":"00000000-0000-1549-ffff-ffff000001b9"}}
11-18 14:05:34.952 15718 15750 I appium : channel read: POST /wd/hub/session/48f6a8a8-93b4-40c2-8c7a-a35989fcd518/element/00000000-0000-1549-ffff-ffff000001b9/click
11-18 14:05:34.954 15718 15750 I appium : Click command
11-18 14:05:34.970 841 899 D OppoExSurfaceFlinger: applyTransactionState timed out try= 1, 0, 1
11-18 14:05:34.975 809 875 I libPowerHal: [perfLockAcq] idx:1 hdl:40418 hint:25 pid:809 duration:10000 => ret_hdl:40418
11-18 14:05:34.975 809 875 I libPowerHal: [PE] scn:1 hdl:40418 hint:25 comm:mtkpower@1.0-se pid:809
11-18 14:05:34.976 809 875 I libPowerHal: [PE] MTKPOWER_HINT_APP_TOUCH update cmd:3408600 param:1
11-18 14:05:34.978 15549 15549 D ViewRootImpl: enqueueInputEventMotionEvent { action=ACTION_DOWN, actionButton=0, id[0]=0, x[0]=664.0, y[0]=343.0, toolType[0]=TOOL_TYPE_FINGER, buttonState=0, classification=NONE, metaState=0, flags=0x0, edgeFlags=0x0, pointerCount=1, historySize=0, eventTime=425713483, downTime=425713482, deviceId=-1, source=0x1002, displayId=0 }
11-18 14:05:34.978 15549 15549 D ViewRootImpl[BillActivity]: processMotionEvent MotionEvent { action=ACTION_DOWN, actionButton=0, id[0]=0, x[0]=664.0, y[0]=343.0, toolType[0]=TOOL_TYPE_FINGER, buttonState=0, classification=NONE, metaState=0, flags=0x0, edgeFlags=0x0, pointerCount=1, historySize=0, eventTime=425713483, downTime=425713482, deviceId=-1, source=0x1002, displayId=0 }
11-18 14:05:34.979 15549 15549 D ViewRootImpl[BillActivity]: dispatchPointerEvent handled=true, event=MotionEvent { action=ACTION_DOWN, actionButton=0, id[0]=0, x[0]=664.0, y[0]=343.0, toolType[0]=TOOL_TYPE_FINGER, buttonState=0, classification=NONE, metaState=0, flags=0x0, edgeFlags=0x0, pointerCount=1, historySize=0, eventTime=425713483, downTime=425713482, deviceId=-1, source=0x1002, displayId=0 }
11-18 14:05:34.982 15549 15549 D ViewRootImpl[BillActivity]: processMotionEvent MotionEvent { action=ACTION_UP, actionButton=0, id[0]=0, x[0]=664.0, y[0]=343.0, toolType[0]=TOOL_TYPE_FINGER, buttonState=0, classification=NONE, metaState=0, flags=0x0, edgeFlags=0x0, pointerCount=1, historySize=0, eventTime=425713483, downTime=425713482, deviceId=-1, source=0x1002, displayId=0 }
11-18 14:05:34.982 809 875 I libPowerHal: [perfLockRel] hdl:40418, idx:1
11-18 14:05:34.982 809 875 I libPowerHal: [PD] scn:1 hdl:40418 hint:25 comm:mtkpower@1.0-se pid:809
11-18 14:05:34.982 809 875 I libPowerHal: [PD] MTKPOWER_HINT_APP_TOUCH update cmd:3408600 param:0
11-18 14:05:34.982 15549 15549 D ViewRootImpl[BillActivity]: dispatchPointerEvent handled=true, event=MotionEvent { action=ACTION_UP, actionButton=0, id[0]=0, x[0]=664.0, y[0]=343.0, toolType[0]=TOOL_TYPE_FINGER, buttonState=0, classification=NONE, metaState=0, flags=0x0, edgeFlags=0x0, pointerCount=1, historySize=0, eventTime=425713483, downTime=425713482, deviceId=-1, source=0x1002, displayId=0 }
11-18 14:05:34.991 841 900 D OppoExSurfaceFlinger: applyTransactionState timed out try= 1, 0, 1
11-18 14:05:34.993 15718 15750 I appium : Waiting up to 10000ms for the device to idle
11-18 14:05:34.994 841 900 I SurfaceFlinger: [SF client] NEW(0xb400007329d69580) for (15549:com.jlpay.merch)
11-18 14:05:34.995 15549 15549 D ColorViewRootUtil: initSwipState, isDisplayCompatApp false
11-18 14:05:34.995 15549 15549 D ColorViewRootUtil: mScreenHeight 2400, mScreenWidth 1080
11-18 14:05:34.997 15549 15549 D ViewRootImpl[BillActivity]: hardware acceleration = true , fakeHwAccelerated = false, sRendererDisabled = false, forceHwAccelerated = false, sSystemRendererDisabled = false
11-18 14:05:34.998 1470 2436 D OppoDisplayPolicy: com.jlpay.merch, setting cutoutMode: color always
11-18 14:05:34.999 841 900 D DispPerfService: get hint proc=5d31b77 com.jlpay.merch, idx=0 none
11-18 14:05:35.000 1470 2436 W WindowManager: Changing focus fromWindow{907e0d0 u0 com.jlpay.merch/com.jlpay.merch.ui.home.bill.BillActivity} to Window{5d31b77 u0 com.jlpay.merch/com.jlpay.merch.ui.home.bill.BillActivity} displayId=0 Callers=com.android.server.wm.RootWindowContainer.updateFocusedWindowLocked:509 com.android.server.wm.WindowManagerService.updateFocusedWindowLocked:6073 com.android.server.wm.WindowManagerService.addWindow:1941 com.android.server.wm.Session.addToDisplayAsUser:184
11-18 14:05:35.000 841 899 D DispPerfService: get hint proc=Surface(name=8eb967f StatusBar), idx=0 none
11-18 14:05:35.001 841 899 D DispPerfService: get hint proc=Surface(name=c91655d NavigationBar0), idx=0 none
11-18 14:05:35.002 1470 2436 D Theia.NoFocusWindow: FocusWindowErrorScene cancelCheckFreezeScreen
11-18 14:05:35.003 15549 15549 E libEGL : Invalid file path for libcolorx-loader.so
11-18 14:05:35.003 15549 15549 I chatty : uid=11378(com.jlpay.merch) identical 4 lines
11-18 14:05:35.003 15549 15549 E libEGL : Invalid file path for libcolorx-loader.so
11-18 14:05:35.004 15549 15549 I InputTransport: Create ARC handle: 0xb4000076fa9f8180
11-18 14:05:35.010 15549 15549 V PhoneWindow: DecorView setVisiblity: visibility = 0, Parent = android.view.ViewRootImpl@813551f, this = DecorView@924e06c[BillActivity]
11-18 14:05:35.011 15549 16005 I PRETTY_LOGGER: โ”Œโ”€โ”€โ”€โ”€โ”€โ”€โ”€โ”€โ”€โ”€โ”€โ”€โ”€โ”€โ”€โ”€โ”€โ”€โ”€โ”€โ”€โ”€โ”€โ”€โ”€โ”€โ”€โ”€โ”€โ”€โ”€โ”€โ”€โ”€โ”€โ”€โ”€โ”€โ”€โ”€โ”€โ”€โ”€โ”€โ”€โ”€โ”€โ”€โ”€โ”€โ”€โ”€โ”€โ”€โ”€โ”€โ”€โ”€โ”€โ”€โ”€โ”€โ”€โ”€โ”€โ”€โ”€โ”€โ”€โ”€โ”€โ”€โ”€โ”€โ”€โ”€โ”€โ”€โ”€โ”€โ”€โ”€โ”€โ”€โ”€โ”€โ”€โ”€โ”€โ”€โ”€โ”€โ”€โ”€โ”€โ”€โ”€โ”€โ”€โ”€โ”€โ”€โ”€โ”€โ”€โ”€โ”€โ”€โ”€โ”€โ”€โ”€
11-18 14:05:35.011 15549 16005 I PRETTY_LOGGER: โ”‚ LogUtils.i (LogUtils.java:27)
11-18 14:05:35.011 15549 16005 I PRETTY_LOGGER: โ”‚ LogUtils.i (LogUtils.java:21)
11-18 14:05:35.011 15549 16005 I PRETTY_LOGGER: โ”œโ”„โ”„โ”„โ”„โ”„โ”„โ”„โ”„โ”„โ”„โ”„โ”„โ”„โ”„โ”„โ”„โ”„โ”„โ”„โ”„โ”„โ”„โ”„โ”„โ”„โ”„โ”„โ”„โ”„โ”„โ”„โ”„โ”„โ”„โ”„โ”„โ”„โ”„โ”„โ”„โ”„โ”„โ”„โ”„โ”„โ”„โ”„โ”„โ”„โ”„โ”„โ”„โ”„โ”„โ”„โ”„โ”„โ”„โ”„โ”„โ”„โ”„โ”„โ”„โ”„โ”„โ”„โ”„โ”„โ”„โ”„โ”„โ”„โ”„โ”„โ”„โ”„โ”„โ”„โ”„โ”„โ”„โ”„โ”„โ”„โ”„โ”„โ”„โ”„โ”„โ”„โ”„โ”„โ”„โ”„โ”„โ”„โ”„โ”„โ”„โ”„โ”„โ”„โ”„โ”„โ”„โ”„โ”„โ”„โ”„โ”„โ”„
11-18 14:05:35.011 15549 16005 I PRETTY_LOGGER: โ”‚ ่ฏทๆฑ‚๏ผšhttps://merchant-dev.jlpay.com/boss_trans/tradeBillRpc
11-18 14:05:35.011 15549 16005 I PRETTY_LOGGER: โ”‚
11-18 14:05:35.011 15549 16005 I PRETTY_LOGGER: โ”‚ {"app_id":"162575608951564","rid":"1121323","format":"json","timestamp":1637215535008,"version":"1822","sign_type":"RSA2","sign":"1822","nonce_str":"11099a55915e4fec8b451837f1bc968c","biz_content":{"merch_no":"84944037011A00O","offset":"0","limit":"20","start_time":"20211018000000","end_time":"20211118235959","token":"eyJ2ZXIiOiIxIiwidHlwIjoiSldUIiwicGxhdCI6ImFwcF9ib3NzIiwiYWxnIjoiU00zV2l0aFNNMiJ9.eyJ1aWQiOiIyMDE5MDUyMjEwMDA3NTgxIiwibmJmIjoxNjM3MjE1NTA4LCJ1bmFtZSI6IumcsuWonCIsImlzcyI6IkpMUEFZIiwidXR5cGUiOiIxIiwibW5hbWUiOiLpnLLlqJzluqblgYfmnZE2IiwiZXhwIjoxNjM5ODA3NTA4LCJkZXZpY2VJZCI6ImY1ZTQ2ZWRjLTFiNjQtNDI4MS05ZDVkLWFhZTM4OTcwMDJiMSIsImlhdCI6MTYzNzIxNTUwOCwianRpIjoiZjVlNDZlZGMtMWI2NC00MjgxLTlkNWQtYWFlMzg5NzAwMmIxIiwiY2lkIjoiNDQwMzA1MTkwNTIyMTAwMTMwMzEiLCJtbm8iOiI4NDk0NDAzNzAxMUEwME8ifQ.MEQCIGKg8_oCYcx3f6LN7vbxs9FixBjORER-daXkBEHn3JxgAiAka-sVnhU0ELBcCiS4ZP2lA4pE4yi7D6nvgGcOYHFBrg","os_type":"ANDROID","os_version":"11","device_no":"f5e46edc-1b64-4281-9d5d-aae3897002b1","device_type":"PDKM00","app_version":"2.8.4"}}
11-18 14:05:35.011 15549 16005 I PRETTY_LOGGER: โ””โ”€โ”€โ”€โ”€โ”€โ”€โ”€โ”€โ”€โ”€โ”€โ”€โ”€โ”€โ”€โ”€โ”€โ”€โ”€โ”€โ”€โ”€โ”€โ”€โ”€โ”€โ”€โ”€โ”€โ”€โ”€โ”€โ”€โ”€โ”€โ”€โ”€โ”€โ”€โ”€โ”€โ”€โ”€โ”€โ”€โ”€โ”€โ”€โ”€โ”€โ”€โ”€โ”€โ”€โ”€โ”€โ”€โ”€โ”€โ”€โ”€โ”€โ”€โ”€โ”€โ”€โ”€โ”€โ”€โ”€โ”€โ”€โ”€โ”€โ”€โ”€โ”€โ”€โ”€โ”€โ”€โ”€โ”€โ”€โ”€โ”€โ”€โ”€โ”€โ”€โ”€โ”€โ”€โ”€โ”€โ”€โ”€โ”€โ”€โ”€โ”€โ”€โ”€โ”€โ”€โ”€โ”€โ”€โ”€โ”€โ”€โ”€
11-18 14:05:35.013 1470 1572 I InputDispatcher: Focus left window: Window{907e0d0 u0 com.jlpay.merch/com.jlpay.merch.ui.home.bill.BillActivity} in display 0
11-18 14:05:35.014 15549 15771 D UMLog : ๅฝ“ๅ‰ๅ‘้€็ญ–็•ฅไธบ: ้—ด้š”ๅ‘้€ใ€‚้—ด้š”ๆ—ถ้—ดไธบ๏ผš90็ง’ใ€‚่ฏฆ่ง้“พๆŽฅ https://developer.umeng.com/docs/66632/detail/66976?um_channel=sdk
11-18 14:05:35.014 15549 16009 I PRETTY_LOGGER: โ”Œโ”€โ”€โ”€โ”€โ”€โ”€โ”€โ”€โ”€โ”€โ”€โ”€โ”€โ”€โ”€โ”€โ”€โ”€โ”€โ”€โ”€โ”€โ”€โ”€โ”€โ”€โ”€โ”€โ”€โ”€โ”€โ”€โ”€โ”€โ”€โ”€โ”€โ”€โ”€โ”€โ”€โ”€โ”€โ”€โ”€โ”€โ”€โ”€โ”€โ”€โ”€โ”€โ”€โ”€โ”€โ”€โ”€โ”€โ”€โ”€โ”€โ”€โ”€โ”€โ”€โ”€โ”€โ”€โ”€โ”€โ”€โ”€โ”€โ”€โ”€โ”€โ”€โ”€โ”€โ”€โ”€โ”€โ”€โ”€โ”€โ”€โ”€โ”€โ”€โ”€โ”€โ”€โ”€โ”€โ”€โ”€โ”€โ”€โ”€โ”€โ”€โ”€โ”€โ”€โ”€โ”€โ”€โ”€โ”€โ”€โ”€โ”€
11-18 14:05:35.014 15549 16009 I PRETTY_LOGGER: โ”‚ LogUtils.i (LogUtils.java:27)
11-18 14:05:35.014 15549 16009 I PRETTY_LOGGER: โ”‚ LogUtils.i (LogUtils.java:21)
11-18 14:05:35.014 15549 16009 I PRETTY_LOGGER: โ”œโ”„โ”„โ”„โ”„โ”„โ”„โ”„โ”„โ”„โ”„โ”„โ”„โ”„โ”„โ”„โ”„โ”„โ”„โ”„โ”„โ”„โ”„โ”„โ”„โ”„โ”„โ”„โ”„โ”„โ”„โ”„โ”„โ”„โ”„โ”„โ”„โ”„โ”„โ”„โ”„โ”„โ”„โ”„โ”„โ”„โ”„โ”„โ”„โ”„โ”„โ”„โ”„โ”„โ”„โ”„โ”„โ”„โ”„โ”„โ”„โ”„โ”„โ”„โ”„โ”„โ”„โ”„โ”„โ”„โ”„โ”„โ”„โ”„โ”„โ”„โ”„โ”„โ”„โ”„โ”„โ”„โ”„โ”„โ”„โ”„โ”„โ”„โ”„โ”„โ”„โ”„โ”„โ”„โ”„โ”„โ”„โ”„โ”„โ”„โ”„โ”„โ”„โ”„โ”„โ”„โ”„โ”„โ”„โ”„โ”„โ”„โ”„
11-18 14:05:35.014 15549 16009 I PRETTY_LOGGER: โ”‚ ่ฏทๆฑ‚๏ผšhttps://merchant-dev.jlpay.com/boss_trans/tradeDayTotalRpc
11-18 14:05:35.014 15549 16009 I PRETTY_LOGGER: โ”‚
11-18 14:05:35.014 15549 16009 I PRETTY_LOGGER: โ”‚ {"app_id":"162575608951564","rid":"1121323","format":"json","timestamp":1637215535012,"version":"1822","sign_type":"RSA2","sign":"1822","nonce_str":"91aae5ca9884471db5844104188caf9e","biz_content":{"merch_no":"84944037011A00O","start_time":"20211018000000","end_time":"20211118235959","token":"eyJ2ZXIiOiIxIiwidHlwIjoiSldUIiwicGxhdCI6ImFwcF9ib3NzIiwiYWxnIjoiU00zV2l0aFNNMiJ9.eyJ1aWQiOiIyMDE5MDUyMjEwMDA3NTgxIiwibmJmIjoxNjM3MjE1NTA4LCJ1bmFtZSI6IumcsuWonCIsImlzcyI6IkpMUEFZIiwidXR5cGUiOiIxIiwibW5hbWUiOiLpnLLlqJzluqblgYfmnZE2IiwiZXhwIjoxNjM5ODA3NTA4LCJkZXZpY2VJZCI6ImY1ZTQ2ZWRjLTFiNjQtNDI4MS05ZDVkLWFhZTM4OTcwMDJiMSIsImlhdCI6MTYzNzIxNTUwOCwianRpIjoiZjVlNDZlZGMtMWI2NC00MjgxLTlkNWQtYWFlMzg5NzAwMmIxIiwiY2lkIjoiNDQwMzA1MTkwNTIyMTAwMTMwMzEiLCJtbm8iOiI4NDk0NDAzNzAxMUEwME8ifQ.MEQCIGKg8_oCYcx3f6LN7vbxs9FixBjORER-daXkBEHn3JxgAiAka-sVnhU0ELBcCiS4ZP2lA4pE4yi7D6nvgGcOYHFBrg","os_type":"ANDROID","os_version":"11","device_no":"f5e46edc-1b64-4281-9d5d-aae3897002b1","device_type":"PDKM00","app_version":"2.8.4"}}
11-18 14:05:35.014 15549 16009 I PRETTY_LOGGER: โ””โ”€โ”€โ”€โ”€โ”€โ”€โ”€โ”€โ”€โ”€โ”€โ”€โ”€โ”€โ”€โ”€โ”€โ”€โ”€โ”€โ”€โ”€โ”€โ”€โ”€โ”€โ”€โ”€โ”€โ”€โ”€โ”€โ”€โ”€โ”€โ”€โ”€โ”€โ”€โ”€โ”€โ”€โ”€โ”€โ”€โ”€โ”€โ”€โ”€โ”€โ”€โ”€โ”€โ”€โ”€โ”€โ”€โ”€โ”€โ”€โ”€โ”€โ”€โ”€โ”€โ”€โ”€โ”€โ”€โ”€โ”€โ”€โ”€โ”€โ”€โ”€โ”€โ”€โ”€โ”€โ”€โ”€โ”€โ”€โ”€โ”€โ”€โ”€โ”€โ”€โ”€โ”€โ”€โ”€โ”€โ”€โ”€โ”€โ”€โ”€โ”€โ”€โ”€โ”€โ”€โ”€โ”€โ”€โ”€โ”€โ”€โ”€
11-18 14:05:35.018 841 900 I BufferQueueProducer: [com.jlpay.merch/com.jlpay.merch.ui.home.bill.BillActivity#1](this:0xb4000073c9cf3058,id:8399,api:1,p:15549,c:841) queueBuffer: fps=0.70 dur=2866.81 max=2586.55 min=280.26
11-18 14:05:35.019 1470 2436 D OppoDisplayPolicy: com.jlpay.merch, setting cutoutMode: color always
11-18 14:05:35.021 841 900 D DispPerfService: get hint proc=com.jlpay.merch, idx=0 none
11-18 14:05:35.021 841 900 I BufferQueueConsumer: [](id:349000020d2,api:0,p:-1,c:841) connect(): controlledByApp=false
11-18 14:05:35.021 841 900 I BufferQueue: [unnamed-841-8402](this:0xb400007329d1a458,id:8402,api:0,p:-1,c:-1) BufferQueue core=(841:/system/bin/surfaceflinger)
11-18 14:05:35.025 15549 15549 V OplusZoomWindowDecorViewHelper: setLastReportedMergedConfiguration mZoomDisplayHeight: 2400 getDecorView.DecorView@924e06c[BillActivity]
11-18 14:05:35.026 841 899 I BufferQueueProducer: [com.jlpay.merch/com.jlpay.merch.ui.home.bill.BillActivity#0](id:349000020d2,api:1,p:15549,c:841) connect(): api=1 producerControlledByApp=false
11-18 14:05:35.032 841 900 D DispPerfService: onframeavailable pid=15549, slot=0, seq=61930, name=com.jlpay.merch:com.jlpay.merch/com.jlpay.merch.ui.home.bill.BillActivity#0
11-18 14:05:35.033 31557 31557 V PhoneWindow: DecorView setVisiblity: visibility = 8, Parent = android.view.ViewRootImpl@bb459d, this = DecorView@a937e7c[InputMethod]
11-18 14:05:35.033 1470 1823 D JobScheduler.Temperature: get temperature=31.109
11-18 14:05:35.034 841 1311 D DispPerfService: get hint proc=Surface(name=5d31b77 com.jlpay.merch, idx=0 none
11-18 14:05:35.037 841 841 D OppoExLayer: ~Layer() sequence=61925, name=Surface(name=c91655d NavigationBar0)/@0xae9cfad - animation-leash#1@0xb4000073299dd000
11-18 14:05:35.037 841 841 D OppoExLayer: ~Layer() sequence=61924, name=Surface(name=8eb967f StatusBar)/@0x65f64c4 - animation-leash#0@0xb400007336813000
11-18 14:05:35.038 1470 1572 I InputDispatcher: Focus entered window: Window{5d31b77 u0 com.jlpay.merch/com.jlpay.merch.ui.home.bill.BillActivity} in display 0
11-18 14:05:35.038 1470 1572 I InputDispatcher: Window went away: com.jlpay.merch/com.jlpay.merch.ui.home.bill.BillActivity#0
11-18 14:05:35.040 1470 1572 D InputMethodManagerService: isSecurity: attribute.packageName=com.jlpay.merch
11-18 14:05:35.040 1470 1572 D InputMethodManagerService: isSecurity= false ( enable=false needShow=false inBlackList=false isExist=true )
11-18 14:05:35.040 1470 1572 D ColorInputMethodManagerServiceEx: onHandleImeWindowVisibleStatus handledVis: 0, switcher visible: 0, switcher active: 0, needsToShowImeSwitcher: false
